49.36.208.222 - - [18/Oct/2022:07:50:37 -0700] "GET /wp-includes/js/wp-emoji-release.min.js?ver=5.6.10 HTTP/1.1" 200 4662 "http://www.gatipackers.com/" "Mozilla/5.0 (Windows NT 10.0; Win64; x64) AppleWebKit/537.36 (KHTML, like Gecko) Chrome/106.0.0.0 Safari/537.36" "gatipackers.com"
49.36.208.222 - - [18/Oct/2022:07:50:37 -0700] "GET /wp-content/themes/twentynineteen/print.css?ver=1.1 HTTP/1.1" 200 1230 "http://www.gatipackers.com/" "Mozilla/5.0 (Windows NT 10.0; Win64; x64) AppleWebKit/537.36 (KHTML, like Gecko) Chrome/106.0.0.0 Safari/537.36" "gatipackers.com"
49.36.208.222 - - [18/Oct/2022:07:50:39 -0700] "GET /favicon.ico HTTP/1.1" 404 88 "http://www.gatipackers.com/" "Mozilla/5.0 (Windows NT 10.0; Win64; x64) AppleWebKit/537.36 (KHTML, like Gecko) Chrome/106.0.0.0 Safari/537.36" "www.gatipackers.com"
187.32.211.193 - - [18/Oct/2022:07:56:05 -0700] "POST /wp-login.php HTTP/1.1" 200 8257 "-" "Mozilla/5.0 (Windows NT 10.0; Win64; x64) AppleWebKit/537.36 (KHTML, like Gecko) Chrome/60.0.3112.101 Safari/537.36" "gatipackers.com"
10.213.116.209 - - [18/Oct/2022:07:56:09 -0700] "POST /wp-cron.php?doing_wp_cron=1666104969.8411738872528076171875 HTTP/1.1" 200 - "http://gatipackers.com/wp-cron.php?doing_wp_cron=1666104969.8411738872528076171875" "WordPress/5.6.10; http://gatipackers.com" "gatipackers.com"
157.55.39.28 - - [18/Oct/2022:07:57:02 -0700] "GET / HTTP/1.1" 200 14533 "-" "Mozilla/5.0 (compatible; bingbot/2.0; +http://www.bing.com/bingbot.htm)" "gatipackers.com"
207.46.13.207 - - [18/Oct/2022:07:57:17 -0700] "GET /wp-includes/css/dist/block-library/theme.min.css?ver=5.6.10 HTTP/1.1" 200 741 "-" "Mozilla/5.0 AppleWebKit/537.36 (KHTML, like Gecko; compatible; bingbot/2.0; +http://www.bing.com/bingbot.htm) Chrome/103.0.5060.134 Safari/537.36" "gatipackers.com"
157.55.39.150 - - [18/Oct/2022:07:57:21 -0700] "GET /wp-content/themes/twentynineteen/print.css?ver=1.1 HTTP/1.1" 200 1230 "-" "Mozilla/5.0 (compatible; bingbot/2.0; +http://www.bing.com/bingbot.htm)" "gatipackers.com"
157.55.39.150 - - [18/Oct/2022:07:57:21 -0700] "GET /wp-includes/js/wp-embed.min.js?ver=5.6.10 HTTP/1.1" 200 765 "-" "Mozilla/5.0 AppleWebKit/537.36 (KHTML, like Gecko; compatible; bingbot/2.0; +http://www.bing.com/bingbot.htm) Chrome/103.0.5060.134 Safari/537.36" "gatipackers.com"
207.46.13.180 - - [18/Oct/2022:07:57:26 -0700] "GET /wp-includes/css/dist/block-library/style.min.css?ver=5.6.10 HTTP/1.1" 200 7849 "-" "Mozilla/5.0 (compatible; bingbot/2.0; +http://www.bing.com/bingbot.htm)" "gatipackers.com"
207.46.13.93 - - [18/Oct/2022:07:57:31 -0700] "GET /wp-content/themes/twentynineteen/style.css?ver=1.1 HTTP/1.1" 200 19371 "-" "Mozilla/5.0 (compatible; bingbot/2.0; +http://www.bing.com/bingbot.htm)" "gatipackers.com"
207.46.13.93 - - [18/Oct/2022:07:57:31 -0700] "GET /wp-includes/js/wp-emoji-release.min.js?ver=5.6.10 HTTP/1.1" 200 4662 "-" "Mozilla/5.0 AppleWebKit/537.36 (KHTML, like Gecko; compatible; bingbot/2.0; +http://www.bing.com/bingbot.htm) Chrome/103.0.5060.134 Safari/537.36" "gatipackers.com"
51.222.253.11 - - [18/Oct/2022:08:01:56 -0700] "GET /index.php/2021/02/26/hello-world/ HTTP/1.1" 200 15860 "-" "Mozilla/5.0 (compatible; AhrefsBot/7.0; +http://ahrefs.com/robot/)" "gatipackers.com"
51.222.253.2 - - [18/Oct/2022:08:18:07 -0700] "GET /index.php/author/administrator/ HTTP/1.1" 200 14290 "-" "Mozilla/5.0 (compatible; AhrefsBot/7.0; +http://ahrefs.com/robot/)" "gatipackers.com"
10.213.116.210 - - [18/Oct/2022:08:18:12 -0700] "POST /wp-cron.php?doing_wp_cron=1666106292.5033369064331054687500 HTTP/1.1" 200 - "https://gatipackers.com/wp-cron.php?doing_wp_cron=1666106292.5033369064331054687500" "WordPress/5.6.10; https://gatipackers.com" "gatipackers.com"
205.210.31.183 - - [18/Oct/2022:08:28:33 -0700] "GET / HTTP/1.1" 200 14533 "-" "Expanse, a Palo Alto Networks company, searches across the global IPv4 space multiple times per day to identify customers&#39; presences on the Internet. If you would like to be excluded from our scans, please send IP addresses/domains to: scaninfo@paloaltonetworks.com" "gatipackers.com"
10.213.116.210 - - [18/Oct/2022:08:28:37 -0700] "POST /wp-cron.php?doing_wp_cron=1666106917.3187620639801025390625 HTTP/1.1" 200 - "http://gatipackers.com/wp-cron.php?doing_wp_cron=1666106917.3187620639801025390625" "WordPress/5.6.10; http://gatipackers.com" "gatipackers.com"
51.178.138.5 - - [18/Oct/2022:08:39:36 -0700] "POST /wp-login.php HTTP/1.1" 200 8258 "-" "Mozilla/5.0 (Windows NT 6.1) AppleWebKit/537.36 (KHTML, like Gecko) Chrome/70.0.3538.102 Safari/537.36" "gatipackers.com"
10.213.116.209 - - [18/Oct/2022:08:39:40 -0700] "POST /wp-cron.php?doing_wp_cron=1666107580.6687669754028320312500 HTTP/1.1" 200 - "http://gatipackers.com/wp-cron.php?doing_wp_cron=1666107580.6687669754028320312500" "WordPress/5.6.10; http://gatipackers.com" "gatipackers.com"
51.222.253.2 - - [18/Oct/2022:08:47:13 -0700] "GET /index.php/2021/02/26/sample-page/ HTTP/1.1" 200 13918 "-" "Mozilla/5.0 (compatible; AhrefsBot/7.0; +http://ahrefs.com/robot/)" "gatipackers.com"
68.183.86.247 - - [18/Oct/2022:09:00:59 -0700] "POST /wp-login.php HTTP/1.1" 200 8270 "-" "Mozilla/5.0 (Windows NT 6.1) AppleWebKit/537.36 (KHTML, like Gecko) Chrome/62.0.3202.94 Safari/537.36" "gatipackers.com"
10.213.116.209 - - [18/Oct/2022:09:01:03 -0700] "POST /wp-cron.php?doing_wp_cron=1666108863.5841128826141357421875 HTTP/1.1" 200 - "http://gatipackers.com/wp-cron.php?doing_wp_cron=1666108863.5841128826141357421875" "WordPress/5.6.10; http://gatipackers.com" "gatipackers.com"
171.237.73.2 - - [18/Oct/2022:09:05:35 -0700] "GET /home/request_a_survey/ HTTP/1.1" 200 779 "http://gatipackers.com/home/request_a_survey/" "Mozilla/5.0 (Windows NT 6.3; Win64; x64) AppleWebKit/537.36 (KHTML, like Gecko) Chrome/90.0.4430.85 Safari/537.36" "gatipackers.com"
171.237.73.2 - - [18/Oct/2022:09:05:36 -0700] "GET / HTTP/1.1" 200 14533 "http://gatipackers.com/" "Mozilla/5.0 (Windows NT 6.3; Win64; x64) AppleWebKit/537.36 (KHTML, like Gecko) Chrome/90.0.4430.85 Safari/537.36" "gatipackers.com"
171.237.73.2 - - [18/Oct/2022:09:05:45 -0700] "GET /index.php/2021/02/26/sample-page/ HTTP/1.1" 200 13884 "http://gatipackers.com/index.php/2021/02/26/sample-page/" "Mozilla/5.0 (Windows NT 6.3; Win64; x64) AppleWebKit/537.36 (KHTML, like Gecko) Chrome/90.0.4430.85 Safari/537.36" "gatipackers.com"
51.178.138.5 - - [18/Oct/2022:09:21:37 -0700] "POST /wp-login.php HTTP/1.1" 200 8258 "-" "Mozilla/5.0 (Windows NT 10.0; WOW64) AppleWebKit/537.36 (KHTML, like Gecko) Chrome/79.0.3945.130 Safari/537.36" "gatipackers.com"
10.213.116.211 - - [18/Oct/2022:09:21:42 -0700] "POST /wp-cron.php?doing_wp_cron=1666110102.1607170104980468750000 HTTP/1.1" 200 - "http://gatipackers.com/wp-cron.php?doing_wp_cron=1666110102.1607170104980468750000" "WordPress/5.6.10; http://gatipackers.com" "gatipackers.com"
157.55.39.150 - - [18/Oct/2022:09:25:25 -0700] "GET /sitemap.xml HTTP/1.1" 200 190 "-" "Mozilla/5.0 AppleWebKit/537.36 (KHTML, like Gecko; compatible; bingbot/2.0; +http://www.bing.com/bingbot.htm) Chrome/103.0.5060.134 Safari/537.36" "gatipackers.com"
10.213.116.211 - - [18/Oct/2022:09:30:50 -0700] "POST /wp-cron.php?doing_wp_cron=1666110650.7721350193023681640625 HTTP/1.1" 200 - "http://gatipackers.com/wp-cron.php?doing_wp_cron=1666110650.7721350193023681640625" "WordPress/5.6.10; http://gatipackers.com" "gatipackers.com"
207.46.234.202 - - [18/Oct/2022:09:42:01 -0700] "POST /wp-login.php HTTP/1.1" 200 8257 "-" "Mozilla/5.0 (Windows NT 6.3; Win64; x64) AppleWebKit/537.36 (KHTML, like Gecko) Chrome/57.0.2987.133 Safari/537.36" "gatipackers.com"
10.213.116.210 - - [18/Oct/2022:09:42:06 -0700] "POST /wp-cron.php?doing_wp_cron=1666111326.3222229480743408203125 HTTP/1.1" 200 - "http://gatipackers.com/wp-cron.php?doing_wp_cron=1666111326.3222229480743408203125" "WordPress/5.6.10; http://gatipackers.com" "gatipackers.com"
66.249.70.243 - - [18/Oct/2022:09:44:27 -0700] "GET /favicon.ico HTTP/1.1" 404 88 "-" "Googlebot-Image/1.0" "www.gatipackers.com"
54.36.148.149 - - [18/Oct/2022:09:44:50 -0700] "GET /robots.txt HTTP/1.1" 200 58 "-" "Mozilla/5.0 (compatible; AhrefsBot/7.0; +http://ahrefs.com/robot/)" "www.gatipackers.com"
51.222.253.14 - - [18/Oct/2022:09:44:52 -0700] "GET / HTTP/1.1" 200 14590 "-" "Mozilla/5.0 (compatible; AhrefsBot/7.0; +http://ahrefs.com/robot/)" "www.gatipackers.com"
54.36.149.39 - - [18/Oct/2022:09:44:58 -0700] "GET /robots.txt HTTP/1.1" 200 58 "-" "Mozilla/5.0 (compatible; AhrefsBot/7.0; +http://ahrefs.com/robot/)" "gatipackers.com"
51.222.253.7 - - [18/Oct/2022:09:44:59 -0700] "GET /wp-includes/css/dist/block-library/theme.min.css?ver=5.6.10 HTTP/1.1" 200 741 "-" "Mozilla/5.0 (compatible; AhrefsBot/7.0; +http://ahrefs.com/robot/)" "gatipackers.com"
51.222.253.16 - - [18/Oct/2022:09:44:59 -0700] "GET /wp-content/themes/twentynineteen/style.css?ver=1.1 HTTP/1.1" 200 19371 "-" "Mozilla/5.0 (compatible; AhrefsBot/7.0; +http://ahrefs.com/robot/)" "gatipackers.com"
51.222.253.5 - - [18/Oct/2022:09:45:01 -0700] "GET /wp-includes/js/wp-embed.min.js?ver=5.6.10 HTTP/1.1" 200 765 "-" "Mozilla/5.0 (compatible; AhrefsBot/7.0; +http://ahrefs.com/robot/)" "gatipackers.com"
51.222.253.6 - - [18/Oct/2022:09:45:01 -0700] "GET /wp-includes/css/dist/block-library/style.min.css?ver=5.6.10 HTTP/1.1" 200 7849 "-" "Mozilla/5.0 (compatible; AhrefsBot/7.0; +http://ahrefs.com/robot/)" "gatipackers.com"
20.167.56.75 - - [18/Oct/2022:10:07:13 -0700] "GET /wp-admin/css/ HTTP/1.1" 200 144 "binance.com" "Mozilla/5.0 (Windows NT 10.0; Win64; x64) AppleWebKit/537.36 (KHTML, like Gecko) Chrome/90.0.4430.85 Safari/537.36" "gatipackers.com"
114.119.156.95 - - [18/Oct/2022:10:13:07 -0700] "GET /about-gati-movers-packers HTTP/1.1" 404 88 "https://www.gatipackers.com/blog/search" "Mozilla/5.0 (Linux; Android 7.0;) AppleWebKit/537.36 (KHTML, like Gecko) Mobile Safari/537.36 (compatible; PetalBot;+https://webmaster.petalsearch.com/site/petalbot)" "www.gatipackers.com"
114.119.145.239 - - [18/Oct/2022:10:18:52 -0700] "GET /index.php/2021/02/ HTTP/1.1" 200 13965 "https://gatipackers.com/index.php/2021/02/26/sample-page/" "Mozilla/5.0 (Linux; Android 7.0;) AppleWebKit/537.36 (KHTML, like Gecko) Mobile Safari/537.36 (compatible; PetalBot;+https://webmaster.petalsearch.com/site/petalbot)" "gatipackers.com"
10.213.116.209 - - [18/Oct/2022:10:18:56 -0700] "POST /wp-cron.php?doing_wp_cron=1666113536.2551889419555664062500 HTTP/1.1" 200 - "https://gatipackers.com/wp-cron.php?doing_wp_cron=1666113536.2551889419555664062500" "WordPress/5.6.10; https://gatipackers.com" "gatipackers.com"
213.219.247.125 - - [18/Oct/2022:10:21:39 -0700] "GET /home/request_a_survey/ HTTP/1.1" 200 779 "http://gatipackers.com/home/request_a_survey/" "Mozilla/5.0 (Windows NT 6.1; ) AppleWebKit/537.36 (KHTML, like Gecko) Chrome/90.0.4430.85 Safari/537.36" "gatipackers.com"
213.219.247.125 - - [18/Oct/2022:10:21:40 -0700] "GET / HTTP/1.1" 200 14533 "http://gatipackers.com/" "Mozilla/5.0 (Windows NT 6.1; ) AppleWebKit/537.36 (KHTML, like Gecko) Chrome/90.0.4430.85 Safari/537.36" "gatipackers.com"
213.219.247.125 - - [18/Oct/2022:10:21:45 -0700] "GET /index.php/2021/02/26/sample-page/ HTTP/1.1" 200 13884 "http://gatipackers.com/index.php/2021/02/26/sample-page/" "Mozilla/5.0 (Windows NT 6.1; ) AppleWebKit/537.36 (KHTML, like Gecko) Chrome/90.0.4430.85 Safari/537.36" "gatipackers.com"
213.219.247.125 - - [18/Oct/2022:10:22:34 -0700] "GET /home/request_a_survey/ HTTP/1.1" 200 779 "http://gatipackers.com/home/request_a_survey/" "Mozilla/5.0 (Windows NT 6.1; Win64; x64) AppleWebKit/537.36 (KHTML, like Gecko) Chrome/90.0.4430.85 Safari/537.36" "gatipackers.com"
213.219.247.125 - - [18/Oct/2022:10:22:34 -0700] "GET / HTTP/1.1" 200 14533 "http://gatipackers.com/" "Mozilla/5.0 (Windows NT 6.1; Win64; x64) AppleWebKit/537.36 (KHTML, like Gecko) Chrome/90.0.4430.85 Safari/537.36" "gatipackers.com"
10.213.116.210 - - [18/Oct/2022:10:22:37 -0700] "POST /wp-cron.php?doing_wp_cron=1666113757.1863009929656982421875 HTTP/1.1" 200 - "http://gatipackers.com/wp-cron.php?doing_wp_cron=1666113757.1863009929656982421875" "WordPress/5.6.10; http://gatipackers.com" "gatipackers.com"
213.219.247.125 - - [18/Oct/2022:10:22:39 -0700] "GET /index.php/2021/02/26/sample-page/ HTTP/1.1" 200 13884 "http://gatipackers.com/index.php/2021/02/26/sample-page/" "Mozilla/5.0 (Windows NT 6.1; Win64; x64) AppleWebKit/537.36 (KHTML, like Gecko) Chrome/90.0.4430.85 Safari/537.36" "gatipackers.com"
213.219.247.125 - - [18/Oct/2022:10:22:50 -0700] "GET /home/request_a_survey/ HTTP/1.1" 200 779 "http://gatipackers.com/home/request_a_survey/" "Mozilla/5.0 (Windows NT 6.3; Win64; x64) AppleWebKit/537.36 (KHTML, like Gecko) Chrome/90.0.4430.85 Safari/537.36" "gatipackers.com"
213.219.247.125 - - [18/Oct/2022:10:22:51 -0700] "GET / HTTP/1.1" 200 14533 "http://gatipackers.com/" "Mozilla/5.0 (Windows NT 6.3; Win64; x64) AppleWebKit/537.36 (KHTML, like Gecko) Chrome/90.0.4430.85 Safari/537.36" "gatipackers.com"
213.219.247.125 - - [18/Oct/2022:10:22:55 -0700] "GET /index.php/2021/02/26/sample-page/ HTTP/1.1" 200 13884 "http://gatipackers.com/index.php/2021/02/26/sample-page/" "Mozilla/5.0 (Windows NT 6.3; Win64; x64) AppleWebKit/537.36 (KHTML, like Gecko) Chrome/90.0.4430.85 Safari/537.36" "gatipackers.com"
120.25.104.120 - - [18/Oct/2022:10:23:09 -0700] "POST /wp-login.php HTTP/1.1" 200 8261 "-" "Mozilla/5.0 (Windows NT 6.1; WOW64) AppleWebKit/537.36 (KHTML, like Gecko) Chrome/41.0.2272.101 Safari/537.36" "gatipackers.com"
213.219.247.125 - - [18/Oct/2022:10:23:44 -0700] "GET /home/request_a_survey/ HTTP/1.1" 200 779 "http://gatipackers.com/home/request_a_survey/" "Mozilla/5.0 (Windows NT 10.0; Win64; x64) AppleWebKit/537.36 (KHTML, like Gecko) Chrome/90.0.4430.72 Safari/537.36" "gatipackers.com"
213.219.247.125 - - [18/Oct/2022:10:23:45 -0700] "GET /home/request_a_survey/ HTTP/1.1" 200 779 "http://gatipackers.com/home/request_a_survey/" "Mozilla/5.0 (Windows NT 10.0; WOW64) AppleWebKit/537.36 (KHTML, like Gecko) Chrome/90.0.4430.93 Safari/537.36" "gatipackers.com"
213.219.247.125 - - [18/Oct/2022:10:23:45 -0700] "GET / HTTP/1.1" 200 14533 "http://gatipackers.com/" "Mozilla/5.0 (Windows NT 10.0; Win64; x64) AppleWebKit/537.36 (KHTML, like Gecko) Chrome/90.0.4430.72 Safari/537.36" "gatipackers.com"
213.219.247.125 - - [18/Oct/2022:10:23:46 -0700] "GET / HTTP/1.1" 200 14533 "http://gatipackers.com/" "Mozilla/5.0 (Windows NT 10.0; WOW64) AppleWebKit/537.36 (KHTML, like Gecko) Chrome/90.0.4430.93 Safari/537.36" "gatipackers.com"
213.219.247.125 - - [18/Oct/2022:10:23:49 -0700] "GET /index.php/2021/02/26/sample-page/ HTTP/1.1" 200 13884 "http://gatipackers.com/index.php/2021/02/26/sample-page/" "Mozilla/5.0 (Windows NT 10.0; Win64; x64) AppleWebKit/537.36 (KHTML, like Gecko) Chrome/90.0.4430.72 Safari/537.36" "gatipackers.com"
213.219.247.125 - - [18/Oct/2022:10:23:50 -0700] "GET /index.php/2021/02/26/sample-page/ HTTP/1.1" 200 13884 "http://gatipackers.com/index.php/2021/02/26/sample-page/" "Mozilla/5.0 (Windows NT 10.0; WOW64) AppleWebKit/537.36 (KHTML, like Gecko) Chrome/90.0.4430.93 Safari/537.36" "gatipackers.com"
114.119.145.249 - - [18/Oct/2022:10:24:39 -0700] "GET /safe-storage-bangalore HTTP/1.1" 404 88 "https://www.gatipackers.com/blog/search" "Mozilla/5.0 (Linux; Android 7.0;) AppleWebKit/537.36 (KHTML, like Gecko) Mobile Safari/537.36 (compatible; PetalBot;+https://webmaster.petalsearch.com/site/petalbot)" "www.gatipackers.com"
213.219.247.125 - - [18/Oct/2022:10:26:11 -0700] "GET /home/request_a_survey/ HTTP/1.1" 200 779 "http://gatipackers.com/home/request_a_survey/" "Mozilla/5.0 (Windows NT 6.1; ) AppleWebKit/537.36 (KHTML, like Gecko) Chrome/90.0.4430.85 Safari/537.36" "gatipackers.com"
213.219.247.125 - - [18/Oct/2022:10:26:12 -0700] "GET / HTTP/1.1" 200 14533 "http://gatipackers.com/" "Mozilla/5.0 (Windows NT 6.1; ) AppleWebKit/537.36 (KHTML, like Gecko) Chrome/90.0.4430.85 Safari/537.36" "gatipackers.com"
213.219.247.125 - - [18/Oct/2022:10:26:16 -0700] "GET /index.php/2021/02/26/sample-page/ HTTP/1.1" 200 13884 "http://gatipackers.com/index.php/2021/02/26/sample-page/" "Mozilla/5.0 (Windows NT 6.1; ) AppleWebKit/537.36 (KHTML, like Gecko) Chrome/90.0.4430.85 Safari/537.36" "gatipackers.com"
213.219.247.125 - - [18/Oct/2022:10:27:20 -0700] "GET /home/request_a_survey/ HTTP/1.1" 200 779 "http://gatipackers.com/home/request_a_survey/" "Mozilla/5.0 (Windows NT 10.0; Win64; x64) AppleWebKit/537.36 (KHTML, like Gecko) Chrome/90.0.4430.86 Safari/537.36" "gatipackers.com"
213.219.247.125 - - [18/Oct/2022:10:27:21 -0700] "GET / HTTP/1.1" 200 14533 "http://gatipackers.com/" "Mozilla/5.0 (Windows NT 10.0; Win64; x64) AppleWebKit/537.36 (KHTML, like Gecko) Chrome/90.0.4430.86 Safari/537.36" "gatipackers.com"
213.219.247.125 - - [18/Oct/2022:10:27:29 -0700] "GET /home/request_a_survey/ HTTP/1.1" 200 779 "http://gatipackers.com/home/request_a_survey/" "Mozilla/5.0 (Windows NT 10.0; Win64; x64) AppleWebKit/537.36 (KHTML, like Gecko) Chrome/90.0.4430.85 Safari/537.36 Edg/90.0.818.46" "gatipackers.com"
213.219.247.125 - - [18/Oct/2022:10:27:26 -0700] "GET /index.php/2021/02/26/sample-page/ HTTP/1.1" 200 13884 "http://gatipackers.com/index.php/2021/02/26/sample-page/" "Mozilla/5.0 (Windows NT 10.0; Win64; x64) AppleWebKit/537.36 (KHTML, like Gecko) Chrome/90.0.4430.86 Safari/537.36" "gatipackers.com"
213.219.247.125 - - [18/Oct/2022:10:27:29 -0700] "GET / HTTP/1.1" 200 14533 "http://gatipackers.com/" "Mozilla/5.0 (Windows NT 10.0; Win64; x64) AppleWebKit/537.36 (KHTML, like Gecko) Chrome/90.0.4430.85 Safari/537.36 Edg/90.0.818.46" "gatipackers.com"
213.219.247.125 - - [18/Oct/2022:10:27:34 -0700] "GET /index.php/2021/02/26/sample-page/ HTTP/1.1" 200 13884 "http://gatipackers.com/index.php/2021/02/26/sample-page/" "Mozilla/5.0 (Windows NT 10.0; Win64; x64) AppleWebKit/537.36 (KHTML, like Gecko) Chrome/90.0.4430.85 Safari/537.36 Edg/90.0.818.46" "gatipackers.com"
213.219.247.125 - - [18/Oct/2022:10:29:35 -0700] "GET /home/request_a_survey/ HTTP/1.1" 200 779 "http://gatipackers.com/home/request_a_survey/" "Mozilla/5.0 (Windows NT 10.0; Win64; x64) AppleWebKit/537.36 (KHTML, like Gecko) Chrome/90.0.4430.85 Safari/537.36 Edg/90.0.818.46" "gatipackers.com"
213.219.247.125 - - [18/Oct/2022:10:29:36 -0700] "GET / HTTP/1.1" 200 14533 "http://gatipackers.com/" "Mozilla/5.0 (Windows NT 10.0; Win64; x64) AppleWebKit/537.36 (KHTML, like Gecko) Chrome/90.0.4430.85 Safari/537.36 Edg/90.0.818.46" "gatipackers.com"
213.219.247.125 - - [18/Oct/2022:10:29:41 -0700] "GET /index.php/2021/02/26/sample-page/ HTTP/1.1" 200 13884 "http://gatipackers.com/index.php/2021/02/26/sample-page/" "Mozilla/5.0 (Windows NT 10.0; Win64; x64) AppleWebKit/537.36 (KHTML, like Gecko) Chrome/90.0.4430.85 Safari/537.36 Edg/90.0.818.46" "gatipackers.com"
114.119.145.239 - - [18/Oct/2022:10:30:30 -0700] "GET /local-movers-packers-bangalore HTTP/1.1" 404 88 "https://www.gatipackers.com/blog/search" "Mozilla/5.0 (Linux; Android 7.0;) AppleWebKit/537.36 (KHTML, like Gecko) Mobile Safari/537.36 (compatible; PetalBot;+https://webmaster.petalsearch.com/site/petalbot)" "www.gatipackers.com"
213.219.247.125 - - [18/Oct/2022:10:31:12 -0700] "GET /home/request_a_survey/ HTTP/1.1" 200 779 "http://gatipackers.com/home/request_a_survey/" "Mozilla/5.0 (Windows NT 6.3) AppleWebKit/537.36 (KHTML, like Gecko) Chrome/90.0.4430.72 Safari/537.36" "gatipackers.com"
213.219.247.125 - - [18/Oct/2022:10:31:13 -0700] "GET / HTTP/1.1" 200 14533 "http://gatipackers.com/" "Mozilla/5.0 (Windows NT 6.3) AppleWebKit/537.36 (KHTML, like Gecko) Chrome/90.0.4430.72 Safari/537.36" "gatipackers.com"
213.219.247.125 - - [18/Oct/2022:10:31:18 -0700] "GET /index.php/2021/02/26/sample-page/ HTTP/1.1" 200 13884 "http://gatipackers.com/index.php/2021/02/26/sample-page/" "Mozilla/5.0 (Windows NT 6.3) AppleWebKit/537.36 (KHTML, like Gecko) Chrome/90.0.4430.72 Safari/537.36" "gatipackers.com"
114.119.145.42 - - [18/Oct/2022:10:37:49 -0700] "GET /wp-content HTTP/1.1" 301 1413 "https://gatipackers.com?C=S%3BO%3DA" "Mozilla/5.0 (Linux; Android 7.0;) AppleWebKit/537.36 (KHTML, like Gecko) Mobile Safari/537.36 (compatible; PetalBot;+https://webmaster.petalsearch.com/site/petalbot)" "gatipackers.com"
114.119.145.42 - - [18/Oct/2022:10:37:50 -0700] "GET /wp-content/ HTTP/1.1" 200 - "https://gatipackers.com?C=S%3BO%3DA" "Mozilla/5.0 (Linux; Android 7.0;) AppleWebKit/537.36 (KHTML, like Gecko) Mobile Safari/537.36 (compatible; PetalBot;+https://webmaster.petalsearch.com/site/petalbot)" "gatipackers.com"
188.166.225.235 - - [18/Oct/2022:10:43:53 -0700] "POST /wp-login.php HTTP/1.1" 200 8263 "-" "Mozilla/5.0 (Windows NT 10.0; WOW64) AppleWebKit/537.36 (KHTML, like Gecko) Chrome/46.0.2490.80 Safari/537.36" "gatipackers.com"
10.213.116.209 - - [18/Oct/2022:10:43:57 -0700] "POST /wp-cron.php?doing_wp_cron=1666115037.4139709472656250000000 HTTP/1.1" 200 - "http://gatipackers.com/wp-cron.php?doing_wp_cron=1666115037.4139709472656250000000" "WordPress/5.6.10; http://gatipackers.com" "gatipackers.com"
54.198.46.51 - - [18/Oct/2022:10:48:24 -0700] "GET /robots.txt HTTP/1.1" 200 58 "https://www.google.com/" "Mozilla/5.0 (Macintosh; Intel Mac OS X 10_15_6) AppleWebKit/605.1.15 (KHTML, like Gecko)" "gatipackers.com"
217.144.109.86 - - [18/Oct/2022:10:48:24 -0700] "GET / HTTP/1.1" 200 14533 "https://www.google.com/" "Mozilla/5.0 (Macintosh; Intel Mac OS X 10_15_7) AppleWebKit/605.1.15 (KHTML, like Gecko)" "gatipackers.com"
51.222.253.18 - - [18/Oct/2022:10:51:59 -0700] "GET / HTTP/1.1" 200 14533 "-" "Mozilla/5.0 (compatible; AhrefsBot/7.0; +http://ahrefs.com/robot/)" "gatipackers.com"
185.197.74.6 - - [18/Oct/2022:11:02:21 -0700] "GET /home/request_a_survey/ HTTP/1.1" 200 779 "http://gatipackers.com/home/request_a_survey/" "Mozilla/5.0 (Windows NT 10.0) AppleWebKit/537.36 (KHTML, like Gecko) Chrome/90.0.4430.85 Safari/537.36 Edg/90.0.818.46" "gatipackers.com"
185.197.74.6 - - [18/Oct/2022:11:02:22 -0700] "GET / HTTP/1.1" 200 14533 "http://gatipackers.com/" "Mozilla/5.0 (Windows NT 10.0) AppleWebKit/537.36 (KHTML, like Gecko) Chrome/90.0.4430.85 Safari/537.36 Edg/90.0.818.46" "gatipackers.com"
10.213.116.211 - - [18/Oct/2022:11:02:26 -0700] "POST /wp-cron.php?doing_wp_cron=1666116146.7180879116058349609375 HTTP/1.1" 200 - "http://gatipackers.com/wp-cron.php?doing_wp_cron=1666116146.7180879116058349609375" "WordPress/5.6.10; http://gatipackers.com" "gatipackers.com"
185.197.74.6 - - [18/Oct/2022:11:02:29 -0700] "GET /index.php/2021/02/26/sample-page/ HTTP/1.1" 200 13884 "http://gatipackers.com/index.php/2021/02/26/sample-page/" "Mozilla/5.0 (Windows NT 10.0) AppleWebKit/537.36 (KHTML, like Gecko) Chrome/90.0.4430.85 Safari/537.36 Edg/90.0.818.46" "gatipackers.com"
185.197.74.6 - - [18/Oct/2022:11:04:00 -0700] "GET /home/request_a_survey/ HTTP/1.1" 200 779 "http://gatipackers.com/home/request_a_survey/" "Mozilla/5.0 (Windows NT 10.0) AppleWebKit/537.36 (KHTML, like Gecko) Chrome/90.0.4430.85 Safari/537.36" "gatipackers.com"
185.197.74.6 - - [18/Oct/2022:11:04:01 -0700] "GET / HTTP/1.1" 200 14533 "http://gatipackers.com/" "Mozilla/5.0 (Windows NT 10.0) AppleWebKit/537.36 (KHTML, like Gecko) Chrome/90.0.4430.85 Safari/537.36" "gatipackers.com"
185.197.74.6 - - [18/Oct/2022:11:04:08 -0700] "GET /home/request_a_survey/ HTTP/1.1" 200 779 "http://gatipackers.com/home/request_a_survey/" "Mozilla/5.0 (Windows NT 10.0; Win64; x64) AppleWebKit/537.36 (KHTML, like Gecko) Chrome/90.0.4430.72 Safari/537.36 Edg/90.0.818.42" "gatipackers.com"
185.197.74.6 - - [18/Oct/2022:11:04:05 -0700] "GET /index.php/2021/02/26/sample-page/ HTTP/1.1" 200 13884 "http://gatipackers.com/index.php/2021/02/26/sample-page/" "Mozilla/5.0 (Windows NT 10.0) AppleWebKit/537.36 (KHTML, like Gecko) Chrome/90.0.4430.85 Safari/537.36" "gatipackers.com"
185.197.74.6 - - [18/Oct/2022:11:04:08 -0700] "GET / HTTP/1.1" 200 14533 "http://gatipackers.com/" "Mozilla/5.0 (Windows NT 10.0; Win64; x64) AppleWebKit/537.36 (KHTML, like Gecko) Chrome/90.0.4430.72 Safari/537.36 Edg/90.0.818.42" "gatipackers.com"
185.197.74.6 - - [18/Oct/2022:11:04:12 -0700] "GET /index.php/2021/02/26/sample-page/ HTTP/1.1" 200 13884 "http://gatipackers.com/index.php/2021/02/26/sample-page/" "Mozilla/5.0 (Windows NT 10.0; Win64; x64) AppleWebKit/537.36 (KHTML, like Gecko) Chrome/90.0.4430.72 Safari/537.36 Edg/90.0.818.42" "gatipackers.com"
36.94.142.166 - - [18/Oct/2022:11:04:18 -0700] "POST /wp-login.php HTTP/1.1" 200 8262 "-" "Mozilla/5.0 (Windows NT 6.1; WOW64) AppleWebKit/537.36 (KHTML, like Gecko) Chrome/47.0.2526.111 Safari/537.36 MVisionPlayer/1.0.0.0" "gatipackers.com"
185.197.74.6 - - [18/Oct/2022:11:05:42 -0700] "GET /home/request_a_survey/ HTTP/1.1" 200 779 "http://gatipackers.com/home/request_a_survey/" "Mozilla/5.0 (Windows NT 10.0; WOW64) AppleWebKit/537.36 (KHTML, like Gecko) Chrome/90.0.4430.93 Safari/537.36" "gatipackers.com"
185.197.74.6 - - [18/Oct/2022:11:05:42 -0700] "GET / HTTP/1.1" 200 14533 "http://gatipackers.com/" "Mozilla/5.0 (Windows NT 10.0; WOW64) AppleWebKit/537.36 (KHTML, like Gecko) Chrome/90.0.4430.93 Safari/537.36" "gatipackers.com"
185.197.74.6 - - [18/Oct/2022:11:05:47 -0700] "GET /index.php/2021/02/26/sample-page/ HTTP/1.1" 200 13884 "http://gatipackers.com/index.php/2021/02/26/sample-page/" "Mozilla/5.0 (Windows NT 10.0; WOW64) AppleWebKit/537.36 (KHTML, like Gecko) Chrome/90.0.4430.93 Safari/537.36" "gatipackers.com"
185.197.74.6 - - [18/Oct/2022:11:05:59 -0700] "GET /home/request_a_survey/ HTTP/1.1" 200 779 "http://gatipackers.com/home/request_a_survey/" "Mozilla/5.0 (Windows NT 6.1; ) AppleWebKit/537.36 (KHTML, like Gecko) Chrome/90.0.4430.72 Safari/537.36" "gatipackers.com"
185.197.74.6 - - [18/Oct/2022:11:06:00 -0700] "GET / HTTP/1.1" 200 14533 "http://gatipackers.com/" "Mozilla/5.0 (Windows NT 6.1; ) AppleWebKit/537.36 (KHTML, like Gecko) Chrome/90.0.4430.72 Safari/537.36" "gatipackers.com"
185.197.74.6 - - [18/Oct/2022:11:06:05 -0700] "GET /index.php/2021/02/26/sample-page/ HTTP/1.1" 200 13884 "http://gatipackers.com/index.php/2021/02/26/sample-page/" "Mozilla/5.0 (Windows NT 6.1; ) AppleWebKit/537.36 (KHTML, like Gecko) Chrome/90.0.4430.72 Safari/537.36" "gatipackers.com"
185.197.74.6 - - [18/Oct/2022:11:07:37 -0700] "GET /home/request_a_survey/ HTTP/1.1" 200 779 "http://gatipackers.com/home/request_a_survey/" "Mozilla/5.0 (Windows NT 6.3; Win64; x64) AppleWebKit/537.36 (KHTML, like Gecko) Chrome/90.0.4430.72 Safari/537.36 Edg/90.0.818.42" "gatipackers.com"
185.197.74.6 - - [18/Oct/2022:11:07:37 -0700] "GET / HTTP/1.1" 200 14533 "http://gatipackers.com/" "Mozilla/5.0 (Windows NT 6.3; Win64; x64) AppleWebKit/537.36 (KHTML, like Gecko) Chrome/90.0.4430.72 Safari/537.36 Edg/90.0.818.42" "gatipackers.com"
10.213.116.211 - - [18/Oct/2022:11:07:41 -0700] "POST /wp-cron.php?doing_wp_cron=1666116461.1919949054718017578125 HTTP/1.1" 200 - "http://gatipackers.com/wp-cron.php?doing_wp_cron=1666116461.1919949054718017578125" "WordPress/5.6.10; http://gatipackers.com" "gatipackers.com"
185.197.74.6 - - [18/Oct/2022:11:07:43 -0700] "GET /index.php/2021/02/26/sample-page/ HTTP/1.1" 200 13884 "http://gatipackers.com/index.php/2021/02/26/sample-page/" "Mozilla/5.0 (Windows NT 6.3; Win64; x64) AppleWebKit/537.36 (KHTML, like Gecko) Chrome/90.0.4430.72 Safari/537.36 Edg/90.0.818.42" "gatipackers.com"
185.197.74.6 - - [18/Oct/2022:11:08:09 -0700] "GET /home/request_a_survey/ HTTP/1.1" 200 779 "http://gatipackers.com/home/request_a_survey/" "Mozilla/5.0 (Windows NT 6.1; WOW64) AppleWebKit/537.36 (KHTML, like Gecko) Chrome/90.0.4430.72 Safari/537.36" "gatipackers.com"
185.197.74.6 - - [18/Oct/2022:11:08:09 -0700] "GET / HTTP/1.1" 200 14533 "http://gatipackers.com/" "Mozilla/5.0 (Windows NT 6.1; WOW64) AppleWebKit/537.36 (KHTML, like Gecko) Chrome/90.0.4430.72 Safari/537.36" "gatipackers.com"
185.197.74.6 - - [18/Oct/2022:11:08:12 -0700] "GET /index.php/2021/02/26/sample-page/ HTTP/1.1" 200 13884 "http://gatipackers.com/index.php/2021/02/26/sample-page/" "Mozilla/5.0 (Windows NT 6.1; WOW64) AppleWebKit/537.36 (KHTML, like Gecko) Chrome/90.0.4430.72 Safari/537.36" "gatipackers.com"
185.197.74.6 - - [18/Oct/2022:11:08:26 -0700] "GET /home/request_a_survey/ HTTP/1.1" 200 779 "http://gatipackers.com/home/request_a_survey/" "Mozilla/5.0 (Windows NT 6.3; Win64; x64) AppleWebKit/537.36 (KHTML, like Gecko) Chrome/90.0.4430.72 Safari/537.36 Edg/90.0.818.42" "gatipackers.com"
185.197.74.6 - - [18/Oct/2022:11:08:30 -0700] "GET /home/request_a_survey/ HTTP/1.1" 200 779 "http://gatipackers.com/home/request_a_survey/" "Mozilla/5.0 (Windows NT 6.1) AppleWebKit/537.36 (KHTML, like Gecko) Chrome/90.0.4430.85 Safari/537.36" "gatipackers.com"
185.197.74.6 - - [18/Oct/2022:11:08:27 -0700] "GET / HTTP/1.1" 200 14533 "http://gatipackers.com/" "Mozilla/5.0 (Windows NT 6.3; Win64; x64) AppleWebKit/537.36 (KHTML, like Gecko) Chrome/90.0.4430.72 Safari/537.36 Edg/90.0.818.42" "gatipackers.com"
185.197.74.6 - - [18/Oct/2022:11:08:31 -0700] "GET /index.php/2021/02/26/sample-page/ HTTP/1.1" 200 13884 "http://gatipackers.com/index.php/2021/02/26/sample-page/" "Mozilla/5.0 (Windows NT 6.3; Win64; x64) AppleWebKit/537.36 (KHTML, like Gecko) Chrome/90.0.4430.72 Safari/537.36 Edg/90.0.818.42" "gatipackers.com"
185.197.74.6 - - [18/Oct/2022:11:08:30 -0700] "GET / HTTP/1.1" 200 14533 "http://gatipackers.com/" "Mozilla/5.0 (Windows NT 6.1) AppleWebKit/537.36 (KHTML, like Gecko) Chrome/90.0.4430.85 Safari/537.36" "gatipackers.com"
185.197.74.6 - - [18/Oct/2022:11:08:35 -0700] "GET /index.php/2021/02/26/sample-page/ HTTP/1.1" 200 13884 "http://gatipackers.com/index.php/2021/02/26/sample-page/" "Mozilla/5.0 (Windows NT 6.1) AppleWebKit/537.36 (KHTML, like Gecko) Chrome/90.0.4430.85 Safari/537.36" "gatipackers.com"
185.197.74.6 - - [18/Oct/2022:11:13:43 -0700] "GET /home/request_a_survey/ HTTP/1.1" 200 779 "http://gatipackers.com/home/request_a_survey/" "Mozilla/5.0 (Windows NT 6.1) AppleWebKit/537.36 (KHTML, like Gecko) Chrome/90.0.4430.85 Safari/537.36" "gatipackers.com"
185.197.74.6 - - [18/Oct/2022:11:13:44 -0700] "GET / HTTP/1.1" 200 14533 "http://gatipackers.com/" "Mozilla/5.0 (Windows NT 6.1) AppleWebKit/537.36 (KHTML, like Gecko) Chrome/90.0.4430.85 Safari/537.36" "gatipackers.com"
185.197.74.6 - - [18/Oct/2022:11:13:49 -0700] "GET /index.php/2021/02/26/sample-page/ HTTP/1.1" 200 13884 "http://gatipackers.com/index.php/2021/02/26/sample-page/" "Mozilla/5.0 (Windows NT 6.1) AppleWebKit/537.36 (KHTML, like Gecko) Chrome/90.0.4430.85 Safari/537.36" "gatipackers.com"
81.88.52.8 - - [18/Oct/2022:11:24:36 -0700] "POST /wp-login.php HTTP/1.1" 200 8258 "-" "Mozilla/5.0 (Windows NT 6.1; Win64; x64) AppleWebKit/537.36 (KHTML, like Gecko) Chrome/67.0.3396.87 Safari/537.36" "gatipackers.com"
10.213.116.210 - - [18/Oct/2022:11:24:40 -0700] "POST /wp-cron.php?doing_wp_cron=1666117480.6990170478820800781250 HTTP/1.1" 200 - "http://gatipackers.com/wp-cron.php?doing_wp_cron=1666117480.6990170478820800781250" "WordPress/5.6.10; http://gatipackers.com" "gatipackers.com"
193.38.235.158 - - [18/Oct/2022:11:40:21 -0700] "GET /home/request_a_survey/ HTTP/1.1" 200 779 "http://gatipackers.com/home/request_a_survey/" "Mozilla/5.0 (Windows NT 6.1) AppleWebKit/537.36 (KHTML, like Gecko) Chrome/90.0.4430.85 Safari/537.36" "gatipackers.com"
193.38.235.158 - - [18/Oct/2022:11:40:22 -0700] "GET /home/request_a_survey/ HTTP/1.1" 200 779 "http://gatipackers.com/home/request_a_survey/" "Mozilla/5.0 (Windows NT 10.0; WOW64) AppleWebKit/537.36 (KHTML, like Gecko) Chrome/90.0.4430.72 Safari/537.36" "gatipackers.com"
193.38.235.158 - - [18/Oct/2022:11:40:22 -0700] "GET / HTTP/1.1" 200 14533 "http://gatipackers.com/" "Mozilla/5.0 (Windows NT 6.1) AppleWebKit/537.36 (KHTML, like Gecko) Chrome/90.0.4430.85 Safari/537.36" "gatipackers.com"
193.38.235.158 - - [18/Oct/2022:11:40:23 -0700] "GET / HTTP/1.1" 200 14533 "http://gatipackers.com/" "Mozilla/5.0 (Windows NT 10.0; WOW64) AppleWebKit/537.36 (KHTML, like Gecko) Chrome/90.0.4430.72 Safari/537.36" "gatipackers.com"
10.213.116.211 - - [18/Oct/2022:11:40:26 -0700] "POST /wp-cron.php?doing_wp_cron=1666118426.6334609985351562500000 HTTP/1.1" 200 - "http://gatipackers.com/wp-cron.php?doing_wp_cron=1666118426.6334609985351562500000" "WordPress/5.6.10; http://gatipackers.com" "gatipackers.com"
10.213.116.211 - - [18/Oct/2022:11:40:26 -0700] "POST /wp-cron.php?doing_wp_cron=1666118426.6334578990936279296875 HTTP/1.1" 200 - "http://gatipackers.com/wp-cron.php?doing_wp_cron=1666118426.6334578990936279296875" "WordPress/5.6.10; http://gatipackers.com" "gatipackers.com"
193.38.235.158 - - [18/Oct/2022:11:40:28 -0700] "GET /index.php/2021/02/26/sample-page/ HTTP/1.1" 200 13884 "http://gatipackers.com/index.php/2021/02/26/sample-page/" "Mozilla/5.0 (Windows NT 10.0; WOW64) AppleWebKit/537.36 (KHTML, like Gecko) Chrome/90.0.4430.72 Safari/537.36" "gatipackers.com"
193.38.235.158 - - [18/Oct/2022:11:40:29 -0700] "GET /index.php/2021/02/26/sample-page/ HTTP/1.1" 200 13884 "http://gatipackers.com/index.php/2021/02/26/sample-page/" "Mozilla/5.0 (Windows NT 6.1) AppleWebKit/537.36 (KHTML, like Gecko) Chrome/90.0.4430.85 Safari/537.36" "gatipackers.com"
193.38.235.158 - - [18/Oct/2022:11:41:07 -0700] "GET /home/request_a_survey/ HTTP/1.1" 200 779 "http://gatipackers.com/home/request_a_survey/" "Mozilla/5.0 (Windows NT 6.1; Win64; x64) AppleWebKit/537.36 (KHTML, like Gecko) Chrome/90.0.4430.72 Safari/537.36" "gatipackers.com"
193.38.235.158 - - [18/Oct/2022:11:41:08 -0700] "GET / HTTP/1.1" 200 14533 "http://gatipackers.com/" "Mozilla/5.0 (Windows NT 6.1; Win64; x64) AppleWebKit/537.36 (KHTML, like Gecko) Chrome/90.0.4430.72 Safari/537.36" "gatipackers.com"
193.38.235.158 - - [18/Oct/2022:11:41:13 -0700] "GET /home/request_a_survey/ HTTP/1.1" 200 779 "http://gatipackers.com/home/request_a_survey/" "Mozilla/5.0 (Windows NT 6.1) AppleWebKit/537.36 (KHTML, like Gecko) Chrome/90.0.4430.93 Safari/537.36" "gatipackers.com"
193.38.235.158 - - [18/Oct/2022:11:41:12 -0700] "GET /index.php/2021/02/26/sample-page/ HTTP/1.1" 200 13884 "http://gatipackers.com/index.php/2021/02/26/sample-page/" "Mozilla/5.0 (Windows NT 6.1; Win64; x64) AppleWebKit/537.36 (KHTML, like Gecko) Chrome/90.0.4430.72 Safari/537.36" "gatipackers.com"
193.38.235.158 - - [18/Oct/2022:11:41:13 -0700] "GET / HTTP/1.1" 200 14533 "http://gatipackers.com/" "Mozilla/5.0 (Windows NT 6.1) AppleWebKit/537.36 (KHTML, like Gecko) Chrome/90.0.4430.93 Safari/537.36" "gatipackers.com"
193.38.235.158 - - [18/Oct/2022:11:41:17 -0700] "GET /index.php/2021/02/26/sample-page/ HTTP/1.1" 200 13884 "http://gatipackers.com/index.php/2021/02/26/sample-page/" "Mozilla/5.0 (Windows NT 6.1) AppleWebKit/537.36 (KHTML, like Gecko) Chrome/90.0.4430.93 Safari/537.36" "gatipackers.com"
193.38.235.158 - - [18/Oct/2022:11:43:31 -0700] "GET /home/request_a_survey/ HTTP/1.1" 200 779 "http://gatipackers.com/home/request_a_survey/" "Mozilla/5.0 (Windows NT 10.0; WOW64) AppleWebKit/537.36 (KHTML, like Gecko) Chrome/90.0.4430.93 Safari/537.36" "gatipackers.com"
193.38.235.158 - - [18/Oct/2022:11:43:32 -0700] "GET / HTTP/1.1" 200 14533 "http://gatipackers.com/" "Mozilla/5.0 (Windows NT 10.0; WOW64) AppleWebKit/537.36 (KHTML, like Gecko) Chrome/90.0.4430.93 Safari/537.36" "gatipackers.com"
193.38.235.158 - - [18/Oct/2022:11:43:37 -0700] "GET /index.php/2021/02/26/sample-page/ HTTP/1.1" 200 13884 "http://gatipackers.com/index.php/2021/02/26/sample-page/" "Mozilla/5.0 (Windows NT 10.0; WOW64) AppleWebKit/537.36 (KHTML, like Gecko) Chrome/90.0.4430.93 Safari/537.36" "gatipackers.com"
51.91.151.60 - - [18/Oct/2022:11:44:34 -0700] "POST /wp-login.php HTTP/1.1" 200 8258 "-" "Mozilla/5.0 (Windows NT 6.1; WOW64) AppleWebKit/537.36 (KHTML, like Gecko) Chrome/47.0.2526.111 Safari/537.36" "gatipackers.com"
193.38.235.158 - - [18/Oct/2022:11:46:23 -0700] "GET /home/request_a_survey/ HTTP/1.1" 200 779 "http://gatipackers.com/home/request_a_survey/" "Mozilla/5.0 (Windows NT 10.0; Win64; x64) AppleWebKit/537.36 (KHTML, like Gecko) Chrome/90.0.4430.86 Safari/537.36" "gatipackers.com"
193.38.235.158 - - [18/Oct/2022:11:46:23 -0700] "GET / HTTP/1.1" 200 14533 "http://gatipackers.com/" "Mozilla/5.0 (Windows NT 10.0; Win64; x64) AppleWebKit/537.36 (KHTML, like Gecko) Chrome/90.0.4430.86 Safari/537.36" "gatipackers.com"
193.38.235.158 - - [18/Oct/2022:11:46:31 -0700] "GET /index.php/2021/02/26/sample-page/ HTTP/1.1" 200 13884 "http://gatipackers.com/index.php/2021/02/26/sample-page/" "Mozilla/5.0 (Windows NT 10.0; Win64; x64) AppleWebKit/537.36 (KHTML, like Gecko) Chrome/90.0.4430.86 Safari/537.36" "gatipackers.com"
193.188.21.49 - - [18/Oct/2022:11:51:12 -0700] "GET /home/request_a_survey/ HTTP/1.1" 200 779 "http://gatipackers.com/home/request_a_survey/" "Mozilla/5.0 (Windows NT 6.1; Win64; x64) AppleWebKit/537.36 (KHTML, like Gecko) Chrome/90.0.4430.93 Safari/537.36" "gatipackers.com"
193.188.21.49 - - [18/Oct/2022:11:51:16 -0700] "GET / HTTP/1.1" 200 14533 "http://gatipackers.com/" "Mozilla/5.0 (Windows NT 6.1; Win64; x64) AppleWebKit/537.36 (KHTML, like Gecko) Chrome/90.0.4430.93 Safari/537.36" "gatipackers.com"
193.188.21.49 - - [18/Oct/2022:11:51:21 -0700] "GET /index.php/2021/02/26/sample-page/ HTTP/1.1" 200 13884 "http://gatipackers.com/index.php/2021/02/26/sample-page/" "Mozilla/5.0 (Windows NT 6.1; Win64; x64) AppleWebKit/537.36 (KHTML, like Gecko) Chrome/90.0.4430.93 Safari/537.36" "gatipackers.com"
193.188.21.49 - - [18/Oct/2022:11:52:05 -0700] "GET /home/request_a_survey/ HTTP/1.1" 200 779 "http://gatipackers.com/home/request_a_survey/" "Mozilla/5.0 (Windows NT 10.0; Win64; x64) AppleWebKit/537.36 (KHTML, like Gecko) Chrome/90.0.4430.72 Safari/537.36" "gatipackers.com"
193.188.21.49 - - [18/Oct/2022:11:52:06 -0700] "GET / HTTP/1.1" 200 14533 "http://gatipackers.com/" "Mozilla/5.0 (Windows NT 10.0; Win64; x64) AppleWebKit/537.36 (KHTML, like Gecko) Chrome/90.0.4430.72 Safari/537.36" "gatipackers.com"
193.188.21.49 - - [18/Oct/2022:11:52:11 -0700] "GET /index.php/2021/02/26/sample-page/ HTTP/1.1" 200 13884 "http://gatipackers.com/index.php/2021/02/26/sample-page/" "Mozilla/5.0 (Windows NT 10.0; Win64; x64) AppleWebKit/537.36 (KHTML, like Gecko) Chrome/90.0.4430.72 Safari/537.36" "gatipackers.com"
193.188.21.49 - - [18/Oct/2022:11:52:44 -0700] "GET /home/request_a_survey/ HTTP/1.1" 200 779 "http://gatipackers.com/home/request_a_survey/" "Mozilla/5.0 (Windows NT 6.1) AppleWebKit/537.36 (KHTML, like Gecko) Chrome/90.0.4430.72 Safari/537.36" "gatipackers.com"
193.188.21.49 - - [18/Oct/2022:11:52:44 -0700] "GET / HTTP/1.1" 200 14533 "http://gatipackers.com/" "Mozilla/5.0 (Windows NT 6.1) AppleWebKit/537.36 (KHTML, like Gecko) Chrome/90.0.4430.72 Safari/537.36" "gatipackers.com"
10.213.116.210 - - [18/Oct/2022:11:52:48 -0700] "POST /wp-cron.php?doing_wp_cron=1666119168.1215300559997558593750 HTTP/1.1" 200 - "http://gatipackers.com/wp-cron.php?doing_wp_cron=1666119168.1215300559997558593750" "WordPress/5.6.10; http://gatipackers.com" "gatipackers.com"
193.188.21.49 - - [18/Oct/2022:11:52:50 -0700] "GET /index.php/2021/02/26/sample-page/ HTTP/1.1" 200 13884 "http://gatipackers.com/index.php/2021/02/26/sample-page/" "Mozilla/5.0 (Windows NT 6.1) AppleWebKit/537.36 (KHTML, like Gecko) Chrome/90.0.4430.72 Safari/537.36" "gatipackers.com"
193.188.21.49 - - [18/Oct/2022:11:53:21 -0700] "GET /home/request_a_survey/ HTTP/1.1" 200 779 "http://gatipackers.com/home/request_a_survey/" "Mozilla/5.0 (Windows NT 6.1; ) AppleWebKit/537.36 (KHTML, like Gecko) Chrome/90.0.4430.85 Safari/537.36" "gatipackers.com"
193.188.21.49 - - [18/Oct/2022:11:53:21 -0700] "GET / HTTP/1.1" 200 14533 "http://gatipackers.com/" "Mozilla/5.0 (Windows NT 6.1; ) AppleWebKit/537.36 (KHTML, like Gecko) Chrome/90.0.4430.85 Safari/537.36" "gatipackers.com"
193.188.21.49 - - [18/Oct/2022:11:53:26 -0700] "GET /index.php/2021/02/26/sample-page/ HTTP/1.1" 200 13884 "http://gatipackers.com/index.php/2021/02/26/sample-page/" "Mozilla/5.0 (Windows NT 6.1; ) AppleWebKit/537.36 (KHTML, like Gecko) Chrome/90.0.4430.85 Safari/537.36" "gatipackers.com"
193.188.21.49 - - [18/Oct/2022:11:53:53 -0700] "GET /home/request_a_survey/ HTTP/1.1" 200 779 "http://gatipackers.com/home/request_a_survey/" "Mozilla/5.0 (Windows NT 10.0; WOW64) AppleWebKit/537.36 (KHTML, like Gecko) Chrome/90.0.4430.85 Safari/537.36" "gatipackers.com"
193.188.21.49 - - [18/Oct/2022:11:53:54 -0700] "GET / HTTP/1.1" 200 14533 "http://gatipackers.com/" "Mozilla/5.0 (Windows NT 10.0; WOW64) AppleWebKit/537.36 (KHTML, like Gecko) Chrome/90.0.4430.85 Safari/537.36" "gatipackers.com"
193.188.21.49 - - [18/Oct/2022:11:53:57 -0700] "GET /index.php/2021/02/26/sample-page/ HTTP/1.1" 200 13884 "http://gatipackers.com/index.php/2021/02/26/sample-page/" "Mozilla/5.0 (Windows NT 10.0; WOW64) AppleWebKit/537.36 (KHTML, like Gecko) Chrome/90.0.4430.85 Safari/537.36" "gatipackers.com"
193.188.21.49 - - [18/Oct/2022:11:54:09 -0700] "GET /home/request_a_survey/ HTTP/1.1" 200 779 "http://gatipackers.com/home/request_a_survey/" "Mozilla/5.0 (Windows NT 6.3; Win64; x64) AppleWebKit/537.36 (KHTML, like Gecko) Chrome/90.0.4430.85 Safari/537.36" "gatipackers.com"
193.188.21.49 - - [18/Oct/2022:11:54:10 -0700] "GET / HTTP/1.1" 200 14533 "http://gatipackers.com/" "Mozilla/5.0 (Windows NT 6.3; Win64; x64) AppleWebKit/537.36 (KHTML, like Gecko) Chrome/90.0.4430.85 Safari/537.36" "gatipackers.com"
193.188.21.49 - - [18/Oct/2022:11:54:13 -0700] "GET /index.php/2021/02/26/sample-page/ HTTP/1.1" 200 13884 "http://gatipackers.com/index.php/2021/02/26/sample-page/" "Mozilla/5.0 (Windows NT 6.3; Win64; x64) AppleWebKit/537.36 (KHTML, like Gecko) Chrome/90.0.4430.85 Safari/537.36" "gatipackers.com"
51.222.253.11 - - [18/Oct/2022:11:54:32 -0700] "GET /index.php/2021/02/ HTTP/1.1" 200 13965 "-" "Mozilla/5.0 (compatible; AhrefsBot/7.0; +http://ahrefs.com/robot/)" "gatipackers.com"
193.188.21.49 - - [18/Oct/2022:11:55:17 -0700] "GET /home/request_a_survey/ HTTP/1.1" 200 779 "http://gatipackers.com/home/request_a_survey/" "Mozilla/5.0 (Windows NT 6.1; Win64; x64) AppleWebKit/537.36 (KHTML, like Gecko) Chrome/90.0.4427.0 Safari/537.36" "gatipackers.com"
193.188.21.49 - - [18/Oct/2022:11:55:17 -0700] "GET / HTTP/1.1" 200 14533 "http://gatipackers.com/" "Mozilla/5.0 (Windows NT 6.1; Win64; x64) AppleWebKit/537.36 (KHTML, like Gecko) Chrome/90.0.4427.0 Safari/537.36" "gatipackers.com"
193.188.21.49 - - [18/Oct/2022:11:55:23 -0700] "GET /index.php/2021/02/26/sample-page/ HTTP/1.1" 200 13884 "http://gatipackers.com/index.php/2021/02/26/sample-page/" "Mozilla/5.0 (Windows NT 6.1; Win64; x64) AppleWebKit/537.36 (KHTML, like Gecko) Chrome/90.0.4427.0 Safari/537.36" "gatipackers.com"
193.188.21.49 - - [18/Oct/2022:11:55:44 -0700] "GET /home/request_a_survey/ HTTP/1.1" 200 779 "http://gatipackers.com/home/request_a_survey/" "Mozilla/5.0 (Windows NT 6.2; Win64; x64) AppleWebKit/537.36 (KHTML, like Gecko) Chrome/90.0.4430.72 Safari/537.36" "gatipackers.com"
193.188.21.49 - - [18/Oct/2022:11:55:45 -0700] "GET / HTTP/1.1" 200 14533 "http://gatipackers.com/" "Mozilla/5.0 (Windows NT 6.2; Win64; x64) AppleWebKit/537.36 (KHTML, like Gecko) Chrome/90.0.4430.72 Safari/537.36" "gatipackers.com"
193.188.21.49 - - [18/Oct/2022:11:55:49 -0700] "GET /index.php/2021/02/26/sample-page/ HTTP/1.1" 200 13884 "http://gatipackers.com/index.php/2021/02/26/sample-page/" "Mozilla/5.0 (Windows NT 6.2; Win64; x64) AppleWebKit/537.36 (KHTML, like Gecko) Chrome/90.0.4430.72 Safari/537.36" "gatipackers.com"
193.188.21.49 - - [18/Oct/2022:11:56:30 -0700] "GET /home/request_a_survey/ HTTP/1.1" 200 779 "http://gatipackers.com/home/request_a_survey/" "Mozilla/5.0 (Windows NT 10.0; Win64; x64) AppleWebKit/537.36 (KHTML, like Gecko) Chrome/90.0.4430.85 Safari/537.36" "gatipackers.com"
193.188.21.49 - - [18/Oct/2022:11:56:30 -0700] "GET / HTTP/1.1" 200 14533 "http://gatipackers.com/" "Mozilla/5.0 (Windows NT 10.0; Win64; x64) AppleWebKit/537.36 (KHTML, like Gecko) Chrome/90.0.4430.85 Safari/537.36" "gatipackers.com"
193.188.21.49 - - [18/Oct/2022:11:56:34 -0700] "GET /index.php/2021/02/26/sample-page/ HTTP/1.1" 200 13884 "http://gatipackers.com/index.php/2021/02/26/sample-page/" "Mozilla/5.0 (Windows NT 10.0; Win64; x64) AppleWebKit/537.36 (KHTML, like Gecko) Chrome/90.0.4430.85 Safari/537.36" "gatipackers.com"
193.188.21.49 - - [18/Oct/2022:12:01:04 -0700] "GET /home/request_a_survey/ HTTP/1.1" 200 779 "http://gatipackers.com/home/request_a_survey/" "Mozilla/5.0 (Windows NT 6.1; ) AppleWebKit/537.36 (KHTML, like Gecko) Chrome/90.0.4430.72 Safari/537.36" "gatipackers.com"
193.188.21.49 - - [18/Oct/2022:12:01:04 -0700] "GET / HTTP/1.1" 200 14533 "http://gatipackers.com/" "Mozilla/5.0 (Windows NT 6.1; ) AppleWebKit/537.36 (KHTML, like Gecko) Chrome/90.0.4430.72 Safari/537.36" "gatipackers.com"
193.188.21.49 - - [18/Oct/2022:12:01:10 -0700] "GET /index.php/2021/02/26/sample-page/ HTTP/1.1" 200 13884 "http://gatipackers.com/index.php/2021/02/26/sample-page/" "Mozilla/5.0 (Windows NT 6.1; ) AppleWebKit/537.36 (KHTML, like Gecko) Chrome/90.0.4430.72 Safari/537.36" "gatipackers.com"
46.32.228.70 - - [18/Oct/2022:12:04:58 -0700] "POST /wp-login.php HTTP/1.1" 200 8258 "-" "Mozilla/5.0 (Windows NT 6.3; Win64; x64) AppleWebKit/537.36 (KHTML, like Gecko) Chrome/79.0.3945.130 Safari/537.36" "gatipackers.com"
223.247.179.42 - - [18/Oct/2022:12:07:08 -0700] "GET / HTTP/1.1" 200 14533 "-" "Mozilla/5.0 (iPhone; CPU iPhone OS 13_2_3 like Mac OS X) AppleWebKit/605.1.15 (KHTML, like Gecko) Version/13.0.3 Mobile/15E148 Safari/604.1" "gatipackers.com"
213.219.247.106 - - [18/Oct/2022:12:07:21 -0700] "GET /home/request_a_survey/ HTTP/1.1" 200 779 "http://gatipackers.com/home/request_a_survey/" "Mozilla/5.0 (Windows NT 6.1; WOW64) AppleWebKit/537.36 (KHTML, like Gecko) Chrome/90.0.4430.93 Safari/537.36" "gatipackers.com"
213.219.247.106 - - [18/Oct/2022:12:07:21 -0700] "GET / HTTP/1.1" 200 14533 "http://gatipackers.com/" "Mozilla/5.0 (Windows NT 6.1; WOW64) AppleWebKit/537.36 (KHTML, like Gecko) Chrome/90.0.4430.93 Safari/537.36" "gatipackers.com"
213.219.247.106 - - [18/Oct/2022:12:07:26 -0700] "GET /index.php/2021/02/26/sample-page/ HTTP/1.1" 200 13884 "http://gatipackers.com/index.php/2021/02/26/sample-page/" "Mozilla/5.0 (Windows NT 6.1; WOW64) AppleWebKit/537.36 (KHTML, like Gecko) Chrome/90.0.4430.93 Safari/537.36" "gatipackers.com"
10.213.116.210 - - [18/Oct/2022:12:07:29 -0700] "POST /wp-cron.php?doing_wp_cron=1666120049.0377159118652343750000 HTTP/1.1" 200 - "http://gatipackers.com/wp-cron.php?doing_wp_cron=1666120049.0377159118652343750000" "WordPress/5.6.10; http://gatipackers.com" "gatipackers.com"
213.219.247.106 - - [18/Oct/2022:12:10:19 -0700] "GET /home/request_a_survey/ HTTP/1.1" 200 779 "http://gatipackers.com/home/request_a_survey/" "Mozilla/5.0 (Windows NT 6.3) AppleWebKit/537.36 (KHTML, like Gecko) Chrome/90.0.4430.72 Safari/537.36" "gatipackers.com"
213.219.247.106 - - [18/Oct/2022:12:10:20 -0700] "GET / HTTP/1.1" 200 14533 "http://gatipackers.com/" "Mozilla/5.0 (Windows NT 6.3) AppleWebKit/537.36 (KHTML, like Gecko) Chrome/90.0.4430.72 Safari/537.36" "gatipackers.com"
213.219.247.106 - - [18/Oct/2022:12:10:25 -0700] "GET /index.php/2021/02/26/sample-page/ HTTP/1.1" 200 13884 "http://gatipackers.com/index.php/2021/02/26/sample-page/" "Mozilla/5.0 (Windows NT 6.3) AppleWebKit/537.36 (KHTML, like Gecko) Chrome/90.0.4430.72 Safari/537.36" "gatipackers.com"
213.219.247.106 - - [18/Oct/2022:12:11:20 -0700] "GET /home/request_a_survey/ HTTP/1.1" 200 779 "http://gatipackers.com/home/request_a_survey/" "Mozilla/5.0 (Windows NT 6.1; Win64; x64) AppleWebKit/537.36 (KHTML, like Gecko) Chrome/90.0.4430.85 Safari/537.36" "gatipackers.com"
213.219.247.106 - - [18/Oct/2022:12:11:21 -0700] "GET / HTTP/1.1" 200 14533 "http://gatipackers.com/" "Mozilla/5.0 (Windows NT 6.1; Win64; x64) AppleWebKit/537.36 (KHTML, like Gecko) Chrome/90.0.4430.85 Safari/537.36" "gatipackers.com"
213.219.247.106 - - [18/Oct/2022:12:11:25 -0700] "GET /index.php/2021/02/26/sample-page/ HTTP/1.1" 200 13884 "http://gatipackers.com/index.php/2021/02/26/sample-page/" "Mozilla/5.0 (Windows NT 6.1; Win64; x64) AppleWebKit/537.36 (KHTML, like Gecko) Chrome/90.0.4430.85 Safari/537.36" "gatipackers.com"
213.219.247.106 - - [18/Oct/2022:12:12:09 -0700] "GET /home/request_a_survey/ HTTP/1.1" 200 779 "http://gatipackers.com/home/request_a_survey/" "Mozilla/5.0 (Windows NT 10.0; WOW64) AppleWebKit/537.36 (KHTML, like Gecko) Chrome/90.0.4430.93 Safari/537.36" "gatipackers.com"
213.219.247.106 - - [18/Oct/2022:12:12:09 -0700] "GET / HTTP/1.1" 200 14533 "http://gatipackers.com/" "Mozilla/5.0 (Windows NT 10.0; WOW64) AppleWebKit/537.36 (KHTML, like Gecko) Chrome/90.0.4430.93 Safari/537.36" "gatipackers.com"
213.219.247.106 - - [18/Oct/2022:12:12:15 -0700] "GET /home/request_a_survey/ HTTP/1.1" 200 779 "http://gatipackers.com/home/request_a_survey/" "Mozilla/5.0 (Windows NT 6.3; Win64; x64) AppleWebKit/537.36 (KHTML, like Gecko) Chrome/90.0.4430.85 Safari/537.36 Edg/90.0.818.46" "gatipackers.com"
213.219.247.106 - - [18/Oct/2022:12:12:15 -0700] "GET /index.php/2021/02/26/sample-page/ HTTP/1.1" 200 13884 "http://gatipackers.com/index.php/2021/02/26/sample-page/" "Mozilla/5.0 (Windows NT 10.0; WOW64) AppleWebKit/537.36 (KHTML, like Gecko) Chrome/90.0.4430.93 Safari/537.36" "gatipackers.com"
213.219.247.106 - - [18/Oct/2022:12:12:16 -0700] "GET / HTTP/1.1" 200 14533 "http://gatipackers.com/" "Mozilla/5.0 (Windows NT 6.3; Win64; x64) AppleWebKit/537.36 (KHTML, like Gecko) Chrome/90.0.4430.85 Safari/537.36 Edg/90.0.818.46" "gatipackers.com"
213.219.247.106 - - [18/Oct/2022:12:12:20 -0700] "GET /index.php/2021/02/26/sample-page/ HTTP/1.1" 200 13884 "http://gatipackers.com/index.php/2021/02/26/sample-page/" "Mozilla/5.0 (Windows NT 6.3; Win64; x64) AppleWebKit/537.36 (KHTML, like Gecko) Chrome/90.0.4430.85 Safari/537.36 Edg/90.0.818.46" "gatipackers.com"
