185.81.157.154 - - [25/Oct/2022:07:42:23 -0700] "POST / HTTP/1.1" 200 14562 "-" "Mozilla/5.0 (Windows NT 10.0; Win64; x64; rv:58.0) Gecko/20100101 Firefox/58.0" "gatipackers.com"
10.213.116.211 - - [25/Oct/2022:07:42:27 -0700] "POST /wp-cron.php?doing_wp_cron=1666708947.7707650661468505859375 HTTP/1.1" 200 - "https://gatipackers.com/wp-cron.php?doing_wp_cron=1666708947.7707650661468505859375" "WordPress/5.6.10; https://gatipackers.com" "gatipackers.com"
20.169.36.115 - - [25/Oct/2022:07:43:39 -0700] "POST /wp-login.php HTTP/1.1" 200 8259 "-" "Mozilla/5.0" "gatipackers.com"
51.91.83.187 - - [25/Oct/2022:07:47:02 -0700] "POST /xmlrpc.php HTTP/1.1" 200 401 "-" "Mozilla/5.0 (Windows NT 10.0; Win64; x64; rv:96.0) Gecko/20100101 Firefox/96" "gatipackers.com"
20.169.36.115 - - [25/Oct/2022:07:51:56 -0700] "POST /wp-login.php HTTP/1.1" 200 8261 "-" "Mozilla/5.0" "gatipackers.com"
177.52.160.29 - - [25/Oct/2022:07:56:19 -0700] "POST /xmlrpc.php HTTP/1.1" 200 401 "-" "Mozilla/5.0 (Windows NT 10.0; Win64; x64; rv:96.0) Gecko/20100101 Firefox/96" "gatipackers.com"
10.213.116.211 - - [25/Oct/2022:07:56:23 -0700] "POST /wp-cron.php?doing_wp_cron=1666709783.6170060634613037109375 HTTP/1.1" 200 - "http://gatipackers.com/wp-cron.php?doing_wp_cron=1666709783.6170060634613037109375" "WordPress/5.6.10; http://gatipackers.com" "gatipackers.com"
20.169.36.115 - - [25/Oct/2022:08:00:14 -0700] "POST /wp-login.php HTTP/1.1" 200 8255 "-" "Mozilla/5.0" "gatipackers.com"
3.34.104.242 - - [25/Oct/2022:08:06:05 -0700] "POST /xmlrpc.php HTTP/1.1" 200 401 "-" "Mozilla/5.0 (Windows NT 10.0; Win64; x64; rv:96.0) Gecko/20100101 Firefox/96" "gatipackers.com"
20.169.36.115 - - [25/Oct/2022:08:08:16 -0700] "POST /wp-login.php HTTP/1.1" 200 8257 "-" "Mozilla/5.0" "gatipackers.com"
10.213.116.209 - - [25/Oct/2022:08:08:19 -0700] "POST /wp-cron.php?doing_wp_cron=1666710499.8843550682067871093750 HTTP/1.1" 200 - "http://gatipackers.com/wp-cron.php?doing_wp_cron=1666710499.8843550682067871093750" "WordPress/5.6.10; http://gatipackers.com" "gatipackers.com"
90.156.169.12 - - [25/Oct/2022:08:15:41 -0700] "GET /wp-login.php HTTP/1.1" 200 7991 "-" "Mozilla/5.0 (Windows NT 10.0; Win64; x64; rv:96.0) Gecko/20100101 Firefox/96" "gatipackers.com"
90.156.169.12 - - [25/Oct/2022:08:15:46 -0700] "GET //wp-json/wp/v2/users/ HTTP/1.1" 404 88 "-" "Mozilla/5.0 (Windows NT 10.0; Win64; x64; rv:96.0) Gecko/20100101 Firefox/96" "gatipackers.com"
20.169.36.115 - - [25/Oct/2022:08:16:09 -0700] "POST /wp-login.php HTTP/1.1" 200 8261 "-" "Mozilla/5.0" "gatipackers.com"
151.106.41.64 - - [25/Oct/2022:08:19:41 -0700] "POST /wp-login.php HTTP/1.1" 200 8256 "-" "Mozilla/5.0 (Windows NT 6.1; WOW64) AppleWebKit/537.36 (KHTML, like Gecko) Chrome/48.0.2564.109 Safari/537.36" "gatipackers.com"
20.169.36.115 - - [25/Oct/2022:08:24:17 -0700] "POST /wp-login.php HTTP/1.1" 200 8266 "-" "Mozilla/5.0" "gatipackers.com"
10.213.116.210 - - [25/Oct/2022:08:24:20 -0700] "POST /wp-cron.php?doing_wp_cron=1666711460.9639420509338378906250 HTTP/1.1" 200 - "http://gatipackers.com/wp-cron.php?doing_wp_cron=1666711460.9639420509338378906250" "WordPress/5.6.10; http://gatipackers.com" "gatipackers.com"
137.135.79.123 - - [25/Oct/2022:08:24:43 -0700] "GET / HTTP/1.1" 200 14590 "-" "Mozilla/5.0 (Windows NT 10.0; Win64; x64) AppleWebKit/537.36 (KHTML, like Gecko) Chrome/86.0.4240.75 Safari/537.36" "www.gatipackers.com"
103.211.219.190 - - [25/Oct/2022:08:25:12 -0700] "GET /wp-login.php HTTP/1.1" 200 7994 "-" "Mozilla/5.0 (X11; Ubuntu; Linux x86_64; rv:62.0) Gecko/20100101 Firefox/62.0" "gatipackers.com"
103.211.219.190 - - [25/Oct/2022:08:25:17 -0700] "GET //wp-json/wp/v2/users/ HTTP/1.1" 404 88 "-" "Mozilla/5.0 (X11; Ubuntu; Linux x86_64; rv:62.0) Gecko/20100101 Firefox/62.0" "gatipackers.com"
20.169.36.115 - - [25/Oct/2022:08:32:37 -0700] "POST /wp-login.php HTTP/1.1" 200 8258 "-" "Mozilla/5.0" "gatipackers.com"
20.169.36.115 - - [25/Oct/2022:08:40:45 -0700] "POST /wp-login.php HTTP/1.1" 200 8263 "-" "Mozilla/5.0" "gatipackers.com"
10.213.116.210 - - [25/Oct/2022:08:40:49 -0700] "POST /wp-cron.php?doing_wp_cron=1666712449.9013290405273437500000 HTTP/1.1" 200 - "http://gatipackers.com/wp-cron.php?doing_wp_cron=1666712449.9013290405273437500000" "WordPress/5.6.10; http://gatipackers.com" "gatipackers.com"
68.69.184.202 - - [25/Oct/2022:08:41:11 -0700] "GET /robots.txt HTTP/1.1" 200 58 "-" "got (https://github.com/sindresorhus/got)" "gatipackers.com"
68.69.184.202 - - [25/Oct/2022:08:41:11 -0700] "GET / HTTP/1.1" 200 14533 "-" "got (https://github.com/sindresorhus/got)" "gatipackers.com"
114.119.145.239 - - [25/Oct/2022:08:41:55 -0700] "GET /blog-posts-sitemap.xml HTTP/1.1" 404 88 "-" "Mozilla/5.0 (compatible;PetalBot;+https://webmaster.petalsearch.com/site/petalbot)" "www.gatipackers.com"
103.166.182.177 - - [25/Oct/2022:08:42:49 -0700] "GET /wp-login.php HTTP/1.1" 200 7988 "-" "Mozilla/5.0 (Windows NT 10.0; Win64; x64; rv:96.0) Gecko/20100101 Firefox/96" "gatipackers.com"
103.166.182.177 - - [25/Oct/2022:08:42:55 -0700] "GET //wp-json/wp/v2/users/ HTTP/1.1" 404 88 "-" "Mozilla/5.0 (Windows NT 10.0; Win64; x64; rv:96.0) Gecko/20100101 Firefox/96" "gatipackers.com"
49.7.21.111 - - [25/Oct/2022:08:47:38 -0700] "GET / HTTP/1.1" 200 14590 "-" "Sogou web spider/4.0(+http://www.sogou.com/docs/help/webmasters.htm#07)" "www.gatipackers.com"
20.169.36.115 - - [25/Oct/2022:08:49:06 -0700] "POST /wp-login.php HTTP/1.1" 200 8255 "-" "Mozilla/5.0" "gatipackers.com"
64.124.8.50 - - [25/Oct/2022:08:53:41 -0700] "GET /robots.txt HTTP/1.1" 200 58 "-" "Mozilla/5.0 (X11; Linux x86_64) AppleWebKit/537.36 (KHTML, like Gecko) Chrome/61.0.3163.79 Safari/537.36" "gatipackers.com"
64.124.8.50 - - [25/Oct/2022:08:53:41 -0700] "GET /online_quote HTTP/1.1" 404 88 "-" "Mozilla/5.0 (X11; Linux x86_64) AppleWebKit/537.36 (KHTML, like Gecko) Chrome/61.0.3163.79 Safari/537.36" "gatipackers.com"
20.169.36.115 - - [25/Oct/2022:08:57:14 -0700] "POST /wp-login.php HTTP/1.1" 200 8262 "-" "Mozilla/5.0" "gatipackers.com"
10.213.116.211 - - [25/Oct/2022:08:57:19 -0700] "POST /wp-cron.php?doing_wp_cron=1666713438.9770169258117675781250 HTTP/1.1" 200 - "http://gatipackers.com/wp-cron.php?doing_wp_cron=1666713438.9770169258117675781250" "WordPress/5.6.10; http://gatipackers.com" "gatipackers.com"
20.169.36.115 - - [25/Oct/2022:09:05:18 -0700] "POST /wp-login.php HTTP/1.1" 200 8260 "-" "Mozilla/5.0" "gatipackers.com"
20.169.36.115 - - [25/Oct/2022:09:13:26 -0700] "POST /wp-login.php HTTP/1.1" 200 8258 "-" "Mozilla/5.0" "gatipackers.com"
10.213.116.210 - - [25/Oct/2022:09:13:31 -0700] "POST /wp-cron.php?doing_wp_cron=1666714411.3153269290924072265625 HTTP/1.1" 200 - "http://gatipackers.com/wp-cron.php?doing_wp_cron=1666714411.3153269290924072265625" "WordPress/5.6.10; http://gatipackers.com" "gatipackers.com"
82.165.184.74 - - [25/Oct/2022:09:20:09 -0700] "POST /wp-login.php HTTP/1.1" 200 8260 "-" "Mozilla/5.0 (Windows NT 6.1; WOW64) AppleWebKit/537.36 (KHTML, like Gecko) Chrome/48.0.2564.116 Safari/537.36" "gatipackers.com"
20.169.36.115 - - [25/Oct/2022:09:21:24 -0700] "POST /wp-login.php HTTP/1.1" 200 8263 "-" "Mozilla/5.0" "gatipackers.com"
20.169.36.115 - - [25/Oct/2022:09:29:14 -0700] "POST /wp-login.php HTTP/1.1" 500 4915 "-" "Mozilla/5.0" "gatipackers.com"
20.169.36.115 - - [25/Oct/2022:09:36:38 -0700] "POST /wp-login.php HTTP/1.1" 200 8261 "-" "Mozilla/5.0" "gatipackers.com"
10.213.116.211 - - [25/Oct/2022:09:36:42 -0700] "POST /wp-cron.php?doing_wp_cron=1666715802.8899860382080078125000 HTTP/1.1" 200 - "http://gatipackers.com/wp-cron.php?doing_wp_cron=1666715802.8899860382080078125000" "WordPress/5.6.10; http://gatipackers.com" "gatipackers.com"
27.19.195.165 - - [25/Oct/2022:09:42:00 -0700] "HEAD / HTTP/1.1" 200 - "-" "curl/7.29.0" "gatipackers.com"
10.213.116.209 - - [25/Oct/2022:09:42:04 -0700] "POST /wp-cron.php?doing_wp_cron=1666716124.9108750820159912109375 HTTP/1.1" 200 - "http://gatipackers.com/wp-cron.php?doing_wp_cron=1666716124.9108750820159912109375" "WordPress/5.6.10; http://gatipackers.com" "gatipackers.com"
20.169.36.115 - - [25/Oct/2022:09:44:06 -0700] "POST /wp-login.php HTTP/1.1" 200 8258 "-" "Mozilla/5.0" "gatipackers.com"
37.139.53.7 - - [25/Oct/2022:09:49:12 -0700] "GET /index.php/2021/02/26/hello-world/ HTTP/1.1" 200 15822 "-" "Mozilla/5.0 (Windows NT 10.0; Win64; x64) AppleWebKit/537.36 (KHTML, like Gecko) Chrome/103.0.0.0 Safari/537.36" "gatipackers.com"
20.169.36.115 - - [25/Oct/2022:09:51:24 -0700] "POST /wp-login.php HTTP/1.1" 200 8259 "-" "Mozilla/5.0" "gatipackers.com"
20.169.36.115 - - [25/Oct/2022:09:58:51 -0700] "POST /wp-login.php HTTP/1.1" 200 8258 "-" "Mozilla/5.0" "gatipackers.com"
10.213.116.210 - - [25/Oct/2022:09:58:55 -0700] "POST /wp-cron.php?doing_wp_cron=1666717135.4133219718933105468750 HTTP/1.1" 200 - "http://gatipackers.com/wp-cron.php?doing_wp_cron=1666717135.4133219718933105468750" "WordPress/5.6.10; http://gatipackers.com" "gatipackers.com"
20.169.36.115 - - [25/Oct/2022:10:06:39 -0700] "POST /wp-login.php HTTP/1.1" 500 4915 "-" "Mozilla/5.0" "gatipackers.com"
94.181.164.52 - - [25/Oct/2022:10:10:42 -0700] "GET /home/request_a_survey/ HTTP/1.1" 200 779 "-" "Mozilla/5.0 (Windows NT 6.3; Win64; x64) AppleWebKit/537.36 (KHTML, like Gecko) Chrome/75.0.3770.100 Safari/537.36" "gatipackers.com"
20.169.36.115 - - [25/Oct/2022:10:14:23 -0700] "POST /wp-login.php HTTP/1.1" 200 8262 "-" "Mozilla/5.0" "gatipackers.com"
10.213.116.211 - - [25/Oct/2022:10:14:34 -0700] "POST /wp-cron.php?doing_wp_cron=1666718074.2101359367370605468750 HTTP/1.1" 200 - "http://gatipackers.com/wp-cron.php?doing_wp_cron=1666718074.2101359367370605468750" "WordPress/5.6.10; http://gatipackers.com" "gatipackers.com"
207.154.250.8 - - [25/Oct/2022:10:19:49 -0700] "POST /wp-login.php HTTP/1.1" 200 8259 "-" "Mozilla/5.0 (Windows NT 6.3; Win64; x64) AppleWebKit/537.36 (KHTML, like Gecko) Chrome/65.0.3325.181 Safari/537.36" "gatipackers.com"
20.169.36.115 - - [25/Oct/2022:10:21:52 -0700] "POST /wp-login.php HTTP/1.1" 500 4915 "-" "Mozilla/5.0" "gatipackers.com"
20.169.36.115 - - [25/Oct/2022:10:29:19 -0700] "POST /wp-login.php HTTP/1.1" 200 8258 "-" "Mozilla/5.0" "gatipackers.com"
10.213.116.211 - - [25/Oct/2022:10:29:24 -0700] "POST /wp-cron.php?doing_wp_cron=1666718964.2551000118255615234375 HTTP/1.1" 200 - "http://gatipackers.com/wp-cron.php?doing_wp_cron=1666718964.2551000118255615234375" "WordPress/5.6.10; http://gatipackers.com" "gatipackers.com"
20.169.36.115 - - [25/Oct/2022:10:36:47 -0700] "POST /wp-login.php HTTP/1.1" 200 8263 "-" "Mozilla/5.0" "gatipackers.com"
195.123.212.109 - - [25/Oct/2022:10:38:41 -0700] "GET /wp-login.php HTTP/1.1" 200 7987 "" "Mozilla/5.0 (Windows NT 10.0; Win64; x64; rv:106.0) Gecko/20100101 Firefox/106.0" "gatipackers.com"
195.123.212.109 - - [25/Oct/2022:10:38:46 -0700] "GET /wp-json/wp/v2/users HTTP/1.1" 404 88 "" "Mozilla/5.0 (Windows NT 10.0; Win64; x64; rv:106.0) Gecko/20100101 Firefox/106.0" "gatipackers.com"
10.213.116.211 - - [25/Oct/2022:10:38:45 -0700] "POST /wp-cron.php?doing_wp_cron=1666719525.2122030258178710937500 HTTP/1.1" 200 - "http://gatipackers.com/wp-cron.php?doing_wp_cron=1666719525.2122030258178710937500" "WordPress/5.6.10; http://gatipackers.com" "gatipackers.com"
195.123.212.109 - - [25/Oct/2022:10:38:47 -0700] "POST /wp-login.php HTTP/1.1" 200 8258 "http://gatipackers.com/wp-login.php?redirect_to=http%3A%2F%2Fgatipackers.com%2Fwp-admin%2F" "Mozilla/5.0 (Windows NT 10.0; Win64; x64; rv:106.0) Gecko/20100101 Firefox/106.0" "gatipackers.com"
20.169.36.115 - - [25/Oct/2022:10:44:25 -0700] "POST /wp-login.php HTTP/1.1" 200 8262 "-" "Mozilla/5.0" "gatipackers.com"
205.210.31.131 - - [25/Oct/2022:10:47:02 -0700] "GET / HTTP/1.1" 200 14533 "-" "Expanse, a Palo Alto Networks company, searches across the global IPv4 space multiple times per day to identify customers&#39; presences on the Internet. If you would like to be excluded from our scans, please send IP addresses/domains to: scaninfo@paloaltonetworks.com" "gatipackers.com"
20.169.36.115 - - [25/Oct/2022:10:51:54 -0700] "POST /wp-login.php HTTP/1.1" 200 8262 "-" "Mozilla/5.0" "gatipackers.com"
114.119.145.42 - - [25/Oct/2022:10:53:45 -0700] "GET /sitemap.xml HTTP/1.1" 200 190 "-" "Mozilla/5.0 (compatible;PetalBot;+https://webmaster.petalsearch.com/site/petalbot)" "www.gatipackers.com"
178.251.28.102 - - [25/Oct/2022:10:56:58 -0700] "GET /wp-login.php HTTP/1.1" 200 7988 "" "Mozilla/5.0 (Windows NT 10.0; Win64; x64; rv:106.0) Gecko/20100101 Firefox/106.0" "gatipackers.com"
178.251.28.102 - - [25/Oct/2022:10:57:03 -0700] "GET /wp-json/wp/v2/users HTTP/1.1" 404 88 "" "Mozilla/5.0 (Windows NT 10.0; Win64; x64; rv:106.0) Gecko/20100101 Firefox/106.0" "gatipackers.com"
10.213.116.211 - - [25/Oct/2022:10:57:01 -0700] "POST /wp-cron.php?doing_wp_cron=1666720621.6891028881072998046875 HTTP/1.1" 200 - "http://gatipackers.com/wp-cron.php?doing_wp_cron=1666720621.6891028881072998046875" "WordPress/5.6.10; http://gatipackers.com" "gatipackers.com"
178.251.28.102 - - [25/Oct/2022:10:57:03 -0700] "POST /wp-login.php HTTP/1.1" 200 8269 "http://gatipackers.com/wp-login.php?redirect_to=http%3A%2F%2Fgatipackers.com%2Fwp-admin%2F" "Mozilla/5.0 (Windows NT 10.0; Win64; x64; rv:106.0) Gecko/20100101 Firefox/106.0" "gatipackers.com"
20.169.36.115 - - [25/Oct/2022:10:59:26 -0700] "POST /wp-login.php HTTP/1.1" 200 8258 "-" "Mozilla/5.0" "gatipackers.com"
80.78.240.179 - - [25/Oct/2022:10:59:58 -0700] "GET /wp-login.php HTTP/1.1" 200 7993 "" "Mozilla/5.0 (Windows NT 10.0; Win64; x64; rv:106.0) Gecko/20100101 Firefox/106.0" "gatipackers.com"
80.78.240.179 - - [25/Oct/2022:11:00:02 -0700] "GET /wp-json/wp/v2/users HTTP/1.1" 404 88 "" "Mozilla/5.0 (Windows NT 10.0; Win64; x64; rv:106.0) Gecko/20100101 Firefox/106.0" "gatipackers.com"
80.78.240.179 - - [25/Oct/2022:11:00:03 -0700] "POST /wp-login.php HTTP/1.1" 200 8259 "http://gatipackers.com/wp-login.php?redirect_to=http%3A%2F%2Fgatipackers.com%2Fwp-admin%2F" "Mozilla/5.0 (Windows NT 10.0; Win64; x64; rv:106.0) Gecko/20100101 Firefox/106.0" "gatipackers.com"
42.236.17.207 - - [25/Oct/2022:11:02:44 -0700] "GET / HTTP/1.1" 200 14619 "-" "Mozilla/5.0 (iPhone; CPU OS 11_0 like Mac OS X) AppleWebKit/604.1.25 (KHTML, like Gecko) Version/11.0 Mobile/15A372 Safari/604.1" "www.gatipackers.com"
42.236.17.207 - - [25/Oct/2022:11:02:51 -0700] "GET /wp-includes/js/wp-emoji-release.min.js?ver=5.6.10 HTTP/1.1" 200 4662 "-" "Mozilla/5.0 (iPhone; CPU OS 11_0 like Mac OS X) AppleWebKit/604.1.25 (KHTML, like Gecko) Version/11.0 Mobile/15A372 Safari/604.1" "gatipackers.com"
42.236.17.207 - - [25/Oct/2022:11:02:51 -0700] "GET /wp-includes/js/wp-embed.min.js?ver=5.6.10 HTTP/1.1" 200 765 "-" "Mozilla/5.0 (iPhone; CPU OS 11_0 like Mac OS X) AppleWebKit/604.1.25 (KHTML, like Gecko) Version/11.0 Mobile/15A372 Safari/604.1" "gatipackers.com"
42.236.17.207 - - [25/Oct/2022:11:02:51 -0700] "GET /wp-content/themes/twentynineteen/print.css?ver=1.1 HTTP/1.1" 200 1230 "-" "Mozilla/5.0 (iPhone; CPU OS 11_0 like Mac OS X) AppleWebKit/604.1.25 (KHTML, like Gecko) Version/11.0 Mobile/15A372 Safari/604.1" "gatipackers.com"
42.236.17.207 - - [25/Oct/2022:11:02:51 -0700] "GET /wp-includes/css/dist/block-library/theme.min.css?ver=5.6.10 HTTP/1.1" 200 741 "-" "Mozilla/5.0 (iPhone; CPU OS 11_0 like Mac OS X) AppleWebKit/604.1.25 (KHTML, like Gecko) Version/11.0 Mobile/15A372 Safari/604.1" "gatipackers.com"
42.236.17.207 - - [25/Oct/2022:11:02:51 -0700] "GET /wp-includes/css/dist/block-library/style.min.css?ver=5.6.10 HTTP/1.1" 200 7849 "-" "Mozilla/5.0 (iPhone; CPU OS 11_0 like Mac OS X) AppleWebKit/604.1.25 (KHTML, like Gecko) Version/11.0 Mobile/15A372 Safari/604.1" "gatipackers.com"
42.236.17.207 - - [25/Oct/2022:11:02:51 -0700] "GET /wp-content/themes/twentynineteen/style.css?ver=1.1 HTTP/1.1" 200 19371 "-" "Mozilla/5.0 (iPhone; CPU OS 11_0 like Mac OS X) AppleWebKit/604.1.25 (KHTML, like Gecko) Version/11.0 Mobile/15A372 Safari/604.1" "gatipackers.com"
217.182.142.186 - - [25/Oct/2022:11:03:20 -0700] "GET /wp-login.php HTTP/1.1" 200 7989 "" "Mozilla/5.0 (Windows NT 10.0; Win64; x64; rv:106.0) Gecko/20100101 Firefox/106.0" "gatipackers.com"
217.182.142.186 - - [25/Oct/2022:11:03:24 -0700] "GET /wp-json/wp/v2/users HTTP/1.1" 404 88 "" "Mozilla/5.0 (Windows NT 10.0; Win64; x64; rv:106.0) Gecko/20100101 Firefox/106.0" "gatipackers.com"
217.182.142.186 - - [25/Oct/2022:11:03:25 -0700] "POST /wp-login.php HTTP/1.1" 200 8260 "http://gatipackers.com/wp-login.php?redirect_to=http%3A%2F%2Fgatipackers.com%2Fwp-admin%2F" "Mozilla/5.0 (Windows NT 10.0; Win64; x64; rv:106.0) Gecko/20100101 Firefox/106.0" "gatipackers.com"
66.42.59.30 - - [25/Oct/2022:11:03:35 -0700] "GET /style.php?sig=rename HTTP/1.1" 404 73 "-" "Mozilla/5.0 (Windows NT 10.0; Win64; x64) AppleWebKit/537.36 (KHTML, like Gecko) Chrome/88.0.4324.104 Safari/537.36" "gatipackers.com"
42.236.17.207 - - [25/Oct/2022:11:04:36 -0700] "GET / HTTP/1.1" 200 14619 "-" "Mozilla/5.0 (iPhone; CPU OS 11_0 like Mac OS X) AppleWebKit/604.1.25 (KHTML, like Gecko) Version/11.0 Mobile/15A372 Safari/604.1" "www.gatipackers.com"
42.236.17.207 - - [25/Oct/2022:11:04:41 -0700] "GET /wp-includes/css/dist/block-library/theme.min.css?ver=5.6.10 HTTP/1.1" 200 741 "-" "Mozilla/5.0 (iPhone; CPU OS 11_0 like Mac OS X) AppleWebKit/604.1.25 (KHTML, like Gecko) Version/11.0 Mobile/15A372 Safari/604.1" "gatipackers.com"
42.236.17.207 - - [25/Oct/2022:11:04:41 -0700] "GET /wp-includes/css/dist/block-library/style.min.css?ver=5.6.10 HTTP/1.1" 200 7849 "-" "Mozilla/5.0 (iPhone; CPU OS 11_0 like Mac OS X) AppleWebKit/604.1.25 (KHTML, like Gecko) Version/11.0 Mobile/15A372 Safari/604.1" "gatipackers.com"
42.236.17.207 - - [25/Oct/2022:11:04:41 -0700] "GET /wp-content/themes/twentynineteen/print.css?ver=1.1 HTTP/1.1" 200 1230 "-" "Mozilla/5.0 (iPhone; CPU OS 11_0 like Mac OS X) AppleWebKit/604.1.25 (KHTML, like Gecko) Version/11.0 Mobile/15A372 Safari/604.1" "gatipackers.com"
42.236.17.207 - - [25/Oct/2022:11:04:41 -0700] "GET /wp-includes/js/wp-emoji-release.min.js?ver=5.6.10 HTTP/1.1" 200 4662 "-" "Mozilla/5.0 (iPhone; CPU OS 11_0 like Mac OS X) AppleWebKit/604.1.25 (KHTML, like Gecko) Version/11.0 Mobile/15A372 Safari/604.1" "gatipackers.com"
42.236.17.207 - - [25/Oct/2022:11:04:41 -0700] "GET /wp-content/themes/twentynineteen/style.css?ver=1.1 HTTP/1.1" 200 19371 "-" "Mozilla/5.0 (iPhone; CPU OS 11_0 like Mac OS X) AppleWebKit/604.1.25 (KHTML, like Gecko) Version/11.0 Mobile/15A372 Safari/604.1" "gatipackers.com"
42.236.17.207 - - [25/Oct/2022:11:04:41 -0700] "GET /wp-includes/js/wp-embed.min.js?ver=5.6.10 HTTP/1.1" 200 765 "-" "Mozilla/5.0 (iPhone; CPU OS 11_0 like Mac OS X) AppleWebKit/604.1.25 (KHTML, like Gecko) Version/11.0 Mobile/15A372 Safari/604.1" "gatipackers.com"
20.169.36.115 - - [25/Oct/2022:11:07:37 -0700] "POST /wp-login.php HTTP/1.1" 200 8255 "-" "Mozilla/5.0" "gatipackers.com"
10.213.116.211 - - [25/Oct/2022:11:07:41 -0700] "POST /wp-cron.php?doing_wp_cron=1666721261.1588931083679199218750 HTTP/1.1" 200 - "http://gatipackers.com/wp-cron.php?doing_wp_cron=1666721261.1588931083679199218750" "WordPress/5.6.10; http://gatipackers.com" "gatipackers.com"
77.87.198.156 - - [25/Oct/2022:11:12:35 -0700] "GET /wp-login.php HTTP/1.1" 200 7986 "" "Mozilla/5.0 (Windows NT 10.0; Win64; x64; rv:106.0) Gecko/20100101 Firefox/106.0" "gatipackers.com"
77.87.198.156 - - [25/Oct/2022:11:12:40 -0700] "GET /wp-json/wp/v2/users HTTP/1.1" 404 88 "" "Mozilla/5.0 (Windows NT 10.0; Win64; x64; rv:106.0) Gecko/20100101 Firefox/106.0" "gatipackers.com"
77.87.198.156 - - [25/Oct/2022:11:12:41 -0700] "POST /wp-login.php HTTP/1.1" 200 8258 "http://gatipackers.com/wp-login.php?redirect_to=http%3A%2F%2Fgatipackers.com%2Fwp-admin%2F" "Mozilla/5.0 (Windows NT 10.0; Win64; x64; rv:106.0) Gecko/20100101 Firefox/106.0" "gatipackers.com"
20.169.36.115 - - [25/Oct/2022:11:15:22 -0700] "POST /wp-login.php HTTP/1.1" 200 8267 "-" "Mozilla/5.0" "gatipackers.com"
157.230.127.126 - - [25/Oct/2022:11:18:33 -0700] "POST /wp-login.php HTTP/1.1" 200 8263 "-" "Mozilla/5.0 (Windows NT 6.1; Win64; x64) AppleWebKit/537.36 (KHTML, like Gecko) Chrome/67.0.3396.87 Safari/537.36" "gatipackers.com"
20.169.36.115 - - [25/Oct/2022:11:23:05 -0700] "POST /wp-login.php HTTP/1.1" 200 8268 "-" "Mozilla/5.0" "gatipackers.com"
10.213.116.210 - - [25/Oct/2022:11:23:08 -0700] "POST /wp-cron.php?doing_wp_cron=1666722188.6873230934143066406250 HTTP/1.1" 200 - "http://gatipackers.com/wp-cron.php?doing_wp_cron=1666722188.6873230934143066406250" "WordPress/5.6.10; http://gatipackers.com" "gatipackers.com"
64.124.8.42 - - [25/Oct/2022:11:23:59 -0700] "GET /robots.txt HTTP/1.1" 200 58 "-" "Mozilla/5.0 (X11; Linux x86_64) AppleWebKit/537.36 (KHTML, like Gecko) Chrome/61.0.3163.79 Safari/537.36" "gatipackers.com"
64.124.8.42 - - [25/Oct/2022:11:23:59 -0700] "GET /home/request_a_survey HTTP/1.1" 200 411 "-" "Mozilla/5.0 (X11; Linux x86_64) AppleWebKit/537.36 (KHTML, like Gecko) Chrome/61.0.3163.79 Safari/537.36" "gatipackers.com"
42.83.147.34 - - [25/Oct/2022:11:25:51 -0700] "GET / HTTP/1.1" 200 14533 "-" "Mozilla/5.0 (Windows NT 6.1; Win64; x64) AppleWebKit/537.36 (KHTML, like Gecko)Chrome/74.0.3729.169 Safari/537.36" "gatipackers.com"
20.169.36.115 - - [25/Oct/2022:11:30:45 -0700] "POST /wp-login.php HTTP/1.1" 200 8258 "-" "Mozilla/5.0" "gatipackers.com"
217.21.84.174 - - [25/Oct/2022:11:30:46 -0700] "GET /wp-login.php HTTP/1.1" 200 7988 "" "Mozilla/5.0 (Windows NT 10.0; Win64; x64; rv:106.0) Gecko/20100101 Firefox/106.0" "gatipackers.com"
217.21.84.174 - - [25/Oct/2022:11:30:50 -0700] "GET /wp-json/wp/v2/users HTTP/1.1" 404 88 "" "Mozilla/5.0 (Windows NT 10.0; Win64; x64; rv:106.0) Gecko/20100101 Firefox/106.0" "gatipackers.com"
217.21.84.174 - - [25/Oct/2022:11:30:51 -0700] "POST /wp-login.php HTTP/1.1" 200 8262 "http://gatipackers.com/wp-login.php?redirect_to=http%3A%2F%2Fgatipackers.com%2Fwp-admin%2F" "Mozilla/5.0 (Windows NT 10.0; Win64; x64; rv:106.0) Gecko/20100101 Firefox/106.0" "gatipackers.com"
27.19.195.165 - - [25/Oct/2022:11:36:28 -0700] "HEAD / HTTP/1.1" 200 - "-" "curl/7.29.0" "www.gatipackers.com"
217.21.90.39 - - [25/Oct/2022:11:37:04 -0700] "GET /wp-login.php HTTP/1.1" 200 7995 "" "Mozilla/5.0 (Windows NT 10.0; Win64; x64; rv:106.0) Gecko/20100101 Firefox/106.0" "gatipackers.com"
217.21.90.39 - - [25/Oct/2022:11:37:10 -0700] "GET /wp-json/wp/v2/users HTTP/1.1" 404 88 "" "Mozilla/5.0 (Windows NT 10.0; Win64; x64; rv:106.0) Gecko/20100101 Firefox/106.0" "gatipackers.com"
217.21.90.39 - - [25/Oct/2022:11:37:11 -0700] "POST /wp-login.php HTTP/1.1" 200 8258 "http://gatipackers.com/wp-login.php?redirect_to=http%3A%2F%2Fgatipackers.com%2Fwp-admin%2F" "Mozilla/5.0 (Windows NT 10.0; Win64; x64; rv:106.0) Gecko/20100101 Firefox/106.0" "gatipackers.com"
20.169.36.115 - - [25/Oct/2022:11:38:12 -0700] "POST /wp-login.php HTTP/1.1" 200 8257 "-" "Mozilla/5.0" "gatipackers.com"
10.213.116.211 - - [25/Oct/2022:11:38:17 -0700] "POST /wp-cron.php?doing_wp_cron=1666723097.4518671035766601562500 HTTP/1.1" 200 - "http://gatipackers.com/wp-cron.php?doing_wp_cron=1666723097.4518671035766601562500" "WordPress/5.6.10; http://gatipackers.com" "gatipackers.com"
173.212.230.229 - - [25/Oct/2022:11:44:59 -0700] "GET /wp-login.php HTTP/1.1" 200 7992 "" "Mozilla/5.0 (Windows NT 10.0; Win64; x64; rv:106.0) Gecko/20100101 Firefox/106.0" "gatipackers.com"
173.212.230.229 - - [25/Oct/2022:11:45:06 -0700] "GET /wp-json/wp/v2/users HTTP/1.1" 404 88 "" "Mozilla/5.0 (Windows NT 10.0; Win64; x64; rv:106.0) Gecko/20100101 Firefox/106.0" "gatipackers.com"
173.212.230.229 - - [25/Oct/2022:11:45:06 -0700] "POST /wp-login.php HTTP/1.1" 200 8261 "http://gatipackers.com/wp-login.php?redirect_to=http%3A%2F%2Fgatipackers.com%2Fwp-admin%2F" "Mozilla/5.0 (Windows NT 10.0; Win64; x64; rv:106.0) Gecko/20100101 Firefox/106.0" "gatipackers.com"
20.169.36.115 - - [25/Oct/2022:11:45:54 -0700] "POST /wp-login.php HTTP/1.1" 200 8259 "-" "Mozilla/5.0" "gatipackers.com"
194.180.48.102 - - [25/Oct/2022:11:48:18 -0700] "GET / HTTP/1.1" 200 14533 "-" "Mozilla/5.0 (Windows NT 10.0; Win64; x64) AppleWebKit/537.36 (KHTML, like Gecko) Chrome/78.0.3904.108 Safari/537.36" "gatipackers.com"
194.180.48.102 - - [25/Oct/2022:11:48:26 -0700] "GET /wp-login.php HTTP/1.1" 500 4939 "-" "Mozilla/5.0 (Windows NT 10.0; Win64; x64) AppleWebKit/537.36 (KHTML, like Gecko) Chrome/78.0.3904.108 Safari/537.36" "gatipackers.com"
20.169.36.115 - - [25/Oct/2022:11:53:20 -0700] "POST /wp-login.php HTTP/1.1" 200 8260 "-" "Mozilla/5.0" "gatipackers.com"
10.213.116.211 - - [25/Oct/2022:11:53:24 -0700] "POST /wp-cron.php?doing_wp_cron=1666724004.1921529769897460937500 HTTP/1.1" 200 - "http://gatipackers.com/wp-cron.php?doing_wp_cron=1666724004.1921529769897460937500" "WordPress/5.6.10; http://gatipackers.com" "gatipackers.com"
51.222.253.2 - - [25/Oct/2022:11:56:36 -0700] "GET /robots.txt HTTP/1.1" 200 58 "-" "Mozilla/5.0 (compatible; AhrefsBot/7.0; +http://ahrefs.com/robot/)" "gatipackers.com"
69.49.112.75 - - [25/Oct/2022:11:58:03 -0700] "GET /?author=11 HTTP/1.1" 404 9049 "-" "Mozilla/5.0 (Windows NT 6.1; WOW64; rv:43.0) Gecko/20100101 Firefox/43.0" "gatipackers.com"
69.49.112.75 - - [25/Oct/2022:11:58:08 -0700] "GET /?author=11 HTTP/1.1" 404 9049 "-" "Mozilla/5.0 (Windows NT 6.1; WOW64; rv:43.0) Gecko/20100101 Firefox/43.0" "gatipackers.com"
69.49.112.75 - - [25/Oct/2022:11:58:11 -0700] "GET /?author=12 HTTP/1.1" 404 9049 "-" "Mozilla/5.0 (Windows NT 6.1; WOW64; rv:43.0) Gecko/20100101 Firefox/43.0" "gatipackers.com"
69.49.112.75 - - [25/Oct/2022:11:58:16 -0700] "GET /?author=13 HTTP/1.1" 404 9049 "-" "Mozilla/5.0 (Windows NT 6.1; WOW64; rv:43.0) Gecko/20100101 Firefox/43.0" "gatipackers.com"
81.169.144.135 - - [25/Oct/2022:11:58:15 -0700] "GET /?author=1 HTTP/1.1" 200 14259 "-" "Mozilla/5.0 (Windows NT 6.1; WOW64) AppleWebKit/537.1 (KHTML, like Gecko) Chrome/21.0.1180.83 Safari/537.1" "gatipackers.com"
103.133.160.193 - - [25/Oct/2022:11:58:18 -0700] "GET /?author=41 HTTP/1.1" 404 9049 "-" "Mozilla/5.0 (Windows NT 10.0; Win64; x64) AppleWebKit/537.36 (KHTML, like Gecko) Chrome/84.0.4147.135 Safari/537.36" "gatipackers.com"
69.49.112.75 - - [25/Oct/2022:11:58:20 -0700] "GET /?author=14 HTTP/1.1" 404 9049 "-" "Mozilla/5.0 (Windows NT 6.1; WOW64; rv:43.0) Gecko/20100101 Firefox/43.0" "gatipackers.com"
103.133.160.193 - - [25/Oct/2022:11:58:22 -0700] "GET /?author=41 HTTP/1.1" 404 9049 "-" "Mozilla/5.0 (Windows NT 10.0; Win64; x64) AppleWebKit/537.36 (KHTML, like Gecko) Chrome/84.0.4147.135 Safari/537.36" "gatipackers.com"
81.169.144.135 - - [25/Oct/2022:11:58:21 -0700] "GET /?author=1 HTTP/1.1" 200 14259 "-" "Mozilla/5.0 (Windows NT 6.1; WOW64) AppleWebKit/537.1 (KHTML, like Gecko) Chrome/21.0.1180.83 Safari/537.1" "gatipackers.com"
69.49.112.75 - - [25/Oct/2022:11:58:23 -0700] "GET /?author=15 HTTP/1.1" 404 9049 "-" "Mozilla/5.0 (Windows NT 6.1; WOW64; rv:43.0) Gecko/20100101 Firefox/43.0" "gatipackers.com"
103.133.160.193 - - [25/Oct/2022:11:58:25 -0700] "GET /?author=42 HTTP/1.1" 404 9049 "-" "Mozilla/5.0 (Windows NT 10.0; Win64; x64) AppleWebKit/537.36 (KHTML, like Gecko) Chrome/84.0.4147.135 Safari/537.36" "gatipackers.com"
81.169.144.135 - - [25/Oct/2022:11:58:26 -0700] "GET /?author=2 HTTP/1.1" 404 9049 "-" "Mozilla/5.0 (Windows NT 6.1; WOW64) AppleWebKit/537.1 (KHTML, like Gecko) Chrome/21.0.1180.83 Safari/537.1" "gatipackers.com"
69.49.112.75 - - [25/Oct/2022:11:58:27 -0700] "GET /?author=16 HTTP/1.1" 404 9049 "-" "Mozilla/5.0 (Windows NT 6.1; WOW64; rv:43.0) Gecko/20100101 Firefox/43.0" "gatipackers.com"
103.133.160.193 - - [25/Oct/2022:11:58:29 -0700] "GET /?author=43 HTTP/1.1" 404 9049 "-" "Mozilla/5.0 (Windows NT 10.0; Win64; x64) AppleWebKit/537.36 (KHTML, like Gecko) Chrome/84.0.4147.135 Safari/537.36" "gatipackers.com"
81.169.144.135 - - [25/Oct/2022:11:58:29 -0700] "GET /?author=3 HTTP/1.1" 404 9049 "-" "Mozilla/5.0 (Windows NT 6.1; WOW64) AppleWebKit/537.1 (KHTML, like Gecko) Chrome/21.0.1180.83 Safari/537.1" "gatipackers.com"
69.49.112.75 - - [25/Oct/2022:11:58:30 -0700] "GET /?author=17 HTTP/1.1" 404 9049 "-" "Mozilla/5.0 (Windows NT 6.1; WOW64; rv:43.0) Gecko/20100101 Firefox/43.0" "gatipackers.com"
103.133.160.193 - - [25/Oct/2022:11:58:32 -0700] "GET /?author=44 HTTP/1.1" 404 9049 "-" "Mozilla/5.0 (Windows NT 10.0; Win64; x64) AppleWebKit/537.36 (KHTML, like Gecko) Chrome/84.0.4147.135 Safari/537.36" "gatipackers.com"
69.49.112.75 - - [25/Oct/2022:11:58:32 -0700] "GET /?author=18 HTTP/1.1" 404 9049 "-" "Mozilla/5.0 (Windows NT 6.1; WOW64; rv:43.0) Gecko/20100101 Firefox/43.0" "gatipackers.com"
81.169.144.135 - - [25/Oct/2022:11:58:33 -0700] "GET /?author=4 HTTP/1.1" 404 9049 "-" "Mozilla/5.0 (Windows NT 6.1; WOW64) AppleWebKit/537.1 (KHTML, like Gecko) Chrome/21.0.1180.83 Safari/537.1" "gatipackers.com"
103.133.160.193 - - [25/Oct/2022:11:58:35 -0700] "GET /?author=45 HTTP/1.1" 404 9049 "-" "Mozilla/5.0 (Windows NT 10.0; Win64; x64) AppleWebKit/537.36 (KHTML, like Gecko) Chrome/84.0.4147.135 Safari/537.36" "gatipackers.com"
69.49.112.75 - - [25/Oct/2022:11:58:35 -0700] "GET /?author=19 HTTP/1.1" 404 9049 "-" "Mozilla/5.0 (Windows NT 6.1; WOW64; rv:43.0) Gecko/20100101 Firefox/43.0" "gatipackers.com"
81.169.144.135 - - [25/Oct/2022:11:58:36 -0700] "GET /?author=5 HTTP/1.1" 404 9049 "-" "Mozilla/5.0 (Windows NT 6.1; WOW64) AppleWebKit/537.1 (KHTML, like Gecko) Chrome/21.0.1180.83 Safari/537.1" "gatipackers.com"
103.133.160.193 - - [25/Oct/2022:11:58:38 -0700] "GET /?author=46 HTTP/1.1" 404 9049 "-" "Mozilla/5.0 (Windows NT 10.0; Win64; x64) AppleWebKit/537.36 (KHTML, like Gecko) Chrome/84.0.4147.135 Safari/537.36" "gatipackers.com"
69.49.112.75 - - [25/Oct/2022:11:58:38 -0700] "GET /?author=20 HTTP/1.1" 404 9049 "-" "Mozilla/5.0 (Windows NT 6.1; WOW64; rv:43.0) Gecko/20100101 Firefox/43.0" "gatipackers.com"
81.169.144.135 - - [25/Oct/2022:11:58:40 -0700] "GET /?author=6 HTTP/1.1" 404 9049 "-" "Mozilla/5.0 (Windows NT 6.1; WOW64) AppleWebKit/537.1 (KHTML, like Gecko) Chrome/21.0.1180.83 Safari/537.1" "gatipackers.com"
103.133.160.193 - - [25/Oct/2022:11:58:41 -0700] "GET /?author=47 HTTP/1.1" 404 9049 "-" "Mozilla/5.0 (Windows NT 10.0; Win64; x64) AppleWebKit/537.36 (KHTML, like Gecko) Chrome/84.0.4147.135 Safari/537.36" "gatipackers.com"
81.169.144.135 - - [25/Oct/2022:11:58:43 -0700] "GET /?author=7 HTTP/1.1" 404 9049 "-" "Mozilla/5.0 (Windows NT 6.1; WOW64) AppleWebKit/537.1 (KHTML, like Gecko) Chrome/21.0.1180.83 Safari/537.1" "gatipackers.com"
103.133.160.193 - - [25/Oct/2022:11:58:45 -0700] "GET /?author=48 HTTP/1.1" 404 9049 "-" "Mozilla/5.0 (Windows NT 10.0; Win64; x64) AppleWebKit/537.36 (KHTML, like Gecko) Chrome/84.0.4147.135 Safari/537.36" "gatipackers.com"
81.169.144.135 - - [25/Oct/2022:11:58:47 -0700] "GET /?author=8 HTTP/1.1" 404 9049 "-" "Mozilla/5.0 (Windows NT 6.1; WOW64) AppleWebKit/537.1 (KHTML, like Gecko) Chrome/21.0.1180.83 Safari/537.1" "gatipackers.com"
103.133.160.193 - - [25/Oct/2022:11:58:48 -0700] "GET /?author=49 HTTP/1.1" 404 9049 "-" "Mozilla/5.0 (Windows NT 10.0; Win64; x64) AppleWebKit/537.36 (KHTML, like Gecko) Chrome/84.0.4147.135 Safari/537.36" "gatipackers.com"
81.169.144.135 - - [25/Oct/2022:11:58:50 -0700] "GET /?author=9 HTTP/1.1" 404 9049 "-" "Mozilla/5.0 (Windows NT 6.1; WOW64) AppleWebKit/537.1 (KHTML, like Gecko) Chrome/21.0.1180.83 Safari/537.1" "gatipackers.com"
103.133.160.193 - - [25/Oct/2022:11:58:51 -0700] "GET /?author=50 HTTP/1.1" 404 9049 "-" "Mozilla/5.0 (Windows NT 10.0; Win64; x64) AppleWebKit/537.36 (KHTML, like Gecko) Chrome/84.0.4147.135 Safari/537.36" "gatipackers.com"
81.169.144.135 - - [25/Oct/2022:11:58:53 -0700] "GET /?author=10 HTTP/1.1" 404 9049 "-" "Mozilla/5.0 (Windows NT 6.1; WOW64) AppleWebKit/537.1 (KHTML, like Gecko) Chrome/21.0.1180.83 Safari/537.1" "gatipackers.com"
69.49.112.65 - - [25/Oct/2022:11:58:57 -0700] "GET /?author=61 HTTP/1.1" 404 9049 "-" "Mozilla/5.0 (Windows NT 10.0; Win64; x64; rv:60.0) Gecko/20100101 Firefox/60.0" "gatipackers.com"
184.168.115.171 - - [25/Oct/2022:11:58:58 -0700] "GET /?author=71 HTTP/1.1" 404 9049 "-" "Mozilla/5.0 (Windows NT 10.0; Win64; x64; rv:84.0) Gecko/20100101 Firefox/84.0" "gatipackers.com"
69.49.112.65 - - [25/Oct/2022:11:59:00 -0700] "GET /?author=61 HTTP/1.1" 404 9049 "-" "Mozilla/5.0 (Windows NT 10.0; Win64; x64; rv:60.0) Gecko/20100101 Firefox/60.0" "gatipackers.com"
184.168.115.171 - - [25/Oct/2022:11:59:01 -0700] "GET /?author=71 HTTP/1.1" 404 9049 "-" "Mozilla/5.0 (Windows NT 10.0; Win64; x64; rv:84.0) Gecko/20100101 Firefox/84.0" "gatipackers.com"
146.56.186.107 - - [25/Oct/2022:11:59:02 -0700] "GET /?author=51 HTTP/1.1" 404 9049 "-" "Mozilla/5.0 (Windows NT 10.0; WOW64; rv:50.0) Gecko/20100101 Firefox/50.0" "gatipackers.com"
69.49.112.65 - - [25/Oct/2022:11:59:02 -0700] "GET /?author=62 HTTP/1.1" 404 9049 "-" "Mozilla/5.0 (Windows NT 10.0; Win64; x64; rv:60.0) Gecko/20100101 Firefox/60.0" "gatipackers.com"
184.168.115.171 - - [25/Oct/2022:11:59:04 -0700] "GET /?author=72 HTTP/1.1" 404 9049 "-" "Mozilla/5.0 (Windows NT 10.0; Win64; x64; rv:84.0) Gecko/20100101 Firefox/84.0" "gatipackers.com"
146.56.186.107 - - [25/Oct/2022:11:59:05 -0700] "GET /?author=51 HTTP/1.1" 404 9049 "-" "Mozilla/5.0 (Windows NT 10.0; WOW64; rv:50.0) Gecko/20100101 Firefox/50.0" "gatipackers.com"
69.49.112.65 - - [25/Oct/2022:11:59:05 -0700] "GET /?author=63 HTTP/1.1" 404 9049 "-" "Mozilla/5.0 (Windows NT 10.0; Win64; x64; rv:60.0) Gecko/20100101 Firefox/60.0" "gatipackers.com"
184.168.115.171 - - [25/Oct/2022:11:59:07 -0700] "GET /?author=73 HTTP/1.1" 404 9049 "-" "Mozilla/5.0 (Windows NT 10.0; Win64; x64; rv:84.0) Gecko/20100101 Firefox/84.0" "gatipackers.com"
146.56.186.107 - - [25/Oct/2022:11:59:08 -0700] "GET /?author=52 HTTP/1.1" 404 9049 "-" "Mozilla/5.0 (Windows NT 10.0; WOW64; rv:50.0) Gecko/20100101 Firefox/50.0" "gatipackers.com"
69.49.112.65 - - [25/Oct/2022:11:59:08 -0700] "GET /?author=64 HTTP/1.1" 404 9049 "-" "Mozilla/5.0 (Windows NT 10.0; Win64; x64; rv:60.0) Gecko/20100101 Firefox/60.0" "gatipackers.com"
184.168.115.171 - - [25/Oct/2022:11:59:10 -0700] "GET /?author=74 HTTP/1.1" 404 9049 "-" "Mozilla/5.0 (Windows NT 10.0; Win64; x64; rv:84.0) Gecko/20100101 Firefox/84.0" "gatipackers.com"
69.49.112.65 - - [25/Oct/2022:11:59:11 -0700] "GET /?author=65 HTTP/1.1" 404 9049 "-" "Mozilla/5.0 (Windows NT 10.0; Win64; x64; rv:60.0) Gecko/20100101 Firefox/60.0" "gatipackers.com"
146.56.186.107 - - [25/Oct/2022:11:59:11 -0700] "GET /?author=53 HTTP/1.1" 404 9049 "-" "Mozilla/5.0 (Windows NT 10.0; WOW64; rv:50.0) Gecko/20100101 Firefox/50.0" "gatipackers.com"
184.168.115.171 - - [25/Oct/2022:11:59:14 -0700] "GET /?author=75 HTTP/1.1" 404 9049 "-" "Mozilla/5.0 (Windows NT 10.0; Win64; x64; rv:84.0) Gecko/20100101 Firefox/84.0" "gatipackers.com"
146.56.186.107 - - [25/Oct/2022:11:59:14 -0700] "GET /?author=54 HTTP/1.1" 404 9049 "-" "Mozilla/5.0 (Windows NT 10.0; WOW64; rv:50.0) Gecko/20100101 Firefox/50.0" "gatipackers.com"
69.49.112.65 - - [25/Oct/2022:11:59:14 -0700] "GET /?author=66 HTTP/1.1" 404 9049 "-" "Mozilla/5.0 (Windows NT 10.0; Win64; x64; rv:60.0) Gecko/20100101 Firefox/60.0" "gatipackers.com"
184.168.115.171 - - [25/Oct/2022:11:59:17 -0700] "GET /?author=76 HTTP/1.1" 404 9049 "-" "Mozilla/5.0 (Windows NT 10.0; Win64; x64; rv:84.0) Gecko/20100101 Firefox/84.0" "gatipackers.com"
146.56.186.107 - - [25/Oct/2022:11:59:17 -0700] "GET /?author=55 HTTP/1.1" 404 9049 "-" "Mozilla/5.0 (Windows NT 10.0; WOW64; rv:50.0) Gecko/20100101 Firefox/50.0" "gatipackers.com"
69.49.112.65 - - [25/Oct/2022:11:59:17 -0700] "GET /?author=67 HTTP/1.1" 404 9049 "-" "Mozilla/5.0 (Windows NT 10.0; Win64; x64; rv:60.0) Gecko/20100101 Firefox/60.0" "gatipackers.com"
184.168.115.171 - - [25/Oct/2022:11:59:19 -0700] "GET /?author=77 HTTP/1.1" 404 9049 "-" "Mozilla/5.0 (Windows NT 10.0; Win64; x64; rv:84.0) Gecko/20100101 Firefox/84.0" "gatipackers.com"
69.49.112.65 - - [25/Oct/2022:11:59:20 -0700] "GET /?author=68 HTTP/1.1" 404 9049 "-" "Mozilla/5.0 (Windows NT 10.0; Win64; x64; rv:60.0) Gecko/20100101 Firefox/60.0" "gatipackers.com"
146.56.186.107 - - [25/Oct/2022:11:59:20 -0700] "GET /?author=56 HTTP/1.1" 404 9049 "-" "Mozilla/5.0 (Windows NT 10.0; WOW64; rv:50.0) Gecko/20100101 Firefox/50.0" "gatipackers.com"
184.168.115.171 - - [25/Oct/2022:11:59:22 -0700] "GET /?author=78 HTTP/1.1" 404 9049 "-" "Mozilla/5.0 (Windows NT 10.0; Win64; x64; rv:84.0) Gecko/20100101 Firefox/84.0" "gatipackers.com"
69.49.112.65 - - [25/Oct/2022:11:59:23 -0700] "GET /?author=69 HTTP/1.1" 404 9049 "-" "Mozilla/5.0 (Windows NT 10.0; Win64; x64; rv:60.0) Gecko/20100101 Firefox/60.0" "gatipackers.com"
146.56.186.107 - - [25/Oct/2022:11:59:23 -0700] "GET /?author=57 HTTP/1.1" 404 9049 "-" "Mozilla/5.0 (Windows NT 10.0; WOW64; rv:50.0) Gecko/20100101 Firefox/50.0" "gatipackers.com"
184.168.115.171 - - [25/Oct/2022:11:59:25 -0700] "GET /?author=79 HTTP/1.1" 404 9049 "-" "Mozilla/5.0 (Windows NT 10.0; Win64; x64; rv:84.0) Gecko/20100101 Firefox/84.0" "gatipackers.com"
69.49.112.65 - - [25/Oct/2022:11:59:25 -0700] "GET /?author=70 HTTP/1.1" 404 9049 "-" "Mozilla/5.0 (Windows NT 10.0; Win64; x64; rv:60.0) Gecko/20100101 Firefox/60.0" "gatipackers.com"
146.56.186.107 - - [25/Oct/2022:11:59:26 -0700] "GET /?author=58 HTTP/1.1" 404 9049 "-" "Mozilla/5.0 (Windows NT 10.0; WOW64; rv:50.0) Gecko/20100101 Firefox/50.0" "gatipackers.com"
184.168.115.171 - - [25/Oct/2022:11:59:28 -0700] "GET /?author=80 HTTP/1.1" 404 9049 "-" "Mozilla/5.0 (Windows NT 10.0; Win64; x64; rv:84.0) Gecko/20100101 Firefox/84.0" "gatipackers.com"
146.56.186.107 - - [25/Oct/2022:11:59:29 -0700] "GET /?author=59 HTTP/1.1" 404 9049 "-" "Mozilla/5.0 (Windows NT 10.0; WOW64; rv:50.0) Gecko/20100101 Firefox/50.0" "gatipackers.com"
69.49.112.76 - - [25/Oct/2022:11:59:30 -0700] "GET /?author=81 HTTP/1.1" 404 9049 "-" "Mozilla/5.0 (Windows NT 6.1; WOW64; rv:38.0) Gecko/20100101 Firefox/38.0" "gatipackers.com"
146.56.186.107 - - [25/Oct/2022:11:59:32 -0700] "GET /?author=60 HTTP/1.1" 404 9049 "-" "Mozilla/5.0 (Windows NT 10.0; WOW64; rv:50.0) Gecko/20100101 Firefox/50.0" "gatipackers.com"
69.49.112.76 - - [25/Oct/2022:11:59:33 -0700] "GET /?author=81 HTTP/1.1" 404 9049 "-" "Mozilla/5.0 (Windows NT 6.1; WOW64; rv:38.0) Gecko/20100101 Firefox/38.0" "gatipackers.com"
69.49.112.76 - - [25/Oct/2022:11:59:35 -0700] "GET /?author=82 HTTP/1.1" 404 9049 "-" "Mozilla/5.0 (Windows NT 6.1; WOW64; rv:38.0) Gecko/20100101 Firefox/38.0" "gatipackers.com"
69.49.112.76 - - [25/Oct/2022:11:59:38 -0700] "GET /?author=83 HTTP/1.1" 404 9049 "-" "Mozilla/5.0 (Windows NT 6.1; WOW64; rv:38.0) Gecko/20100101 Firefox/38.0" "gatipackers.com"
69.49.112.76 - - [25/Oct/2022:11:59:41 -0700] "GET /?author=84 HTTP/1.1" 404 9049 "-" "Mozilla/5.0 (Windows NT 6.1; WOW64; rv:38.0) Gecko/20100101 Firefox/38.0" "gatipackers.com"
69.49.112.76 - - [25/Oct/2022:11:59:44 -0700] "GET /?author=85 HTTP/1.1" 404 9049 "-" "Mozilla/5.0 (Windows NT 6.1; WOW64; rv:38.0) Gecko/20100101 Firefox/38.0" "gatipackers.com"
69.49.112.76 - - [25/Oct/2022:11:59:47 -0700] "GET /?author=86 HTTP/1.1" 404 9049 "-" "Mozilla/5.0 (Windows NT 6.1; WOW64; rv:38.0) Gecko/20100101 Firefox/38.0" "gatipackers.com"
69.49.112.76 - - [25/Oct/2022:11:59:50 -0700] "GET /?author=87 HTTP/1.1" 404 9049 "-" "Mozilla/5.0 (Windows NT 6.1; WOW64; rv:38.0) Gecko/20100101 Firefox/38.0" "gatipackers.com"
69.49.112.76 - - [25/Oct/2022:11:59:52 -0700] "GET /?author=88 HTTP/1.1" 404 9049 "-" "Mozilla/5.0 (Windows NT 6.1; WOW64; rv:38.0) Gecko/20100101 Firefox/38.0" "gatipackers.com"
207.148.118.50 - - [25/Oct/2022:11:59:53 -0700] "GET /?author=101 HTTP/1.1" 404 9049 "-" "Mozilla/5.0 (Windows NT 6.0; rv:34.0) Gecko/20100101 Firefox/34.0" "gatipackers.com"
69.49.112.76 - - [25/Oct/2022:11:59:55 -0700] "GET /?author=89 HTTP/1.1" 404 9049 "-" "Mozilla/5.0 (Windows NT 6.1; WOW64; rv:38.0) Gecko/20100101 Firefox/38.0" "gatipackers.com"
207.148.118.50 - - [25/Oct/2022:11:59:56 -0700] "GET /?author=101 HTTP/1.1" 404 9049 "-" "Mozilla/5.0 (Windows NT 6.0; rv:34.0) Gecko/20100101 Firefox/34.0" "gatipackers.com"
207.148.119.157 - - [25/Oct/2022:11:59:58 -0700] "GET /?author=111 HTTP/1.1" 404 9049 "-" "Mozilla/5.0 (Windows NT 10.0; Win64; x64; rv:67.0) Gecko/20100101 Firefox/67.0" "gatipackers.com"
69.49.112.76 - - [25/Oct/2022:11:59:58 -0700] "GET /?author=90 HTTP/1.1" 404 9049 "-" "Mozilla/5.0 (Windows NT 6.1; WOW64; rv:38.0) Gecko/20100101 Firefox/38.0" "gatipackers.com"
207.148.118.50 - - [25/Oct/2022:11:59:59 -0700] "GET /?author=102 HTTP/1.1" 404 9049 "-" "Mozilla/5.0 (Windows NT 6.0; rv:34.0) Gecko/20100101 Firefox/34.0" "gatipackers.com"
207.148.119.157 - - [25/Oct/2022:12:00:01 -0700] "GET /?author=111 HTTP/1.1" 404 9049 "-" "Mozilla/5.0 (Windows NT 10.0; Win64; x64; rv:67.0) Gecko/20100101 Firefox/67.0" "gatipackers.com"
207.148.118.50 - - [25/Oct/2022:12:00:02 -0700] "GET /?author=103 HTTP/1.1" 404 9049 "-" "Mozilla/5.0 (Windows NT 6.0; rv:34.0) Gecko/20100101 Firefox/34.0" "gatipackers.com"
69.49.112.70 - - [25/Oct/2022:12:00:03 -0700] "GET /?author=121 HTTP/1.1" 404 9049 "-" "Mozilla/5.0 (Windows NT 10.0; Win64; x64) AppleWebKit/537.36 (KHTML, like Gecko) Chrome/63.0.3239.132 Safari/537.36" "gatipackers.com"
207.148.119.157 - - [25/Oct/2022:12:00:04 -0700] "GET /?author=112 HTTP/1.1" 404 9049 "-" "Mozilla/5.0 (Windows NT 10.0; Win64; x64; rv:67.0) Gecko/20100101 Firefox/67.0" "gatipackers.com"
207.148.118.50 - - [25/Oct/2022:12:00:04 -0700] "GET /?author=104 HTTP/1.1" 404 9049 "-" "Mozilla/5.0 (Windows NT 6.0; rv:34.0) Gecko/20100101 Firefox/34.0" "gatipackers.com"
69.49.112.70 - - [25/Oct/2022:12:00:05 -0700] "GET /?author=121 HTTP/1.1" 404 9049 "-" "Mozilla/5.0 (Windows NT 10.0; Win64; x64) AppleWebKit/537.36 (KHTML, like Gecko) Chrome/63.0.3239.132 Safari/537.36" "gatipackers.com"
207.148.119.157 - - [25/Oct/2022:12:00:07 -0700] "GET /?author=113 HTTP/1.1" 404 9049 "-" "Mozilla/5.0 (Windows NT 10.0; Win64; x64; rv:67.0) Gecko/20100101 Firefox/67.0" "gatipackers.com"
207.148.118.50 - - [25/Oct/2022:12:00:08 -0700] "GET /?author=105 HTTP/1.1" 404 9049 "-" "Mozilla/5.0 (Windows NT 6.0; rv:34.0) Gecko/20100101 Firefox/34.0" "gatipackers.com"
69.49.112.70 - - [25/Oct/2022:12:00:08 -0700] "GET /?author=122 HTTP/1.1" 404 9049 "-" "Mozilla/5.0 (Windows NT 10.0; Win64; x64) AppleWebKit/537.36 (KHTML, like Gecko) Chrome/63.0.3239.132 Safari/537.36" "gatipackers.com"
207.148.119.157 - - [25/Oct/2022:12:00:10 -0700] "GET /?author=114 HTTP/1.1" 404 9049 "-" "Mozilla/5.0 (Windows NT 10.0; Win64; x64; rv:67.0) Gecko/20100101 Firefox/67.0" "gatipackers.com"
207.148.118.50 - - [25/Oct/2022:12:00:11 -0700] "GET /?author=106 HTTP/1.1" 404 9049 "-" "Mozilla/5.0 (Windows NT 6.0; rv:34.0) Gecko/20100101 Firefox/34.0" "gatipackers.com"
69.49.112.70 - - [25/Oct/2022:12:00:11 -0700] "GET /?author=123 HTTP/1.1" 404 9049 "-" "Mozilla/5.0 (Windows NT 10.0; Win64; x64) AppleWebKit/537.36 (KHTML, like Gecko) Chrome/63.0.3239.132 Safari/537.36" "gatipackers.com"
207.148.119.157 - - [25/Oct/2022:12:00:13 -0700] "GET /?author=115 HTTP/1.1" 404 9049 "-" "Mozilla/5.0 (Windows NT 10.0; Win64; x64; rv:67.0) Gecko/20100101 Firefox/67.0" "gatipackers.com"
207.148.118.50 - - [25/Oct/2022:12:00:14 -0700] "GET /?author=107 HTTP/1.1" 404 9049 "-" "Mozilla/5.0 (Windows NT 6.0; rv:34.0) Gecko/20100101 Firefox/34.0" "gatipackers.com"
69.49.112.70 - - [25/Oct/2022:12:00:15 -0700] "GET /?author=124 HTTP/1.1" 404 9049 "-" "Mozilla/5.0 (Windows NT 10.0; Win64; x64) AppleWebKit/537.36 (KHTML, like Gecko) Chrome/63.0.3239.132 Safari/537.36" "gatipackers.com"
207.148.119.157 - - [25/Oct/2022:12:00:16 -0700] "GET /?author=116 HTTP/1.1" 404 9049 "-" "Mozilla/5.0 (Windows NT 10.0; Win64; x64; rv:67.0) Gecko/20100101 Firefox/67.0" "gatipackers.com"
207.148.118.50 - - [25/Oct/2022:12:00:17 -0700] "GET /?author=108 HTTP/1.1" 404 9049 "-" "Mozilla/5.0 (Windows NT 6.0; rv:34.0) Gecko/20100101 Firefox/34.0" "gatipackers.com"
69.49.112.70 - - [25/Oct/2022:12:00:18 -0700] "GET /?author=125 HTTP/1.1" 404 9049 "-" "Mozilla/5.0 (Windows NT 10.0; Win64; x64) AppleWebKit/537.36 (KHTML, like Gecko) Chrome/63.0.3239.132 Safari/537.36" "gatipackers.com"
207.148.119.157 - - [25/Oct/2022:12:00:19 -0700] "GET /?author=117 HTTP/1.1" 404 9049 "-" "Mozilla/5.0 (Windows NT 10.0; Win64; x64; rv:67.0) Gecko/20100101 Firefox/67.0" "gatipackers.com"
207.148.118.50 - - [25/Oct/2022:12:00:20 -0700] "GET /?author=109 HTTP/1.1" 404 9049 "-" "Mozilla/5.0 (Windows NT 6.0; rv:34.0) Gecko/20100101 Firefox/34.0" "gatipackers.com"
69.49.112.70 - - [25/Oct/2022:12:00:20 -0700] "GET /?author=126 HTTP/1.1" 404 9049 "-" "Mozilla/5.0 (Windows NT 10.0; Win64; x64) AppleWebKit/537.36 (KHTML, like Gecko) Chrome/63.0.3239.132 Safari/537.36" "gatipackers.com"
207.148.119.157 - - [25/Oct/2022:12:00:22 -0700] "GET /?author=118 HTTP/1.1" 404 9049 "-" "Mozilla/5.0 (Windows NT 10.0; Win64; x64; rv:67.0) Gecko/20100101 Firefox/67.0" "gatipackers.com"
69.49.112.70 - - [25/Oct/2022:12:00:24 -0700] "GET /?author=127 HTTP/1.1" 404 9049 "-" "Mozilla/5.0 (Windows NT 10.0; Win64; x64) AppleWebKit/537.36 (KHTML, like Gecko) Chrome/63.0.3239.132 Safari/537.36" "gatipackers.com"
207.148.118.50 - - [25/Oct/2022:12:00:24 -0700] "GET /?author=110 HTTP/1.1" 404 9049 "-" "Mozilla/5.0 (Windows NT 6.0; rv:34.0) Gecko/20100101 Firefox/34.0" "gatipackers.com"
207.148.119.157 - - [25/Oct/2022:12:00:25 -0700] "GET /?author=119 HTTP/1.1" 404 9049 "-" "Mozilla/5.0 (Windows NT 10.0; Win64; x64; rv:67.0) Gecko/20100101 Firefox/67.0" "gatipackers.com"
207.148.119.157 - - [25/Oct/2022:12:00:28 -0700] "GET /?author=120 HTTP/1.1" 404 9049 "-" "Mozilla/5.0 (Windows NT 10.0; Win64; x64; rv:67.0) Gecko/20100101 Firefox/67.0" "gatipackers.com"
69.49.112.70 - - [25/Oct/2022:12:00:27 -0700] "GET /?author=128 HTTP/1.1" 404 9049 "-" "Mozilla/5.0 (Windows NT 10.0; Win64; x64) AppleWebKit/537.36 (KHTML, like Gecko) Chrome/63.0.3239.132 Safari/537.36" "gatipackers.com"
69.49.112.70 - - [25/Oct/2022:12:00:31 -0700] "GET /?author=129 HTTP/1.1" 404 9049 "-" "Mozilla/5.0 (Windows NT 10.0; Win64; x64) AppleWebKit/537.36 (KHTML, like Gecko) Chrome/63.0.3239.132 Safari/537.36" "gatipackers.com"
69.49.112.70 - - [25/Oct/2022:12:00:34 -0700] "GET /?author=130 HTTP/1.1" 404 9049 "-" "Mozilla/5.0 (Windows NT 10.0; Win64; x64) AppleWebKit/537.36 (KHTML, like Gecko) Chrome/63.0.3239.132 Safari/537.36" "gatipackers.com"
3.36.227.150 - - [25/Oct/2022:12:00:38 -0700] "GET /?author=131 HTTP/1.1" 404 9049 "-" "Mozilla/5.0 (Windows NT 5.1; rv:36.0) Gecko/20100101 Firefox/36.0" "gatipackers.com"
20.169.36.115 - - [25/Oct/2022:12:00:42 -0700] "POST /wp-login.php HTTP/1.1" 200 8263 "-" "Mozilla/5.0" "gatipackers.com"
3.36.227.150 - - [25/Oct/2022:12:00:41 -0700] "GET /?author=131 HTTP/1.1" 404 9049 "-" "Mozilla/5.0 (Windows NT 5.1; rv:36.0) Gecko/20100101 Firefox/36.0" "gatipackers.com"
157.245.71.145 - - [25/Oct/2022:12:00:41 -0700] "GET /?author=141 HTTP/1.1" 404 9049 "-" "Mozilla/5.0 (Windows NT 6.1; Win64; x64; rv:61.0) Gecko/20100101 Firefox/61.0" "gatipackers.com"
3.36.227.150 - - [25/Oct/2022:12:00:45 -0700] "GET /?author=132 HTTP/1.1" 404 9049 "-" "Mozilla/5.0 (Windows NT 5.1; rv:36.0) Gecko/20100101 Firefox/36.0" "gatipackers.com"
157.245.71.145 - - [25/Oct/2022:12:00:45 -0700] "GET /?author=141 HTTP/1.1" 404 9049 "-" "Mozilla/5.0 (Windows NT 6.1; Win64; x64; rv:61.0) Gecko/20100101 Firefox/61.0" "gatipackers.com"
3.36.227.150 - - [25/Oct/2022:12:00:47 -0700] "GET /?author=133 HTTP/1.1" 404 9049 "-" "Mozilla/5.0 (Windows NT 5.1; rv:36.0) Gecko/20100101 Firefox/36.0" "gatipackers.com"
157.245.71.145 - - [25/Oct/2022:12:00:48 -0700] "GET /?author=142 HTTP/1.1" 404 9049 "-" "Mozilla/5.0 (Windows NT 6.1; Win64; x64; rv:61.0) Gecko/20100101 Firefox/61.0" "gatipackers.com"
3.36.227.150 - - [25/Oct/2022:12:00:50 -0700] "GET /?author=134 HTTP/1.1" 404 9049 "-" "Mozilla/5.0 (Windows NT 5.1; rv:36.0) Gecko/20100101 Firefox/36.0" "gatipackers.com"
157.245.71.145 - - [25/Oct/2022:12:00:51 -0700] "GET /?author=143 HTTP/1.1" 404 9049 "-" "Mozilla/5.0 (Windows NT 6.1; Win64; x64; rv:61.0) Gecko/20100101 Firefox/61.0" "gatipackers.com"
3.36.227.150 - - [25/Oct/2022:12:00:53 -0700] "GET /?author=135 HTTP/1.1" 404 9049 "-" "Mozilla/5.0 (Windows NT 5.1; rv:36.0) Gecko/20100101 Firefox/36.0" "gatipackers.com"
157.245.71.145 - - [25/Oct/2022:12:00:54 -0700] "GET /?author=144 HTTP/1.1" 404 9049 "-" "Mozilla/5.0 (Windows NT 6.1; Win64; x64; rv:61.0) Gecko/20100101 Firefox/61.0" "gatipackers.com"
3.36.227.150 - - [25/Oct/2022:12:00:56 -0700] "GET /?author=136 HTTP/1.1" 404 9049 "-" "Mozilla/5.0 (Windows NT 5.1; rv:36.0) Gecko/20100101 Firefox/36.0" "gatipackers.com"
157.245.71.145 - - [25/Oct/2022:12:00:57 -0700] "GET /?author=145 HTTP/1.1" 404 9049 "-" "Mozilla/5.0 (Windows NT 6.1; Win64; x64; rv:61.0) Gecko/20100101 Firefox/61.0" "gatipackers.com"
3.36.227.150 - - [25/Oct/2022:12:00:59 -0700] "GET /?author=137 HTTP/1.1" 404 9049 "-" "Mozilla/5.0 (Windows NT 5.1; rv:36.0) Gecko/20100101 Firefox/36.0" "gatipackers.com"
207.148.118.50 - - [25/Oct/2022:12:00:59 -0700] "GET /?author=151 HTTP/1.1" 404 9049 "-" "Mozilla/5.0 (Windows NT 10.0; Win64; x64) AppleWebKit/537.36 (KHTML, like Gecko) Chrome/85.0.4183.121 Safari/537.36" "gatipackers.com"
157.245.71.145 - - [25/Oct/2022:12:01:00 -0700] "GET /?author=146 HTTP/1.1" 404 9049 "-" "Mozilla/5.0 (Windows NT 6.1; Win64; x64; rv:61.0) Gecko/20100101 Firefox/61.0" "gatipackers.com"
3.36.227.150 - - [25/Oct/2022:12:01:01 -0700] "GET /?author=138 HTTP/1.1" 404 9049 "-" "Mozilla/5.0 (Windows NT 5.1; rv:36.0) Gecko/20100101 Firefox/36.0" "gatipackers.com"
207.148.118.50 - - [25/Oct/2022:12:01:02 -0700] "GET /?author=151 HTTP/1.1" 404 9049 "-" "Mozilla/5.0 (Windows NT 10.0; Win64; x64) AppleWebKit/537.36 (KHTML, like Gecko) Chrome/85.0.4183.121 Safari/537.36" "gatipackers.com"
157.245.71.145 - - [25/Oct/2022:12:01:03 -0700] "GET /?author=147 HTTP/1.1" 404 9049 "-" "Mozilla/5.0 (Windows NT 6.1; Win64; x64; rv:61.0) Gecko/20100101 Firefox/61.0" "gatipackers.com"
