120.36.252.74 - - [11/Nov/2022:10:59:14 -0800] "GET /home/request_a_survey/ HTTP/1.1" 200 779 "http://gatipackers.com/home/request_a_survey/" "Mozilla/5.0 (Windows NT 10.0; Win64; x64) AppleWebKit/537.36 (KHTML, like Gecko) Chrome/90.0.4430.72 Safari/537.36" "gatipackers.com"
120.36.252.74 - - [11/Nov/2022:10:59:19 -0800] "GET /index.php/2021/02/26/sample-page/ HTTP/1.1" 200 13884 "http://gatipackers.com/index.php/2021/02/26/sample-page/" "Mozilla/5.0 (Windows NT 10.0; Win64; x64) AppleWebKit/537.36 (KHTML, like Gecko) Chrome/90.0.4430.72 Safari/537.36" "gatipackers.com"
104.131.68.19 - - [11/Nov/2022:11:02:29 -0800] "POST /wp-login.php HTTP/1.1" 200 8262 "-" "Mozilla/5.0 (Windows NT 10.0; Win64; x64) AppleWebKit/537.36 (KHTML, like Gecko) Chrome/64.0.3282.167 Safari/537.36" "gatipackers.com"
67.227.198.170 - - [11/Nov/2022:11:26:04 -0800] "GET / HTTP/1.1" 200 14533 "-" "Intently.co" "gatipackers.com"
10.213.116.210 - - [11/Nov/2022:11:26:08 -0800] "POST /wp-cron.php?doing_wp_cron=1668194768.2284159660339355468750 HTTP/1.1" 200 - "http://gatipackers.com/wp-cron.php?doing_wp_cron=1668194768.2284159660339355468750" "WordPress/5.6.10; http://gatipackers.com" "gatipackers.com"
185.36.81.21 - - [11/Nov/2022:11:28:53 -0800] "GET /wp-includes/upload_index.php?auth=test HTTP/1.1" 404 73 "-" "Mozilla/5.0 (Windows NT 6.3; Win64; x64) AppleWebKit/537.36 (KHTML, like Gecko) Chrome/75.0.3770.100 Safari/537.36" "gatipackers.com"
207.46.13.145 - - [11/Nov/2022:11:35:24 -0800] "GET /wp-content/themes/twentynineteen/style.css?ver=1.1 HTTP/1.1" 200 19371 "-" "Mozilla/5.0 AppleWebKit/537.36 (KHTML, like Gecko; compatible; bingbot/2.0; +http://www.bing.com/bingbot.htm) Chrome/103.0.5060.134 Safari/537.36" "gatipackers.com"
207.46.13.145 - - [11/Nov/2022:11:35:24 -0800] "GET /wp-includes/css/dist/block-library/style.min.css?ver=5.6.10 HTTP/1.1" 200 7849 "-" "Mozilla/5.0 (compatible; bingbot/2.0; +http://www.bing.com/bingbot.htm)" "gatipackers.com"
207.46.13.8 - - [11/Nov/2022:11:35:28 -0800] "GET /wp-includes/js/wp-embed.min.js?ver=5.6.10 HTTP/1.1" 200 765 "-" "Mozilla/5.0 (compatible; bingbot/2.0; +http://www.bing.com/bingbot.htm)" "gatipackers.com"
207.46.13.8 - - [11/Nov/2022:11:35:28 -0800] "GET /wp-includes/js/wp-emoji-release.min.js?ver=5.6.10 HTTP/1.1" 200 4662 "-" "Mozilla/5.0 AppleWebKit/537.36 (KHTML, like Gecko; compatible; bingbot/2.0; +http://www.bing.com/bingbot.htm) Chrome/103.0.5060.134 Safari/537.36" "gatipackers.com"
157.55.39.86 - - [11/Nov/2022:11:35:33 -0800] "GET /wp-includes/css/dist/block-library/theme.min.css?ver=5.6.10 HTTP/1.1" 200 741 "-" "Mozilla/5.0 AppleWebKit/537.36 (KHTML, like Gecko; compatible; bingbot/2.0; +http://www.bing.com/bingbot.htm) Chrome/103.0.5060.134 Safari/537.36" "gatipackers.com"
167.71.204.106 - - [11/Nov/2022:11:51:52 -0800] "POST /wp-login.php HTTP/1.1" 200 8258 "-" "Mozilla/5.0 (Windows NT 6.1) AppleWebKit/537.36 (KHTML, like Gecko) Chrome/59.0.3071.115 Safari/537.36" "gatipackers.com"
10.213.116.211 - - [11/Nov/2022:11:51:59 -0800] "POST /wp-cron.php?doing_wp_cron=1668196319.3252820968627929687500 HTTP/1.1" 200 - "http://gatipackers.com/wp-cron.php?doing_wp_cron=1668196319.3252820968627929687500" "WordPress/5.6.10; http://gatipackers.com" "gatipackers.com"
64.124.8.27 - - [11/Nov/2022:11:59:58 -0800] "GET /robots.txt HTTP/1.1" 200 58 "-" "Mozilla/5.0 (X11; Linux x86_64) AppleWebKit/537.36 (KHTML, like Gecko) Chrome/61.0.3163.79 Safari/537.36" "gatipackers.com"
64.124.8.27 - - [11/Nov/2022:11:59:58 -0800] "GET /index.php/2021/02/26/hello-world/ HTTP/1.1" 200 15822 "-" "Mozilla/5.0 (X11; Linux x86_64) AppleWebKit/537.36 (KHTML, like Gecko) Chrome/61.0.3163.79 Safari/537.36" "gatipackers.com"
10.213.116.209 - - [11/Nov/2022:12:00:02 -0800] "POST /wp-cron.php?doing_wp_cron=1668196802.8327820301055908203125 HTTP/1.1" 200 - "http://gatipackers.com/wp-cron.php?doing_wp_cron=1668196802.8327820301055908203125" "WordPress/5.6.10; http://gatipackers.com" "gatipackers.com"
188.166.236.35 - - [11/Nov/2022:12:13:25 -0800] "POST /wp-login.php HTTP/1.1" 200 8255 "-" "Mozilla/5.0 (Windows NT 10.0; Win64; x64) AppleWebKit/537.36 (KHTML, like Gecko) Chrome/73.0.3683.75 Safari/537.36" "gatipackers.com"
10.213.116.211 - - [11/Nov/2022:12:13:32 -0800] "POST /wp-cron.php?doing_wp_cron=1668197612.2457399368286132812500 HTTP/1.1" 200 - "http://gatipackers.com/wp-cron.php?doing_wp_cron=1668197612.2457399368286132812500" "WordPress/5.6.10; http://gatipackers.com" "gatipackers.com"
118.101.246.77 - - [11/Nov/2022:12:21:19 -0800] "GET /home/request_a_survey/ HTTP/1.1" 200 779 "http://gatipackers.com/home/request_a_survey/" "Mozilla/5.0 (Windows NT 10.0; WOW64) AppleWebKit/537.36 (KHTML, like Gecko) Chrome/90.0.4430.72 Safari/537.36" "gatipackers.com"
118.101.246.77 - - [11/Nov/2022:12:21:20 -0800] "GET / HTTP/1.1" 200 14533 "http://gatipackers.com/" "Mozilla/5.0 (Windows NT 10.0; WOW64) AppleWebKit/537.36 (KHTML, like Gecko) Chrome/90.0.4430.72 Safari/537.36" "gatipackers.com"
118.101.246.77 - - [11/Nov/2022:12:21:25 -0800] "GET /index.php/2021/02/26/sample-page/ HTTP/1.1" 200 13884 "http://gatipackers.com/index.php/2021/02/26/sample-page/" "Mozilla/5.0 (Windows NT 10.0; WOW64) AppleWebKit/537.36 (KHTML, like Gecko) Chrome/90.0.4430.72 Safari/537.36" "gatipackers.com"
40.77.167.10 - - [11/Nov/2022:12:22:29 -0800] "GET /online_quote HTTP/1.1" 404 88 "-" "Mozilla/5.0 (compatible; bingbot/2.0; +http://www.bing.com/bingbot.htm)" "www.gatipackers.com"
34.78.198.205 - - [11/Nov/2022:12:41:46 -0800] "POST /wp-login.php HTTP/1.1" 200 8255 "-" "Mozilla/5.0 (Windows NT 10.0; Win64; x64) AppleWebKit/537.36 (KHTML, like Gecko) Chrome/54.0.2840.99 Safari/537.36" "gatipackers.com"
10.213.116.210 - - [11/Nov/2022:12:41:50 -0800] "POST /wp-cron.php?doing_wp_cron=1668199310.5715060234069824218750 HTTP/1.1" 200 - "http://gatipackers.com/wp-cron.php?doing_wp_cron=1668199310.5715060234069824218750" "WordPress/5.6.10; http://gatipackers.com" "gatipackers.com"
74.208.227.128 - - [11/Nov/2022:12:46:15 -0800] "GET /arif/Telerik.Web.UI.WebResource.axd?type=rau HTTP/1.1" 404 88 "-" "Mozilla/5.0 (Windows NT 5.1) AppleWebKit/537.36 (KHTML, like Gecko) Chrome/41.0.2227.1 Safari/537.36" "gatipackers.com"
114.119.145.139 - - [11/Nov/2022:12:49:50 -0800] "GET /robots.txt HTTP/1.1" 200 58 "-" "Mozilla/5.0 (compatible;PetalBot;+https://webmaster.petalsearch.com/site/petalbot)" "www.gatipackers.com"
3.216.62.102 - - [11/Nov/2022:12:50:31 -0800] "GET / HTTP/1.1" 200 14590 "-" "Mozilla/5.0 (Windows NT 6.1; WOW64) AppleWebKit/537.36 (KHTML, like Gecko) Chrome/56.0.2924.76 Safari/537.36" "www.gatipackers.com"
40.77.167.10 - - [11/Nov/2022:13:01:34 -0800] "GET /online_quote HTTP/1.1" 404 88 "-" "Mozilla/5.0 AppleWebKit/537.36 (KHTML, like Gecko; compatible; bingbot/2.0; +http://www.bing.com/bingbot.htm) Chrome/103.0.5060.134 Safari/537.36" "www.gatipackers.com"
157.245.204.23 - - [11/Nov/2022:13:02:21 -0800] "POST /wp-login.php HTTP/1.1" 200 8266 "-" "Mozilla/5.0 (Windows NT 6.1; WOW64) AppleWebKit/537.36 (KHTML, like Gecko) Chrome/47.0.2526.111 Safari/537.36" "gatipackers.com"
10.213.116.211 - - [11/Nov/2022:13:02:25 -0800] "POST /wp-cron.php?doing_wp_cron=1668200545.6292090415954589843750 HTTP/1.1" 200 - "http://gatipackers.com/wp-cron.php?doing_wp_cron=1668200545.6292090415954589843750" "WordPress/5.6.10; http://gatipackers.com" "gatipackers.com"
114.119.151.171 - - [11/Nov/2022:13:17:30 -0800] "GET /robots.txt HTTP/1.1" 200 58 "-" "Mozilla/5.0 (compatible;PetalBot;+https://webmaster.petalsearch.com/site/petalbot)" "gatipackers.com"
167.172.206.144 - - [11/Nov/2022:13:30:22 -0800] "POST /wp-login.php HTTP/1.1" 200 8255 "-" "Mozilla/5.0 (Windows NT 6.3; Win64; x64) AppleWebKit/537.36 (KHTML, like Gecko) Chrome/79.0.3945.88 Safari/537.36" "gatipackers.com"
10.213.116.210 - - [11/Nov/2022:13:30:27 -0800] "POST /wp-cron.php?doing_wp_cron=1668202227.3496599197387695312500 HTTP/1.1" 200 - "http://gatipackers.com/wp-cron.php?doing_wp_cron=1668202227.3496599197387695312500" "WordPress/5.6.10; http://gatipackers.com" "gatipackers.com"
20.115.55.161 - - [11/Nov/2022:13:31:14 -0800] "GET /wp-content/ HTTP/1.1" 200 - "-" "Mozilla/5.0 (Macintosh; Intel Mac OS X 10.15; rv:77.0) Gecko/20100101 Firefox/77.0" "gatipackers.com"
68.183.86.247 - - [11/Nov/2022:13:50:30 -0800] "POST /wp-login.php HTTP/1.1" 200 8257 "-" "Mozilla/5.0 (Windows NT 6.1; WOW64) AppleWebKit/537.36 (KHTML, like Gecko) Chrome/32.0.1700.107 Safari/537.36" "gatipackers.com"
10.213.116.210 - - [11/Nov/2022:13:50:35 -0800] "POST /wp-cron.php?doing_wp_cron=1668203435.0926110744476318359375 HTTP/1.1" 200 - "http://gatipackers.com/wp-cron.php?doing_wp_cron=1668203435.0926110744476318359375" "WordPress/5.6.10; http://gatipackers.com" "gatipackers.com"
17.121.115.62 - - [11/Nov/2022:14:12:22 -0800] "GET /services HTTP/1.1" 404 88 "-" "Mozilla/5.0 (Macintosh; Intel Mac OS X 10_15_5) AppleWebKit/605.1.15 (KHTML, like Gecko) Version/13.1.1 Safari/605.1.15 (Applebot/0.1; +http://www.apple.com/go/applebot)" "www.gatipackers.com"
45.120.69.121 - - [11/Nov/2022:14:18:39 -0800] "POST /wp-login.php HTTP/1.1" 200 8257 "-" "Mozilla/5.0 (Windows NT 10.0; WOW64) AppleWebKit/537.36 (KHTML, like Gecko) Chrome/47.0.2526.106 Safari/537.36" "gatipackers.com"
10.213.116.209 - - [11/Nov/2022:14:18:43 -0800] "POST /wp-cron.php?doing_wp_cron=1668205123.9452850818634033203125 HTTP/1.1" 200 - "http://gatipackers.com/wp-cron.php?doing_wp_cron=1668205123.9452850818634033203125" "WordPress/5.6.10; http://gatipackers.com" "gatipackers.com"
114.119.147.113 - - [11/Nov/2022:14:29:49 -0800] "GET /robots.txt HTTP/1.1" 200 58 "-" "Mozilla/5.0 (compatible;PetalBot;+https://webmaster.petalsearch.com/site/petalbot)" "gatipackers.com"
66.249.75.232 - - [11/Nov/2022:14:30:48 -0800] "GET /get_a_quote HTTP/1.1" 200 8154 "-" "Mozilla/5.0 (compatible; Googlebot/2.1; +http://www.google.com/bot.html)" "gatipackers.com"
161.35.52.207 - - [11/Nov/2022:14:38:39 -0800] "POST /wp-login.php HTTP/1.1" 200 8255 "-" "Mozilla/5.0 (Windows NT 6.1) AppleWebKit/537.36 (KHTML, like Gecko) Chrome/63.0.3239.84 Safari/537.36" "gatipackers.com"
10.213.116.211 - - [11/Nov/2022:14:38:43 -0800] "POST /wp-cron.php?doing_wp_cron=1668206323.0110731124877929687500 HTTP/1.1" 200 - "http://gatipackers.com/wp-cron.php?doing_wp_cron=1668206323.0110731124877929687500" "WordPress/5.6.10; http://gatipackers.com" "gatipackers.com"
45.169.70.9 - - [11/Nov/2022:14:50:51 -0800] "GET /home/request_a_survey/ HTTP/1.1" 200 779 "http://gatipackers.com/home/request_a_survey/" "Mozilla/5.0 (Windows NT 10.0) AppleWebKit/537.36 (KHTML, like Gecko) Chrome/90.0.4430.93 Safari/537.36" "gatipackers.com"
45.169.70.9 - - [11/Nov/2022:14:50:53 -0800] "GET / HTTP/1.1" 200 14533 "http://gatipackers.com/" "Mozilla/5.0 (Windows NT 10.0) AppleWebKit/537.36 (KHTML, like Gecko) Chrome/90.0.4430.93 Safari/537.36" "gatipackers.com"
45.169.70.9 - - [11/Nov/2022:14:51:20 -0800] "GET /wp-login.php HTTP/1.1" 200 7986 "http://gatipackers.com/wp-login.php" "Mozilla/5.0 (Windows NT 10.0) AppleWebKit/537.36 (KHTML, like Gecko) Chrome/90.0.4430.93 Safari/537.36" "gatipackers.com"
45.169.70.9 - - [11/Nov/2022:14:51:53 -0800] "GET /home/request_a_survey/ HTTP/1.1" 200 779 "http://gatipackers.com/home/request_a_survey/" "Mozilla/5.0 (Windows NT 10.0) AppleWebKit/537.36 (KHTML, like Gecko) Chrome/90.0.4430.93 Safari/537.36" "gatipackers.com"
45.169.70.9 - - [11/Nov/2022:14:52:00 -0800] "GET /index.php/2021/02/26/sample-page/ HTTP/1.1" 200 13884 "http://gatipackers.com/index.php/2021/02/26/sample-page/" "Mozilla/5.0 (Windows NT 10.0) AppleWebKit/537.36 (KHTML, like Gecko) Chrome/90.0.4430.93 Safari/537.36" "gatipackers.com"
62.210.211.218 - - [11/Nov/2022:15:06:29 -0800] "POST /wp-login.php HTTP/1.1" 200 8254 "-" "Mozilla/5.0 (Windows NT 10.0; Win64; x64) AppleWebKit/537.36 (KHTML, like Gecko) Chrome/62.0.3202.89 Safari/537.36" "gatipackers.com"
10.213.116.209 - - [11/Nov/2022:15:06:33 -0800] "POST /wp-cron.php?doing_wp_cron=1668207993.6952309608459472656250 HTTP/1.1" 200 - "http://gatipackers.com/wp-cron.php?doing_wp_cron=1668207993.6952309608459472656250" "WordPress/5.6.10; http://gatipackers.com" "gatipackers.com"
150.158.179.148 - - [11/Nov/2022:15:10:27 -0800] "GET /?author=1 HTTP/1.1" 200 14259 "-" "Mozilla/5.0 (Windows NT 10.0; Win64; x64) AppleWebKit/537.36 (KHTML, like Gecko) Chrome/65.0.3325.181 Safari/537.36" "gatipackers.com"
92.222.235.132 - - [11/Nov/2022:15:10:27 -0800] "GET /?author=41 HTTP/1.1" 404 9049 "-" "Mozilla/5.0 (Windows NT 10.0; Win64; x64) AppleWebKit/537.36 (KHTML, like Gecko) Chrome/64.0.3282.186 Safari/537.36" "gatipackers.com"
103.53.42.49 - - [11/Nov/2022:15:10:27 -0800] "GET /?author=61 HTTP/1.1" 404 9049 "-" "Mozilla/5.0 (Windows NT 10.0; Win64; x64; rv:88.0) Gecko/20100101 Firefox/88.0" "gatipackers.com"
10.213.116.210 - - [11/Nov/2022:15:10:31 -0800] "POST /wp-cron.php?doing_wp_cron=1668208231.1166489124298095703125 HTTP/1.1" 200 - "http://gatipackers.com/wp-cron.php?doing_wp_cron=1668208231.1166489124298095703125" "WordPress/5.6.10; http://gatipackers.com" "gatipackers.com"
150.158.179.148 - - [11/Nov/2022:15:10:32 -0800] "GET /?author=1 HTTP/1.1" 200 14259 "-" "Mozilla/5.0 (Windows NT 10.0; Win64; x64) AppleWebKit/537.36 (KHTML, like Gecko) Chrome/65.0.3325.181 Safari/537.36" "gatipackers.com"
92.222.235.132 - - [11/Nov/2022:15:10:32 -0800] "GET /?author=41 HTTP/1.1" 404 9049 "-" "Mozilla/5.0 (Windows NT 10.0; Win64; x64) AppleWebKit/537.36 (KHTML, like Gecko) Chrome/64.0.3282.186 Safari/537.36" "gatipackers.com"
103.53.42.49 - - [11/Nov/2022:15:10:33 -0800] "GET /?author=61 HTTP/1.1" 404 9049 "-" "Mozilla/5.0 (Windows NT 10.0; Win64; x64; rv:88.0) Gecko/20100101 Firefox/88.0" "gatipackers.com"
150.158.179.148 - - [11/Nov/2022:15:10:36 -0800] "GET /?author=2 HTTP/1.1" 404 9049 "-" "Mozilla/5.0 (Windows NT 10.0; Win64; x64) AppleWebKit/537.36 (KHTML, like Gecko) Chrome/65.0.3325.181 Safari/537.36" "gatipackers.com"
92.222.235.132 - - [11/Nov/2022:15:10:36 -0800] "GET /?author=42 HTTP/1.1" 404 9049 "-" "Mozilla/5.0 (Windows NT 10.0; Win64; x64) AppleWebKit/537.36 (KHTML, like Gecko) Chrome/64.0.3282.186 Safari/537.36" "gatipackers.com"
103.53.42.49 - - [11/Nov/2022:15:10:37 -0800] "GET /?author=62 HTTP/1.1" 404 9049 "-" "Mozilla/5.0 (Windows NT 10.0; Win64; x64; rv:88.0) Gecko/20100101 Firefox/88.0" "gatipackers.com"
150.158.179.148 - - [11/Nov/2022:15:10:39 -0800] "GET /?author=3 HTTP/1.1" 404 9049 "-" "Mozilla/5.0 (Windows NT 10.0; Win64; x64) AppleWebKit/537.36 (KHTML, like Gecko) Chrome/65.0.3325.181 Safari/537.36" "gatipackers.com"
92.222.235.132 - - [11/Nov/2022:15:10:40 -0800] "GET /?author=43 HTTP/1.1" 404 9049 "-" "Mozilla/5.0 (Windows NT 10.0; Win64; x64) AppleWebKit/537.36 (KHTML, like Gecko) Chrome/64.0.3282.186 Safari/537.36" "gatipackers.com"
103.53.42.49 - - [11/Nov/2022:15:10:41 -0800] "GET /?author=63 HTTP/1.1" 404 9049 "-" "Mozilla/5.0 (Windows NT 10.0; Win64; x64; rv:88.0) Gecko/20100101 Firefox/88.0" "gatipackers.com"
150.158.179.148 - - [11/Nov/2022:15:10:43 -0800] "GET /?author=4 HTTP/1.1" 404 9049 "-" "Mozilla/5.0 (Windows NT 10.0; Win64; x64) AppleWebKit/537.36 (KHTML, like Gecko) Chrome/65.0.3325.181 Safari/537.36" "gatipackers.com"
92.222.235.132 - - [11/Nov/2022:15:10:43 -0800] "GET /?author=44 HTTP/1.1" 404 9049 "-" "Mozilla/5.0 (Windows NT 10.0; Win64; x64) AppleWebKit/537.36 (KHTML, like Gecko) Chrome/64.0.3282.186 Safari/537.36" "gatipackers.com"
103.53.42.49 - - [11/Nov/2022:15:10:44 -0800] "GET /?author=64 HTTP/1.1" 404 9049 "-" "Mozilla/5.0 (Windows NT 10.0; Win64; x64; rv:88.0) Gecko/20100101 Firefox/88.0" "gatipackers.com"
92.222.235.132 - - [11/Nov/2022:15:10:46 -0800] "GET /?author=45 HTTP/1.1" 404 9049 "-" "Mozilla/5.0 (Windows NT 10.0; Win64; x64) AppleWebKit/537.36 (KHTML, like Gecko) Chrome/64.0.3282.186 Safari/537.36" "gatipackers.com"
150.158.179.148 - - [11/Nov/2022:15:10:46 -0800] "GET /?author=5 HTTP/1.1" 404 9049 "-" "Mozilla/5.0 (Windows NT 10.0; Win64; x64) AppleWebKit/537.36 (KHTML, like Gecko) Chrome/65.0.3325.181 Safari/537.36" "gatipackers.com"
103.53.42.49 - - [11/Nov/2022:15:10:47 -0800] "GET /?author=65 HTTP/1.1" 404 9049 "-" "Mozilla/5.0 (Windows NT 10.0; Win64; x64; rv:88.0) Gecko/20100101 Firefox/88.0" "gatipackers.com"
92.222.235.132 - - [11/Nov/2022:15:10:49 -0800] "GET /?author=46 HTTP/1.1" 404 9049 "-" "Mozilla/5.0 (Windows NT 10.0; Win64; x64) AppleWebKit/537.36 (KHTML, like Gecko) Chrome/64.0.3282.186 Safari/537.36" "gatipackers.com"
150.158.179.148 - - [11/Nov/2022:15:10:49 -0800] "GET /?author=6 HTTP/1.1" 404 9049 "-" "Mozilla/5.0 (Windows NT 10.0; Win64; x64) AppleWebKit/537.36 (KHTML, like Gecko) Chrome/65.0.3325.181 Safari/537.36" "gatipackers.com"
103.53.42.49 - - [11/Nov/2022:15:10:51 -0800] "GET /?author=66 HTTP/1.1" 404 9049 "-" "Mozilla/5.0 (Windows NT 10.0; Win64; x64; rv:88.0) Gecko/20100101 Firefox/88.0" "gatipackers.com"
92.222.235.132 - - [11/Nov/2022:15:10:52 -0800] "GET /?author=47 HTTP/1.1" 404 9049 "-" "Mozilla/5.0 (Windows NT 10.0; Win64; x64) AppleWebKit/537.36 (KHTML, like Gecko) Chrome/64.0.3282.186 Safari/537.36" "gatipackers.com"
150.158.179.148 - - [11/Nov/2022:15:10:52 -0800] "GET /?author=7 HTTP/1.1" 404 9049 "-" "Mozilla/5.0 (Windows NT 10.0; Win64; x64) AppleWebKit/537.36 (KHTML, like Gecko) Chrome/65.0.3325.181 Safari/537.36" "gatipackers.com"
103.53.42.49 - - [11/Nov/2022:15:10:54 -0800] "GET /?author=67 HTTP/1.1" 404 9049 "-" "Mozilla/5.0 (Windows NT 10.0; Win64; x64; rv:88.0) Gecko/20100101 Firefox/88.0" "gatipackers.com"
92.222.235.132 - - [11/Nov/2022:15:10:55 -0800] "GET /?author=48 HTTP/1.1" 404 9049 "-" "Mozilla/5.0 (Windows NT 10.0; Win64; x64) AppleWebKit/537.36 (KHTML, like Gecko) Chrome/64.0.3282.186 Safari/537.36" "gatipackers.com"
150.158.179.148 - - [11/Nov/2022:15:10:55 -0800] "GET /?author=8 HTTP/1.1" 404 9049 "-" "Mozilla/5.0 (Windows NT 10.0; Win64; x64) AppleWebKit/537.36 (KHTML, like Gecko) Chrome/65.0.3325.181 Safari/537.36" "gatipackers.com"
103.53.42.49 - - [11/Nov/2022:15:10:57 -0800] "GET /?author=68 HTTP/1.1" 404 9049 "-" "Mozilla/5.0 (Windows NT 10.0; Win64; x64; rv:88.0) Gecko/20100101 Firefox/88.0" "gatipackers.com"
92.222.235.132 - - [11/Nov/2022:15:10:58 -0800] "GET /?author=49 HTTP/1.1" 404 9049 "-" "Mozilla/5.0 (Windows NT 10.0; Win64; x64) AppleWebKit/537.36 (KHTML, like Gecko) Chrome/64.0.3282.186 Safari/537.36" "gatipackers.com"
150.158.179.148 - - [11/Nov/2022:15:10:58 -0800] "GET /?author=9 HTTP/1.1" 404 9049 "-" "Mozilla/5.0 (Windows NT 10.0; Win64; x64) AppleWebKit/537.36 (KHTML, like Gecko) Chrome/65.0.3325.181 Safari/537.36" "gatipackers.com"
103.53.42.49 - - [11/Nov/2022:15:11:00 -0800] "GET /?author=69 HTTP/1.1" 404 9049 "-" "Mozilla/5.0 (Windows NT 10.0; Win64; x64; rv:88.0) Gecko/20100101 Firefox/88.0" "gatipackers.com"
92.222.235.132 - - [11/Nov/2022:15:11:01 -0800] "GET /?author=50 HTTP/1.1" 404 9049 "-" "Mozilla/5.0 (Windows NT 10.0; Win64; x64) AppleWebKit/537.36 (KHTML, like Gecko) Chrome/64.0.3282.186 Safari/537.36" "gatipackers.com"
150.158.179.148 - - [11/Nov/2022:15:11:01 -0800] "GET /?author=10 HTTP/1.1" 404 9049 "-" "Mozilla/5.0 (Windows NT 10.0; Win64; x64) AppleWebKit/537.36 (KHTML, like Gecko) Chrome/65.0.3325.181 Safari/537.36" "gatipackers.com"
103.53.42.49 - - [11/Nov/2022:15:11:03 -0800] "GET /?author=70 HTTP/1.1" 404 9049 "-" "Mozilla/5.0 (Windows NT 10.0; Win64; x64; rv:88.0) Gecko/20100101 Firefox/88.0" "gatipackers.com"
192.241.237.189 - - [11/Nov/2022:15:11:10 -0800] "GET /?author=131 HTTP/1.1" 404 9049 "-" "Mozilla/5.0 (Windows NT 10.0; WOW64; rv:54.0) Gecko/20100101 Firefox/54.0" "gatipackers.com"
104.236.60.16 - - [11/Nov/2022:15:11:11 -0800] "GET /?author=71 HTTP/1.1" 404 9049 "-" "Mozilla/5.0 (Windows NT 10.0; Win64; x64; rv:62.0) Gecko/20100101 Firefox/62.0" "gatipackers.com"
104.236.60.16 - - [11/Nov/2022:15:11:14 -0800] "GET /?author=71 HTTP/1.1" 404 9049 "-" "Mozilla/5.0 (Windows NT 10.0; Win64; x64; rv:62.0) Gecko/20100101 Firefox/62.0" "gatipackers.com"
104.236.60.16 - - [11/Nov/2022:15:11:17 -0800] "GET /?author=72 HTTP/1.1" 404 9049 "-" "Mozilla/5.0 (Windows NT 10.0; Win64; x64; rv:62.0) Gecko/20100101 Firefox/62.0" "gatipackers.com"
192.241.237.189 - - [11/Nov/2022:15:11:17 -0800] "GET /?author=131 HTTP/1.1" 404 9049 "-" "Mozilla/5.0 (Windows NT 10.0; WOW64; rv:54.0) Gecko/20100101 Firefox/54.0" "gatipackers.com"
42.192.4.129 - - [11/Nov/2022:15:11:17 -0800] "GET /?author=111 HTTP/1.1" 404 9049 "-" "Mozilla/5.0 (Windows NT 10.0; Win64; x64) AppleWebKit/537.36 (KHTML, like Gecko) Chrome/70.0.3538.102 Safari/537.36" "gatipackers.com"
104.236.60.16 - - [11/Nov/2022:15:11:19 -0800] "GET /?author=73 HTTP/1.1" 404 9049 "-" "Mozilla/5.0 (Windows NT 10.0; Win64; x64; rv:62.0) Gecko/20100101 Firefox/62.0" "gatipackers.com"
42.192.4.129 - - [11/Nov/2022:15:11:21 -0800] "GET /?author=111 HTTP/1.1" 404 9049 "-" "Mozilla/5.0 (Windows NT 10.0; Win64; x64) AppleWebKit/537.36 (KHTML, like Gecko) Chrome/70.0.3538.102 Safari/537.36" "gatipackers.com"
104.236.60.16 - - [11/Nov/2022:15:11:22 -0800] "GET /?author=74 HTTP/1.1" 404 9049 "-" "Mozilla/5.0 (Windows NT 10.0; Win64; x64; rv:62.0) Gecko/20100101 Firefox/62.0" "gatipackers.com"
42.192.4.129 - - [11/Nov/2022:15:11:24 -0800] "GET /?author=112 HTTP/1.1" 404 9049 "-" "Mozilla/5.0 (Windows NT 10.0; Win64; x64) AppleWebKit/537.36 (KHTML, like Gecko) Chrome/70.0.3538.102 Safari/537.36" "gatipackers.com"
104.236.60.16 - - [11/Nov/2022:15:11:26 -0800] "GET /?author=75 HTTP/1.1" 404 9049 "-" "Mozilla/5.0 (Windows NT 10.0; Win64; x64; rv:62.0) Gecko/20100101 Firefox/62.0" "gatipackers.com"
42.192.4.129 - - [11/Nov/2022:15:11:27 -0800] "GET /?author=113 HTTP/1.1" 404 9049 "-" "Mozilla/5.0 (Windows NT 10.0; Win64; x64) AppleWebKit/537.36 (KHTML, like Gecko) Chrome/70.0.3538.102 Safari/537.36" "gatipackers.com"
104.236.60.16 - - [11/Nov/2022:15:11:29 -0800] "GET /?author=76 HTTP/1.1" 404 9049 "-" "Mozilla/5.0 (Windows NT 10.0; Win64; x64; rv:62.0) Gecko/20100101 Firefox/62.0" "gatipackers.com"
192.241.237.189 - - [11/Nov/2022:15:11:30 -0800] "GET /?author=132 HTTP/1.1" 404 9049 "-" "Mozilla/5.0 (Windows NT 10.0; WOW64; rv:54.0) Gecko/20100101 Firefox/54.0" "gatipackers.com"
42.192.4.129 - - [11/Nov/2022:15:11:30 -0800] "GET /?author=114 HTTP/1.1" 404 9049 "-" "Mozilla/5.0 (Windows NT 10.0; Win64; x64) AppleWebKit/537.36 (KHTML, like Gecko) Chrome/70.0.3538.102 Safari/537.36" "gatipackers.com"
104.236.60.16 - - [11/Nov/2022:15:11:32 -0800] "GET /?author=77 HTTP/1.1" 404 9049 "-" "Mozilla/5.0 (Windows NT 10.0; Win64; x64; rv:62.0) Gecko/20100101 Firefox/62.0" "gatipackers.com"
192.241.237.189 - - [11/Nov/2022:15:11:33 -0800] "GET /?author=133 HTTP/1.1" 404 9049 "-" "Mozilla/5.0 (Windows NT 10.0; WOW64; rv:54.0) Gecko/20100101 Firefox/54.0" "gatipackers.com"
42.192.4.129 - - [11/Nov/2022:15:11:34 -0800] "GET /?author=115 HTTP/1.1" 404 9049 "-" "Mozilla/5.0 (Windows NT 10.0; Win64; x64) AppleWebKit/537.36 (KHTML, like Gecko) Chrome/70.0.3538.102 Safari/537.36" "gatipackers.com"
104.236.60.16 - - [11/Nov/2022:15:11:35 -0800] "GET /?author=78 HTTP/1.1" 404 9049 "-" "Mozilla/5.0 (Windows NT 10.0; Win64; x64; rv:62.0) Gecko/20100101 Firefox/62.0" "gatipackers.com"
192.241.237.189 - - [11/Nov/2022:15:11:36 -0800] "GET /?author=134 HTTP/1.1" 404 9049 "-" "Mozilla/5.0 (Windows NT 10.0; WOW64; rv:54.0) Gecko/20100101 Firefox/54.0" "gatipackers.com"
42.192.4.129 - - [11/Nov/2022:15:11:37 -0800] "GET /?author=116 HTTP/1.1" 404 9049 "-" "Mozilla/5.0 (Windows NT 10.0; Win64; x64) AppleWebKit/537.36 (KHTML, like Gecko) Chrome/70.0.3538.102 Safari/537.36" "gatipackers.com"
104.236.60.16 - - [11/Nov/2022:15:11:38 -0800] "GET /?author=79 HTTP/1.1" 404 9049 "-" "Mozilla/5.0 (Windows NT 10.0; Win64; x64; rv:62.0) Gecko/20100101 Firefox/62.0" "gatipackers.com"
192.241.237.189 - - [11/Nov/2022:15:11:38 -0800] "GET /?author=135 HTTP/1.1" 404 9049 "-" "Mozilla/5.0 (Windows NT 10.0; WOW64; rv:54.0) Gecko/20100101 Firefox/54.0" "gatipackers.com"
42.192.4.129 - - [11/Nov/2022:15:11:40 -0800] "GET /?author=117 HTTP/1.1" 404 9049 "-" "Mozilla/5.0 (Windows NT 10.0; Win64; x64) AppleWebKit/537.36 (KHTML, like Gecko) Chrome/70.0.3538.102 Safari/537.36" "gatipackers.com"
192.241.237.189 - - [11/Nov/2022:15:11:41 -0800] "GET /?author=136 HTTP/1.1" 404 9049 "-" "Mozilla/5.0 (Windows NT 10.0; WOW64; rv:54.0) Gecko/20100101 Firefox/54.0" "gatipackers.com"
104.236.60.16 - - [11/Nov/2022:15:11:41 -0800] "GET /?author=80 HTTP/1.1" 404 9049 "-" "Mozilla/5.0 (Windows NT 10.0; Win64; x64; rv:62.0) Gecko/20100101 Firefox/62.0" "gatipackers.com"
42.192.4.129 - - [11/Nov/2022:15:11:43 -0800] "GET /?author=118 HTTP/1.1" 404 9049 "-" "Mozilla/5.0 (Windows NT 10.0; Win64; x64) AppleWebKit/537.36 (KHTML, like Gecko) Chrome/70.0.3538.102 Safari/537.36" "gatipackers.com"
192.241.237.189 - - [11/Nov/2022:15:11:43 -0800] "GET /?author=137 HTTP/1.1" 404 9049 "-" "Mozilla/5.0 (Windows NT 10.0; WOW64; rv:54.0) Gecko/20100101 Firefox/54.0" "gatipackers.com"
42.192.4.129 - - [11/Nov/2022:15:11:46 -0800] "GET /?author=119 HTTP/1.1" 404 9049 "-" "Mozilla/5.0 (Windows NT 10.0; Win64; x64) AppleWebKit/537.36 (KHTML, like Gecko) Chrome/70.0.3538.102 Safari/537.36" "gatipackers.com"
192.241.237.189 - - [11/Nov/2022:15:11:46 -0800] "GET /?author=138 HTTP/1.1" 404 9049 "-" "Mozilla/5.0 (Windows NT 10.0; WOW64; rv:54.0) Gecko/20100101 Firefox/54.0" "gatipackers.com"
42.192.4.129 - - [11/Nov/2022:15:11:49 -0800] "GET /?author=120 HTTP/1.1" 404 9049 "-" "Mozilla/5.0 (Windows NT 10.0; Win64; x64) AppleWebKit/537.36 (KHTML, like Gecko) Chrome/70.0.3538.102 Safari/537.36" "gatipackers.com"
192.241.237.189 - - [11/Nov/2022:15:11:49 -0800] "GET /?author=139 HTTP/1.1" 404 9049 "-" "Mozilla/5.0 (Windows NT 10.0; WOW64; rv:54.0) Gecko/20100101 Firefox/54.0" "gatipackers.com"
192.241.237.189 - - [11/Nov/2022:15:11:52 -0800] "GET /?author=140 HTTP/1.1" 404 9049 "-" "Mozilla/5.0 (Windows NT 10.0; WOW64; rv:54.0) Gecko/20100101 Firefox/54.0" "gatipackers.com"
111.231.72.87 - - [11/Nov/2022:15:11:56 -0800] "GET /?author=11 HTTP/1.1" 404 9049 "-" "Mozilla/5.0 (Windows NT 10.0) AppleWebKit/537.36 (KHTML, like Gecko) Chrome/91.0.4472.114 Safari/537.36" "gatipackers.com"
111.231.72.87 - - [11/Nov/2022:15:11:59 -0800] "GET /?author=11 HTTP/1.1" 404 9049 "-" "Mozilla/5.0 (Windows NT 10.0) AppleWebKit/537.36 (KHTML, like Gecko) Chrome/91.0.4472.114 Safari/537.36" "gatipackers.com"
184.168.112.150 - - [11/Nov/2022:15:12:01 -0800] "GET /?author=101 HTTP/1.1" 404 9049 "-" "Mozilla/5.0 (Windows NT 10.0; Win64; x64) AppleWebKit/537.36 (KHTML, like Gecko) Chrome/74.0.3729.131 Safari/537.36" "gatipackers.com"
111.231.72.87 - - [11/Nov/2022:15:12:02 -0800] "GET /?author=12 HTTP/1.1" 404 9049 "-" "Mozilla/5.0 (Windows NT 10.0) AppleWebKit/537.36 (KHTML, like Gecko) Chrome/91.0.4472.114 Safari/537.36" "gatipackers.com"
184.168.112.150 - - [11/Nov/2022:15:12:04 -0800] "GET /?author=101 HTTP/1.1" 404 9049 "-" "Mozilla/5.0 (Windows NT 10.0; Win64; x64) AppleWebKit/537.36 (KHTML, like Gecko) Chrome/74.0.3729.131 Safari/537.36" "gatipackers.com"
111.231.72.87 - - [11/Nov/2022:15:12:05 -0800] "GET /?author=13 HTTP/1.1" 404 9049 "-" "Mozilla/5.0 (Windows NT 10.0) AppleWebKit/537.36 (KHTML, like Gecko) Chrome/91.0.4472.114 Safari/537.36" "gatipackers.com"
184.168.112.150 - - [11/Nov/2022:15:12:07 -0800] "GET /?author=102 HTTP/1.1" 404 9049 "-" "Mozilla/5.0 (Windows NT 10.0; Win64; x64) AppleWebKit/537.36 (KHTML, like Gecko) Chrome/74.0.3729.131 Safari/537.36" "gatipackers.com"
111.231.72.87 - - [11/Nov/2022:15:12:08 -0800] "GET /?author=14 HTTP/1.1" 404 9049 "-" "Mozilla/5.0 (Windows NT 10.0) AppleWebKit/537.36 (KHTML, like Gecko) Chrome/91.0.4472.114 Safari/537.36" "gatipackers.com"
103.255.237.3 - - [11/Nov/2022:15:12:10 -0800] "GET /?author=31 HTTP/1.1" 404 9049 "-" "Mozilla/5.0 (Windows NT 6.1; WOW64; rv:40.0) Gecko/20100101 Firefox/40.1" "gatipackers.com"
184.168.112.150 - - [11/Nov/2022:15:12:10 -0800] "GET /?author=103 HTTP/1.1" 404 9049 "-" "Mozilla/5.0 (Windows NT 10.0; Win64; x64) AppleWebKit/537.36 (KHTML, like Gecko) Chrome/74.0.3729.131 Safari/537.36" "gatipackers.com"
111.231.72.87 - - [11/Nov/2022:15:12:11 -0800] "GET /?author=15 HTTP/1.1" 404 9049 "-" "Mozilla/5.0 (Windows NT 10.0) AppleWebKit/537.36 (KHTML, like Gecko) Chrome/91.0.4472.114 Safari/537.36" "gatipackers.com"
184.168.112.150 - - [11/Nov/2022:15:12:13 -0800] "GET /?author=104 HTTP/1.1" 404 9049 "-" "Mozilla/5.0 (Windows NT 10.0; Win64; x64) AppleWebKit/537.36 (KHTML, like Gecko) Chrome/74.0.3729.131 Safari/537.36" "gatipackers.com"
103.255.237.3 - - [11/Nov/2022:15:12:13 -0800] "GET /?author=31 HTTP/1.1" 404 9049 "-" "Mozilla/5.0 (Windows NT 6.1; WOW64; rv:40.0) Gecko/20100101 Firefox/40.1" "gatipackers.com"
111.231.72.87 - - [11/Nov/2022:15:12:14 -0800] "GET /?author=16 HTTP/1.1" 404 9049 "-" "Mozilla/5.0 (Windows NT 10.0) AppleWebKit/537.36 (KHTML, like Gecko) Chrome/91.0.4472.114 Safari/537.36" "gatipackers.com"
184.168.112.150 - - [11/Nov/2022:15:12:16 -0800] "GET /?author=105 HTTP/1.1" 404 9049 "-" "Mozilla/5.0 (Windows NT 10.0; Win64; x64) AppleWebKit/537.36 (KHTML, like Gecko) Chrome/74.0.3729.131 Safari/537.36" "gatipackers.com"
103.255.237.3 - - [11/Nov/2022:15:12:16 -0800] "GET /?author=32 HTTP/1.1" 404 9049 "-" "Mozilla/5.0 (Windows NT 6.1; WOW64; rv:40.0) Gecko/20100101 Firefox/40.1" "gatipackers.com"
111.231.72.87 - - [11/Nov/2022:15:12:18 -0800] "GET /?author=17 HTTP/1.1" 404 9049 "-" "Mozilla/5.0 (Windows NT 10.0) AppleWebKit/537.36 (KHTML, like Gecko) Chrome/91.0.4472.114 Safari/537.36" "gatipackers.com"
184.168.112.150 - - [11/Nov/2022:15:12:18 -0800] "GET /?author=106 HTTP/1.1" 404 9049 "-" "Mozilla/5.0 (Windows NT 10.0; Win64; x64) AppleWebKit/537.36 (KHTML, like Gecko) Chrome/74.0.3729.131 Safari/537.36" "gatipackers.com"
103.255.237.3 - - [11/Nov/2022:15:12:19 -0800] "GET /?author=33 HTTP/1.1" 404 9049 "-" "Mozilla/5.0 (Windows NT 6.1; WOW64; rv:40.0) Gecko/20100101 Firefox/40.1" "gatipackers.com"
111.231.72.87 - - [11/Nov/2022:15:12:21 -0800] "GET /?author=18 HTTP/1.1" 404 9049 "-" "Mozilla/5.0 (Windows NT 10.0) AppleWebKit/537.36 (KHTML, like Gecko) Chrome/91.0.4472.114 Safari/537.36" "gatipackers.com"
184.168.112.150 - - [11/Nov/2022:15:12:22 -0800] "GET /?author=107 HTTP/1.1" 404 9049 "-" "Mozilla/5.0 (Windows NT 10.0; Win64; x64) AppleWebKit/537.36 (KHTML, like Gecko) Chrome/74.0.3729.131 Safari/537.36" "gatipackers.com"
103.255.237.3 - - [11/Nov/2022:15:12:23 -0800] "GET /?author=34 HTTP/1.1" 404 9049 "-" "Mozilla/5.0 (Windows NT 6.1; WOW64; rv:40.0) Gecko/20100101 Firefox/40.1" "gatipackers.com"
111.231.72.87 - - [11/Nov/2022:15:12:24 -0800] "GET /?author=19 HTTP/1.1" 404 9049 "-" "Mozilla/5.0 (Windows NT 10.0) AppleWebKit/537.36 (KHTML, like Gecko) Chrome/91.0.4472.114 Safari/537.36" "gatipackers.com"
184.168.112.150 - - [11/Nov/2022:15:12:25 -0800] "GET /?author=108 HTTP/1.1" 404 9049 "-" "Mozilla/5.0 (Windows NT 10.0; Win64; x64) AppleWebKit/537.36 (KHTML, like Gecko) Chrome/74.0.3729.131 Safari/537.36" "gatipackers.com"
103.255.237.3 - - [11/Nov/2022:15:12:26 -0800] "GET /?author=35 HTTP/1.1" 404 9049 "-" "Mozilla/5.0 (Windows NT 6.1; WOW64; rv:40.0) Gecko/20100101 Firefox/40.1" "gatipackers.com"
111.231.72.87 - - [11/Nov/2022:15:12:27 -0800] "GET /?author=20 HTTP/1.1" 404 9049 "-" "Mozilla/5.0 (Windows NT 10.0) AppleWebKit/537.36 (KHTML, like Gecko) Chrome/91.0.4472.114 Safari/537.36" "gatipackers.com"
184.168.112.150 - - [11/Nov/2022:15:12:28 -0800] "GET /?author=109 HTTP/1.1" 404 9049 "-" "Mozilla/5.0 (Windows NT 10.0; Win64; x64) AppleWebKit/537.36 (KHTML, like Gecko) Chrome/74.0.3729.131 Safari/537.36" "gatipackers.com"
103.255.237.3 - - [11/Nov/2022:15:12:29 -0800] "GET /?author=36 HTTP/1.1" 404 9049 "-" "Mozilla/5.0 (Windows NT 6.1; WOW64; rv:40.0) Gecko/20100101 Firefox/40.1" "gatipackers.com"
184.168.112.150 - - [11/Nov/2022:15:12:31 -0800] "GET /?author=110 HTTP/1.1" 404 9049 "-" "Mozilla/5.0 (Windows NT 10.0; Win64; x64) AppleWebKit/537.36 (KHTML, like Gecko) Chrome/74.0.3729.131 Safari/537.36" "gatipackers.com"
103.255.237.3 - - [11/Nov/2022:15:12:33 -0800] "GET /?author=37 HTTP/1.1" 404 9049 "-" "Mozilla/5.0 (Windows NT 6.1; WOW64; rv:40.0) Gecko/20100101 Firefox/40.1" "gatipackers.com"
103.255.237.3 - - [11/Nov/2022:15:12:37 -0800] "GET /?author=38 HTTP/1.1" 404 9049 "-" "Mozilla/5.0 (Windows NT 6.1; WOW64; rv:40.0) Gecko/20100101 Firefox/40.1" "gatipackers.com"
103.108.220.203 - - [11/Nov/2022:15:12:39 -0800] "GET /?author=141 HTTP/1.1" 404 9049 "-" "Mozilla/5.0 (Windows NT 10.0; Win64; x64; rv:63.0) Gecko/20100101 Firefox/63.0" "gatipackers.com"
103.255.237.3 - - [11/Nov/2022:15:12:42 -0800] "GET /?author=39 HTTP/1.1" 404 9049 "-" "Mozilla/5.0 (Windows NT 6.1; WOW64; rv:40.0) Gecko/20100101 Firefox/40.1" "gatipackers.com"
103.108.220.203 - - [11/Nov/2022:15:12:44 -0800] "GET /?author=141 HTTP/1.1" 404 9049 "-" "Mozilla/5.0 (Windows NT 10.0; Win64; x64; rv:63.0) Gecko/20100101 Firefox/63.0" "gatipackers.com"
103.255.237.3 - - [11/Nov/2022:15:12:46 -0800] "GET /?author=40 HTTP/1.1" 404 9049 "-" "Mozilla/5.0 (Windows NT 6.1; WOW64; rv:40.0) Gecko/20100101 Firefox/40.1" "gatipackers.com"
103.108.220.203 - - [11/Nov/2022:15:12:47 -0800] "GET /?author=142 HTTP/1.1" 404 9049 "-" "Mozilla/5.0 (Windows NT 10.0; Win64; x64; rv:63.0) Gecko/20100101 Firefox/63.0" "gatipackers.com"
103.108.220.203 - - [11/Nov/2022:15:12:51 -0800] "GET /?author=143 HTTP/1.1" 404 9049 "-" "Mozilla/5.0 (Windows NT 10.0; Win64; x64; rv:63.0) Gecko/20100101 Firefox/63.0" "gatipackers.com"
103.108.220.203 - - [11/Nov/2022:15:12:55 -0800] "GET /?author=144 HTTP/1.1" 404 9049 "-" "Mozilla/5.0 (Windows NT 10.0; Win64; x64; rv:63.0) Gecko/20100101 Firefox/63.0" "gatipackers.com"
139.59.225.123 - - [11/Nov/2022:15:12:57 -0800] "GET /?author=51 HTTP/1.1" 404 9049 "-" "Mozilla/5.0 (Windows NT 5.1; Win64; x64) AppleWebKit/537.36 (KHTML, like Gecko) Chrome/60.0.3112.90 Safari/537.36" "gatipackers.com"
139.59.225.123 - - [11/Nov/2022:15:13:00 -0800] "GET /?author=51 HTTP/1.1" 404 9049 "-" "Mozilla/5.0 (Windows NT 5.1; Win64; x64) AppleWebKit/537.36 (KHTML, like Gecko) Chrome/60.0.3112.90 Safari/537.36" "gatipackers.com"
164.92.239.145 - - [11/Nov/2022:15:13:03 -0800] "GET /?author=81 HTTP/1.1" 404 9049 "-" "Mozilla/5.0 (Windows NT 10.0; Win64; x64; rv:59.0) Gecko/20100101 Firefox/59.0" "gatipackers.com"
139.59.225.123 - - [11/Nov/2022:15:13:03 -0800] "GET /?author=52 HTTP/1.1" 404 9049 "-" "Mozilla/5.0 (Windows NT 5.1; Win64; x64) AppleWebKit/537.36 (KHTML, like Gecko) Chrome/60.0.3112.90 Safari/537.36" "gatipackers.com"
164.92.239.145 - - [11/Nov/2022:15:13:06 -0800] "GET /?author=81 HTTP/1.1" 404 9049 "-" "Mozilla/5.0 (Windows NT 10.0; Win64; x64; rv:59.0) Gecko/20100101 Firefox/59.0" "gatipackers.com"
139.59.225.123 - - [11/Nov/2022:15:13:06 -0800] "GET /?author=53 HTTP/1.1" 404 9049 "-" "Mozilla/5.0 (Windows NT 5.1; Win64; x64) AppleWebKit/537.36 (KHTML, like Gecko) Chrome/60.0.3112.90 Safari/537.36" "gatipackers.com"
164.92.239.145 - - [11/Nov/2022:15:13:09 -0800] "GET /?author=82 HTTP/1.1" 404 9049 "-" "Mozilla/5.0 (Windows NT 10.0; Win64; x64; rv:59.0) Gecko/20100101 Firefox/59.0" "gatipackers.com"
139.59.225.123 - - [11/Nov/2022:15:13:11 -0800] "GET /?author=54 HTTP/1.1" 404 9049 "-" "Mozilla/5.0 (Windows NT 5.1; Win64; x64) AppleWebKit/537.36 (KHTML, like Gecko) Chrome/60.0.3112.90 Safari/537.36" "gatipackers.com"
164.92.239.145 - - [11/Nov/2022:15:13:12 -0800] "GET /?author=83 HTTP/1.1" 404 9049 "-" "Mozilla/5.0 (Windows NT 10.0; Win64; x64; rv:59.0) Gecko/20100101 Firefox/59.0" "gatipackers.com"
164.92.239.145 - - [11/Nov/2022:15:13:15 -0800] "GET /?author=84 HTTP/1.1" 404 9049 "-" "Mozilla/5.0 (Windows NT 10.0; Win64; x64; rv:59.0) Gecko/20100101 Firefox/59.0" "gatipackers.com"
139.59.225.123 - - [11/Nov/2022:15:13:14 -0800] "GET /?author=55 HTTP/1.1" 404 9049 "-" "Mozilla/5.0 (Windows NT 5.1; Win64; x64) AppleWebKit/537.36 (KHTML, like Gecko) Chrome/60.0.3112.90 Safari/537.36" "gatipackers.com"
164.92.239.145 - - [11/Nov/2022:15:13:17 -0800] "GET /?author=85 HTTP/1.1" 404 9049 "-" "Mozilla/5.0 (Windows NT 10.0; Win64; x64; rv:59.0) Gecko/20100101 Firefox/59.0" "gatipackers.com"
139.59.225.123 - - [11/Nov/2022:15:13:18 -0800] "GET /?author=56 HTTP/1.1" 404 9049 "-" "Mozilla/5.0 (Windows NT 5.1; Win64; x64) AppleWebKit/537.36 (KHTML, like Gecko) Chrome/60.0.3112.90 Safari/537.36" "gatipackers.com"
103.108.220.203 - - [11/Nov/2022:15:13:19 -0800] "GET /?author=146 HTTP/1.1" 404 9049 "-" "Mozilla/5.0 (Windows NT 10.0; Win64; x64; rv:63.0) Gecko/20100101 Firefox/63.0" "gatipackers.com"
139.59.225.123 - - [11/Nov/2022:15:13:21 -0800] "GET /?author=57 HTTP/1.1" 404 9049 "-" "Mozilla/5.0 (Windows NT 5.1; Win64; x64) AppleWebKit/537.36 (KHTML, like Gecko) Chrome/60.0.3112.90 Safari/537.36" "gatipackers.com"
164.92.239.145 - - [11/Nov/2022:15:13:21 -0800] "GET /?author=86 HTTP/1.1" 404 9049 "-" "Mozilla/5.0 (Windows NT 10.0; Win64; x64; rv:59.0) Gecko/20100101 Firefox/59.0" "gatipackers.com"
103.108.220.203 - - [11/Nov/2022:15:13:22 -0800] "GET /?author=147 HTTP/1.1" 404 9049 "-" "Mozilla/5.0 (Windows NT 10.0; Win64; x64; rv:63.0) Gecko/20100101 Firefox/63.0" "gatipackers.com"
164.92.239.145 - - [11/Nov/2022:15:13:24 -0800] "GET /?author=87 HTTP/1.1" 404 9049 "-" "Mozilla/5.0 (Windows NT 10.0; Win64; x64; rv:59.0) Gecko/20100101 Firefox/59.0" "gatipackers.com"
139.59.225.123 - - [11/Nov/2022:15:13:24 -0800] "GET /?author=58 HTTP/1.1" 404 9049 "-" "Mozilla/5.0 (Windows NT 5.1; Win64; x64) AppleWebKit/537.36 (KHTML, like Gecko) Chrome/60.0.3112.90 Safari/537.36" "gatipackers.com"
103.108.220.203 - - [11/Nov/2022:15:13:26 -0800] "GET /?author=148 HTTP/1.1" 404 9049 "-" "Mozilla/5.0 (Windows NT 10.0; Win64; x64; rv:63.0) Gecko/20100101 Firefox/63.0" "gatipackers.com"
139.59.225.123 - - [11/Nov/2022:15:13:27 -0800] "GET /?author=59 HTTP/1.1" 404 9049 "-" "Mozilla/5.0 (Windows NT 5.1; Win64; x64) AppleWebKit/537.36 (KHTML, like Gecko) Chrome/60.0.3112.90 Safari/537.36" "gatipackers.com"
164.92.239.145 - - [11/Nov/2022:15:13:28 -0800] "GET /?author=88 HTTP/1.1" 404 9049 "-" "Mozilla/5.0 (Windows NT 10.0; Win64; x64; rv:59.0) Gecko/20100101 Firefox/59.0" "gatipackers.com"
103.108.220.203 - - [11/Nov/2022:15:13:29 -0800] "GET /?author=149 HTTP/1.1" 404 9049 "-" "Mozilla/5.0 (Windows NT 10.0; Win64; x64; rv:63.0) Gecko/20100101 Firefox/63.0" "gatipackers.com"
139.59.225.123 - - [11/Nov/2022:15:13:30 -0800] "GET /?author=60 HTTP/1.1" 404 9049 "-" "Mozilla/5.0 (Windows NT 5.1; Win64; x64) AppleWebKit/537.36 (KHTML, like Gecko) Chrome/60.0.3112.90 Safari/537.36" "gatipackers.com"
164.92.239.145 - - [11/Nov/2022:15:13:31 -0800] "GET /?author=89 HTTP/1.1" 404 9049 "-" "Mozilla/5.0 (Windows NT 10.0; Win64; x64; rv:59.0) Gecko/20100101 Firefox/59.0" "gatipackers.com"
103.108.220.203 - - [11/Nov/2022:15:13:33 -0800] "GET /?author=150 HTTP/1.1" 404 9049 "-" "Mozilla/5.0 (Windows NT 10.0; Win64; x64; rv:63.0) Gecko/20100101 Firefox/63.0" "gatipackers.com"
164.92.239.145 - - [11/Nov/2022:15:13:34 -0800] "GET /?author=90 HTTP/1.1" 404 9049 "-" "Mozilla/5.0 (Windows NT 10.0; Win64; x64; rv:59.0) Gecko/20100101 Firefox/59.0" "gatipackers.com"
198.55.102.203 - - [11/Nov/2022:15:13:37 -0800] "GET /?author=91 HTTP/1.1" 404 9049 "-" "Mozilla/5.0 (Windows NT 10.0; Win64; x64) AppleWebKit/537.36 (KHTML, like Gecko) Chrome/79.0.3945.117 Safari/537.36" "gatipackers.com"
198.55.102.203 - - [11/Nov/2022:15:13:40 -0800] "GET /?author=91 HTTP/1.1" 404 9049 "-" "Mozilla/5.0 (Windows NT 10.0; Win64; x64) AppleWebKit/537.36 (KHTML, like Gecko) Chrome/79.0.3945.117 Safari/537.36" "gatipackers.com"
198.55.102.203 - - [11/Nov/2022:15:13:43 -0800] "GET /?author=92 HTTP/1.1" 404 9049 "-" "Mozilla/5.0 (Windows NT 10.0; Win64; x64) AppleWebKit/537.36 (KHTML, like Gecko) Chrome/79.0.3945.117 Safari/537.36" "gatipackers.com"
103.180.120.234 - - [11/Nov/2022:15:13:44 -0800] "GET /?author=91 HTTP/1.1" 404 9049 "-" "Mozilla/5.0 (Windows NT 6.1; Win64; x64) AppleWebKit/537.36 (KHTML, like Gecko) Chrome/69.0.3497.100 Safari/537.36" "gatipackers.com"
198.55.102.203 - - [11/Nov/2022:15:13:45 -0800] "GET /?author=93 HTTP/1.1" 404 9049 "-" "Mozilla/5.0 (Windows NT 10.0; Win64; x64) AppleWebKit/537.36 (KHTML, like Gecko) Chrome/79.0.3945.117 Safari/537.36" "gatipackers.com"
103.180.120.234 - - [11/Nov/2022:15:13:48 -0800] "GET /?author=91 HTTP/1.1" 404 9049 "-" "Mozilla/5.0 (Windows NT 6.1; Win64; x64) AppleWebKit/537.36 (KHTML, like Gecko) Chrome/69.0.3497.100 Safari/537.36" "gatipackers.com"
139.9.165.71 - - [11/Nov/2022:15:13:50 -0800] "GET /?author=91 HTTP/1.1" 404 9049 "-" "Mozilla/5.0 (Linux; Android 10) AppleWebKit/537.36 (KHTML, like Gecko) Chrome/91.0.4472.114 Mobile Safari/537.36" "gatipackers.com"
198.55.102.203 - - [11/Nov/2022:15:13:50 -0800] "GET /?author=94 HTTP/1.1" 404 9049 "-" "Mozilla/5.0 (Windows NT 10.0; Win64; x64) AppleWebKit/537.36 (KHTML, like Gecko) Chrome/79.0.3945.117 Safari/537.36" "gatipackers.com"
198.55.102.203 - - [11/Nov/2022:15:13:53 -0800] "GET /?author=95 HTTP/1.1" 404 9049 "-" "Mozilla/5.0 (Windows NT 10.0; Win64; x64) AppleWebKit/537.36 (KHTML, like Gecko) Chrome/79.0.3945.117 Safari/537.36" "gatipackers.com"
103.180.120.234 - - [11/Nov/2022:15:13:53 -0800] "GET /?author=92 HTTP/1.1" 404 9049 "-" "Mozilla/5.0 (Windows NT 6.1; Win64; x64) AppleWebKit/537.36 (KHTML, like Gecko) Chrome/69.0.3497.100 Safari/537.36" "gatipackers.com"
139.9.165.71 - - [11/Nov/2022:15:13:53 -0800] "GET /?author=91 HTTP/1.1" 404 9049 "-" "Mozilla/5.0 (Linux; Android 10) AppleWebKit/537.36 (KHTML, like Gecko) Chrome/91.0.4472.114 Mobile Safari/537.36" "gatipackers.com"
198.55.102.203 - - [11/Nov/2022:15:13:56 -0800] "GET /?author=96 HTTP/1.1" 404 9049 "-" "Mozilla/5.0 (Windows NT 10.0; Win64; x64) AppleWebKit/537.36 (KHTML, like Gecko) Chrome/79.0.3945.117 Safari/537.36" "gatipackers.com"
139.9.165.71 - - [11/Nov/2022:15:13:57 -0800] "GET /?author=92 HTTP/1.1" 404 9049 "-" "Mozilla/5.0 (Linux; Android 10) AppleWebKit/537.36 (KHTML, like Gecko) Chrome/91.0.4472.114 Mobile Safari/537.36" "gatipackers.com"
103.180.120.234 - - [11/Nov/2022:15:13:58 -0800] "GET /?author=93 HTTP/1.1" 404 9049 "-" "Mozilla/5.0 (Windows NT 6.1; Win64; x64) AppleWebKit/537.36 (KHTML, like Gecko) Chrome/69.0.3497.100 Safari/537.36" "gatipackers.com"
198.55.102.203 - - [11/Nov/2022:15:13:58 -0800] "GET /?author=97 HTTP/1.1" 404 9049 "-" "Mozilla/5.0 (Windows NT 10.0; Win64; x64) AppleWebKit/537.36 (KHTML, like Gecko) Chrome/79.0.3945.117 Safari/537.36" "gatipackers.com"
139.9.165.71 - - [11/Nov/2022:15:14:00 -0800] "GET /?author=93 HTTP/1.1" 404 9049 "-" "Mozilla/5.0 (Linux; Android 10) AppleWebKit/537.36 (KHTML, like Gecko) Chrome/91.0.4472.114 Mobile Safari/537.36" "gatipackers.com"
198.55.102.203 - - [11/Nov/2022:15:14:01 -0800] "GET /?author=98 HTTP/1.1" 404 9049 "-" "Mozilla/5.0 (Windows NT 10.0; Win64; x64) AppleWebKit/537.36 (KHTML, like Gecko) Chrome/79.0.3945.117 Safari/537.36" "gatipackers.com"
103.180.120.234 - - [11/Nov/2022:15:14:03 -0800] "GET /?author=94 HTTP/1.1" 404 9049 "-" "Mozilla/5.0 (Windows NT 6.1; Win64; x64) AppleWebKit/537.36 (KHTML, like Gecko) Chrome/69.0.3497.100 Safari/537.36" "gatipackers.com"
139.9.165.71 - - [11/Nov/2022:15:14:03 -0800] "GET /?author=94 HTTP/1.1" 404 9049 "-" "Mozilla/5.0 (Linux; Android 10) AppleWebKit/537.36 (KHTML, like Gecko) Chrome/91.0.4472.114 Mobile Safari/537.36" "gatipackers.com"
198.55.102.203 - - [11/Nov/2022:15:14:03 -0800] "GET /?author=99 HTTP/1.1" 404 9049 "-" "Mozilla/5.0 (Windows NT 10.0; Win64; x64) AppleWebKit/537.36 (KHTML, like Gecko) Chrome/79.0.3945.117 Safari/537.36" "gatipackers.com"
139.9.165.71 - - [11/Nov/2022:15:14:06 -0800] "GET /?author=95 HTTP/1.1" 404 9049 "-" "Mozilla/5.0 (Linux; Android 10) AppleWebKit/537.36 (KHTML, like Gecko) Chrome/91.0.4472.114 Mobile Safari/537.36" "gatipackers.com"
198.55.102.203 - - [11/Nov/2022:15:14:06 -0800] "GET /?author=100 HTTP/1.1" 404 9049 "-" "Mozilla/5.0 (Windows NT 10.0; Win64; x64) AppleWebKit/537.36 (KHTML, like Gecko) Chrome/79.0.3945.117 Safari/537.36" "gatipackers.com"
103.180.120.234 - - [11/Nov/2022:15:14:07 -0800] "GET /?author=95 HTTP/1.1" 404 9049 "-" "Mozilla/5.0 (Windows NT 6.1; Win64; x64) AppleWebKit/537.36 (KHTML, like Gecko) Chrome/69.0.3497.100 Safari/537.36" "gatipackers.com"
139.9.165.71 - - [11/Nov/2022:15:14:09 -0800] "GET /?author=96 HTTP/1.1" 404 9049 "-" "Mozilla/5.0 (Linux; Android 10) AppleWebKit/537.36 (KHTML, like Gecko) Chrome/91.0.4472.114 Mobile Safari/537.36" "gatipackers.com"
103.180.120.234 - - [11/Nov/2022:15:14:11 -0800] "GET /?author=96 HTTP/1.1" 404 9049 "-" "Mozilla/5.0 (Windows NT 6.1; Win64; x64) AppleWebKit/537.36 (KHTML, like Gecko) Chrome/69.0.3497.100 Safari/537.36" "gatipackers.com"
139.9.165.71 - - [11/Nov/2022:15:14:12 -0800] "GET /?author=97 HTTP/1.1" 404 9049 "-" "Mozilla/5.0 (Linux; Android 10) AppleWebKit/537.36 (KHTML, like Gecko) Chrome/91.0.4472.114 Mobile Safari/537.36" "gatipackers.com"
139.9.165.71 - - [11/Nov/2022:15:14:15 -0800] "GET /?author=98 HTTP/1.1" 404 9049 "-" "Mozilla/5.0 (Linux; Android 10) AppleWebKit/537.36 (KHTML, like Gecko) Chrome/91.0.4472.114 Mobile Safari/537.36" "gatipackers.com"
103.180.120.234 - - [11/Nov/2022:15:14:15 -0800] "GET /?author=97 HTTP/1.1" 404 9049 "-" "Mozilla/5.0 (Windows NT 6.1; Win64; x64) AppleWebKit/537.36 (KHTML, like Gecko) Chrome/69.0.3497.100 Safari/537.36" "gatipackers.com"
139.9.165.71 - - [11/Nov/2022:15:14:18 -0800] "GET /?author=99 HTTP/1.1" 404 9049 "-" "Mozilla/5.0 (Linux; Android 10) AppleWebKit/537.36 (KHTML, like Gecko) Chrome/91.0.4472.114 Mobile Safari/537.36" "gatipackers.com"
103.180.120.234 - - [11/Nov/2022:15:14:20 -0800] "GET /?author=98 HTTP/1.1" 404 9049 "-" "Mozilla/5.0 (Windows NT 6.1; Win64; x64) AppleWebKit/537.36 (KHTML, like Gecko) Chrome/69.0.3497.100 Safari/537.36" "gatipackers.com"
139.9.165.71 - - [11/Nov/2022:15:14:22 -0800] "GET /?author=100 HTTP/1.1" 404 9049 "-" "Mozilla/5.0 (Linux; Android 10) AppleWebKit/537.36 (KHTML, like Gecko) Chrome/91.0.4472.114 Mobile Safari/537.36" "gatipackers.com"
103.180.120.234 - - [11/Nov/2022:15:14:24 -0800] "GET /?author=99 HTTP/1.1" 404 9049 "-" "Mozilla/5.0 (Windows NT 6.1; Win64; x64) AppleWebKit/537.36 (KHTML, like Gecko) Chrome/69.0.3497.100 Safari/537.36" "gatipackers.com"
103.180.120.234 - - [11/Nov/2022:15:14:28 -0800] "GET /?author=100 HTTP/1.1" 404 9049 "-" "Mozilla/5.0 (Windows NT 6.1; Win64; x64) AppleWebKit/537.36 (KHTML, like Gecko) Chrome/69.0.3497.100 Safari/537.36" "gatipackers.com"
141.95.157.7 - - [11/Nov/2022:15:14:33 -0800] "GET /?author=21 HTTP/1.1" 404 9049 "-" "Mozilla/5.0 (Macintosh; Intel Mac OS X 10_10; rv:33.0) Gecko/20100101 Firefox/33.0" "gatipackers.com"
141.95.157.7 - - [11/Nov/2022:15:14:36 -0800] "GET /?author=21 HTTP/1.1" 404 9049 "-" "Mozilla/5.0 (Macintosh; Intel Mac OS X 10_10; rv:33.0) Gecko/20100101 Firefox/33.0" "gatipackers.com"
141.95.157.7 - - [11/Nov/2022:15:14:39 -0800] "GET /?author=22 HTTP/1.1" 404 9049 "-" "Mozilla/5.0 (Macintosh; Intel Mac OS X 10_10; rv:33.0) Gecko/20100101 Firefox/33.0" "gatipackers.com"
41.185.110.62 - - [11/Nov/2022:15:14:40 -0800] "GET /?author=121 HTTP/1.1" 404 9049 "-" "Mozilla/5.0 (Windows NT 10.0; Win64; x64; rv:88.0) Gecko/20100101 Firefox/88.0" "gatipackers.com"
41.185.110.62 - - [11/Nov/2022:15:14:43 -0800] "GET /?author=121 HTTP/1.1" 404 9049 "-" "Mozilla/5.0 (Windows NT 10.0; Win64; x64; rv:88.0) Gecko/20100101 Firefox/88.0" "gatipackers.com"
141.95.157.7 - - [11/Nov/2022:15:14:42 -0800] "GET /?author=23 HTTP/1.1" 404 9049 "-" "Mozilla/5.0 (Macintosh; Intel Mac OS X 10_10; rv:33.0) Gecko/20100101 Firefox/33.0" "gatipackers.com"
41.185.110.62 - - [11/Nov/2022:15:14:46 -0800] "GET /?author=122 HTTP/1.1" 404 9049 "-" "Mozilla/5.0 (Windows NT 10.0; Win64; x64; rv:88.0) Gecko/20100101 Firefox/88.0" "gatipackers.com"
141.95.157.7 - - [11/Nov/2022:15:14:47 -0800] "GET /?author=24 HTTP/1.1" 404 9049 "-" "Mozilla/5.0 (Macintosh; Intel Mac OS X 10_10; rv:33.0) Gecko/20100101 Firefox/33.0" "gatipackers.com"
41.185.110.62 - - [11/Nov/2022:15:14:49 -0800] "GET /?author=123 HTTP/1.1" 404 9049 "-" "Mozilla/5.0 (Windows NT 10.0; Win64; x64; rv:88.0) Gecko/20100101 Firefox/88.0" "gatipackers.com"
141.95.157.7 - - [11/Nov/2022:15:14:50 -0800] "GET /?author=25 HTTP/1.1" 404 9049 "-" "Mozilla/5.0 (Macintosh; Intel Mac OS X 10_10; rv:33.0) Gecko/20100101 Firefox/33.0" "gatipackers.com"
41.185.110.62 - - [11/Nov/2022:15:14:52 -0800] "GET /?author=124 HTTP/1.1" 404 9049 "-" "Mozilla/5.0 (Windows NT 10.0; Win64; x64; rv:88.0) Gecko/20100101 Firefox/88.0" "gatipackers.com"
141.95.157.7 - - [11/Nov/2022:15:14:54 -0800] "GET /?author=26 HTTP/1.1" 404 9049 "-" "Mozilla/5.0 (Macintosh; Intel Mac OS X 10_10; rv:33.0) Gecko/20100101 Firefox/33.0" "gatipackers.com"
41.185.110.62 - - [11/Nov/2022:15:14:56 -0800] "GET /?author=125 HTTP/1.1" 404 9049 "-" "Mozilla/5.0 (Windows NT 10.0; Win64; x64; rv:88.0) Gecko/20100101 Firefox/88.0" "gatipackers.com"
141.95.157.7 - - [11/Nov/2022:15:14:56 -0800] "GET /?author=27 HTTP/1.1" 404 9049 "-" "Mozilla/5.0 (Macintosh; Intel Mac OS X 10_10; rv:33.0) Gecko/20100101 Firefox/33.0" "gatipackers.com"
41.185.110.62 - - [11/Nov/2022:15:14:59 -0800] "GET /?author=126 HTTP/1.1" 404 9049 "-" "Mozilla/5.0 (Windows NT 10.0; Win64; x64; rv:88.0) Gecko/20100101 Firefox/88.0" "gatipackers.com"
141.95.157.7 - - [11/Nov/2022:15:15:00 -0800] "GET /?author=28 HTTP/1.1" 404 9049 "-" "Mozilla/5.0 (Macintosh; Intel Mac OS X 10_10; rv:33.0) Gecko/20100101 Firefox/33.0" "gatipackers.com"
41.185.110.62 - - [11/Nov/2022:15:15:02 -0800] "GET /?author=127 HTTP/1.1" 404 9049 "-" "Mozilla/5.0 (Windows NT 10.0; Win64; x64; rv:88.0) Gecko/20100101 Firefox/88.0" "gatipackers.com"
141.95.157.7 - - [11/Nov/2022:15:15:02 -0800] "GET /?author=29 HTTP/1.1" 404 9049 "-" "Mozilla/5.0 (Macintosh; Intel Mac OS X 10_10; rv:33.0) Gecko/20100101 Firefox/33.0" "gatipackers.com"
