194.88.152.40 - - [13/Nov/2022:07:42:19 -0800] "GET /home/request_a_survey/ HTTP/1.1" 200 779 "http://gatipackers.com/home/request_a_survey/" "Mozilla/5.0 (Windows NT 10.0; WOW64) AppleWebKit/537.36 (KHTML, like Gecko) Chrome/90.0.4430.72 Safari/537.36" "gatipackers.com"
194.88.152.40 - - [13/Nov/2022:07:42:20 -0800] "GET / HTTP/1.1" 200 14533 "http://gatipackers.com/" "Mozilla/5.0 (Windows NT 10.0; WOW64) AppleWebKit/537.36 (KHTML, like Gecko) Chrome/90.0.4430.72 Safari/537.36" "gatipackers.com"
10.213.116.210 - - [13/Nov/2022:07:42:24 -0800] "POST /wp-cron.php?doing_wp_cron=1668354144.6917989253997802734375 HTTP/1.1" 200 - "http://gatipackers.com/wp-cron.php?doing_wp_cron=1668354144.6917989253997802734375" "WordPress/5.6.10; http://gatipackers.com" "gatipackers.com"
194.88.152.40 - - [13/Nov/2022:07:42:27 -0800] "GET /index.php/2021/02/26/sample-page/ HTTP/1.1" 200 13884 "http://gatipackers.com/index.php/2021/02/26/sample-page/" "Mozilla/5.0 (Windows NT 10.0; WOW64) AppleWebKit/537.36 (KHTML, like Gecko) Chrome/90.0.4430.72 Safari/537.36" "gatipackers.com"
207.154.248.39 - - [13/Nov/2022:07:48:21 -0800] "POST /wp-login.php HTTP/1.1" 200 8262 "-" "Mozilla/5.0 (Windows NT 6.1; WOW64) AppleWebKit/537.36 (KHTML, like Gecko) Chrome/52.0.2743.116 Safari/537.36" "gatipackers.com"
83.171.254.120 - - [13/Nov/2022:07:49:43 -0800] "GET / HTTP/1.1" 200 14533 "-" "Mozilla/5.0 (Windows NT 10.0; Win64; x64) AppleWebKit/537.36 (KHTML, like Gecko) Chrome/63.0.3239.132 Safari/537.36" "gatipackers.com"
83.171.254.120 - - [13/Nov/2022:07:49:48 -0800] "GET /wp-json/oembed/1.0/embed?url=http://gatipackers.com HTTP/1.1" 404 73 "-" "Mozilla/5.0 (Windows NT 10.0; Win64; x64) AppleWebKit/537.36 (KHTML, like Gecko) Chrome/63.0.3239.132 Safari/537.36" "gatipackers.com"
83.171.254.120 - - [13/Nov/2022:07:49:48 -0800] "POST /xmlrpc.php HTTP/1.1" 200 401 "-" "Mozilla/5.0 (Windows NT 10.0; Win64; x64) AppleWebKit/537.36 (KHTML, like Gecko) Chrome/63.0.3239.132 Safari/537.36" "gatipackers.com"
83.171.254.120 - - [13/Nov/2022:07:49:51 -0800] "POST /xmlrpc.php HTTP/1.1" 200 401 "-" "Mozilla/5.0 (Windows NT 10.0; Win64; x64) AppleWebKit/537.36 (KHTML, like Gecko) Chrome/63.0.3239.132 Safari/537.36" "gatipackers.com"
83.171.254.120 - - [13/Nov/2022:07:49:55 -0800] "POST /xmlrpc.php HTTP/1.1" 200 401 "-" "Mozilla/5.0 (Windows NT 10.0; Win64; x64) AppleWebKit/537.36 (KHTML, like Gecko) Chrome/63.0.3239.132 Safari/537.36" "gatipackers.com"
83.171.254.120 - - [13/Nov/2022:07:49:58 -0800] "POST /xmlrpc.php HTTP/1.1" 200 401 "-" "Mozilla/5.0 (Windows NT 10.0; Win64; x64) AppleWebKit/537.36 (KHTML, like Gecko) Chrome/63.0.3239.132 Safari/537.36" "gatipackers.com"
83.171.254.120 - - [13/Nov/2022:07:50:03 -0800] "POST /xmlrpc.php HTTP/1.1" 200 401 "-" "Mozilla/5.0 (Windows NT 10.0; Win64; x64) AppleWebKit/537.36 (KHTML, like Gecko) Chrome/63.0.3239.132 Safari/537.36" "gatipackers.com"
83.171.254.120 - - [13/Nov/2022:07:50:05 -0800] "POST /xmlrpc.php HTTP/1.1" 200 508 "-" "Mozilla/5.0 (Windows NT 10.0; Win64; x64) AppleWebKit/537.36 (KHTML, like Gecko) Chrome/63.0.3239.132 Safari/537.36" "gatipackers.com"
83.171.254.120 - - [13/Nov/2022:07:50:08 -0800] "POST /xmlrpc.php HTTP/1.1" 200 508 "-" "Mozilla/5.0 (Windows NT 10.0; Win64; x64) AppleWebKit/537.36 (KHTML, like Gecko) Chrome/63.0.3239.132 Safari/537.36" "gatipackers.com"
83.171.254.120 - - [13/Nov/2022:07:50:12 -0800] "POST /xmlrpc.php HTTP/1.1" 200 508 "-" "Mozilla/5.0 (Windows NT 10.0; Win64; x64) AppleWebKit/537.36 (KHTML, like Gecko) Chrome/63.0.3239.132 Safari/537.36" "gatipackers.com"
83.171.254.120 - - [13/Nov/2022:07:50:14 -0800] "POST /xmlrpc.php HTTP/1.1" 200 508 "-" "Mozilla/5.0 (Windows NT 10.0; Win64; x64) AppleWebKit/537.36 (KHTML, like Gecko) Chrome/63.0.3239.132 Safari/537.36" "gatipackers.com"
83.171.254.120 - - [13/Nov/2022:07:50:17 -0800] "POST /xmlrpc.php HTTP/1.1" 200 508 "-" "Mozilla/5.0 (Windows NT 10.0; Win64; x64) AppleWebKit/537.36 (KHTML, like Gecko) Chrome/63.0.3239.132 Safari/537.36" "gatipackers.com"
83.171.254.120 - - [13/Nov/2022:07:50:19 -0800] "POST /xmlrpc.php HTTP/1.1" 200 508 "-" "Mozilla/5.0 (Windows NT 10.0; Win64; x64) AppleWebKit/537.36 (KHTML, like Gecko) Chrome/63.0.3239.132 Safari/537.36" "gatipackers.com"
83.171.254.120 - - [13/Nov/2022:07:50:22 -0800] "POST /xmlrpc.php HTTP/1.1" 200 508 "-" "Mozilla/5.0 (Windows NT 10.0; Win64; x64) AppleWebKit/537.36 (KHTML, like Gecko) Chrome/63.0.3239.132 Safari/537.36" "gatipackers.com"
83.171.254.120 - - [13/Nov/2022:07:50:24 -0800] "POST /xmlrpc.php HTTP/1.1" 200 508 "-" "Mozilla/5.0 (Windows NT 10.0; Win64; x64) AppleWebKit/537.36 (KHTML, like Gecko) Chrome/63.0.3239.132 Safari/537.36" "gatipackers.com"
83.171.254.120 - - [13/Nov/2022:07:50:28 -0800] "POST /xmlrpc.php HTTP/1.1" 200 508 "-" "Mozilla/5.0 (Windows NT 10.0; Win64; x64) AppleWebKit/537.36 (KHTML, like Gecko) Chrome/63.0.3239.132 Safari/537.36" "gatipackers.com"
83.171.254.120 - - [13/Nov/2022:07:50:31 -0800] "POST /xmlrpc.php HTTP/1.1" 200 508 "-" "Mozilla/5.0 (Windows NT 10.0; Win64; x64) AppleWebKit/537.36 (KHTML, like Gecko) Chrome/63.0.3239.132 Safari/537.36" "gatipackers.com"
83.171.254.120 - - [13/Nov/2022:07:50:33 -0800] "POST /xmlrpc.php HTTP/1.1" 200 508 "-" "Mozilla/5.0 (Windows NT 10.0; Win64; x64) AppleWebKit/537.36 (KHTML, like Gecko) Chrome/63.0.3239.132 Safari/537.36" "gatipackers.com"
83.171.254.120 - - [13/Nov/2022:07:50:35 -0800] "POST /xmlrpc.php HTTP/1.1" 200 508 "-" "Mozilla/5.0 (Windows NT 10.0; Win64; x64) AppleWebKit/537.36 (KHTML, like Gecko) Chrome/63.0.3239.132 Safari/537.36" "gatipackers.com"
83.171.254.120 - - [13/Nov/2022:07:50:37 -0800] "POST /xmlrpc.php HTTP/1.1" 200 508 "-" "Mozilla/5.0 (Windows NT 10.0; Win64; x64) AppleWebKit/537.36 (KHTML, like Gecko) Chrome/63.0.3239.132 Safari/537.36" "gatipackers.com"
83.171.254.120 - - [13/Nov/2022:07:50:40 -0800] "POST /xmlrpc.php HTTP/1.1" 200 508 "-" "Mozilla/5.0 (Windows NT 10.0; Win64; x64) AppleWebKit/537.36 (KHTML, like Gecko) Chrome/63.0.3239.132 Safari/537.36" "gatipackers.com"
83.171.254.120 - - [13/Nov/2022:07:50:42 -0800] "POST /xmlrpc.php HTTP/1.1" 200 508 "-" "Mozilla/5.0 (Windows NT 10.0; Win64; x64) AppleWebKit/537.36 (KHTML, like Gecko) Chrome/63.0.3239.132 Safari/537.36" "gatipackers.com"
83.171.254.120 - - [13/Nov/2022:07:50:44 -0800] "POST /xmlrpc.php HTTP/1.1" 200 508 "-" "Mozilla/5.0 (Windows NT 10.0; Win64; x64) AppleWebKit/537.36 (KHTML, like Gecko) Chrome/63.0.3239.132 Safari/537.36" "gatipackers.com"
83.171.254.120 - - [13/Nov/2022:07:50:47 -0800] "POST /xmlrpc.php HTTP/1.1" 200 508 "-" "Mozilla/5.0 (Windows NT 10.0; Win64; x64) AppleWebKit/537.36 (KHTML, like Gecko) Chrome/63.0.3239.132 Safari/537.36" "gatipackers.com"
83.171.254.120 - - [13/Nov/2022:07:50:50 -0800] "POST /xmlrpc.php HTTP/1.1" 200 508 "-" "Mozilla/5.0 (Windows NT 10.0; Win64; x64) AppleWebKit/537.36 (KHTML, like Gecko) Chrome/63.0.3239.132 Safari/537.36" "gatipackers.com"
83.171.254.120 - - [13/Nov/2022:07:50:52 -0800] "POST /xmlrpc.php HTTP/1.1" 200 508 "-" "Mozilla/5.0 (Windows NT 10.0; Win64; x64) AppleWebKit/537.36 (KHTML, like Gecko) Chrome/63.0.3239.132 Safari/537.36" "gatipackers.com"
83.171.254.120 - - [13/Nov/2022:07:50:54 -0800] "POST /xmlrpc.php HTTP/1.1" 200 508 "-" "Mozilla/5.0 (Windows NT 10.0; Win64; x64) AppleWebKit/537.36 (KHTML, like Gecko) Chrome/63.0.3239.132 Safari/537.36" "gatipackers.com"
83.171.254.120 - - [13/Nov/2022:07:50:57 -0800] "POST /xmlrpc.php HTTP/1.1" 200 508 "-" "Mozilla/5.0 (Windows NT 10.0; Win64; x64) AppleWebKit/537.36 (KHTML, like Gecko) Chrome/63.0.3239.132 Safari/537.36" "gatipackers.com"
83.171.254.120 - - [13/Nov/2022:07:50:59 -0800] "POST /xmlrpc.php HTTP/1.1" 200 508 "-" "Mozilla/5.0 (Windows NT 10.0; Win64; x64) AppleWebKit/537.36 (KHTML, like Gecko) Chrome/63.0.3239.132 Safari/537.36" "gatipackers.com"
83.171.254.120 - - [13/Nov/2022:07:51:01 -0800] "POST /xmlrpc.php HTTP/1.1" 200 508 "-" "Mozilla/5.0 (Windows NT 10.0; Win64; x64) AppleWebKit/537.36 (KHTML, like Gecko) Chrome/63.0.3239.132 Safari/537.36" "gatipackers.com"
83.171.254.120 - - [13/Nov/2022:07:51:04 -0800] "POST /xmlrpc.php HTTP/1.1" 200 508 "-" "Mozilla/5.0 (Windows NT 10.0; Win64; x64) AppleWebKit/537.36 (KHTML, like Gecko) Chrome/63.0.3239.132 Safari/537.36" "gatipackers.com"
83.171.254.120 - - [13/Nov/2022:07:51:06 -0800] "POST /xmlrpc.php HTTP/1.1" 200 508 "-" "Mozilla/5.0 (Windows NT 10.0; Win64; x64) AppleWebKit/537.36 (KHTML, like Gecko) Chrome/63.0.3239.132 Safari/537.36" "gatipackers.com"
83.171.254.120 - - [13/Nov/2022:07:51:09 -0800] "POST /xmlrpc.php HTTP/1.1" 200 508 "-" "Mozilla/5.0 (Windows NT 10.0; Win64; x64) AppleWebKit/537.36 (KHTML, like Gecko) Chrome/63.0.3239.132 Safari/537.36" "gatipackers.com"
83.171.254.120 - - [13/Nov/2022:07:51:12 -0800] "POST /xmlrpc.php HTTP/1.1" 200 508 "-" "Mozilla/5.0 (Windows NT 10.0; Win64; x64) AppleWebKit/537.36 (KHTML, like Gecko) Chrome/63.0.3239.132 Safari/537.36" "gatipackers.com"
83.171.254.120 - - [13/Nov/2022:07:51:14 -0800] "POST /xmlrpc.php HTTP/1.1" 500 5475 "-" "Mozilla/5.0 (Windows NT 10.0; Win64; x64) AppleWebKit/537.36 (KHTML, like Gecko) Chrome/63.0.3239.132 Safari/537.36" "gatipackers.com"
20.223.140.8 - - [13/Nov/2022:07:58:57 -0800] "POST /ALFA_DATA/alfacgiapi/perl.alfa HTTP/1.1" 404 73 "www.google.com" "Mozlila/5.0 (Linux; Android 7.0; SM-G892A Bulid/NRD90M; wv) AppleWebKit/537.36 (KHTML, like Gecko) Version/4.0 Chrome/60.0.3112.107 Moblie Safari/537.36" "gatipackers.com"
20.223.140.8 - - [13/Nov/2022:07:58:57 -0800] "POST /wp-plain.php HTTP/1.1" 404 73 "www.google.com" "Mozilla/5.0 (Linux; Android 7.0; SM-G892A Bulid/NRD90M; wv) AppleWebKit/537.36 (KHTML, like Gecko) Version/4.0 Chrome/60.0.3112.107 Moblie Safari/537.36" "gatipackers.com"
20.223.140.8 - - [13/Nov/2022:07:58:57 -0800] "GET /wp-content/plugins/dzs-zoomsounds/savepng.php?location=1877.php HTTP/1.1" 404 73 "-" "Mozilla/5.0 (Windows NT 10.0; Win64; x64) AppleWebKit/537.36 (KHTML, like Gecko) Chrome/85.0.4183.102 Safari/537.36" "gatipackers.com"
20.223.140.8 - - [13/Nov/2022:07:58:58 -0800] "GET /xhxvxrtp.php?Fox=d3wL7 HTTP/1.1" 404 73 "www.google.com" "Mozilla/5.0 (Linux; Android 7.0; SM-G892A Bulid/NRD90M; wv) AppleWebKit/537.36 (KHTML, like Gecko) Version/4.0 Chrome/60.0.3112.107 Moblie Safari/537.36" "gatipackers.com"
20.223.140.8 - - [13/Nov/2022:07:58:58 -0800] "POST /alfacgiapi/perl.alfa HTTP/1.1" 404 73 "www.google.com" "Mozlila/5.0 (Linux; Android 7.0; SM-G892A Bulid/NRD90M; wv) AppleWebKit/537.36 (KHTML, like Gecko) Version/4.0 Chrome/60.0.3112.107 Moblie Safari/537.36" "gatipackers.com"
20.223.140.8 - - [13/Nov/2022:07:59:00 -0800] "POST /wp-plain.php HTTP/1.1" 404 73 "www.google.com" "Mozilla/5.0 (Linux; Android 7.0; SM-G892A Bulid/NRD90M; wv) AppleWebKit/537.36 (KHTML, like Gecko) Version/4.0 Chrome/60.0.3112.107 Moblie Safari/537.36" "gatipackers.com"
20.223.140.8 - - [13/Nov/2022:07:59:00 -0800] "GET /myyqgbpl.php?Fox=d3wL7 HTTP/1.1" 404 73 "www.google.com" "Mozilla/5.0 (Linux; Android 7.0; SM-G892A Bulid/NRD90M; wv) AppleWebKit/537.36 (KHTML, like Gecko) Version/4.0 Chrome/60.0.3112.107 Moblie Safari/537.36" "gatipackers.com"
20.223.140.8 - - [13/Nov/2022:07:58:57 -0800] "GET / HTTP/1.1" 200 14533 "-" "Mozlila/5.0 (Linux; Android 7.0; SM-G892A Bulid/NRD90M; wv) AppleWebKit/537.36 (KHTML, like Gecko) Version/4.0 Chrome/60.0.3112.107 Moblie Safari/537.36" "gatipackers.com"
10.213.116.209 - - [13/Nov/2022:07:59:02 -0800] "POST /wp-cron.php?doing_wp_cron=1668355142.1381180286407470703125 HTTP/1.1" 200 - "http://gatipackers.com/wp-cron.php?doing_wp_cron=1668355142.1381180286407470703125" "WordPress/5.6.10; http://gatipackers.com" "gatipackers.com"
20.223.140.8 - - [13/Nov/2022:07:59:03 -0800] "GET / HTTP/1.1" 200 14533 "-" "Mozlila/5.0 (Linux; Android 7.0; SM-G892A Bulid/NRD90M; wv) AppleWebKit/537.36 (KHTML, like Gecko) Version/4.0 Chrome/60.0.3112.107 Moblie Safari/537.36" "gatipackers.com"
20.223.140.8 - - [13/Nov/2022:07:59:07 -0800] "GET /wp-content/plugins/apikey/apikey.php?test=hello HTTP/1.1" 404 73 "-" "Mozlila/5.0 (Linux; Android 7.0; SM-G892A Bulid/NRD90M; wv) AppleWebKit/537.36 (KHTML, like Gecko) Version/4.0 Chrome/60.0.3112.107 Moblie Safari/537.36" "gatipackers.com"
20.223.140.8 - - [13/Nov/2022:07:59:08 -0800] "GET /plugins/content/apismtp/apismtp.php?test=hello HTTP/1.1" 404 73 "-" "Mozlila/5.0 (Linux; Android 7.0; SM-G892A Bulid/NRD90M; wv) AppleWebKit/537.36 (KHTML, like Gecko) Version/4.0 Chrome/60.0.3112.107 Moblie Safari/537.36" "gatipackers.com"
20.223.140.8 - - [13/Nov/2022:07:59:09 -0800] "GET /wp-content/plugins/apikey/apikey.php.suspected?test=hello HTTP/1.1" 404 73 "-" "Mozlila/5.0 (Linux; Android 7.0; SM-G892A Bulid/NRD90M; wv) AppleWebKit/537.36 (KHTML, like Gecko) Version/4.0 Chrome/60.0.3112.107 Moblie Safari/537.36" "gatipackers.com"
20.223.140.8 - - [13/Nov/2022:07:59:09 -0800] "GET /plugins/content/apismtp/apismtp.php.suspected?test=hello HTTP/1.1" 404 73 "-" "Mozlila/5.0 (Linux; Android 7.0; SM-G892A Bulid/NRD90M; wv) AppleWebKit/537.36 (KHTML, like Gecko) Version/4.0 Chrome/60.0.3112.107 Moblie Safari/537.36" "gatipackers.com"
114.119.156.95 - - [13/Nov/2022:08:19:27 -0800] "GET /index.php/feed/ HTTP/1.1" 200 3754 "https://gatipackers.com/index.php/author/administrator" "Mozilla/5.0 (Linux; Android 7.0;) AppleWebKit/537.36 (KHTML, like Gecko) Mobile Safari/537.36 (compatible; PetalBot;+https://webmaster.petalsearch.com/site/petalbot)" "gatipackers.com"
10.213.116.210 - - [13/Nov/2022:08:19:31 -0800] "POST /wp-cron.php?doing_wp_cron=1668356371.0047230720520019531250 HTTP/1.1" 200 - "https://gatipackers.com/wp-cron.php?doing_wp_cron=1668356371.0047230720520019531250" "WordPress/5.6.10; https://gatipackers.com" "gatipackers.com"
114.119.145.42 - - [13/Nov/2022:08:24:47 -0800] "GET /index.php/author/administrator HTTP/1.1" 200 14290 "https://gatipackers.com/" "Mozilla/5.0 (Linux; Android 7.0;) AppleWebKit/537.36 (KHTML, like Gecko) Mobile Safari/537.36 (compatible; PetalBot;+https://webmaster.petalsearch.com/site/petalbot)" "gatipackers.com"
10.213.116.210 - - [13/Nov/2022:08:24:51 -0800] "POST /wp-cron.php?doing_wp_cron=1668356690.9864599704742431640625 HTTP/1.1" 200 - "https://gatipackers.com/wp-cron.php?doing_wp_cron=1668356690.9864599704742431640625" "WordPress/5.6.10; https://gatipackers.com" "gatipackers.com"
3.216.62.102 - - [13/Nov/2022:08:31:47 -0800] "GET / HTTP/1.1" 200 14590 "-" "Mozilla/5.0 (Windows NT 6.1; WOW64) AppleWebKit/537.36 (KHTML, like Gecko) Chrome/56.0.2924.76 Safari/537.36" "www.gatipackers.com"
207.154.248.39 - - [13/Nov/2022:08:43:44 -0800] "POST /wp-login.php HTTP/1.1" 200 8257 "-" "Mozilla/5.0 (Windows; U; Windows NT 5.1; en-US) AppleWebKit/533.4 (KHTML, like Gecko) Chrome/5.0.375.99 Safari/533.4" "gatipackers.com"
10.213.116.209 - - [13/Nov/2022:08:43:48 -0800] "POST /wp-cron.php?doing_wp_cron=1668357828.4677801132202148437500 HTTP/1.1" 200 - "http://gatipackers.com/wp-cron.php?doing_wp_cron=1668357828.4677801132202148437500" "WordPress/5.6.10; http://gatipackers.com" "gatipackers.com"
20.168.15.72 - - [13/Nov/2022:09:20:48 -0800] "GET / HTTP/1.1" 200 14533 "-" "Mozilla/5.0 (Windows NT 6.1; Win64; x64) AppleWebKit/537.36 (KHTML, like Gecko) Chrome/85.0.4183.102 Safari/537.36" "gatipackers.com"
10.213.116.210 - - [13/Nov/2022:09:20:52 -0800] "POST /wp-cron.php?doing_wp_cron=1668360052.4055609703063964843750 HTTP/1.1" 200 - "http://gatipackers.com/wp-cron.php?doing_wp_cron=1668360052.4055609703063964843750" "WordPress/5.6.10; http://gatipackers.com" "gatipackers.com"
20.168.15.72 - - [13/Nov/2022:09:20:54 -0800] "GET /wp-login.php HTTP/1.1" 200 7993 "-" "Mozilla/5.0 (Windows NT 6.1; Win64; x64) AppleWebKit/537.36 (KHTML, like Gecko) Chrome/85.0.4183.102 Safari/537.36" "gatipackers.com"
20.168.15.72 - - [13/Nov/2022:09:20:58 -0800] "GET /?author=1 HTTP/1.1" 200 14259 "-" "Mozilla/5.0 (Windows NT 6.1; Win64; x64) AppleWebKit/537.36 (KHTML, like Gecko) Chrome/85.0.4183.102 Safari/537.36" "gatipackers.com"
20.168.15.72 - - [13/Nov/2022:09:21:01 -0800] "GET /?author=2 HTTP/1.1" 404 9049 "-" "Mozilla/5.0 (Windows NT 6.1; Win64; x64) AppleWebKit/537.36 (KHTML, like Gecko) Chrome/85.0.4183.102 Safari/537.36" "gatipackers.com"
20.168.15.72 - - [13/Nov/2022:09:21:05 -0800] "GET /wp-json/wp/v2/users/ HTTP/1.1" 404 73 "-" "Mozilla/5.0 (Windows NT 6.1; Win64; x64) AppleWebKit/537.36 (KHTML, like Gecko) Chrome/85.0.4183.102 Safari/537.36" "gatipackers.com"
20.168.15.72 - - [13/Nov/2022:09:21:05 -0800] "GET /wp-json/oembed/1.0/embed?url=http://gatipackers.com HTTP/1.1" 404 73 "-" "Mozilla/5.0 (Windows NT 6.1; Win64; x64) AppleWebKit/537.36 (KHTML, like Gecko) Chrome/85.0.4183.102 Safari/537.36" "gatipackers.com"
20.168.15.72 - - [13/Nov/2022:09:21:05 -0800] "POST /xmlrpc.php HTTP/1.1" 200 403 "-" "Mozilla/5.0 (Windows NT 6.1; Win64; x64) AppleWebKit/537.36 (KHTML, like Gecko) Chrome/85.0.4183.102 Safari/537.36" "gatipackers.com"
20.168.15.72 - - [13/Nov/2022:09:21:08 -0800] "POST /xmlrpc.php HTTP/1.1" 500 4923 "-" "Mozilla/5.0 (Windows NT 6.1; Win64; x64) AppleWebKit/537.36 (KHTML, like Gecko) Chrome/85.0.4183.102 Safari/537.36" "gatipackers.com"
20.168.15.72 - - [13/Nov/2022:09:21:08 -0800] "POST /wp-login.php HTTP/1.1" 200 8261 "http://gatipackers.com/wp-login.php" "Mozilla/5.0 (Windows NT 6.1; Win64; x64) AppleWebKit/537.36 (KHTML, like Gecko) Chrome/85.0.4183.102 Safari/537.36" "gatipackers.com"
20.168.15.72 - - [13/Nov/2022:09:21:11 -0800] "POST /wp-login.php HTTP/1.1" 200 8259 "http://gatipackers.com/wp-login.php" "Mozilla/5.0 (Windows NT 6.1; Win64; x64) AppleWebKit/537.36 (KHTML, like Gecko) Chrome/85.0.4183.102 Safari/537.36" "gatipackers.com"
20.168.15.72 - - [13/Nov/2022:09:21:14 -0800] "POST /wp-login.php HTTP/1.1" 200 8259 "http://gatipackers.com/wp-login.php" "Mozilla/5.0 (Windows NT 6.1; Win64; x64) AppleWebKit/537.36 (KHTML, like Gecko) Chrome/85.0.4183.102 Safari/537.36" "gatipackers.com"
20.168.15.72 - - [13/Nov/2022:09:21:18 -0800] "POST /wp-login.php HTTP/1.1" 200 8259 "http://gatipackers.com/wp-login.php" "Mozilla/5.0 (Windows NT 6.1; Win64; x64) AppleWebKit/537.36 (KHTML, like Gecko) Chrome/85.0.4183.102 Safari/537.36" "gatipackers.com"
20.168.15.72 - - [13/Nov/2022:09:21:20 -0800] "POST /wp-login.php HTTP/1.1" 200 8260 "http://gatipackers.com/wp-login.php" "Mozilla/5.0 (Windows NT 6.1; Win64; x64) AppleWebKit/537.36 (KHTML, like Gecko) Chrome/85.0.4183.102 Safari/537.36" "gatipackers.com"
20.168.15.72 - - [13/Nov/2022:09:21:23 -0800] "POST /wp-login.php HTTP/1.1" 503 2752 "http://gatipackers.com/wp-login.php" "Mozilla/5.0 (Windows NT 6.1; Win64; x64) AppleWebKit/537.36 (KHTML, like Gecko) Chrome/85.0.4183.102 Safari/537.36" "gatipackers.com"
35.187.58.136 - - [13/Nov/2022:09:39:00 -0800] "POST /wp-login.php HTTP/1.1" 200 8260 "-" "Mozilla/5.0 (Windows NT 10.0; WOW64) AppleWebKit/537.36 (KHTML, like Gecko) Chrome/55.0.2883.87 Safari/537.36" "gatipackers.com"
10.213.116.211 - - [13/Nov/2022:09:39:04 -0800] "POST /wp-cron.php?doing_wp_cron=1668361144.3684840202331542968750 HTTP/1.1" 200 - "http://gatipackers.com/wp-cron.php?doing_wp_cron=1668361144.3684840202331542968750" "WordPress/5.6.10; http://gatipackers.com" "gatipackers.com"
20.84.66.252 - - [13/Nov/2022:09:53:14 -0800] "POST /wp-plain.php HTTP/1.1" 404 73 "www.google.com" "Mozilla/5.0 (Linux; Android 7.0; SM-G892A Bulid/NRD90M; wv) AppleWebKit/537.36 (KHTML, like Gecko) Version/4.0 Chrome/60.0.3112.107 Moblie Safari/537.36" "gatipackers.com"
20.84.66.252 - - [13/Nov/2022:09:53:14 -0800] "POST /ALFA_DATA/alfacgiapi/perl.alfa HTTP/1.1" 404 73 "www.google.com" "Mozlila/5.0 (Linux; Android 7.0; SM-G892A Bulid/NRD90M; wv) AppleWebKit/537.36 (KHTML, like Gecko) Version/4.0 Chrome/60.0.3112.107 Moblie Safari/537.36" "gatipackers.com"
20.84.66.252 - - [13/Nov/2022:09:53:14 -0800] "GET /bspbfimp.php?Fox=d3wL7 HTTP/1.1" 404 73 "www.google.com" "Mozilla/5.0 (Linux; Android 7.0; SM-G892A Bulid/NRD90M; wv) AppleWebKit/537.36 (KHTML, like Gecko) Version/4.0 Chrome/60.0.3112.107 Moblie Safari/537.36" "gatipackers.com"
20.84.66.252 - - [13/Nov/2022:09:53:14 -0800] "POST /alfacgiapi/perl.alfa HTTP/1.1" 404 73 "www.google.com" "Mozlila/5.0 (Linux; Android 7.0; SM-G892A Bulid/NRD90M; wv) AppleWebKit/537.36 (KHTML, like Gecko) Version/4.0 Chrome/60.0.3112.107 Moblie Safari/537.36" "gatipackers.com"
20.84.66.252 - - [13/Nov/2022:09:53:15 -0800] "POST /wp-plain.php HTTP/1.1" 404 73 "www.google.com" "Mozilla/5.0 (Linux; Android 7.0; SM-G892A Bulid/NRD90M; wv) AppleWebKit/537.36 (KHTML, like Gecko) Version/4.0 Chrome/60.0.3112.107 Moblie Safari/537.36" "gatipackers.com"
20.84.66.252 - - [13/Nov/2022:09:53:16 -0800] "GET /gnsajvft.php?Fox=d3wL7 HTTP/1.1" 404 73 "www.google.com" "Mozilla/5.0 (Linux; Android 7.0; SM-G892A Bulid/NRD90M; wv) AppleWebKit/537.36 (KHTML, like Gecko) Version/4.0 Chrome/60.0.3112.107 Moblie Safari/537.36" "gatipackers.com"
20.84.66.252 - - [13/Nov/2022:09:53:14 -0800] "GET / HTTP/1.1" 200 14533 "-" "Mozlila/5.0 (Linux; Android 7.0; SM-G892A Bulid/NRD90M; wv) AppleWebKit/537.36 (KHTML, like Gecko) Version/4.0 Chrome/60.0.3112.107 Moblie Safari/537.36" "gatipackers.com"
10.213.116.211 - - [13/Nov/2022:09:53:18 -0800] "POST /wp-cron.php?doing_wp_cron=1668361998.8325190544128417968750 HTTP/1.1" 200 - "http://gatipackers.com/wp-cron.php?doing_wp_cron=1668361998.8325190544128417968750" "WordPress/5.6.10; http://gatipackers.com" "gatipackers.com"
20.84.66.252 - - [13/Nov/2022:09:53:19 -0800] "GET / HTTP/1.1" 200 14533 "-" "Mozlila/5.0 (Linux; Android 7.0; SM-G892A Bulid/NRD90M; wv) AppleWebKit/537.36 (KHTML, like Gecko) Version/4.0 Chrome/60.0.3112.107 Moblie Safari/537.36" "gatipackers.com"
20.84.66.252 - - [13/Nov/2022:09:53:24 -0800] "GET /wp-content/plugins/apikey/apikey.php?test=hello HTTP/1.1" 404 73 "-" "Mozlila/5.0 (Linux; Android 7.0; SM-G892A Bulid/NRD90M; wv) AppleWebKit/537.36 (KHTML, like Gecko) Version/4.0 Chrome/60.0.3112.107 Moblie Safari/537.36" "gatipackers.com"
20.84.66.252 - - [13/Nov/2022:09:53:24 -0800] "GET /plugins/content/apismtp/apismtp.php?test=hello HTTP/1.1" 404 73 "-" "Mozlila/5.0 (Linux; Android 7.0; SM-G892A Bulid/NRD90M; wv) AppleWebKit/537.36 (KHTML, like Gecko) Version/4.0 Chrome/60.0.3112.107 Moblie Safari/537.36" "gatipackers.com"
20.84.66.252 - - [13/Nov/2022:09:53:25 -0800] "GET /wp-content/plugins/apikey/apikey.php.suspected?test=hello HTTP/1.1" 404 73 "-" "Mozlila/5.0 (Linux; Android 7.0; SM-G892A Bulid/NRD90M; wv) AppleWebKit/537.36 (KHTML, like Gecko) Version/4.0 Chrome/60.0.3112.107 Moblie Safari/537.36" "gatipackers.com"
20.84.66.252 - - [13/Nov/2022:09:53:25 -0800] "GET /plugins/content/apismtp/apismtp.php.suspected?test=hello HTTP/1.1" 404 73 "-" "Mozlila/5.0 (Linux; Android 7.0; SM-G892A Bulid/NRD90M; wv) AppleWebKit/537.36 (KHTML, like Gecko) Version/4.0 Chrome/60.0.3112.107 Moblie Safari/537.36" "gatipackers.com"
51.222.133.36 - - [13/Nov/2022:10:16:44 -0800] "GET / HTTP/1.1" 200 14533 "-" "Mozilla/5.0 (Windows NT 10.0; rv:73.0) Gecko/20100101 Firefox/73.0" "gatipackers.com"
10.213.116.210 - - [13/Nov/2022:10:16:48 -0800] "POST /wp-cron.php?doing_wp_cron=1668363408.7080450057983398437500 HTTP/1.1" 200 - "http://gatipackers.com/wp-cron.php?doing_wp_cron=1668363408.7080450057983398437500" "WordPress/5.6.10; http://gatipackers.com" "gatipackers.com"
144.126.140.128 - - [13/Nov/2022:10:33:53 -0800] "POST /wp-login.php HTTP/1.1" 200 8269 "-" "Mozilla/5.0 (Windows NT 5.1) AppleWebKit/537.36 (KHTML, like Gecko) Chrome/47.0.2526.106 Safari/537.36" "gatipackers.com"
10.213.116.210 - - [13/Nov/2022:10:33:57 -0800] "POST /wp-cron.php?doing_wp_cron=1668364437.4393210411071777343750 HTTP/1.1" 200 - "http://gatipackers.com/wp-cron.php?doing_wp_cron=1668364437.4393210411071777343750" "WordPress/5.6.10; http://gatipackers.com" "gatipackers.com"
216.131.108.132 - - [13/Nov/2022:10:59:10 -0800] "GET / HTTP/1.1" 200 14619 "-" "Mozilla/5.0 (Windows NT 10.0; Win64; x64) AppleWebKit/537.36 (KHTML, like Gecko) Chrome/60.0.3112.113 Safari/537.36" "www.gatipackers.com"
10.213.116.210 - - [13/Nov/2022:10:59:16 -0800] "POST /wp-cron.php?doing_wp_cron=1668365955.9472079277038574218750 HTTP/1.1" 200 - "https://gatipackers.com/wp-cron.php?doing_wp_cron=1668365955.9472079277038574218750" "WordPress/5.6.10; https://gatipackers.com" "gatipackers.com"
51.79.177.125 - - [13/Nov/2022:11:09:35 -0800] "GET / HTTP/1.1" 200 14533 "-" "Mozilla/5.0 (Windows NT 10.0; Win64; x64) AppleWebKit/537.36 (KHTML, like Gecko) Chrome/95.0.4638.69 Safari/537.36" "gatipackers.com"
10.213.116.209 - - [13/Nov/2022:11:09:40 -0800] "POST /wp-cron.php?doing_wp_cron=1668366580.0262589454650878906250 HTTP/1.1" 200 - "http://gatipackers.com/wp-cron.php?doing_wp_cron=1668366580.0262589454650878906250" "WordPress/5.6.10; http://gatipackers.com" "gatipackers.com"
51.79.177.125 - - [13/Nov/2022:11:10:15 -0800] "GET /feed/ HTTP/1.1" 404 73 "-" "Mozilla/5.0 (Windows NT 10.0; Win64; x64) AppleWebKit/537.36 (KHTML, like Gecko) Chrome/95.0.4638.69 Safari/537.36" "gatipackers.com"
51.79.177.125 - - [13/Nov/2022:11:10:15 -0800] "GET /xmlrpc.php?rsd HTTP/1.1" 500 4939 "-" "Mozilla/5.0 (Windows NT 10.0; Win64; x64) AppleWebKit/537.36 (KHTML, like Gecko) Chrome/95.0.4638.69 Safari/537.36" "gatipackers.com"
51.79.177.125 - - [13/Nov/2022:11:10:16 -0800] "GET /blog/wp-includes/wlwmanifest.xml HTTP/1.1" 404 73 "-" "Mozilla/5.0 (Windows NT 10.0; Win64; x64) AppleWebKit/537.36 (KHTML, like Gecko) Chrome/95.0.4638.69 Safari/537.36" "gatipackers.com"
51.79.177.125 - - [13/Nov/2022:11:10:16 -0800] "GET /web/wp-includes/wlwmanifest.xml HTTP/1.1" 404 73 "-" "Mozilla/5.0 (Windows NT 10.0; Win64; x64) AppleWebKit/537.36 (KHTML, like Gecko) Chrome/95.0.4638.69 Safari/537.36" "gatipackers.com"
51.79.177.125 - - [13/Nov/2022:11:10:16 -0800] "GET /wordpress/wp-includes/wlwmanifest.xml HTTP/1.1" 404 73 "-" "Mozilla/5.0 (Windows NT 10.0; Win64; x64) AppleWebKit/537.36 (KHTML, like Gecko) Chrome/95.0.4638.69 Safari/537.36" "gatipackers.com"
51.79.177.125 - - [13/Nov/2022:11:10:17 -0800] "GET /wp/wp-includes/wlwmanifest.xml HTTP/1.1" 404 73 "-" "Mozilla/5.0 (Windows NT 10.0; Win64; x64) AppleWebKit/537.36 (KHTML, like Gecko) Chrome/95.0.4638.69 Safari/537.36" "gatipackers.com"
51.79.177.125 - - [13/Nov/2022:11:10:17 -0800] "GET /2020/wp-includes/wlwmanifest.xml HTTP/1.1" 404 73 "-" "Mozilla/5.0 (Windows NT 10.0; Win64; x64) AppleWebKit/537.36 (KHTML, like Gecko) Chrome/95.0.4638.69 Safari/537.36" "gatipackers.com"
51.79.177.125 - - [13/Nov/2022:11:10:51 -0800] "GET /2021/wp-includes/wlwmanifest.xml HTTP/1.1" 404 73 "-" "Mozilla/5.0 (Windows NT 10.0; Win64; x64) AppleWebKit/537.36 (KHTML, like Gecko) Chrome/95.0.4638.69 Safari/537.36" "gatipackers.com"
51.79.177.125 - - [13/Nov/2022:11:10:52 -0800] "GET /shop/wp-includes/wlwmanifest.xml HTTP/1.1" 404 73 "-" "Mozilla/5.0 (Windows NT 10.0; Win64; x64) AppleWebKit/537.36 (KHTML, like Gecko) Chrome/95.0.4638.69 Safari/537.36" "gatipackers.com"
51.79.177.125 - - [13/Nov/2022:11:10:52 -0800] "GET /wp1/wp-includes/wlwmanifest.xml HTTP/1.1" 404 73 "-" "Mozilla/5.0 (Windows NT 10.0; Win64; x64) AppleWebKit/537.36 (KHTML, like Gecko) Chrome/95.0.4638.69 Safari/537.36" "gatipackers.com"
51.79.177.125 - - [13/Nov/2022:11:10:52 -0800] "GET /test/wp-includes/wlwmanifest.xml HTTP/1.1" 404 73 "-" "Mozilla/5.0 (Windows NT 10.0; Win64; x64) AppleWebKit/537.36 (KHTML, like Gecko) Chrome/95.0.4638.69 Safari/537.36" "gatipackers.com"
51.79.177.125 - - [13/Nov/2022:11:10:53 -0800] "GET /site/wp-includes/wlwmanifest.xml HTTP/1.1" 404 73 "-" "Mozilla/5.0 (Windows NT 10.0; Win64; x64) AppleWebKit/537.36 (KHTML, like Gecko) Chrome/95.0.4638.69 Safari/537.36" "gatipackers.com"
51.79.177.125 - - [13/Nov/2022:11:10:53 -0800] "GET /cms/wp-includes/wlwmanifest.xml HTTP/1.1" 404 73 "-" "Mozilla/5.0 (Windows NT 10.0; Win64; x64) AppleWebKit/537.36 (KHTML, like Gecko) Chrome/95.0.4638.69 Safari/537.36" "gatipackers.com"
138.68.96.111 - - [13/Nov/2022:11:28:15 -0800] "POST /wp-login.php HTTP/1.1" 200 8257 "-" "Mozilla/5.0 (Windows NT 6.1; WOW64) AppleWebKit/537.36 (KHTML, like Gecko) Chrome/36.0.1985.125 Safari/537.36" "gatipackers.com"
10.213.116.211 - - [13/Nov/2022:11:28:20 -0800] "POST /wp-cron.php?doing_wp_cron=1668367700.3014810085296630859375 HTTP/1.1" 200 - "http://gatipackers.com/wp-cron.php?doing_wp_cron=1668367700.3014810085296630859375" "WordPress/5.6.10; http://gatipackers.com" "gatipackers.com"
20.0.97.63 - - [13/Nov/2022:11:44:22 -0800] "GET /wp-content/themes/seotheme/db.php?u HTTP/1.1" 404 88 "www.google.com" "Mozlila/5.0 (Linux; Android 7.0; SM-G892A Bulid/NRD90M; wv) AppleWebKit/537.36 (KHTML, like Gecko) Version/4.0 Chrome/60.0.3112.107 Moblie Safari/537.36" "gatipackers.com"
20.0.97.63 - - [13/Nov/2022:11:44:25 -0800] "GET /wp-content/themes/seotheme/db.php?u HTTP/1.1" 404 88 "www.google.com" "Mozlila/5.0 (Linux; Android 7.0; SM-G892A Bulid/NRD90M; wv) AppleWebKit/537.36 (KHTML, like Gecko) Version/4.0 Chrome/60.0.3112.107 Moblie Safari/537.36" "gatipackers.com"
185.104.44.58 - - [13/Nov/2022:11:56:34 -0800] "POST /xmlrpc.php HTTP/1.1" 200 401 "-" "Mozilla/5.0 (Windows NT 10.0; Win64; x64; rv:96.0) Gecko/20100101 Firefox/96" "gatipackers.com"
10.213.116.209 - - [13/Nov/2022:11:56:39 -0800] "POST /wp-cron.php?doing_wp_cron=1668369399.4282219409942626953125 HTTP/1.1" 200 - "http://gatipackers.com/wp-cron.php?doing_wp_cron=1668369399.4282219409942626953125" "WordPress/5.6.10; http://gatipackers.com" "gatipackers.com"
1.192.241.42 - - [13/Nov/2022:12:02:37 -0800] "GET /robots.txt HTTP/1.1" 200 58 "-" "Mozilla/5.0 (Windows NT 10.0; Win64; x64) AppleWebKit/537.36 (KHTML, like Gecko) Chrome/92.0.4515.159 Safari/537.36" "www.gatipackers.com"
125.41.246.168 - - [13/Nov/2022:12:03:01 -0800] "GET /robots.txt HTTP/1.1" 200 58 "-" "Mozilla/5.0 (Windows NT 10.0; Win64; x64) AppleWebKit/537.36 (KHTML, like Gecko) Chrome/92.0.4515.159 Safari/537.36" "www.gatipackers.com"
198.12.250.252 - - [13/Nov/2022:12:02:57 -0800] "POST /xmlrpc.php HTTP/1.1" 200 401 "-" "Mozilla/5.0 (Windows NT 10.0; Win64; x64; rv:96.0) Gecko/20100101 Firefox/96" "gatipackers.com"
162.241.126.33 - - [13/Nov/2022:12:09:39 -0800] "POST /xmlrpc.php HTTP/1.1" 200 401 "-" "Mozilla/5.0 (Windows NT 10.0; Win64; x64; rv:96.0) Gecko/20100101 Firefox/96" "gatipackers.com"
10.213.116.210 - - [13/Nov/2022:12:09:43 -0800] "POST /wp-cron.php?doing_wp_cron=1668370183.5074639320373535156250 HTTP/1.1" 200 - "http://gatipackers.com/wp-cron.php?doing_wp_cron=1668370183.5074639320373535156250" "WordPress/5.6.10; http://gatipackers.com" "gatipackers.com"
103.74.120.192 - - [13/Nov/2022:12:16:28 -0800] "POST /xmlrpc.php HTTP/1.1" 200 401 "-" "Mozilla/5.0 (Windows NT 10.0; Win64; x64; rv:96.0) Gecko/20100101 Firefox/96" "gatipackers.com"
85.191.40.94 - - [13/Nov/2022:12:22:11 -0800] "POST /wp-login.php HTTP/1.1" 200 8256 "-" "Mozilla/5.0 (Windows NT 6.1; WOW64) AppleWebKit/537.36 (KHTML, like Gecko) Chrome/32.0.1700.107 Safari/537.36" "gatipackers.com"
165.22.221.110 - - [13/Nov/2022:12:23:27 -0800] "POST /xmlrpc.php HTTP/1.1" 200 401 "-" "Mozilla/5.0 (Windows NT 10.0; Win64; x64; rv:96.0) Gecko/20100101 Firefox/96" "gatipackers.com"
10.213.116.209 - - [13/Nov/2022:12:23:31 -0800] "POST /wp-cron.php?doing_wp_cron=1668371011.1382889747619628906250 HTTP/1.1" 200 - "http://gatipackers.com/wp-cron.php?doing_wp_cron=1668371011.1382889747619628906250" "WordPress/5.6.10; http://gatipackers.com" "gatipackers.com"
157.55.39.134 - - [13/Nov/2022:12:25:15 -0800] "GET /online_quote HTTP/1.1" 404 88 "-" "Mozilla/5.0 (compatible; bingbot/2.0; +http://www.bing.com/bingbot.htm)" "www.gatipackers.com"
139.59.66.182 - - [13/Nov/2022:12:30:52 -0800] "POST /xmlrpc.php HTTP/1.1" 200 401 "-" "Mozilla/5.0 (Windows NT 10.0; Win64; x64; rv:96.0) Gecko/20100101 Firefox/96" "gatipackers.com"
51.222.253.17 - - [13/Nov/2022:12:38:03 -0800] "GET /robots.txt HTTP/1.1" 200 58 "-" "Mozilla/5.0 (compatible; AhrefsBot/7.0; +http://ahrefs.com/robot/)" "www.gatipackers.com"
51.222.253.17 - - [13/Nov/2022:12:38:04 -0800] "GET / HTTP/1.1" 200 14590 "-" "Mozilla/5.0 (compatible; AhrefsBot/7.0; +http://ahrefs.com/robot/)" "www.gatipackers.com"
10.213.116.211 - - [13/Nov/2022:12:38:09 -0800] "POST /wp-cron.php?doing_wp_cron=1668371889.7213480472564697265625 HTTP/1.1" 200 - "http://gatipackers.com/wp-cron.php?doing_wp_cron=1668371889.7213480472564697265625" "WordPress/5.6.10; http://gatipackers.com" "gatipackers.com"
185.220.101.63 - - [13/Nov/2022:12:38:33 -0800] "GET /home/request_a_survey/ HTTP/1.1" 200 779 "http://gatipackers.com/home/request_a_survey/" "Mozilla/5.0 (Windows NT 10.0; WOW64) AppleWebKit/537.36 (KHTML, like Gecko) Chrome/90.0.4400.8 Safari/537.36" "gatipackers.com"
150.230.247.143 - - [13/Nov/2022:12:38:33 -0800] "POST /xmlrpc.php HTTP/1.1" 200 401 "-" "Mozilla/5.0 (Windows NT 10.0; Win64; x64; rv:96.0) Gecko/20100101 Firefox/96" "gatipackers.com"
109.70.100.83 - - [13/Nov/2022:12:38:35 -0800] "GET / HTTP/1.1" 200 14533 "http://gatipackers.com/" "Mozilla/5.0 (Windows NT 10.0; WOW64) AppleWebKit/537.36 (KHTML, like Gecko) Chrome/90.0.4400.8 Safari/537.36" "gatipackers.com"
109.70.100.83 - - [13/Nov/2022:12:38:40 -0800] "GET /index.php/2021/02/26/sample-page/ HTTP/1.1" 200 13884 "http://gatipackers.com/index.php/2021/02/26/sample-page/" "Mozilla/5.0 (Windows NT 10.0; WOW64) AppleWebKit/537.36 (KHTML, like Gecko) Chrome/90.0.4400.8 Safari/537.36" "gatipackers.com"
20.223.140.8 - - [13/Nov/2022:12:45:29 -0800] "POST /ALFA_DATA/alfacgiapi/perl.alfa HTTP/1.1" 404 73 "www.google.com" "Mozlila/5.0 (Linux; Android 7.0; SM-G892A Bulid/NRD90M; wv) AppleWebKit/537.36 (KHTML, like Gecko) Version/4.0 Chrome/60.0.3112.107 Moblie Safari/537.36" "gatipackers.com"
20.223.140.8 - - [13/Nov/2022:12:45:29 -0800] "GET /wp-content/plugins/dzs-zoomsounds/savepng.php?location=1877.php HTTP/1.1" 404 73 "-" "Mozilla/5.0 (Windows NT 10.0; Win64; x64) AppleWebKit/537.36 (KHTML, like Gecko) Chrome/85.0.4183.102 Safari/537.36" "gatipackers.com"
20.223.140.8 - - [13/Nov/2022:12:45:29 -0800] "POST /wp-plain.php HTTP/1.1" 404 73 "www.google.com" "Mozilla/5.0 (Linux; Android 7.0; SM-G892A Bulid/NRD90M; wv) AppleWebKit/537.36 (KHTML, like Gecko) Version/4.0 Chrome/60.0.3112.107 Moblie Safari/537.36" "gatipackers.com"
20.223.140.8 - - [13/Nov/2022:12:45:29 -0800] "POST /alfacgiapi/perl.alfa HTTP/1.1" 404 73 "www.google.com" "Mozlila/5.0 (Linux; Android 7.0; SM-G892A Bulid/NRD90M; wv) AppleWebKit/537.36 (KHTML, like Gecko) Version/4.0 Chrome/60.0.3112.107 Moblie Safari/537.36" "gatipackers.com"
20.223.140.8 - - [13/Nov/2022:12:45:29 -0800] "GET /fhancbbp.php?Fox=d3wL7 HTTP/1.1" 404 73 "www.google.com" "Mozilla/5.0 (Linux; Android 7.0; SM-G892A Bulid/NRD90M; wv) AppleWebKit/537.36 (KHTML, like Gecko) Version/4.0 Chrome/60.0.3112.107 Moblie Safari/537.36" "gatipackers.com"
20.223.140.8 - - [13/Nov/2022:12:45:31 -0800] "POST /wp-plain.php HTTP/1.1" 404 73 "www.google.com" "Mozilla/5.0 (Linux; Android 7.0; SM-G892A Bulid/NRD90M; wv) AppleWebKit/537.36 (KHTML, like Gecko) Version/4.0 Chrome/60.0.3112.107 Moblie Safari/537.36" "gatipackers.com"
20.223.140.8 - - [13/Nov/2022:12:45:31 -0800] "GET /syeuzovn.php?Fox=d3wL7 HTTP/1.1" 404 73 "www.google.com" "Mozilla/5.0 (Linux; Android 7.0; SM-G892A Bulid/NRD90M; wv) AppleWebKit/537.36 (KHTML, like Gecko) Version/4.0 Chrome/60.0.3112.107 Moblie Safari/537.36" "gatipackers.com"
20.223.140.8 - - [13/Nov/2022:12:45:29 -0800] "GET / HTTP/1.1" 200 14533 "-" "Mozlila/5.0 (Linux; Android 7.0; SM-G892A Bulid/NRD90M; wv) AppleWebKit/537.36 (KHTML, like Gecko) Version/4.0 Chrome/60.0.3112.107 Moblie Safari/537.36" "gatipackers.com"
20.223.140.8 - - [13/Nov/2022:12:45:40 -0800] "GET / HTTP/1.1" 200 14533 "-" "Mozlila/5.0 (Linux; Android 7.0; SM-G892A Bulid/NRD90M; wv) AppleWebKit/537.36 (KHTML, like Gecko) Version/4.0 Chrome/60.0.3112.107 Moblie Safari/537.36" "gatipackers.com"
20.223.140.8 - - [13/Nov/2022:12:45:46 -0800] "GET / HTTP/1.1" 200 14533 "-" "Mozlila/5.0 (Linux; Android 7.0; SM-G892A Bulid/NRD90M; wv) AppleWebKit/537.36 (KHTML, like Gecko) Version/4.0 Chrome/60.0.3112.107 Moblie Safari/537.36" "gatipackers.com"
20.223.140.8 - - [13/Nov/2022:12:45:51 -0800] "GET / HTTP/1.1" 200 14533 "-" "Mozlila/5.0 (Linux; Android 7.0; SM-G892A Bulid/NRD90M; wv) AppleWebKit/537.36 (KHTML, like Gecko) Version/4.0 Chrome/60.0.3112.107 Moblie Safari/537.36" "gatipackers.com"
20.223.140.8 - - [13/Nov/2022:12:45:57 -0800] "GET /wp-content/plugins/apikey/apikey.php?test=hello HTTP/1.1" 404 73 "-" "Mozlila/5.0 (Linux; Android 7.0; SM-G892A Bulid/NRD90M; wv) AppleWebKit/537.36 (KHTML, like Gecko) Version/4.0 Chrome/60.0.3112.107 Moblie Safari/537.36" "gatipackers.com"
20.223.140.8 - - [13/Nov/2022:12:45:57 -0800] "GET /plugins/content/apismtp/apismtp.php?test=hello HTTP/1.1" 404 73 "-" "Mozlila/5.0 (Linux; Android 7.0; SM-G892A Bulid/NRD90M; wv) AppleWebKit/537.36 (KHTML, like Gecko) Version/4.0 Chrome/60.0.3112.107 Moblie Safari/537.36" "gatipackers.com"
20.223.140.8 - - [13/Nov/2022:12:45:58 -0800] "GET /wp-content/plugins/apikey/apikey.php.suspected?test=hello HTTP/1.1" 404 73 "-" "Mozlila/5.0 (Linux; Android 7.0; SM-G892A Bulid/NRD90M; wv) AppleWebKit/537.36 (KHTML, like Gecko) Version/4.0 Chrome/60.0.3112.107 Moblie Safari/537.36" "gatipackers.com"
20.223.140.8 - - [13/Nov/2022:12:45:58 -0800] "GET /plugins/content/apismtp/apismtp.php.suspected?test=hello HTTP/1.1" 404 73 "-" "Mozlila/5.0 (Linux; Android 7.0; SM-G892A Bulid/NRD90M; wv) AppleWebKit/537.36 (KHTML, like Gecko) Version/4.0 Chrome/60.0.3112.107 Moblie Safari/537.36" "gatipackers.com"
194.59.165.88 - - [13/Nov/2022:12:46:22 -0800] "POST /xmlrpc.php HTTP/1.1" 200 401 "-" "Mozilla/5.0 (Windows NT 10.0; Win64; x64; rv:96.0) Gecko/20100101 Firefox/96" "gatipackers.com"
95.84.248.246 - - [13/Nov/2022:12:49:59 -0800] "GET /home/request_a_survey/ HTTP/1.1" 200 779 "http://gatipackers.com/home/request_a_survey/" "Mozilla/5.0 (Windows NT 6.2; Win64; x64) AppleWebKit/537.36 (KHTML, like Gecko) Chrome/90.0.4430.93 Safari/537.36" "gatipackers.com"
95.84.248.246 - - [13/Nov/2022:12:50:00 -0800] "GET / HTTP/1.1" 200 14533 "http://gatipackers.com/" "Mozilla/5.0 (Windows NT 6.2; Win64; x64) AppleWebKit/537.36 (KHTML, like Gecko) Chrome/90.0.4430.93 Safari/537.36" "gatipackers.com"
95.84.248.246 - - [13/Nov/2022:12:50:04 -0800] "GET /index.php/2021/02/26/sample-page/ HTTP/1.1" 200 13884 "http://gatipackers.com/index.php/2021/02/26/sample-page/" "Mozilla/5.0 (Windows NT 6.2; Win64; x64) AppleWebKit/537.36 (KHTML, like Gecko) Chrome/90.0.4430.93 Safari/537.36" "gatipackers.com"
43.153.168.248 - - [13/Nov/2022:12:54:14 -0800] "POST /xmlrpc.php HTTP/1.1" 200 401 "-" "Mozilla/5.0 (Windows NT 10.0; Win64; x64; rv:96.0) Gecko/20100101 Firefox/96" "gatipackers.com"
10.213.116.210 - - [13/Nov/2022:12:54:18 -0800] "POST /wp-cron.php?doing_wp_cron=1668372857.9978001117706298828125 HTTP/1.1" 200 - "http://gatipackers.com/wp-cron.php?doing_wp_cron=1668372857.9978001117706298828125" "WordPress/5.6.10; http://gatipackers.com" "gatipackers.com"
157.245.140.35 - - [13/Nov/2022:13:02:13 -0800] "POST /xmlrpc.php HTTP/1.1" 200 401 "-" "Mozilla/5.0 (Windows NT 10.0; Win64; x64; rv:96.0) Gecko/20100101 Firefox/96" "gatipackers.com"
194.233.96.127 - - [13/Nov/2022:13:06:26 -0800] "GET /home/request_a_survey/ HTTP/1.1" 200 779 "http://gatipackers.com/home/request_a_survey/" "Mozilla/5.0 (Windows NT 10.0; WOW64) AppleWebKit/537.36 (KHTML, like Gecko) Chrome/90.0.4430.72 Safari/537.36" "gatipackers.com"
179.43.144.116 - - [13/Nov/2022:13:07:34 -0800] "GET /home/request_a_survey/ HTTP/1.1" 200 779 "http://gatipackers.com/home/request_a_survey/" "Mozilla/5.0 (Windows NT 6.1; Win64; x64) AppleWebKit/537.36 (KHTML, like Gecko) Chrome/90.0.4430.85 Safari/537.36 Edg/90.0.818.49" "gatipackers.com"
179.43.144.116 - - [13/Nov/2022:13:07:34 -0800] "GET / HTTP/1.1" 200 14533 "http://gatipackers.com/" "Mozilla/5.0 (Windows NT 6.1; Win64; x64) AppleWebKit/537.36 (KHTML, like Gecko) Chrome/90.0.4430.85 Safari/537.36 Edg/90.0.818.49" "gatipackers.com"
10.213.116.211 - - [13/Nov/2022:13:07:38 -0800] "POST /wp-cron.php?doing_wp_cron=1668373658.7784221172332763671875 HTTP/1.1" 200 - "http://gatipackers.com/wp-cron.php?doing_wp_cron=1668373658.7784221172332763671875" "WordPress/5.6.10; http://gatipackers.com" "gatipackers.com"
179.43.144.116 - - [13/Nov/2022:13:07:41 -0800] "GET /index.php/2021/02/26/sample-page/ HTTP/1.1" 200 13884 "http://gatipackers.com/index.php/2021/02/26/sample-page/" "Mozilla/5.0 (Windows NT 6.1; Win64; x64) AppleWebKit/537.36 (KHTML, like Gecko) Chrome/90.0.4430.85 Safari/537.36 Edg/90.0.818.49" "gatipackers.com"
161.97.90.224 - - [13/Nov/2022:13:10:28 -0800] "POST /xmlrpc.php HTTP/1.1" 200 401 "-" "Mozilla/5.0 (Windows NT 10.0; Win64; x64; rv:96.0) Gecko/20100101 Firefox/96" "gatipackers.com"
157.55.39.134 - - [13/Nov/2022:13:12:39 -0800] "GET /online_quote HTTP/1.1" 404 88 "-" "Mozilla/5.0 AppleWebKit/537.36 (KHTML, like Gecko; compatible; bingbot/2.0; +http://www.bing.com/bingbot.htm) Chrome/103.0.5060.134 Safari/537.36" "www.gatipackers.com"
173.236.168.102 - - [13/Nov/2022:13:16:02 -0800] "POST /wp-login.php HTTP/1.1" 200 8257 "-" "Mozilla/5.0 (Windows NT 6.1) AppleWebKit/537.36 (KHTML, like Gecko) Chrome/58.0.3029.110 Safari/537.36" "gatipackers.com"
119.18.52.177 - - [13/Nov/2022:13:18:54 -0800] "POST /xmlrpc.php HTTP/1.1" 200 401 "-" "Mozilla/5.0 (Windows NT 10.0; Win64; x64; rv:96.0) Gecko/20100101 Firefox/96" "gatipackers.com"
166.62.122.244 - - [13/Nov/2022:13:27:16 -0800] "POST /xmlrpc.php HTTP/1.1" 200 401 "-" "Mozilla/5.0 (Windows NT 10.0; Win64; x64; rv:96.0) Gecko/20100101 Firefox/96" "gatipackers.com"
10.213.116.209 - - [13/Nov/2022:13:27:21 -0800] "POST /wp-cron.php?doing_wp_cron=1668374841.4550149440765380859375 HTTP/1.1" 200 - "http://gatipackers.com/wp-cron.php?doing_wp_cron=1668374841.4550149440765380859375" "WordPress/5.6.10; http://gatipackers.com" "gatipackers.com"
39.101.205.176 - - [13/Nov/2022:13:35:48 -0800] "POST /xmlrpc.php HTTP/1.1" 200 401 "-" "Mozilla/5.0 (Windows NT 10.0; Win64; x64) Chrome/92.0.4515.159 Safari/537.36" "gatipackers.com"
119.18.52.177 - - [13/Nov/2022:13:44:33 -0800] "POST /xmlrpc.php HTTP/1.1" 200 401 "-" "Mozilla/5.0 (Windows NT 10.0; Win64; x64; rv:96.0) Gecko/20100101 Firefox/96" "gatipackers.com"
10.213.116.209 - - [13/Nov/2022:13:44:37 -0800] "POST /wp-cron.php?doing_wp_cron=1668375877.6757080554962158203125 HTTP/1.1" 200 - "http://gatipackers.com/wp-cron.php?doing_wp_cron=1668375877.6757080554962158203125" "WordPress/5.6.10; http://gatipackers.com" "gatipackers.com"
203.112.72.51 - - [13/Nov/2022:13:53:21 -0800] "POST /xmlrpc.php HTTP/1.1" 200 401 "-" "Mozilla/5.0 (Windows NT 10.0; Win64; x64; rv:96.0) Gecko/20100101 Firefox/96" "gatipackers.com"
10.213.116.211 - - [13/Nov/2022:13:53:25 -0800] "POST /wp-cron.php?doing_wp_cron=1668376405.5767641067504882812500 HTTP/1.1" 200 - "http://gatipackers.com/wp-cron.php?doing_wp_cron=1668376405.5767641067504882812500" "WordPress/5.6.10; http://gatipackers.com" "gatipackers.com"
148.72.244.254 - - [13/Nov/2022:14:01:42 -0800] "POST /xmlrpc.php HTTP/1.1" 200 401 "-" "Mozilla/5.0 (Windows NT 10.0; Win64; x64; rv:96.0) Gecko/20100101 Firefox/96" "gatipackers.com"
77.240.13.186 - - [13/Nov/2022:14:10:07 -0800] "POST /wp-login.php HTTP/1.1" 200 8258 "-" "Mozilla/5.0 (Windows NT 6.1) AppleWebKit/537.36 (KHTML, like Gecko) Chrome/58.0.3029.110 Safari/537.36" "gatipackers.com"
10.213.116.209 - - [13/Nov/2022:14:10:11 -0800] "POST /wp-cron.php?doing_wp_cron=1668377411.8581271171569824218750 HTTP/1.1" 200 - "http://gatipackers.com/wp-cron.php?doing_wp_cron=1668377411.8581271171569824218750" "WordPress/5.6.10; http://gatipackers.com" "gatipackers.com"
43.138.14.11 - - [13/Nov/2022:14:10:37 -0800] "POST /xmlrpc.php HTTP/1.1" 200 401 "-" "Mozilla/5.0 (Windows NT 10.0; Win64; x64; rv:96.0) Gecko/20100101 Firefox/96" "gatipackers.com"
159.223.186.76 - - [13/Nov/2022:14:19:47 -0800] "POST /xmlrpc.php HTTP/1.1" 200 401 "-" "Mozilla/5.0 (Windows NT 10.0; Win64; x64; rv:96.0) Gecko/20100101 Firefox/96" "gatipackers.com"
104.219.251.247 - - [13/Nov/2022:14:28:55 -0800] "POST /xmlrpc.php HTTP/1.1" 200 401 "-" "Mozilla/5.0 (Windows NT 10.0; Win64; x64; rv:96.0) Gecko/20100101 Firefox/96" "gatipackers.com"
10.213.116.210 - - [13/Nov/2022:14:28:58 -0800] "POST /wp-cron.php?doing_wp_cron=1668378538.8323829174041748046875 HTTP/1.1" 200 - "http://gatipackers.com/wp-cron.php?doing_wp_cron=1668378538.8323829174041748046875" "WordPress/5.6.10; http://gatipackers.com" "gatipackers.com"
109.234.164.218 - - [13/Nov/2022:14:38:13 -0800] "POST /xmlrpc.php HTTP/1.1" 200 401 "-" "Mozilla/5.0 (Windows NT 10.0; Win64; x64; rv:96.0) Gecko/20100101 Firefox/96" "gatipackers.com"
10.213.116.210 - - [13/Nov/2022:14:38:17 -0800] "POST /wp-cron.php?doing_wp_cron=1668379097.1393239498138427734375 HTTP/1.1" 200 - "http://gatipackers.com/wp-cron.php?doing_wp_cron=1668379097.1393239498138427734375" "WordPress/5.6.10; http://gatipackers.com" "gatipackers.com"
54.36.148.235 - - [13/Nov/2022:14:46:51 -0800] "GET /robots.txt HTTP/1.1" 200 58 "-" "Mozilla/5.0 (compatible; AhrefsBot/7.0; +http://ahrefs.com/robot/)" "gatipackers.com"
67.222.131.158 - - [13/Nov/2022:14:47:45 -0800] "POST /xmlrpc.php HTTP/1.1" 200 401 "-" "Mozilla/5.0 (Windows NT 10.0; Win64; x64; rv:96.0) Gecko/20100101 Firefox/96" "gatipackers.com"
114.119.142.63 - - [13/Nov/2022:14:55:37 -0800] "GET /robots.txt HTTP/1.1" 200 58 "-" "Mozilla/5.0 (compatible;PetalBot;+https://webmaster.petalsearch.com/site/petalbot)" "gatipackers.com"
139.59.66.182 - - [13/Nov/2022:14:57:16 -0800] "POST /xmlrpc.php HTTP/1.1" 200 401 "-" "Mozilla/5.0 (Windows NT 10.0; Win64; x64; rv:96.0) Gecko/20100101 Firefox/96" "gatipackers.com"
10.213.116.211 - - [13/Nov/2022:14:57:20 -0800] "POST /wp-cron.php?doing_wp_cron=1668380240.3229110240936279296875 HTTP/1.1" 200 - "http://gatipackers.com/wp-cron.php?doing_wp_cron=1668380240.3229110240936279296875" "WordPress/5.6.10; http://gatipackers.com" "gatipackers.com"
69.163.186.158 - - [13/Nov/2022:15:04:09 -0800] "POST /wp-login.php HTTP/1.1" 200 8270 "-" "Mozilla/5.0 (Windows NT 6.1; WOW64) AppleWebKit/537.36 (KHTML, like Gecko) Chrome/52.0.2743.116 Safari/537.36" "gatipackers.com"
35.219.66.183 - - [13/Nov/2022:15:06:28 -0800] "POST /xmlrpc.php HTTP/1.1" 200 401 "-" "Mozilla/5.0 (Windows NT 10.0; Win64; x64; rv:96.0) Gecko/20100101 Firefox/96" "gatipackers.com"
195.225.76.130 - - [13/Nov/2022:15:16:06 -0800] "POST /xmlrpc.php HTTP/1.1" 200 401 "-" "Mozilla/5.0 (Windows NT 10.0; Win64; x64; rv:96.0) Gecko/20100101 Firefox/96" "gatipackers.com"
10.213.116.210 - - [13/Nov/2022:15:16:10 -0800] "POST /wp-cron.php?doing_wp_cron=1668381370.8057229518890380859375 HTTP/1.1" 200 - "http://gatipackers.com/wp-cron.php?doing_wp_cron=1668381370.8057229518890380859375" "WordPress/5.6.10; http://gatipackers.com" "gatipackers.com"
69.30.214.154 - - [13/Nov/2022:15:16:28 -0800] "GET /home/request_a_survey/ HTTP/1.1" 200 779 "http://gatipackers.com/home/request_a_survey/" "Mozilla/5.0 (Windows NT 6.2; Win64; x64) AppleWebKit/537.36 (KHTML, like Gecko) Chrome/90.0.4430.93 Safari/537.36" "gatipackers.com"
69.30.214.154 - - [13/Nov/2022:15:16:28 -0800] "GET / HTTP/1.1" 200 14533 "http://gatipackers.com/" "Mozilla/5.0 (Windows NT 6.2; Win64; x64) AppleWebKit/537.36 (KHTML, like Gecko) Chrome/90.0.4430.93 Safari/537.36" "gatipackers.com"
69.30.214.154 - - [13/Nov/2022:15:16:34 -0800] "GET /index.php/2021/02/26/sample-page/ HTTP/1.1" 200 13884 "http://gatipackers.com/index.php/2021/02/26/sample-page/" "Mozilla/5.0 (Windows NT 6.2; Win64; x64) AppleWebKit/537.36 (KHTML, like Gecko) Chrome/90.0.4430.93 Safari/537.36" "gatipackers.com"
103.74.120.192 - - [13/Nov/2022:15:26:04 -0800] "POST /xmlrpc.php HTTP/1.1" 200 401 "-" "Mozilla/5.0 (Windows NT 10.0; Win64; x64; rv:96.0) Gecko/20100101 Firefox/96" "gatipackers.com"
10.213.116.210 - - [13/Nov/2022:15:26:08 -0800] "POST /wp-cron.php?doing_wp_cron=1668381968.2097220420837402343750 HTTP/1.1" 200 - "http://gatipackers.com/wp-cron.php?doing_wp_cron=1668381968.2097220420837402343750" "WordPress/5.6.10; http://gatipackers.com" "gatipackers.com"
109.70.100.26 - - [13/Nov/2022:15:27:02 -0800] "GET /home/request_a_survey/ HTTP/1.1" 200 779 "http://gatipackers.com/home/request_a_survey/" "Mozilla/5.0 (Windows NT 6.1; WOW64) AppleWebKit/537.36 (KHTML, like Gecko) Chrome/90.0.4430.72 Safari/537.36" "gatipackers.com"
109.70.100.26 - - [13/Nov/2022:15:27:04 -0800] "GET / HTTP/1.1" 200 14533 "http://gatipackers.com/" "Mozilla/5.0 (Windows NT 6.1; WOW64) AppleWebKit/537.36 (KHTML, like Gecko) Chrome/90.0.4430.72 Safari/537.36" "gatipackers.com"
199.249.230.178 - - [13/Nov/2022:15:27:09 -0800] "GET /index.php/2021/02/26/sample-page/ HTTP/1.1" 200 13884 "http://gatipackers.com/index.php/2021/02/26/sample-page/" "Mozilla/5.0 (Windows NT 6.1; WOW64) AppleWebKit/537.36 (KHTML, like Gecko) Chrome/90.0.4430.72 Safari/537.36" "gatipackers.com"
54.36.148.89 - - [13/Nov/2022:15:31:38 -0800] "GET /robots.txt HTTP/1.1" 200 58 "-" "Mozilla/5.0 (compatible; AhrefsBot/7.0; +http://ahrefs.com/robot/)" "gatipackers.com"
51.222.253.7 - - [13/Nov/2022:15:31:39 -0800] "GET /index.php/2021/02/26/hello-world/ HTTP/1.1" 200 15859 "-" "Mozilla/5.0 (compatible; AhrefsBot/7.0; +http://ahrefs.com/robot/)" "gatipackers.com"
128.199.109.135 - - [13/Nov/2022:15:35:37 -0800] "POST /xmlrpc.php HTTP/1.1" 200 401 "-" "Mozilla/5.0 (Windows NT 10.0; Win64; x64; rv:96.0) Gecko/20100101 Firefox/96" "gatipackers.com"
116.62.155.4 - - [13/Nov/2022:15:45:48 -0800] "POST /xmlrpc.php HTTP/1.1" 200 401 "-" "Mozilla/5.0 (Windows NT 10.0; Win64; x64; rv:96.0) Gecko/20100101 Firefox/96" "gatipackers.com"
10.213.116.210 - - [13/Nov/2022:15:45:52 -0800] "POST /wp-cron.php?doing_wp_cron=1668383152.2708010673522949218750 HTTP/1.1" 200 - "http://gatipackers.com/wp-cron.php?doing_wp_cron=1668383152.2708010673522949218750" "WordPress/5.6.10; http://gatipackers.com" "gatipackers.com"
