114.119.141.116 - - [15/Nov/2022:07:35:34 -0800] "GET /wp-content HTTP/1.1" 301 1414 "https://www.gatipackers.com/wp-content/plugins?C=D%3BO%3DA" "Mozilla/5.0 (Linux; Android 7.0;) AppleWebKit/537.36 (KHTML, like Gecko) Mobile Safari/537.36 (compatible; PetalBot;+https://webmaster.petalsearch.com/site/petalbot)" "www.gatipackers.com"
114.119.141.116 - - [15/Nov/2022:07:35:37 -0800] "GET /wp-content/ HTTP/1.1" 200 - "https://www.gatipackers.com/wp-content/plugins?C=D%3BO%3DA" "Mozilla/5.0 (Linux; Android 7.0;) AppleWebKit/537.36 (KHTML, like Gecko) Mobile Safari/537.36 (compatible; PetalBot;+https://webmaster.petalsearch.com/site/petalbot)" "www.gatipackers.com"
167.86.109.138 - - [15/Nov/2022:07:38:48 -0800] "POST /xmlrpc.php HTTP/1.1" 200 401 "-" "Mozilla/5.0 (Windows NT 10.0; Win64; x64; rv:96.0) Gecko/20100101 Firefox/96" "gatipackers.com"
10.213.116.210 - - [15/Nov/2022:07:38:51 -0800] "POST /wp-cron.php?doing_wp_cron=1668526731.4879000186920166015625 HTTP/1.1" 200 - "http://gatipackers.com/wp-cron.php?doing_wp_cron=1668526731.4879000186920166015625" "WordPress/5.6.10; http://gatipackers.com" "gatipackers.com"
207.46.13.143 - - [15/Nov/2022:07:40:04 -0800] "GET / HTTP/1.1" 200 14590 "-" "Mozilla/5.0 (compatible; bingbot/2.0; +http://www.bing.com/bingbot.htm)" "www.gatipackers.com"
114.119.156.95 - - [15/Nov/2022:07:40:39 -0800] "GET /phpmyadmin HTTP/1.1" 301 1414 "https://gatipackers.com?C=S%3BO%3DA" "Mozilla/5.0 (Linux; Android 7.0;) AppleWebKit/537.36 (KHTML, like Gecko) Mobile Safari/537.36 (compatible; PetalBot;+https://webmaster.petalsearch.com/site/petalbot)" "gatipackers.com"
114.119.156.95 - - [15/Nov/2022:07:40:39 -0800] "GET /phpmyadmin/ HTTP/1.1" 200 7540 "https://gatipackers.com?C=S%3BO%3DA" "Mozilla/5.0 (Linux; Android 7.0;) AppleWebKit/537.36 (KHTML, like Gecko) Mobile Safari/537.36 (compatible; PetalBot;+https://webmaster.petalsearch.com/site/petalbot)" "gatipackers.com"
143.198.91.140 - - [15/Nov/2022:07:41:47 -0800] "GET / HTTP/1.1" 200 14533 "-" "Mozilla/5.0 (Windows NT 10.0; Win64; x64) AppleWebKit/537.36 (KHTML, like Gecko) Chrome/80.0.3987.149 Safari/537.36" "gatipackers.com"
143.198.91.140 - - [15/Nov/2022:07:41:51 -0800] "GET /?author=1 HTTP/1.1" 200 14259 "-" "Mozilla/5.0 (Windows NT 10.0; Win64; x64) AppleWebKit/537.36 (KHTML, like Gecko) Chrome/80.0.3987.149 Safari/537.36" "gatipackers.com"
143.198.91.140 - - [15/Nov/2022:07:42:07 -0800] "GET /wp-json/oembed/1.0/embed?url=http://gatipackers.com HTTP/1.1" 404 73 "-" "Mozilla/5.0 (Windows NT 10.0; Win64; x64) AppleWebKit/537.36 (KHTML, like Gecko) Chrome/80.0.3987.149 Safari/537.36" "gatipackers.com"
185.49.20.77 - - [15/Nov/2022:07:46:03 -0800] "POST /xmlrpc.php HTTP/1.1" 200 401 "-" "Mozilla/5.0 (Windows NT 10.0; Win64; x64; rv:96.0) Gecko/20100101 Firefox/96" "gatipackers.com"
185.183.122.143 - - [15/Nov/2022:07:53:08 -0800] "POST /xmlrpc.php HTTP/1.1" 200 401 "-" "Mozilla/5.0 (Windows NT 10.0; Win64; x64; rv:96.0) Gecko/20100101 Firefox/96" "gatipackers.com"
10.213.116.211 - - [15/Nov/2022:07:53:16 -0800] "POST /wp-cron.php?doing_wp_cron=1668527596.0661270618438720703125 HTTP/1.1" 200 - "http://gatipackers.com/wp-cron.php?doing_wp_cron=1668527596.0661270618438720703125" "WordPress/5.6.10; http://gatipackers.com" "gatipackers.com"
51.104.164.109 - - [15/Nov/2022:07:55:04 -0800] "GET / HTTP/1.1" 200 14533 "-" "Mozilla/5.0 (iPhone; CPU iPhone OS 13_3 like Mac OS X) AppleWebKit/605.1.15 (KHTML%2C like Gecko) Mobile/15E148" "gatipackers.com"
143.110.148.108 - - [15/Nov/2022:08:00:09 -0800] "POST /xmlrpc.php HTTP/1.1" 200 401 "-" "Mozilla/5.0 (Windows NT 10.0; Win64; x64; rv:96.0) Gecko/20100101 Firefox/96" "gatipackers.com"
124.221.186.26 - - [15/Nov/2022:08:02:15 -0800] "GET / HTTP/1.1" 200 14590 "-" "Mozilla/5.0 (Linux; Android 6.0; Nexus 5 Build/MRA58N) AppleWebKit/537.36 (KHTML, like Gecko) Chrome/81.0.4044.138 Mobile Safari/537.36" "www.gatipackers.com"
124.221.186.26 - - [15/Nov/2022:08:02:35 -0800] "GET / HTTP/1.1" 200 14590 "-" "Mozilla/5.0 (Linux; Android 6.0; Nexus 5 Build/MRA58N) AppleWebKit/537.36 (KHTML, like Gecko) Chrome/81.0.4044.138 Mobile Safari/537.36" "www.gatipackers.com"
124.221.186.26 - - [15/Nov/2022:08:02:45 -0800] "GET / HTTP/1.1" 200 14590 "-" "Mozilla/5.0 (Linux; Android 6.0; Nexus 5 Build/MRA58N) AppleWebKit/537.36 (KHTML, like Gecko) Chrome/81.0.4044.138 Mobile Safari/537.36" "www.gatipackers.com"
162.214.226.113 - - [15/Nov/2022:08:07:41 -0800] "POST /xmlrpc.php HTTP/1.1" 200 401 "-" "Mozilla/5.0 (Windows NT 10.0; Win64; x64; rv:96.0) Gecko/20100101 Firefox/96" "gatipackers.com"
10.213.116.209 - - [15/Nov/2022:08:07:45 -0800] "POST /wp-cron.php?doing_wp_cron=1668528465.5982480049133300781250 HTTP/1.1" 200 - "http://gatipackers.com/wp-cron.php?doing_wp_cron=1668528465.5982480049133300781250" "WordPress/5.6.10; http://gatipackers.com" "gatipackers.com"
51.104.161.32 - - [15/Nov/2022:08:34:40 -0800] "GET / HTTP/1.1" 200 14533 "-" "Mozilla/5.0 (iPhone; CPU iPhone OS 13_3 like Mac OS X) AppleWebKit/605.1.15 (KHTML%2C like Gecko) Mobile/15E148" "gatipackers.com"
10.213.116.210 - - [15/Nov/2022:08:34:45 -0800] "POST /wp-cron.php?doing_wp_cron=1668530085.2484259605407714843750 HTTP/1.1" 200 - "http://gatipackers.com/wp-cron.php?doing_wp_cron=1668530085.2484259605407714843750" "WordPress/5.6.10; http://gatipackers.com" "gatipackers.com"
149.56.26.54 - - [15/Nov/2022:08:41:08 -0800] "POST /wp-login.php HTTP/1.1" 200 8259 "-" "Mozilla/5.0 (Windows NT 10.0; Win64; x64) AppleWebKit/537.36 (KHTML, like Gecko) Chrome/54.0.2840.99 Safari/537.36" "gatipackers.com"
10.213.116.211 - - [15/Nov/2022:08:41:13 -0800] "POST /wp-cron.php?doing_wp_cron=1668530473.8753130435943603515625 HTTP/1.1" 200 - "http://gatipackers.com/wp-cron.php?doing_wp_cron=1668530473.8753130435943603515625" "WordPress/5.6.10; http://gatipackers.com" "gatipackers.com"
85.31.44.203 - - [15/Nov/2022:09:08:45 -0800] "GET /wp-admin/css/ HTTP/1.1" 200 144 "binance.com" "Mozilla/5.0 (Windows NT 10.0; Win64; x64) AppleWebKit/537.36 (KHTML, like Gecko) Chrome/90.0.4430.85 Safari/537.36" "gatipackers.com"
109.70.100.21 - - [15/Nov/2022:09:14:11 -0800] "GET /home/request_a_survey/ HTTP/1.1" 200 779 "http://gatipackers.com/home/request_a_survey/" "Mozilla/5.0 (Windows NT 10.0) AppleWebKit/537.36 (KHTML, like Gecko) Chrome/90.0.4430.85 Safari/537.36 Edg/90.0.818.46" "gatipackers.com"
109.70.100.21 - - [15/Nov/2022:09:14:13 -0800] "GET / HTTP/1.1" 200 14533 "http://gatipackers.com/" "Mozilla/5.0 (Windows NT 10.0) AppleWebKit/537.36 (KHTML, like Gecko) Chrome/90.0.4430.85 Safari/537.36 Edg/90.0.818.46" "gatipackers.com"
10.213.116.209 - - [15/Nov/2022:09:14:20 -0800] "POST /wp-cron.php?doing_wp_cron=1668532460.5996270179748535156250 HTTP/1.1" 200 - "http://gatipackers.com/wp-cron.php?doing_wp_cron=1668532460.5996270179748535156250" "WordPress/5.6.10; http://gatipackers.com" "gatipackers.com"
109.70.100.27 - - [15/Nov/2022:09:14:24 -0800] "GET /index.php/2021/02/26/sample-page/ HTTP/1.1" 200 13884 "http://gatipackers.com/index.php/2021/02/26/sample-page/" "Mozilla/5.0 (Windows NT 10.0) AppleWebKit/537.36 (KHTML, like Gecko) Chrome/90.0.4430.85 Safari/537.36 Edg/90.0.818.46" "gatipackers.com"
114.119.141.116 - - [15/Nov/2022:09:20:29 -0800] "GET /wp-content/plugins?C=M%3BO%3DA HTTP/1.1" 301 1432 "https://gatipackers.com/wp-content/plugins?C=S%3BO%3DA" "Mozilla/5.0 (Linux; Android 7.0;) AppleWebKit/537.36 (KHTML, like Gecko) Mobile Safari/537.36 (compatible; PetalBot;+https://webmaster.petalsearch.com/site/petalbot)" "gatipackers.com"
114.119.141.116 - - [15/Nov/2022:09:20:30 -0800] "GET /wp-content/plugins/?C=M%3BO%3DA HTTP/1.1" 200 - "https://gatipackers.com/wp-content/plugins?C=S%3BO%3DA" "Mozilla/5.0 (Linux; Android 7.0;) AppleWebKit/537.36 (KHTML, like Gecko) Mobile Safari/537.36 (compatible; PetalBot;+https://webmaster.petalsearch.com/site/petalbot)" "gatipackers.com"
149.56.26.54 - - [15/Nov/2022:09:24:27 -0800] "POST /wp-login.php HTTP/1.1" 200 8263 "-" "Mozilla/5.0 (Windows NT 6.1) AppleWebKit/537.36 (KHTML, like Gecko) Chrome/63.0.3239.84 Safari/537.36" "gatipackers.com"
10.213.116.210 - - [15/Nov/2022:09:24:32 -0800] "POST /wp-cron.php?doing_wp_cron=1668533072.4302809238433837890625 HTTP/1.1" 200 - "http://gatipackers.com/wp-cron.php?doing_wp_cron=1668533072.4302809238433837890625" "WordPress/5.6.10; http://gatipackers.com" "gatipackers.com"
208.67.106.91 - - [15/Nov/2022:09:52:43 -0800] "GET /wp-content/plugins/ioptimization/IOptimize.php?rchk HTTP/1.1" 404 88 "www.google.com" "Mozlila/5.0 (Linux; Android 7.0; SM-G892A Bulid/NRD90M; wv) AppleWebKit/537.36 (KHTML, like Gecko) Version/4.0 Chrome/60.0.3112.107 Moblie Safari/537.36" "gatipackers.com"
208.67.106.91 - - [15/Nov/2022:09:52:51 -0800] "GET /wp-content/plugins/ioptimization/IOptimize.php?rchk HTTP/1.1" 404 88 "www.google.com" "Mozlila/5.0 (Linux; Android 7.0; SM-G892A Bulid/NRD90M; wv) AppleWebKit/537.36 (KHTML, like Gecko) Version/4.0 Chrome/60.0.3112.107 Moblie Safari/537.36" "gatipackers.com"
5.252.194.59 - - [15/Nov/2022:10:05:51 -0800] "GET /home/request_a_survey/ HTTP/1.1" 200 779 "http://gatipackers.com/home/request_a_survey/" "Mozilla/5.0 (Windows NT 6.1) AppleWebKit/537.36 (KHTML, like Gecko) Chrome/90.0.4430.93 Safari/537.36" "gatipackers.com"
5.252.194.59 - - [15/Nov/2022:10:05:52 -0800] "GET / HTTP/1.1" 200 14533 "http://gatipackers.com/" "Mozilla/5.0 (Windows NT 6.1) AppleWebKit/537.36 (KHTML, like Gecko) Chrome/90.0.4430.93 Safari/537.36" "gatipackers.com"
10.213.116.210 - - [15/Nov/2022:10:05:56 -0800] "POST /wp-cron.php?doing_wp_cron=1668535556.6912410259246826171875 HTTP/1.1" 200 - "http://gatipackers.com/wp-cron.php?doing_wp_cron=1668535556.6912410259246826171875" "WordPress/5.6.10; http://gatipackers.com" "gatipackers.com"
5.252.194.59 - - [15/Nov/2022:10:05:58 -0800] "GET /index.php/2021/02/26/sample-page/ HTTP/1.1" 200 13884 "http://gatipackers.com/index.php/2021/02/26/sample-page/" "Mozilla/5.0 (Windows NT 6.1) AppleWebKit/537.36 (KHTML, like Gecko) Chrome/90.0.4430.93 Safari/537.36" "gatipackers.com"
43.251.135.189 - - [15/Nov/2022:10:08:24 -0800] "POST /wp-login.php HTTP/1.1" 200 8258 "-" "Mozilla/5.0 (Windows NT 6.1) AppleWebKit/537.36 (KHTML, like Gecko) Chrome/65.0.3325.181 Safari/537.36" "gatipackers.com"
10.213.116.210 - - [15/Nov/2022:10:08:27 -0800] "POST /wp-cron.php?doing_wp_cron=1668535707.6827800273895263671875 HTTP/1.1" 200 - "http://gatipackers.com/wp-cron.php?doing_wp_cron=1668535707.6827800273895263671875" "WordPress/5.6.10; http://gatipackers.com" "gatipackers.com"
178.159.37.156 - - [15/Nov/2022:10:30:22 -0800] "GET /wp-content/plugins/wpyii2/wpyii2.php HTTP/1.1" 404 88 "-" "Mozlila/5.0 (Linux; Android 7.0; SM-G892A Bulid/NRD90M; wv) AppleWebKit/537.36 (KHTML, like Gecko) Version/4.0 Chrome/60.0.3112.107 Moblie Safari/537.36" "gatipackers.com"
141.94.247.170 - - [15/Nov/2022:10:52:27 -0800] "POST /wp-login.php HTTP/1.1" 200 8259 "-" "Mozilla/5.0 (Windows NT 6.3; Win64; x64) AppleWebKit/537.36 (KHTML, like Gecko) Chrome/79.0.3945.130 Safari/537.36" "gatipackers.com"
10.213.116.210 - - [15/Nov/2022:10:52:31 -0800] "POST /wp-cron.php?doing_wp_cron=1668538351.6900959014892578125000 HTTP/1.1" 200 - "http://gatipackers.com/wp-cron.php?doing_wp_cron=1668538351.6900959014892578125000" "WordPress/5.6.10; http://gatipackers.com" "gatipackers.com"
20.25.148.209 - - [15/Nov/2022:10:56:08 -0800] "GET / HTTP/1.1" 200 14533 "-" "Mozilla/5.0 (Windows NT 10.0; Win64; x64) AppleWebKit/537.36 (KHTML, like Gecko) Chrome/88.0.4240.193 Safari/537.36" "gatipackers.com"
20.25.148.209 - - [15/Nov/2022:10:56:12 -0800] "GET /?author=2 HTTP/1.1" 404 9049 "-" "Mozilla/5.0 (Windows NT 10.0; Win64; x64) AppleWebKit/537.36 (KHTML, like Gecko) Chrome/88.0.4240.193 Safari/537.36" "gatipackers.com"
20.25.148.209 - - [15/Nov/2022:10:56:16 -0800] "GET /?author=3 HTTP/1.1" 404 9049 "-" "Mozilla/5.0 (Windows NT 10.0; Win64; x64) AppleWebKit/537.36 (KHTML, like Gecko) Chrome/88.0.4240.193 Safari/537.36" "gatipackers.com"
20.25.148.209 - - [15/Nov/2022:10:56:22 -0800] "GET /wp-json/wp/v2/users/ HTTP/1.1" 404 73 "-" "Mozilla/5.0 (Windows NT 10.0; Win64; x64) AppleWebKit/537.36 (KHTML, like Gecko) Chrome/88.0.4240.193 Safari/537.36" "gatipackers.com"
20.25.148.209 - - [15/Nov/2022:10:56:22 -0800] "GET /wp-json/oembed/1.0/embed?url=http://gatipackers.com HTTP/1.1" 404 73 "-" "Mozilla/5.0 (Windows NT 10.0; Win64; x64) AppleWebKit/537.36 (KHTML, like Gecko) Chrome/88.0.4240.193 Safari/537.36" "gatipackers.com"
20.25.148.209 - - [15/Nov/2022:10:56:22 -0800] "POST /xmlrpc.php HTTP/1.1" 200 403 "-" "Mozilla/5.0 (Windows NT 10.0; Win64; x64) AppleWebKit/537.36 (KHTML, like Gecko) Chrome/88.0.4240.193 Safari/537.36" "gatipackers.com"
20.25.148.209 - - [15/Nov/2022:10:56:26 -0800] "POST /xmlrpc.php HTTP/1.1" 200 403 "-" "Mozilla/5.0 (Windows NT 10.0; Win64; x64) AppleWebKit/537.36 (KHTML, like Gecko) Chrome/88.0.4240.193 Safari/537.36" "gatipackers.com"
20.25.148.209 - - [15/Nov/2022:10:56:29 -0800] "POST /xmlrpc.php HTTP/1.1" 200 401 "-" "Mozilla/5.0 (Windows NT 10.0; Win64; x64) AppleWebKit/537.36 (KHTML, like Gecko) Chrome/88.0.4240.193 Safari/537.36" "gatipackers.com"
20.25.148.209 - - [15/Nov/2022:10:56:33 -0800] "POST /xmlrpc.php HTTP/1.1" 200 401 "-" "Mozilla/5.0 (Windows NT 10.0; Win64; x64) AppleWebKit/537.36 (KHTML, like Gecko) Chrome/88.0.4240.193 Safari/537.36" "gatipackers.com"
20.25.148.209 - - [15/Nov/2022:10:56:37 -0800] "POST /xmlrpc.php HTTP/1.1" 200 403 "-" "Mozilla/5.0 (Windows NT 10.0; Win64; x64) AppleWebKit/537.36 (KHTML, like Gecko) Chrome/88.0.4240.193 Safari/537.36" "gatipackers.com"
20.25.148.209 - - [15/Nov/2022:10:56:40 -0800] "POST /xmlrpc.php HTTP/1.1" 200 401 "-" "Mozilla/5.0 (Windows NT 10.0; Win64; x64) AppleWebKit/537.36 (KHTML, like Gecko) Chrome/88.0.4240.193 Safari/537.36" "gatipackers.com"
20.25.148.209 - - [15/Nov/2022:10:56:43 -0800] "POST /xmlrpc.php HTTP/1.1" 200 401 "-" "Mozilla/5.0 (Windows NT 10.0; Win64; x64) AppleWebKit/537.36 (KHTML, like Gecko) Chrome/88.0.4240.193 Safari/537.36" "gatipackers.com"
20.25.148.209 - - [15/Nov/2022:10:56:46 -0800] "POST /xmlrpc.php HTTP/1.1" 200 401 "-" "Mozilla/5.0 (Windows NT 10.0; Win64; x64) AppleWebKit/537.36 (KHTML, like Gecko) Chrome/88.0.4240.193 Safari/537.36" "gatipackers.com"
20.25.148.209 - - [15/Nov/2022:10:56:49 -0800] "POST /xmlrpc.php HTTP/1.1" 200 508 "-" "Mozilla/5.0 (Windows NT 10.0; Win64; x64) AppleWebKit/537.36 (KHTML, like Gecko) Chrome/88.0.4240.193 Safari/537.36" "gatipackers.com"
20.25.148.209 - - [15/Nov/2022:10:56:51 -0800] "POST /xmlrpc.php HTTP/1.1" 200 508 "-" "Mozilla/5.0 (Windows NT 10.0; Win64; x64) AppleWebKit/537.36 (KHTML, like Gecko) Chrome/88.0.4240.193 Safari/537.36" "gatipackers.com"
20.25.148.209 - - [15/Nov/2022:10:56:53 -0800] "POST /xmlrpc.php HTTP/1.1" 200 508 "-" "Mozilla/5.0 (Windows NT 10.0; Win64; x64) AppleWebKit/537.36 (KHTML, like Gecko) Chrome/88.0.4240.193 Safari/537.36" "gatipackers.com"
20.25.148.209 - - [15/Nov/2022:10:56:56 -0800] "POST /xmlrpc.php HTTP/1.1" 200 508 "-" "Mozilla/5.0 (Windows NT 10.0; Win64; x64) AppleWebKit/537.36 (KHTML, like Gecko) Chrome/88.0.4240.193 Safari/537.36" "gatipackers.com"
20.25.148.209 - - [15/Nov/2022:10:56:58 -0800] "POST /xmlrpc.php HTTP/1.1" 200 508 "-" "Mozilla/5.0 (Windows NT 10.0; Win64; x64) AppleWebKit/537.36 (KHTML, like Gecko) Chrome/88.0.4240.193 Safari/537.36" "gatipackers.com"
20.25.148.209 - - [15/Nov/2022:10:57:00 -0800] "POST /xmlrpc.php HTTP/1.1" 200 508 "-" "Mozilla/5.0 (Windows NT 10.0; Win64; x64) AppleWebKit/537.36 (KHTML, like Gecko) Chrome/88.0.4240.193 Safari/537.36" "gatipackers.com"
20.25.148.209 - - [15/Nov/2022:10:57:03 -0800] "POST /xmlrpc.php HTTP/1.1" 200 508 "-" "Mozilla/5.0 (Windows NT 10.0; Win64; x64) AppleWebKit/537.36 (KHTML, like Gecko) Chrome/88.0.4240.193 Safari/537.36" "gatipackers.com"
20.25.148.209 - - [15/Nov/2022:10:57:05 -0800] "POST /xmlrpc.php HTTP/1.1" 200 508 "-" "Mozilla/5.0 (Windows NT 10.0; Win64; x64) AppleWebKit/537.36 (KHTML, like Gecko) Chrome/88.0.4240.193 Safari/537.36" "gatipackers.com"
20.25.148.209 - - [15/Nov/2022:10:57:08 -0800] "POST /xmlrpc.php HTTP/1.1" 200 508 "-" "Mozilla/5.0 (Windows NT 10.0; Win64; x64) AppleWebKit/537.36 (KHTML, like Gecko) Chrome/88.0.4240.193 Safari/537.36" "gatipackers.com"
20.25.148.209 - - [15/Nov/2022:10:57:10 -0800] "POST /xmlrpc.php HTTP/1.1" 200 508 "-" "Mozilla/5.0 (Windows NT 10.0; Win64; x64) AppleWebKit/537.36 (KHTML, like Gecko) Chrome/88.0.4240.193 Safari/537.36" "gatipackers.com"
20.25.148.209 - - [15/Nov/2022:10:57:12 -0800] "POST /xmlrpc.php HTTP/1.1" 200 508 "-" "Mozilla/5.0 (Windows NT 10.0; Win64; x64) AppleWebKit/537.36 (KHTML, like Gecko) Chrome/88.0.4240.193 Safari/537.36" "gatipackers.com"
20.25.148.209 - - [15/Nov/2022:10:57:14 -0800] "POST /xmlrpc.php HTTP/1.1" 200 508 "-" "Mozilla/5.0 (Windows NT 10.0; Win64; x64) AppleWebKit/537.36 (KHTML, like Gecko) Chrome/88.0.4240.193 Safari/537.36" "gatipackers.com"
20.25.148.209 - - [15/Nov/2022:10:57:17 -0800] "POST /xmlrpc.php HTTP/1.1" 200 508 "-" "Mozilla/5.0 (Windows NT 10.0; Win64; x64) AppleWebKit/537.36 (KHTML, like Gecko) Chrome/88.0.4240.193 Safari/537.36" "gatipackers.com"
20.25.148.209 - - [15/Nov/2022:10:57:19 -0800] "POST /xmlrpc.php HTTP/1.1" 200 508 "-" "Mozilla/5.0 (Windows NT 10.0; Win64; x64) AppleWebKit/537.36 (KHTML, like Gecko) Chrome/88.0.4240.193 Safari/537.36" "gatipackers.com"
20.25.148.209 - - [15/Nov/2022:10:57:22 -0800] "POST /xmlrpc.php HTTP/1.1" 200 508 "-" "Mozilla/5.0 (Windows NT 10.0; Win64; x64) AppleWebKit/537.36 (KHTML, like Gecko) Chrome/88.0.4240.193 Safari/537.36" "gatipackers.com"
20.25.148.209 - - [15/Nov/2022:10:57:25 -0800] "POST /xmlrpc.php HTTP/1.1" 200 508 "-" "Mozilla/5.0 (Windows NT 10.0; Win64; x64) AppleWebKit/537.36 (KHTML, like Gecko) Chrome/88.0.4240.193 Safari/537.36" "gatipackers.com"
20.25.148.209 - - [15/Nov/2022:10:57:27 -0800] "POST /xmlrpc.php HTTP/1.1" 200 508 "-" "Mozilla/5.0 (Windows NT 10.0; Win64; x64) AppleWebKit/537.36 (KHTML, like Gecko) Chrome/88.0.4240.193 Safari/537.36" "gatipackers.com"
20.25.148.209 - - [15/Nov/2022:10:57:29 -0800] "POST /xmlrpc.php HTTP/1.1" 200 508 "-" "Mozilla/5.0 (Windows NT 10.0; Win64; x64) AppleWebKit/537.36 (KHTML, like Gecko) Chrome/88.0.4240.193 Safari/537.36" "gatipackers.com"
20.25.148.209 - - [15/Nov/2022:10:57:32 -0800] "POST /xmlrpc.php HTTP/1.1" 200 508 "-" "Mozilla/5.0 (Windows NT 10.0; Win64; x64) AppleWebKit/537.36 (KHTML, like Gecko) Chrome/88.0.4240.193 Safari/537.36" "gatipackers.com"
20.25.148.209 - - [15/Nov/2022:10:57:34 -0800] "POST /xmlrpc.php HTTP/1.1" 200 508 "-" "Mozilla/5.0 (Windows NT 10.0; Win64; x64) AppleWebKit/537.36 (KHTML, like Gecko) Chrome/88.0.4240.193 Safari/537.36" "gatipackers.com"
20.25.148.209 - - [15/Nov/2022:10:57:37 -0800] "POST /xmlrpc.php HTTP/1.1" 200 508 "-" "Mozilla/5.0 (Windows NT 10.0; Win64; x64) AppleWebKit/537.36 (KHTML, like Gecko) Chrome/88.0.4240.193 Safari/537.36" "gatipackers.com"
20.25.148.209 - - [15/Nov/2022:10:57:40 -0800] "POST /xmlrpc.php HTTP/1.1" 200 508 "-" "Mozilla/5.0 (Windows NT 10.0; Win64; x64) AppleWebKit/537.36 (KHTML, like Gecko) Chrome/88.0.4240.193 Safari/537.36" "gatipackers.com"
20.25.148.209 - - [15/Nov/2022:10:57:42 -0800] "POST /xmlrpc.php HTTP/1.1" 200 508 "-" "Mozilla/5.0 (Windows NT 10.0; Win64; x64) AppleWebKit/537.36 (KHTML, like Gecko) Chrome/88.0.4240.193 Safari/537.36" "gatipackers.com"
20.25.148.209 - - [15/Nov/2022:10:57:44 -0800] "POST /xmlrpc.php HTTP/1.1" 200 508 "-" "Mozilla/5.0 (Windows NT 10.0; Win64; x64) AppleWebKit/537.36 (KHTML, like Gecko) Chrome/88.0.4240.193 Safari/537.36" "gatipackers.com"
20.25.148.209 - - [15/Nov/2022:10:57:47 -0800] "POST /xmlrpc.php HTTP/1.1" 200 508 "-" "Mozilla/5.0 (Windows NT 10.0; Win64; x64) AppleWebKit/537.36 (KHTML, like Gecko) Chrome/88.0.4240.193 Safari/537.36" "gatipackers.com"
20.25.148.209 - - [15/Nov/2022:10:57:49 -0800] "POST /xmlrpc.php HTTP/1.1" 200 508 "-" "Mozilla/5.0 (Windows NT 10.0; Win64; x64) AppleWebKit/537.36 (KHTML, like Gecko) Chrome/88.0.4240.193 Safari/537.36" "gatipackers.com"
20.25.148.209 - - [15/Nov/2022:10:57:52 -0800] "POST /xmlrpc.php HTTP/1.1" 200 508 "-" "Mozilla/5.0 (Windows NT 10.0; Win64; x64) AppleWebKit/537.36 (KHTML, like Gecko) Chrome/88.0.4240.193 Safari/537.36" "gatipackers.com"
20.25.148.209 - - [15/Nov/2022:10:57:54 -0800] "POST /xmlrpc.php HTTP/1.1" 200 508 "-" "Mozilla/5.0 (Windows NT 10.0; Win64; x64) AppleWebKit/537.36 (KHTML, like Gecko) Chrome/88.0.4240.193 Safari/537.36" "gatipackers.com"
20.25.148.209 - - [15/Nov/2022:10:57:56 -0800] "POST /xmlrpc.php HTTP/1.1" 200 508 "-" "Mozilla/5.0 (Windows NT 10.0; Win64; x64) AppleWebKit/537.36 (KHTML, like Gecko) Chrome/88.0.4240.193 Safari/537.36" "gatipackers.com"
20.25.148.209 - - [15/Nov/2022:10:57:58 -0800] "POST /xmlrpc.php HTTP/1.1" 200 508 "-" "Mozilla/5.0 (Windows NT 10.0; Win64; x64) AppleWebKit/537.36 (KHTML, like Gecko) Chrome/88.0.4240.193 Safari/537.36" "gatipackers.com"
20.25.148.209 - - [15/Nov/2022:10:58:01 -0800] "POST /xmlrpc.php HTTP/1.1" 500 5467 "-" "Mozilla/5.0 (Windows NT 10.0; Win64; x64) AppleWebKit/537.36 (KHTML, like Gecko) Chrome/88.0.4240.193 Safari/537.36" "gatipackers.com"
40.77.167.0 - - [15/Nov/2022:11:01:54 -0800] "GET /webinar-registration HTTP/1.1" 404 88 "-" "Mozilla/5.0 AppleWebKit/537.36 (KHTML, like Gecko; compatible; bingbot/2.0; +http://www.bing.com/bingbot.htm) Chrome/103.0.5060.134 Safari/537.36" "www.gatipackers.com"
144.126.140.128 - - [15/Nov/2022:11:37:05 -0800] "POST /wp-login.php HTTP/1.1" 200 8262 "-" "Mozilla/5.0 (Windows NT 6.3; Win64; x64) AppleWebKit/537.36 (KHTML, like Gecko) Chrome/67.0.3396.99 Safari/537.36" "gatipackers.com"
10.213.116.210 - - [15/Nov/2022:11:37:11 -0800] "POST /wp-cron.php?doing_wp_cron=1668541031.1206779479980468750000 HTTP/1.1" 200 - "http://gatipackers.com/wp-cron.php?doing_wp_cron=1668541031.1206779479980468750000" "WordPress/5.6.10; http://gatipackers.com" "gatipackers.com"
138.197.71.247 - - [15/Nov/2022:11:38:56 -0800] "GET /home/request_a_survey/ HTTP/1.1" 200 779 "http://gatipackers.com/home/request_a_survey/" "Mozilla/5.0 (Windows NT 10.0) AppleWebKit/537.36 (KHTML, like Gecko) Chrome/90.0.4430.85 Safari/537.36 Edg/90.0.818.46" "gatipackers.com"
138.197.71.247 - - [15/Nov/2022:11:38:56 -0800] "GET / HTTP/1.1" 200 14533 "http://gatipackers.com/" "Mozilla/5.0 (Windows NT 10.0) AppleWebKit/537.36 (KHTML, like Gecko) Chrome/90.0.4430.85 Safari/537.36 Edg/90.0.818.46" "gatipackers.com"
10.213.116.209 - - [15/Nov/2022:11:39:00 -0800] "POST /wp-cron.php?doing_wp_cron=1668541140.6043028831481933593750 HTTP/1.1" 200 - "http://gatipackers.com/wp-cron.php?doing_wp_cron=1668541140.6043028831481933593750" "WordPress/5.6.10; http://gatipackers.com" "gatipackers.com"
35.190.132.11 - - [15/Nov/2022:11:49:21 -0800] "GET /robots.txt HTTP/1.1" 200 58 "-" "ZoominfoBot (zoominfobot at zoominfo dot com)" "gatipackers.com"
35.190.132.11 - - [15/Nov/2022:11:49:22 -0800] "GET / HTTP/1.1" 200 14533 "-" "ZoominfoBot (zoominfobot at zoominfo dot com)" "gatipackers.com"
192.115.100.180 - - [15/Nov/2022:11:54:08 -0800] "GET /wp-login.php HTTP/1.1" 200 7986 "-" "Mozilla/5.0 (Windows NT 10.0; Win64; x64; rv:96.0) Gecko/20100101 Firefox/96" "gatipackers.com"
10.213.116.211 - - [15/Nov/2022:11:54:12 -0800] "POST /wp-cron.php?doing_wp_cron=1668542052.0004770755767822265625 HTTP/1.1" 200 - "http://gatipackers.com/wp-cron.php?doing_wp_cron=1668542052.0004770755767822265625" "WordPress/5.6.10; http://gatipackers.com" "gatipackers.com"
114.119.145.249 - - [15/Nov/2022:11:55:30 -0800] "GET /wp-content/plugins HTTP/1.1" 301 1420 "https://www.gatipackers.com/wp-content?C=D%3BO%3DA" "Mozilla/5.0 (Linux; Android 7.0;) AppleWebKit/537.36 (KHTML, like Gecko) Mobile Safari/537.36 (compatible; PetalBot;+https://webmaster.petalsearch.com/site/petalbot)" "www.gatipackers.com"
114.119.145.249 - - [15/Nov/2022:11:55:31 -0800] "GET /wp-content/plugins/ HTTP/1.1" 200 - "https://www.gatipackers.com/wp-content?C=D%3BO%3DA" "Mozilla/5.0 (Linux; Android 7.0;) AppleWebKit/537.36 (KHTML, like Gecko) Mobile Safari/537.36 (compatible; PetalBot;+https://webmaster.petalsearch.com/site/petalbot)" "www.gatipackers.com"
35.190.132.11 - - [15/Nov/2022:12:09:13 -0800] "GET /robots.txt HTTP/1.1" 200 58 "-" "ZoominfoBot (zoominfobot at zoominfo dot com)" "www.gatipackers.com"
35.190.132.11 - - [15/Nov/2022:12:09:14 -0800] "GET / HTTP/1.1" 200 14590 "-" "ZoominfoBot (zoominfobot at zoominfo dot com)" "www.gatipackers.com"
10.213.116.209 - - [15/Nov/2022:12:09:18 -0800] "POST /wp-cron.php?doing_wp_cron=1668542958.6521699428558349609375 HTTP/1.1" 200 - "http://gatipackers.com/wp-cron.php?doing_wp_cron=1668542958.6521699428558349609375" "WordPress/5.6.10; http://gatipackers.com" "gatipackers.com"
217.97.77.14 - - [15/Nov/2022:12:12:23 -0800] "GET /home/request_a_survey/ HTTP/1.1" 200 779 "http://gatipackers.com/home/request_a_survey/" "Mozilla/5.0 (Windows NT 6.1; Win64; x64) AppleWebKit/537.36 (KHTML, like Gecko) Chrome/90.0.4430.85 Safari/537.36 Edg/90.0.818.49" "gatipackers.com"
217.97.77.14 - - [15/Nov/2022:12:12:23 -0800] "GET / HTTP/1.1" 200 14533 "http://gatipackers.com/" "Mozilla/5.0 (Windows NT 6.1; Win64; x64) AppleWebKit/537.36 (KHTML, like Gecko) Chrome/90.0.4430.85 Safari/537.36 Edg/90.0.818.49" "gatipackers.com"
217.97.77.14 - - [15/Nov/2022:12:12:28 -0800] "GET /index.php/2021/02/26/sample-page/ HTTP/1.1" 200 13884 "http://gatipackers.com/index.php/2021/02/26/sample-page/" "Mozilla/5.0 (Windows NT 6.1; Win64; x64) AppleWebKit/537.36 (KHTML, like Gecko) Chrome/90.0.4430.85 Safari/537.36 Edg/90.0.818.49" "gatipackers.com"
133.130.103.36 - - [15/Nov/2022:12:17:52 -0800] "POST /wp-login.php HTTP/1.1" 200 8257 "-" "Mozilla/5.0 (Windows NT 6.3; Win64; x64) AppleWebKit/537.36 (KHTML, like Gecko) Chrome/57.0.2987.133 Safari/537.36" "gatipackers.com"
174.92.136.66 - - [15/Nov/2022:12:30:58 -0800] "GET / HTTP/1.1" 200 14533 "-" "Mozilla/5.0 (Macintosh; Intel Mac OS X 12_5) AppleWebKit/537.36 (KHTML, like Gecko) Chrome/103.0.0.0 Safari/537.36" "gatipackers.com"
10.213.116.210 - - [15/Nov/2022:12:31:03 -0800] "POST /wp-cron.php?doing_wp_cron=1668544263.4619860649108886718750 HTTP/1.1" 200 - "http://gatipackers.com/wp-cron.php?doing_wp_cron=1668544263.4619860649108886718750" "WordPress/5.6.10; http://gatipackers.com" "gatipackers.com"
174.92.136.66 - - [15/Nov/2022:12:31:06 -0800] "GET / HTTP/1.1" 200 14533 "http://gatipackers.com" "Mozilla/5.0 (Macintosh; Intel Mac OS X 12_5) AppleWebKit/537.36 (KHTML, like Gecko) Chrome/103.0.0.0 Safari/537.36" "gatipackers.com"
174.92.136.66 - - [15/Nov/2022:12:31:11 -0800] "GET /xmlrpc.php?rsd HTTP/1.1" 200 808 "http://gatipackers.com" "Mozilla/5.0 (Macintosh; Intel Mac OS X 12_5) AppleWebKit/537.36 (KHTML, like Gecko) Chrome/103.0.0.0 Safari/537.36" "gatipackers.com"
174.92.136.66 - - [15/Nov/2022:12:31:14 -0800] "GET /wp-admin/ HTTP/1.1" 302 - "http://gatipackers.com" "Mozilla/5.0 (Macintosh; Intel Mac OS X 12_5) AppleWebKit/537.36 (KHTML, like Gecko) Chrome/103.0.0.0 Safari/537.36" "gatipackers.com"
174.92.136.66 - - [15/Nov/2022:12:31:18 -0800] "GET /wp-login.php?redirect_to=http%3A%2F%2Fgatipackers.com%2Fwp-admin%2F&reauth=1 HTTP/1.1" 200 7985 "http://gatipackers.com//wp-admin/" "Mozilla/5.0 (Macintosh; Intel Mac OS X 12_5) AppleWebKit/537.36 (KHTML, like Gecko) Chrome/103.0.0.0 Safari/537.36" "gatipackers.com"
174.92.136.66 - - [15/Nov/2022:12:31:21 -0800] "GET /wp-includes/wlwmanifest.xml HTTP/1.1" 200 460 "http://gatipackers.com" "Mozilla/5.0 (Macintosh; Intel Mac OS X 12_5) AppleWebKit/537.36 (KHTML, like Gecko) Chrome/103.0.0.0 Safari/537.36" "gatipackers.com"
174.92.136.66 - - [15/Nov/2022:12:31:21 -0800] "GET /index.php/author/administrator/ HTTP/1.1" 200 14259 "http://gatipackers.com" "Mozilla/5.0 (Macintosh; Intel Mac OS X 12_5) AppleWebKit/537.36 (KHTML, like Gecko) Chrome/103.0.0.0 Safari/537.36" "gatipackers.com"
174.92.136.66 - - [15/Nov/2022:12:31:25 -0800] "GET /index.php/wp-json/ HTTP/1.1" 200 98571 "http://gatipackers.com" "Mozilla/5.0 (Macintosh; Intel Mac OS X 12_5) AppleWebKit/537.36 (KHTML, like Gecko) Chrome/103.0.0.0 Safari/537.36" "gatipackers.com"
174.92.136.66 - - [15/Nov/2022:12:31:27 -0800] "GET /index.php/2021/02/26/sample-page/ HTTP/1.1" 200 13884 "http://gatipackers.com" "Mozilla/5.0 (Macintosh; Intel Mac OS X 12_5) AppleWebKit/537.36 (KHTML, like Gecko) Chrome/103.0.0.0 Safari/537.36" "gatipackers.com"
174.92.136.66 - - [15/Nov/2022:12:31:31 -0800] "GET /index.php/feed/ HTTP/1.1" 200 3748 "http://gatipackers.com" "Mozilla/5.0 (Macintosh; Intel Mac OS X 12_5) AppleWebKit/537.36 (KHTML, like Gecko) Chrome/103.0.0.0 Safari/537.36" "gatipackers.com"
174.92.136.66 - - [15/Nov/2022:12:31:33 -0800] "GET /index.php/2021/02/26/hello-world/ HTTP/1.1" 200 15820 "http://gatipackers.com" "Mozilla/5.0 (Macintosh; Intel Mac OS X 12_5) AppleWebKit/537.36 (KHTML, like Gecko) Chrome/103.0.0.0 Safari/537.36" "gatipackers.com"
174.92.136.66 - - [15/Nov/2022:12:31:36 -0800] "GET /index.php/comments/feed/ HTTP/1.1" 200 959 "http://gatipackers.com" "Mozilla/5.0 (Macintosh; Intel Mac OS X 12_5) AppleWebKit/537.36 (KHTML, like Gecko) Chrome/103.0.0.0 Safari/537.36" "gatipackers.com"
174.92.136.66 - - [15/Nov/2022:12:31:39 -0800] "GET /index.php/2021/02/ HTTP/1.1" 200 13936 "http://gatipackers.com" "Mozilla/5.0 (Macintosh; Intel Mac OS X 12_5) AppleWebKit/537.36 (KHTML, like Gecko) Chrome/103.0.0.0 Safari/537.36" "gatipackers.com"
174.92.136.66 - - [15/Nov/2022:12:31:41 -0800] "GET / HTTP/1.1" 200 14533 "http://gatipackers.com" "Mozilla/5.0 (Macintosh; Intel Mac OS X 12_5) AppleWebKit/537.36 (KHTML, like Gecko) Chrome/103.0.0.0 Safari/537.36" "gatipackers.com"
174.92.136.66 - - [15/Nov/2022:12:31:44 -0800] "GET /index.php/category/uncategorized/ HTTP/1.1" 200 11816 "http://gatipackers.com" "Mozilla/5.0 (Macintosh; Intel Mac OS X 12_5) AppleWebKit/537.36 (KHTML, like Gecko) Chrome/103.0.0.0 Safari/537.36" "gatipackers.com"
109.168.97.89 - - [15/Nov/2022:12:56:23 -0800] "POST /wp-login.php HTTP/1.1" 200 8261 "-" "Mozilla/5.0 (Windows NT 6.0) AppleWebKit/537.36 (KHTML, like Gecko) Chrome/49.0.2623.112 Safari/537.36" "gatipackers.com"
10.213.116.211 - - [15/Nov/2022:12:56:28 -0800] "POST /wp-cron.php?doing_wp_cron=1668545788.4985709190368652343750 HTTP/1.1" 200 - "http://gatipackers.com/wp-cron.php?doing_wp_cron=1668545788.4985709190368652343750" "WordPress/5.6.10; http://gatipackers.com" "gatipackers.com"
17.121.115.16 - - [15/Nov/2022:12:56:56 -0800] "GET /robots.txt HTTP/1.1" 200 58 "-" "Mozilla/5.0 (Macintosh; Intel Mac OS X 10_15_5) AppleWebKit/605.1.15 (KHTML, like Gecko) Version/13.1.1 Safari/605.1.15 (Applebot/0.1; +http://www.apple.com/go/applebot)" "gatipackers.com"
185.191.171.24 - - [15/Nov/2022:12:56:59 -0800] "GET /robots.txt HTTP/1.1" 200 58 "-" "Mozilla/5.0 (compatible; SemrushBot/7~bl; +http://www.semrush.com/bot.html)" "gatipackers.com"
17.121.115.16 - - [15/Nov/2022:12:56:56 -0800] "GET / HTTP/1.1" 200 14533 "-" "Mozilla/5.0 (Macintosh; Intel Mac OS X 10_15_5) AppleWebKit/605.1.15 (KHTML, like Gecko) Version/13.1.1 Safari/605.1.15 (Applebot/0.1; +http://www.apple.com/go/applebot)" "gatipackers.com"
185.191.171.22 - - [15/Nov/2022:12:57:00 -0800] "GET /index.php/2021/02/ HTTP/1.1" 200 13965 "-" "Mozilla/5.0 (compatible; SemrushBot/7~bl; +http://www.semrush.com/bot.html)" "gatipackers.com"
34.148.49.167 - - [15/Nov/2022:12:59:27 -0800] "GET /robots.txt HTTP/1.1" 200 58 "-" "ZoominfoBot (zoominfobot at zoominfo dot com)" "gatipackers.com"
34.148.49.167 - - [15/Nov/2022:12:59:27 -0800] "GET /wp-login.php HTTP/1.1" 200 7988 "-" "ZoominfoBot (zoominfobot at zoominfo dot com)" "gatipackers.com"
54.36.148.10 - - [15/Nov/2022:13:07:47 -0800] "GET /robots.txt HTTP/1.1" 200 58 "-" "Mozilla/5.0 (compatible; AhrefsBot/7.0; +http://ahrefs.com/robot/)" "www.gatipackers.com"
51.222.253.15 - - [15/Nov/2022:13:07:48 -0800] "GET / HTTP/1.1" 200 14590 "-" "Mozilla/5.0 (compatible; AhrefsBot/7.0; +http://ahrefs.com/robot/)" "www.gatipackers.com"
10.213.116.211 - - [15/Nov/2022:13:07:53 -0800] "POST /wp-cron.php?doing_wp_cron=1668546473.6144430637359619140625 HTTP/1.1" 200 - "http://gatipackers.com/wp-cron.php?doing_wp_cron=1668546473.6144430637359619140625" "WordPress/5.6.10; http://gatipackers.com" "gatipackers.com"
34.148.49.167 - - [15/Nov/2022:13:12:43 -0800] "GET /index.php/2021/02/26/hello-world/ HTTP/1.1" 200 15822 "-" "ZoominfoBot (zoominfobot at zoominfo dot com)" "gatipackers.com"
34.148.49.167 - - [15/Nov/2022:13:13:04 -0800] "GET /xmlrpc.php?rsd HTTP/1.1" 200 808 "-" "ZoominfoBot (zoominfobot at zoominfo dot com)" "gatipackers.com"
114.119.145.249 - - [15/Nov/2022:13:13:55 -0800] "GET /%23yss HTTP/1.1" 404 88 "https://gatipackers.com/" "Mozilla/5.0 (Linux; Android 7.0;) AppleWebKit/537.36 (KHTML, like Gecko) Mobile Safari/537.36 (compatible; PetalBot;+https://webmaster.petalsearch.com/site/petalbot)" "gatipackers.com"
34.148.49.167 - - [15/Nov/2022:13:15:03 -0800] "GET /wp-admin/ HTTP/1.1" 302 - "-" "ZoominfoBot (zoominfobot at zoominfo dot com)" "gatipackers.com"
34.148.49.167 - - [15/Nov/2022:13:15:08 -0800] "GET /wp-login.php?redirect_to=http%3A%2F%2Fgatipackers.com%2Fwp-admin%2F&reauth=1 HTTP/1.1" 200 7989 "-" "ZoominfoBot (zoominfobot at zoominfo dot com)" "gatipackers.com"
34.148.49.167 - - [15/Nov/2022:13:18:03 -0800] "GET /index.php/2021/02/26/sample-page/ HTTP/1.1" 200 13884 "-" "ZoominfoBot (zoominfobot at zoominfo dot com)" "gatipackers.com"
34.148.49.167 - - [15/Nov/2022:13:21:22 -0800] "GET /index.php/feed/ HTTP/1.1" 200 3748 "-" "ZoominfoBot (zoominfobot at zoominfo dot com)" "gatipackers.com"
66.33.193.231 - - [15/Nov/2022:13:35:18 -0800] "POST /wp-login.php HTTP/1.1" 200 8257 "-" "Mozilla/5.0 (Windows NT 10.0; WOW64) AppleWebKit/537.36 (KHTML, like Gecko) Chrome/55.0.2883.87 Safari/537.36" "gatipackers.com"
10.213.116.209 - - [15/Nov/2022:13:35:22 -0800] "POST /wp-cron.php?doing_wp_cron=1668548122.8931050300598144531250 HTTP/1.1" 200 - "http://gatipackers.com/wp-cron.php?doing_wp_cron=1668548122.8931050300598144531250" "WordPress/5.6.10; http://gatipackers.com" "gatipackers.com"
34.148.49.167 - - [15/Nov/2022:13:51:39 -0800] "GET /index.php/author/administrator/ HTTP/1.1" 200 14259 "-" "ZoominfoBot (zoominfobot at zoominfo dot com)" "gatipackers.com"
10.213.116.210 - - [15/Nov/2022:13:51:47 -0800] "POST /wp-cron.php?doing_wp_cron=1668549107.6332359313964843750000 HTTP/1.1" 200 - "http://gatipackers.com/wp-cron.php?doing_wp_cron=1668549107.6332359313964843750000" "WordPress/5.6.10; http://gatipackers.com" "gatipackers.com"
34.148.49.167 - - [15/Nov/2022:13:57:45 -0800] "GET /index.php/comments/feed/ HTTP/1.1" 200 959 "-" "ZoominfoBot (zoominfobot at zoominfo dot com)" "gatipackers.com"
10.213.116.209 - - [15/Nov/2022:13:57:52 -0800] "POST /wp-cron.php?doing_wp_cron=1668549472.4159159660339355468750 HTTP/1.1" 200 - "http://gatipackers.com/wp-cron.php?doing_wp_cron=1668549472.4159159660339355468750" "WordPress/5.6.10; http://gatipackers.com" "gatipackers.com"
120.196.188.21 - - [15/Nov/2022:14:00:37 -0800] "GET /home/request_a_survey/ HTTP/1.1" 200 779 "http://gatipackers.com/home/request_a_survey/" "Mozilla/5.0 (Windows NT 6.3; Win64; x64) AppleWebKit/537.36 (KHTML, like Gecko) Chrome/90.0.4430.72 Safari/537.36 Edg/90.0.818.42" "gatipackers.com"
120.196.188.21 - - [15/Nov/2022:14:00:38 -0800] "GET / HTTP/1.1" 200 14533 "http://gatipackers.com/" "Mozilla/5.0 (Windows NT 6.3; Win64; x64) AppleWebKit/537.36 (KHTML, like Gecko) Chrome/90.0.4430.72 Safari/537.36 Edg/90.0.818.42" "gatipackers.com"
185.255.96.99 - - [15/Nov/2022:14:04:07 -0800] "GET /home/request_a_survey/ HTTP/1.1" 200 779 "http://gatipackers.com/home/request_a_survey/" "Mozilla/5.0 (Windows NT 6.1; WOW64) AppleWebKit/537.36 (KHTML, like Gecko) Chrome/90.0.4430.93 Safari/537.36" "gatipackers.com"
34.148.49.167 - - [15/Nov/2022:14:07:17 -0800] "GET /index.php/category/uncategorized/ HTTP/1.1" 200 11816 "-" "ZoominfoBot (zoominfobot at zoominfo dot com)" "gatipackers.com"
34.148.49.167 - - [15/Nov/2022:14:10:51 -0800] "GET /index.php/2021/02/ HTTP/1.1" 200 13936 "-" "ZoominfoBot (zoominfobot at zoominfo dot com)" "gatipackers.com"
10.213.116.209 - - [15/Nov/2022:14:10:55 -0800] "POST /wp-cron.php?doing_wp_cron=1668550255.4330229759216308593750 HTTP/1.1" 200 - "http://gatipackers.com/wp-cron.php?doing_wp_cron=1668550255.4330229759216308593750" "WordPress/5.6.10; http://gatipackers.com" "gatipackers.com"
185.2.4.56 - - [15/Nov/2022:14:12:30 -0800] "POST /wp-login.php HTTP/1.1" 200 8258 "-" "Mozilla/5.0 (Windows NT 6.1) AppleWebKit/537.36 (KHTML, like Gecko) Chrome/63.0.3239.84 Safari/537.36" "gatipackers.com"
49.7.21.109 - - [15/Nov/2022:14:42:21 -0800] "GET / HTTP/1.1" 200 14619 "-" "Sogou web spider/4.0(+http://www.sogou.com/docs/help/webmasters.htm#07)" "www.gatipackers.com"
10.213.116.210 - - [15/Nov/2022:14:42:25 -0800] "POST /wp-cron.php?doing_wp_cron=1668552145.2699348926544189453125 HTTP/1.1" 200 - "https://gatipackers.com/wp-cron.php?doing_wp_cron=1668552145.2699348926544189453125" "WordPress/5.6.10; https://gatipackers.com" "gatipackers.com"
10.213.116.210 - - [15/Nov/2022:15:24:55 -0800] "POST /wp-cron.php?doing_wp_cron=1668554695.7764110565185546875000 HTTP/1.1" 200 - "https://gatipackers.com/wp-cron.php?doing_wp_cron=1668554695.7764110565185546875000" "WordPress/5.6.10; https://gatipackers.com" "gatipackers.com"
185.2.5.77 - - [15/Nov/2022:15:25:55 -0800] "POST /wp-login.php HTTP/1.1" 200 8257 "-" "Mozilla/5.0 (Windows NT 6.3; Win64; x64) AppleWebKit/537.36 (KHTML, like Gecko) Chrome/67.0.3396.99 Safari/537.36" "gatipackers.com"
51.222.253.10 - - [15/Nov/2022:15:33:30 -0800] "GET /robots.txt HTTP/1.1" 200 58 "-" "Mozilla/5.0 (compatible; AhrefsBot/7.0; +http://ahrefs.com/robot/)" "www.gatipackers.com"
51.222.253.9 - - [15/Nov/2022:15:33:31 -0800] "GET / HTTP/1.1" 200 14619 "-" "Mozilla/5.0 (compatible; AhrefsBot/7.0; +http://ahrefs.com/robot/)" "www.gatipackers.com"
54.36.149.99 - - [15/Nov/2022:15:34:25 -0800] "GET /robots.txt HTTP/1.1" 200 58 "-" "Mozilla/5.0 (compatible; AhrefsBot/7.0; +http://ahrefs.com/robot/)" "gatipackers.com"
51.222.253.7 - - [15/Nov/2022:15:34:25 -0800] "GET /wp-content/themes/twentynineteen/print.css?ver=1.1 HTTP/1.1" 200 1230 "-" "Mozilla/5.0 (compatible; AhrefsBot/7.0; +http://ahrefs.com/robot/)" "gatipackers.com"
51.222.253.15 - - [15/Nov/2022:15:34:30 -0800] "GET /wp-includes/css/dist/block-library/theme.min.css?ver=5.6.10 HTTP/1.1" 200 741 "-" "Mozilla/5.0 (compatible; AhrefsBot/7.0; +http://ahrefs.com/robot/)" "gatipackers.com"
51.222.253.3 - - [15/Nov/2022:15:34:36 -0800] "GET /wp-includes/js/wp-embed.min.js?ver=5.6.10 HTTP/1.1" 200 765 "-" "Mozilla/5.0 (compatible; AhrefsBot/7.0; +http://ahrefs.com/robot/)" "gatipackers.com"
51.222.253.19 - - [15/Nov/2022:15:34:41 -0800] "GET /wp-includes/css/dist/block-library/style.min.css?ver=5.6.10 HTTP/1.1" 200 7849 "-" "Mozilla/5.0 (compatible; AhrefsBot/7.0; +http://ahrefs.com/robot/)" "gatipackers.com"
103.92.27.198 - - [15/Nov/2022:15:35:15 -0800] "POST /xmlrpc.php HTTP/1.1" 200 401 "-" "Mozilla/5.0 (Windows NT 10.0; Win64; x64; rv:96.0) Gecko/20100101 Firefox/96" "gatipackers.com"
103.146.202.150 - - [15/Nov/2022:15:53:13 -0800] "POST /xmlrpc.php HTTP/1.1" 200 401 "-" "Mozilla/5.0 (Windows NT 10.0; Win64; x64; rv:96.0) Gecko/20100101 Firefox/96" "gatipackers.com"
10.213.116.210 - - [15/Nov/2022:15:53:17 -0800] "POST /wp-cron.php?doing_wp_cron=1668556397.5443060398101806640625 HTTP/1.1" 200 - "http://gatipackers.com/wp-cron.php?doing_wp_cron=1668556397.5443060398101806640625" "WordPress/5.6.10; http://gatipackers.com" "gatipackers.com"
