194.38.20.161 - - [22/Nov/2022:16:02:27 -0800] "GET /admin/js/swfupload/upload.php HTTP/1.1" 404 73 "-" "ALittle Client" "gatipackers.com"
104.248.35.154 - - [22/Nov/2022:16:02:48 -0800] "POST /wp-login.php HTTP/1.1" 200 8261 "-" "Mozilla/5.0 (Windows NT 5.1) AppleWebKit/537.36 (KHTML, like Gecko) Chrome/47.0.2526.106 Safari/537.36" "gatipackers.com"
10.213.116.211 - - [22/Nov/2022:16:02:54 -0800] "POST /wp-cron.php?doing_wp_cron=1669161774.6103320121765136718750 HTTP/1.1" 200 - "http://gatipackers.com/wp-cron.php?doing_wp_cron=1669161774.6103320121765136718750" "WordPress/5.6.10; http://gatipackers.com" "gatipackers.com"
207.180.239.155 - - [22/Nov/2022:16:23:23 -0800] "GET /home/request_a_survey/ HTTP/1.1" 200 779 "http://gatipackers.com/home/request_a_survey/" "Mozilla/5.0 (Windows NT 10.0; WOW64) AppleWebKit/537.36 (KHTML, like Gecko) Chrome/90.0.4430.72 Safari/537.36" "gatipackers.com"
207.180.239.155 - - [22/Nov/2022:16:23:24 -0800] "GET / HTTP/1.1" 200 14533 "http://gatipackers.com/" "Mozilla/5.0 (Windows NT 10.0; WOW64) AppleWebKit/537.36 (KHTML, like Gecko) Chrome/90.0.4430.72 Safari/537.36" "gatipackers.com"
51.89.47.206 - - [22/Nov/2022:16:23:28 -0800] "POST /wp-login.php HTTP/1.1" 200 8262 "-" "Mozilla/5.0 (Windows NT 6.1; WOW64) AppleWebKit/537.36 (KHTML, like Gecko) Chrome/52.0.2743.116 Safari/537.36" "gatipackers.com"
10.213.116.211 - - [22/Nov/2022:16:23:34 -0800] "POST /wp-cron.php?doing_wp_cron=1669163014.0424818992614746093750 HTTP/1.1" 200 - "http://gatipackers.com/wp-cron.php?doing_wp_cron=1669163014.0424818992614746093750" "WordPress/5.6.10; http://gatipackers.com" "gatipackers.com"
207.180.239.155 - - [22/Nov/2022:16:23:39 -0800] "GET /index.php/2021/02/26/sample-page/ HTTP/1.1" 200 13884 "http://gatipackers.com/index.php/2021/02/26/sample-page/" "Mozilla/5.0 (Windows NT 10.0; WOW64) AppleWebKit/537.36 (KHTML, like Gecko) Chrome/90.0.4430.72 Safari/537.36" "gatipackers.com"
182.119.160.173 - - [22/Nov/2022:16:28:10 -0800] "GET /robots.txt HTTP/1.1" 200 58 "-" "Mozilla/5.0 (Windows NT 10.0; Win64; x64) AppleWebKit/537.36 (KHTML, like Gecko) Chrome/92.0.4515.159 Safari/537.36" "www.gatipackers.com"
188.166.236.35 - - [22/Nov/2022:16:44:19 -0800] "POST /wp-login.php HTTP/1.1" 200 8255 "-" "Mozilla/5.0 (Windows NT 6.1) AppleWebKit/537.36 (KHTML, like Gecko) Chrome/65.0.3325.181 Safari/537.36" "gatipackers.com"
10.213.116.210 - - [22/Nov/2022:16:44:22 -0800] "POST /wp-cron.php?doing_wp_cron=1669164262.8808310031890869140625 HTTP/1.1" 200 - "http://gatipackers.com/wp-cron.php?doing_wp_cron=1669164262.8808310031890869140625" "WordPress/5.6.10; http://gatipackers.com" "gatipackers.com"
20.39.217.181 - - [22/Nov/2022:16:47:37 -0800] "GET / HTTP/1.1" 200 14533 "-" "python-requests/2.28.1" "gatipackers.com"
179.43.159.194 - - [22/Nov/2022:17:11:04 -0800] "GET /home/request_a_survey/ HTTP/1.1" 200 779 "http://gatipackers.com/home/request_a_survey/" "Mozilla/5.0 (Windows NT 6.3; Win64; x64) AppleWebKit/537.36 (KHTML, like Gecko) Chrome/90.0.4430.85 Safari/537.36 Edg/90.0.818.46" "gatipackers.com"
179.43.159.194 - - [22/Nov/2022:17:11:05 -0800] "GET / HTTP/1.1" 200 14533 "http://gatipackers.com/" "Mozilla/5.0 (Windows NT 6.3; Win64; x64) AppleWebKit/537.36 (KHTML, like Gecko) Chrome/90.0.4430.85 Safari/537.36 Edg/90.0.818.46" "gatipackers.com"
10.213.116.209 - - [22/Nov/2022:17:11:10 -0800] "POST /wp-cron.php?doing_wp_cron=1669165870.0901548862457275390625 HTTP/1.1" 200 - "http://gatipackers.com/wp-cron.php?doing_wp_cron=1669165870.0901548862457275390625" "WordPress/5.6.10; http://gatipackers.com" "gatipackers.com"
185.14.97.176 - - [22/Nov/2022:17:11:13 -0800] "GET /index.php/2021/02/26/sample-page/ HTTP/1.1" 200 13884 "http://gatipackers.com/index.php/2021/02/26/sample-page/" "Mozilla/5.0 (Windows NT 6.3; Win64; x64) AppleWebKit/537.36 (KHTML, like Gecko) Chrome/90.0.4430.85 Safari/537.36 Edg/90.0.818.46" "gatipackers.com"
20.39.217.181 - - [22/Nov/2022:17:22:32 -0800] "GET / HTTP/1.1" 200 14533 "-" "python-requests/2.28.1" "gatipackers.com"
10.213.116.209 - - [22/Nov/2022:17:22:36 -0800] "POST /wp-cron.php?doing_wp_cron=1669166556.8409080505371093750000 HTTP/1.1" 200 - "http://gatipackers.com/wp-cron.php?doing_wp_cron=1669166556.8409080505371093750000" "WordPress/5.6.10; http://gatipackers.com" "gatipackers.com"
159.203.121.12 - - [22/Nov/2022:17:25:26 -0800] "POST /wp-login.php HTTP/1.1" 200 8257 "-" "Mozilla/5.0 (Windows NT 6.3; Win64; x64) AppleWebKit/537.36 (KHTML, like Gecko) Chrome/79.0.3945.88 Safari/537.36" "gatipackers.com"
51.89.47.206 - - [22/Nov/2022:17:45:54 -0800] "POST /wp-login.php HTTP/1.1" 200 8257 "-" "Mozilla/5.0 (Windows NT 6.1) AppleWebKit/537.36 (KHTML, like Gecko) Chrome/70.0.3538.102 Safari/537.36" "gatipackers.com"
10.213.116.209 - - [22/Nov/2022:17:45:59 -0800] "POST /wp-cron.php?doing_wp_cron=1669167959.2475988864898681640625 HTTP/1.1" 200 - "http://gatipackers.com/wp-cron.php?doing_wp_cron=1669167959.2475988864898681640625" "WordPress/5.6.10; http://gatipackers.com" "gatipackers.com"
103.195.203.116 - - [22/Nov/2022:17:53:03 -0800] "GET / HTTP/1.1" 200 14590 "-" "Mozilla/5.0 (iPhone; CPU iPhone OS 16_1 like Mac OS X) AppleWebKit/605.1.15 (KHTML, like Gecko) CriOS/107.0.5304.101 Mobile/15E148 Safari/604.1" "www.gatipackers.com"
10.213.116.210 - - [22/Nov/2022:17:53:07 -0800] "POST /wp-cron.php?doing_wp_cron=1669168387.8330910205841064453125 HTTP/1.1" 200 - "http://gatipackers.com/wp-cron.php?doing_wp_cron=1669168387.8330910205841064453125" "WordPress/5.6.10; http://gatipackers.com" "gatipackers.com"
103.195.203.116 - - [22/Nov/2022:17:53:11 -0800] "GET / HTTP/1.1" 200 14590 "-" "Mozilla/5.0 (iPhone; CPU iPhone OS 16_1 like Mac OS X) AppleWebKit/605.1.15 (KHTML, like Gecko) CriOS/107.0.5304.101 Mobile/15E148 Safari/604.1" "www.gatipackers.com"
103.195.203.116 - - [22/Nov/2022:17:53:19 -0800] "GET / HTTP/1.1" 200 14590 "-" "Mozilla/5.0 (iPhone; CPU iPhone OS 16_1 like Mac OS X) AppleWebKit/605.1.15 (KHTML, like Gecko) CriOS/107.0.5304.101 Mobile/15E148 Safari/604.1" "www.gatipackers.com"
103.195.203.116 - - [22/Nov/2022:17:53:24 -0800] "GET /wp-includes/css/dist/block-library/theme.min.css?ver=5.6.10 HTTP/1.1" 200 741 "http://www.gatipackers.com/" "Mozilla/5.0 (iPhone; CPU iPhone OS 16_1 like Mac OS X) AppleWebKit/605.1.15 (KHTML, like Gecko) CriOS/107.0.5304.101 Mobile/15E148 Safari/604.1" "gatipackers.com"
103.195.203.116 - - [22/Nov/2022:17:53:24 -0800] "GET /wp-includes/js/wp-embed.min.js?ver=5.6.10 HTTP/1.1" 200 765 "http://www.gatipackers.com/" "Mozilla/5.0 (iPhone; CPU iPhone OS 16_1 like Mac OS X) AppleWebKit/605.1.15 (KHTML, like Gecko) CriOS/107.0.5304.101 Mobile/15E148 Safari/604.1" "gatipackers.com"
103.195.203.116 - - [22/Nov/2022:17:53:24 -0800] "GET /wp-includes/js/wp-emoji-release.min.js?ver=5.6.10 HTTP/1.1" 200 4662 "http://www.gatipackers.com/" "Mozilla/5.0 (iPhone; CPU iPhone OS 16_1 like Mac OS X) AppleWebKit/605.1.15 (KHTML, like Gecko) CriOS/107.0.5304.101 Mobile/15E148 Safari/604.1" "gatipackers.com"
103.195.203.116 - - [22/Nov/2022:17:53:24 -0800] "GET /wp-includes/css/dist/block-library/style.min.css?ver=5.6.10 HTTP/1.1" 200 7849 "http://www.gatipackers.com/" "Mozilla/5.0 (iPhone; CPU iPhone OS 16_1 like Mac OS X) AppleWebKit/605.1.15 (KHTML, like Gecko) CriOS/107.0.5304.101 Mobile/15E148 Safari/604.1" "gatipackers.com"
103.195.203.116 - - [22/Nov/2022:17:53:24 -0800] "GET /wp-content/themes/twentynineteen/style.css?ver=1.1 HTTP/1.1" 200 19371 "http://www.gatipackers.com/" "Mozilla/5.0 (iPhone; CPU iPhone OS 16_1 like Mac OS X) AppleWebKit/605.1.15 (KHTML, like Gecko) CriOS/107.0.5304.101 Mobile/15E148 Safari/604.1" "gatipackers.com"
103.195.203.116 - - [22/Nov/2022:17:53:24 -0800] "GET /wp-content/themes/twentynineteen/print.css?ver=1.1 HTTP/1.1" 200 1230 "http://www.gatipackers.com/" "Mozilla/5.0 (iPhone; CPU iPhone OS 16_1 like Mac OS X) AppleWebKit/605.1.15 (KHTML, like Gecko) CriOS/107.0.5304.101 Mobile/15E148 Safari/604.1" "gatipackers.com"
103.195.203.116 - - [22/Nov/2022:17:53:25 -0800] "GET /favicon.ico HTTP/1.1" 404 88 "-" "Mozilla/5.0 (iPhone; CPU iPhone OS 16_1 like Mac OS X) AppleWebKit/605.1.15 (KHTML, like Gecko) CriOS/107.0.5304.101 Mobile/15E148 Safari/604.1" "www.gatipackers.com"
188.166.61.228 - - [22/Nov/2022:18:06:44 -0800] "POST /wp-login.php HTTP/1.1" 200 8258 "-" "Mozilla/5.0 (Windows NT 6.1; Win64; x64) AppleWebKit/537.36 (KHTML, like Gecko) Chrome/80.0.3987.106 Safari/537.36" "gatipackers.com"
10.213.116.211 - - [22/Nov/2022:18:06:49 -0800] "POST /wp-cron.php?doing_wp_cron=1669169209.3349339962005615234375 HTTP/1.1" 200 - "http://gatipackers.com/wp-cron.php?doing_wp_cron=1669169209.3349339962005615234375" "WordPress/5.6.10; http://gatipackers.com" "gatipackers.com"
54.185.23.105 - - [22/Nov/2022:18:19:33 -0800] "GET / HTTP/1.1" 200 14533 "-" "Mozilla/5.0 (X11; Linux x86_64) AppleWebKit/537.36 (KHTML, like Gecko) Chrome/83.0.4103.97 Safari/537.36" "gatipackers.com"
35.86.128.230 - - [22/Nov/2022:18:19:35 -0800] "GET / HTTP/1.1" 200 14562 "-" "Mozilla/5.0 (X11; Linux x86_64) AppleWebKit/537.36 (KHTML, like Gecko) Chrome/83.0.4103.97 Safari/537.36" "gatipackers.com"
10.213.116.209 - - [22/Nov/2022:18:19:38 -0800] "POST /wp-cron.php?doing_wp_cron=1669169978.2185959815979003906250 HTTP/1.1" 200 - "http://gatipackers.com/wp-cron.php?doing_wp_cron=1669169978.2185959815979003906250" "WordPress/5.6.10; http://gatipackers.com" "gatipackers.com"
5.188.62.76 - - [22/Nov/2022:18:26:47 -0800] "GET /wp-login.php?wp_lang=en_US HTTP/1.1" 200 7988 "-" "Mozilla/5.0 (Windows NT 6.1; WOW64) AppleWebKit/537.36 (KHTML, like Gecko) Chrome/100.0.4896.127 Safari/537.36" "gatipackers.com"
10.213.116.210 - - [22/Nov/2022:18:26:50 -0800] "POST /wp-cron.php?doing_wp_cron=1669170410.8989310264587402343750 HTTP/1.1" 200 - "http://gatipackers.com/wp-cron.php?doing_wp_cron=1669170410.8989310264587402343750" "WordPress/5.6.10; http://gatipackers.com" "gatipackers.com"
5.188.62.76 - - [22/Nov/2022:18:26:56 -0800] "POST /wp-login.php?wp_lang=en_US HTTP/1.1" 200 8257 "-" "Mozilla/5.0 (Windows NT 6.1; WOW64) AppleWebKit/537.36 (KHTML, like Gecko) Chrome/100.0.4896.127 Safari/537.36" "gatipackers.com"
157.230.15.115 - - [22/Nov/2022:18:27:17 -0800] "POST /wp-login.php HTTP/1.1" 200 8258 "-" "Mozilla/5.0 (Windows NT 10.0; Win64; x64) AppleWebKit/537.36 (KHTML, like Gecko) Chrome/62.0.3202.89 Safari/537.36" "gatipackers.com"
103.130.219.13 - - [22/Nov/2022:18:47:59 -0800] "POST /wp-login.php HTTP/1.1" 200 8257 "-" "Mozilla/5.0 (Windows NT 10.0; Win64; x64) AppleWebKit/537.36 (KHTML, like Gecko) Chrome/86.0.4240.193 Safari/537.36" "gatipackers.com"
10.213.116.210 - - [22/Nov/2022:18:48:03 -0800] "POST /wp-cron.php?doing_wp_cron=1669171683.8241190910339355468750 HTTP/1.1" 200 - "http://gatipackers.com/wp-cron.php?doing_wp_cron=1669171683.8241190910339355468750" "WordPress/5.6.10; http://gatipackers.com" "gatipackers.com"
51.104.167.54 - - [22/Nov/2022:19:05:22 -0800] "GET / HTTP/1.1" 200 14533 "-" "Mozilla/5.0 (iPhone; CPU iPhone OS 13_3 like Mac OS X) AppleWebKit/605.1.15 (KHTML%2C like Gecko) Mobile/15E148" "gatipackers.com"
51.104.163.250 - - [22/Nov/2022:19:05:22 -0800] "GET / HTTP/1.1" 200 14533 "-" "Mozilla/5.0 (iPhone; CPU iPhone OS 13_3 like Mac OS X) AppleWebKit/605.1.15 (KHTML%2C like Gecko) Mobile/15E148" "gatipackers.com"
10.213.116.210 - - [22/Nov/2022:19:05:26 -0800] "POST /wp-cron.php?doing_wp_cron=1669172726.2348620891571044921875 HTTP/1.1" 200 - "http://gatipackers.com/wp-cron.php?doing_wp_cron=1669172726.2348620891571044921875" "WordPress/5.6.10; http://gatipackers.com" "gatipackers.com"
10.213.116.210 - - [22/Nov/2022:19:05:26 -0800] "POST /wp-cron.php?doing_wp_cron=1669172726.2349669933319091796875 HTTP/1.1" 200 - "http://gatipackers.com/wp-cron.php?doing_wp_cron=1669172726.2349669933319091796875" "WordPress/5.6.10; http://gatipackers.com" "gatipackers.com"
106.52.120.186 - - [22/Nov/2022:19:09:37 -0800] "POST /wp-login.php HTTP/1.1" 200 8257 "-" "Mozilla/5.0 (Windows NT 10.0; WOW64) AppleWebKit/537.36 (KHTML, like Gecko) Chrome/56.0.2924.87 Safari/537.36" "gatipackers.com"
10.213.116.210 - - [22/Nov/2022:19:09:40 -0800] "POST /wp-cron.php?doing_wp_cron=1669172980.6618719100952148437500 HTTP/1.1" 200 - "http://gatipackers.com/wp-cron.php?doing_wp_cron=1669172980.6618719100952148437500" "WordPress/5.6.10; http://gatipackers.com" "gatipackers.com"
202.29.236.140 - - [22/Nov/2022:19:31:18 -0800] "POST /wp-login.php HTTP/1.1" 200 8260 "-" "Mozilla/5.0 (Windows NT 10.0; WOW64) AppleWebKit/537.36 (KHTML, like Gecko) Chrome/46.0.2490.86 Safari/537.36" "gatipackers.com"
10.213.116.211 - - [22/Nov/2022:19:31:22 -0800] "POST /wp-cron.php?doing_wp_cron=1669174282.6358299255371093750000 HTTP/1.1" 200 - "http://gatipackers.com/wp-cron.php?doing_wp_cron=1669174282.6358299255371093750000" "WordPress/5.6.10; http://gatipackers.com" "gatipackers.com"
51.255.81.60 - - [22/Nov/2022:19:52:46 -0800] "POST /wp-login.php HTTP/1.1" 200 8254 "-" "Mozilla/5.0 (Windows NT 6.1; Win64; x64) AppleWebKit/537.36 (KHTML, like Gecko) Chrome/79.0.3945.117 Safari/537.36" "gatipackers.com"
10.213.116.211 - - [22/Nov/2022:19:52:51 -0800] "POST /wp-cron.php?doing_wp_cron=1669175571.4736680984497070312500 HTTP/1.1" 200 - "http://gatipackers.com/wp-cron.php?doing_wp_cron=1669175571.4736680984497070312500" "WordPress/5.6.10; http://gatipackers.com" "gatipackers.com"
51.158.118.231 - - [22/Nov/2022:20:11:58 -0800] "GET / HTTP/1.1" 200 14562 "-" "-" "gatipackers.com"
10.213.116.209 - - [22/Nov/2022:20:12:02 -0800] "POST /wp-cron.php?doing_wp_cron=1669176722.2594270706176757812500 HTTP/1.1" 200 - "https://gatipackers.com/wp-cron.php?doing_wp_cron=1669176722.2594270706176757812500" "WordPress/5.6.10; https://gatipackers.com" "gatipackers.com"
23.129.64.142 - - [22/Nov/2022:20:12:33 -0800] "GET /home/request_a_survey/ HTTP/1.1" 200 779 "http://gatipackers.com/home/request_a_survey/" "Mozilla/5.0 (Windows NT 6.1; WOW64) AppleWebKit/537.36 (KHTML, like Gecko) Chrome/90.0.4430.85 Safari/537.36" "gatipackers.com"
23.129.64.142 - - [22/Nov/2022:20:12:33 -0800] "GET / HTTP/1.1" 200 14533 "http://gatipackers.com/" "Mozilla/5.0 (Windows NT 6.1; WOW64) AppleWebKit/537.36 (KHTML, like Gecko) Chrome/90.0.4430.85 Safari/537.36" "gatipackers.com"
185.220.101.34 - - [22/Nov/2022:20:12:43 -0800] "GET /home/request_a_survey/ HTTP/1.1" 200 779 "http://gatipackers.com/home/request_a_survey/" "Mozilla/5.0 (Windows NT 6.1; WOW64) AppleWebKit/537.36 (KHTML, like Gecko) Chrome/90.0.4430.93 Safari/537.36" "gatipackers.com"
23.129.64.142 - - [22/Nov/2022:20:12:38 -0800] "GET /index.php/2021/02/26/sample-page/ HTTP/1.1" 200 13884 "http://gatipackers.com/index.php/2021/02/26/sample-page/" "Mozilla/5.0 (Windows NT 6.1; WOW64) AppleWebKit/537.36 (KHTML, like Gecko) Chrome/90.0.4430.85 Safari/537.36" "gatipackers.com"
185.228.138.240 - - [22/Nov/2022:20:12:45 -0800] "GET / HTTP/1.1" 200 14533 "http://gatipackers.com/" "Mozilla/5.0 (Windows NT 6.1; WOW64) AppleWebKit/537.36 (KHTML, like Gecko) Chrome/90.0.4430.93 Safari/537.36" "gatipackers.com"
185.228.138.240 - - [22/Nov/2022:20:12:49 -0800] "GET /index.php/2021/02/26/sample-page/ HTTP/1.1" 200 13884 "http://gatipackers.com/index.php/2021/02/26/sample-page/" "Mozilla/5.0 (Windows NT 6.1; WOW64) AppleWebKit/537.36 (KHTML, like Gecko) Chrome/90.0.4430.93 Safari/537.36" "gatipackers.com"
82.166.39.10 - - [22/Nov/2022:20:14:20 -0800] "POST /wp-login.php HTTP/1.1" 200 8255 "-" "Mozilla/5.0 (Windows NT 6.3; Win64; x64) AppleWebKit/537.36 (KHTML, like Gecko) Chrome/65.0.3325.181 Safari/537.36" "gatipackers.com"
100.27.45.32 - - [22/Nov/2022:20:19:11 -0800] "GET /robots.txt HTTP/1.1" 200 42 "-" "Mozilla/5.0 (X11; Linux x86_64) AppleWebKit/537.36 (KHTML, like Gecko) Chrome/94.0.4606.81 Safari/537.36" "www.gatipackers.com"
100.27.45.32 - - [22/Nov/2022:20:19:12 -0800] "GET / HTTP/1.1" 200 14619 "-" "Mozilla/5.0 (X11; Linux x86_64) AppleWebKit/537.36 (KHTML, like Gecko) Chrome/94.0.4606.81 Safari/537.36" "www.gatipackers.com"
100.27.45.32 - - [22/Nov/2022:20:19:17 -0800] "GET /wp-includes/js/wp-embed.min.js?ver=5.6.10 HTTP/1.1" 200 1426 "https://www.gatipackers.com/" "Mozilla/5.0 (X11; Linux x86_64) AppleWebKit/537.36 (KHTML, like Gecko) Chrome/94.0.4606.81 Safari/537.36" "gatipackers.com"
100.27.45.32 - - [22/Nov/2022:20:19:17 -0800] "GET /wp-includes/js/wp-emoji-release.min.js?ver=5.6.10 HTTP/1.1" 200 14229 "https://www.gatipackers.com/" "Mozilla/5.0 (X11; Linux x86_64) AppleWebKit/537.36 (KHTML, like Gecko) Chrome/94.0.4606.81 Safari/537.36" "gatipackers.com"
67.227.198.170 - - [22/Nov/2022:20:25:50 -0800] "GET / HTTP/1.1" 500 2609 "-" "Intently.co" "gatipackers.com"
149.56.26.54 - - [22/Nov/2022:20:35:22 -0800] "POST /wp-login.php HTTP/1.1" 200 8258 "-" "Mozilla/5.0 (Windows NT 6.1; WOW64) AppleWebKit/537.36 (KHTML, like Gecko) Chrome/41.0.2272.101 Safari/537.36" "gatipackers.com"
10.213.116.211 - - [22/Nov/2022:20:35:26 -0800] "POST /wp-cron.php?doing_wp_cron=1669178126.8925418853759765625000 HTTP/1.1" 200 - "http://gatipackers.com/wp-cron.php?doing_wp_cron=1669178126.8925418853759765625000" "WordPress/5.6.10; http://gatipackers.com" "gatipackers.com"
118.184.177.46 - - [22/Nov/2022:21:01:40 -0800] "GET / HTTP/1.1" 200 14619 "-" "Sogou web spider/4.0(+http://www.sogou.com/docs/help/webmasters.htm#07)" "www.gatipackers.com"
10.213.116.209 - - [22/Nov/2022:21:01:45 -0800] "POST /wp-cron.php?doing_wp_cron=1669179705.0978870391845703125000 HTTP/1.1" 200 - "https://gatipackers.com/wp-cron.php?doing_wp_cron=1669179705.0978870391845703125000" "WordPress/5.6.10; https://gatipackers.com" "gatipackers.com"
146.56.99.136 - - [22/Nov/2022:21:18:54 -0800] "POST /wp-login.php HTTP/1.1" 200 8258 "-" "Mozilla/5.0 (Windows NT 5.1) AppleWebKit/537.36 (KHTML, like Gecko) Chrome/47.0.2526.106 Safari/537.36" "gatipackers.com"
10.213.116.210 - - [22/Nov/2022:21:18:58 -0800] "POST /wp-cron.php?doing_wp_cron=1669180738.4115099906921386718750 HTTP/1.1" 200 - "http://gatipackers.com/wp-cron.php?doing_wp_cron=1669180738.4115099906921386718750" "WordPress/5.6.10; http://gatipackers.com" "gatipackers.com"
185.2.4.56 - - [22/Nov/2022:22:01:55 -0800] "POST /wp-login.php HTTP/1.1" 200 8270 "-" "Mozilla/5.0 (Windows NT 10.0; Win64; x64) AppleWebKit/537.36 (KHTML, like Gecko) Chrome/62.0.3202.89 Safari/537.36" "gatipackers.com"
10.213.116.211 - - [22/Nov/2022:22:02:00 -0800] "POST /wp-cron.php?doing_wp_cron=1669183320.0113959312438964843750 HTTP/1.1" 200 - "http://gatipackers.com/wp-cron.php?doing_wp_cron=1669183320.0113959312438964843750" "WordPress/5.6.10; http://gatipackers.com" "gatipackers.com"
185.23.108.175 - - [22/Nov/2022:22:20:30 -0800] "GET /home/request_a_survey/ HTTP/1.1" 200 779 "-" "Mozilla/5.0 (Windows NT 6.3; Win64; x64) AppleWebKit/537.36 (KHTML, like Gecko) Chrome/75.0.3770.100 Safari/537.36" "gatipackers.com"
34.237.220.30 - - [22/Nov/2022:22:25:16 -0800] "GET /robots.txt HTTP/1.1" 200 42 "-" "Mozilla/5.0 (X11; Linux x86_64) AppleWebKit/537.36 (KHTML, like Gecko) Chrome/94.0.4606.81 Safari/537.36" "www.gatipackers.com"
34.237.220.30 - - [22/Nov/2022:22:25:16 -0800] "GET / HTTP/1.1" 200 14619 "-" "Mozilla/5.0 (X11; Linux x86_64) AppleWebKit/537.36 (KHTML, like Gecko) Chrome/94.0.4606.81 Safari/537.36" "www.gatipackers.com"
34.237.220.30 - - [22/Nov/2022:22:25:22 -0800] "GET /wp-includes/js/wp-embed.min.js?ver=5.6.10 HTTP/1.1" 200 1426 "https://www.gatipackers.com/" "Mozilla/5.0 (X11; Linux x86_64) AppleWebKit/537.36 (KHTML, like Gecko) Chrome/94.0.4606.81 Safari/537.36" "gatipackers.com"
34.237.220.30 - - [22/Nov/2022:22:25:22 -0800] "GET /wp-includes/js/wp-emoji-release.min.js?ver=5.6.10 HTTP/1.1" 200 14229 "https://www.gatipackers.com/" "Mozilla/5.0 (X11; Linux x86_64) AppleWebKit/537.36 (KHTML, like Gecko) Chrome/94.0.4606.81 Safari/537.36" "gatipackers.com"
10.213.116.209 - - [22/Nov/2022:22:25:20 -0800] "POST /wp-cron.php?doing_wp_cron=1669184720.5886349678039550781250 HTTP/1.1" 200 - "https://gatipackers.com/wp-cron.php?doing_wp_cron=1669184720.5886349678039550781250" "WordPress/5.6.10; https://gatipackers.com" "gatipackers.com"
101.99.90.175 - - [22/Nov/2022:22:30:23 -0800] "POST /xmlrpc.php HTTP/1.1" 200 - "-" "Mozilla/5.0 (Windows NT 10.0; Win64; x64; rv:96.0) Gecko/20100101 Firefox/96" "gatipackers.com"
93.113.111.193 - - [22/Nov/2022:22:38:58 -0800] "POST /xmlrpc.php HTTP/1.1" 200 401 "-" "Mozilla/5.0 (Windows NT 10.0; Win64; x64; rv:96.0) Gecko/20100101 Firefox/96" "gatipackers.com"
10.213.116.209 - - [22/Nov/2022:22:39:02 -0800] "POST /wp-cron.php?doing_wp_cron=1669185542.7468249797821044921875 HTTP/1.1" 200 - "http://gatipackers.com/wp-cron.php?doing_wp_cron=1669185542.7468249797821044921875" "WordPress/5.6.10; http://gatipackers.com" "gatipackers.com"
35.187.58.136 - - [22/Nov/2022:22:46:03 -0800] "POST /wp-login.php HTTP/1.1" 200 8263 "-" "Mozilla/5.0 (Windows NT 6.1; Win64; x64) AppleWebKit/537.36 (KHTML, like Gecko) Chrome/81.0.4044.122 Safari/537.36" "gatipackers.com"
159.223.168.91 - - [22/Nov/2022:22:47:10 -0800] "POST /xmlrpc.php HTTP/1.1" 200 401 "-" "Mozilla/5.0 (Windows NT 10.0; Win64; x64; rv:96.0) Gecko/20100101 Firefox/96" "gatipackers.com"
72.14.199.154 - - [22/Nov/2022:22:51:35 -0800] "GET /apple-app-site-association HTTP/1.1" 404 88 "-" "AdsBot-Google (+http://www.google.com/adsbot.html)" "www.gatipackers.com"
195.201.112.172 - - [22/Nov/2022:22:52:16 -0800] "GET /wp-content/plugins/iwp-client/readme.txt HTTP/1.1" 404 88 "https://www.google.com" "Mozilla/5.0 (Linux; Android 11; Lenovo YT-J706X) AppleWebKit/537.36 (KHTML, like Gecko) Chrome/104.0.0.0 Safari/537.36" "gatipackers.com"
195.201.112.172 - - [22/Nov/2022:22:52:18 -0800] "GET /wp-content/plugins/wp-time-capsule/readme.txt HTTP/1.1" 404 88 "https://www.google.com" "Mozilla/5.0 (Linux; Android 11; Lenovo YT-J706X) AppleWebKit/537.36 (KHTML, like Gecko) Chrome/104.0.0.0 Safari/537.36" "gatipackers.com"
195.201.112.172 - - [22/Nov/2022:22:52:19 -0800] "GET /wp-content/plugins/themegrill-demo-importer/readme.txt HTTP/1.1" 404 88 "https://www.google.com" "Mozilla/5.0 (Linux; Android 11; Lenovo YT-J706X) AppleWebKit/537.36 (KHTML, like Gecko) Chrome/104.0.0.0 Safari/537.36" "gatipackers.com"
195.201.112.172 - - [22/Nov/2022:22:52:21 -0800] "GET /wp-content/plugins/advanced-import/readme.txt HTTP/1.1" 404 88 "https://www.google.com" "Mozilla/5.0 (Linux; Android 11; ONEPLUS A6013) AppleWebKit/537.36 (KHTML, like Gecko) Chrome/105.0.0.0 Mobile Safari/537.36" "gatipackers.com"
195.201.112.172 - - [22/Nov/2022:22:52:22 -0800] "GET /wp-content/plugins/woocommerce-jetpack/readme.txt HTTP/1.1" 404 88 "https://www.google.com" "Mozilla/5.0 (Macintosh; Intel Mac OS X 10_14_6) AppleWebKit/537.36 (KHTML, like Gecko) Chrome/104.0.0.0 Safari/537.36" "gatipackers.com"
195.201.112.172 - - [22/Nov/2022:22:52:24 -0800] "GET /wp-content/plugins/emails-verification-for-woocommerce/readme.txt HTTP/1.1" 404 88 "https://www.google.com" "Mozilla/5.0 (Macintosh; Intel Mac OS X 10_14_6) AppleWebKit/537.36 (KHTML, like Gecko) Chrome/104.0.0.0 Safari/537.36" "gatipackers.com"
195.201.112.172 - - [22/Nov/2022:22:52:25 -0800] "GET /wp-content/plugins/woocommerce-upload-files/js/wcuf-admin-menu.js HTTP/1.1" 404 88 "https://www.google.com" "Mozilla/5.0 (Linux; Android 11; Lenovo YT-J706X) AppleWebKit/537.36 (KHTML, like Gecko) Chrome/104.0.0.0 Safari/537.36" "gatipackers.com"
195.201.112.172 - - [22/Nov/2022:22:52:27 -0800] "GET /wp-content/plugins/wp-user-extra-fields/js/wpuef-configurator.js HTTP/1.1" 404 88 "https://www.google.com" "Mozilla/5.0 (Linux; Android 11; Lenovo YT-J706X) AppleWebKit/537.36 (KHTML, like Gecko) Chrome/104.0.0.0 Safari/537.36" "gatipackers.com"
195.201.112.172 - - [22/Nov/2022:22:52:28 -0800] "GET /wp-content/plugins/wp-automatic/changelog HTTP/1.1" 404 88 "https://www.google.com" "Mozilla/5.0 (Linux; Android 11; Lenovo YT-J706X) AppleWebKit/537.36 (KHTML, like Gecko) Chrome/104.0.0.0 Safari/537.36" "gatipackers.com"
195.201.112.172 - - [22/Nov/2022:22:52:30 -0800] "GET /wp-content/plugins/wp-automatic/css/wp-automatic.css HTTP/1.1" 404 88 "https://www.google.com" "Mozilla/5.0 (Linux; Android 11; Lenovo YT-J706X) AppleWebKit/537.36 (KHTML, like Gecko) Chrome/104.0.0.0 Safari/537.36" "gatipackers.com"
195.201.112.172 - - [22/Nov/2022:22:52:31 -0800] "GET /wp-content/plugins/capability-manager-enhanced/readme.txt HTTP/1.1" 404 88 "https://www.google.com" "Mozilla/5.0 (Linux; Android 11; Lenovo YT-J706X) AppleWebKit/537.36 (KHTML, like Gecko) Chrome/104.0.0.0 Safari/537.36" "gatipackers.com"
195.201.112.172 - - [22/Nov/2022:22:52:32 -0800] "GET /wp-content/plugins/capabilities-pro/readme.txt HTTP/1.1" 404 88 "https://www.google.com" "Mozilla/5.0 (Linux; Android 11; Lenovo YT-J706X) AppleWebKit/537.36 (KHTML, like Gecko) Chrome/104.0.0.0 Safari/537.36" "gatipackers.com"
195.201.112.172 - - [22/Nov/2022:22:52:34 -0800] "GET /wp-content/plugins/wp-pinterest-automatic/changelog HTTP/1.1" 404 88 "https://www.google.com" "Mozilla/5.0 (Linux; Android 11; Lenovo YT-J706X) AppleWebKit/537.36 (KHTML, like Gecko) Chrome/104.0.0.0 Safari/537.36" "gatipackers.com"
195.201.112.172 - - [22/Nov/2022:22:52:36 -0800] "GET /wp-content/plugins/ulisting/readme.txt HTTP/1.1" 404 88 "https://www.google.com" "Mozilla/5.0 (Windows NT 10.0; Win64; x64) AppleWebKit/537.36 (KHTML, like Gecko) Chrome/104.0.0.0 Safari/537.36" "gatipackers.com"
195.201.112.172 - - [22/Nov/2022:22:52:37 -0800] "GET /wp-content/plugins/image-hover-effects-ultimate/readme.txt HTTP/1.1" 404 88 "https://www.google.com" "Mozilla/5.0 (Linux; Android 12; SM-S906N Build/QP1A.190711.020; wv) AppleWebKit/537.36 (KHTML, like Gecko) Version/4.0 Chrome/105.0.0.0 Mobile Safari/537.36" "gatipackers.com"
195.201.112.172 - - [22/Nov/2022:22:52:38 -0800] "GET /wp-content/plugins/ait-csv-import-export/changelog.txt HTTP/1.1" 404 88 "https://www.google.com" "Mozilla/5.0 (Linux; Android 12; SM-S906N Build/QP1A.190711.020; wv) AppleWebKit/537.36 (KHTML, like Gecko) Version/4.0 Chrome/105.0.0.0 Mobile Safari/537.36" "gatipackers.com"
195.201.112.172 - - [22/Nov/2022:22:52:40 -0800] "GET /wp-content/plugins/angwp/__%20UPDATES.txt HTTP/1.1" 404 88 "https://www.google.com" "Mozilla/5.0 (Linux; Android 12; SM-S906N Build/QP1A.190711.020; wv) AppleWebKit/537.36 (KHTML, like Gecko) Version/4.0 Chrome/105.0.0.0 Mobile Safari/537.36" "gatipackers.com"
195.201.112.172 - - [22/Nov/2022:22:52:42 -0800] "GET /wp-content/plugins/e-signature/page-template/default/style.css HTTP/1.1" 404 88 "https://www.google.com" "Mozilla/5.0 (Linux; Android 12; SM-S906N Build/QP1A.190711.020; wv) AppleWebKit/537.36 (KHTML, like Gecko) Version/4.0 Chrome/105.0.0.0 Mobile Safari/537.36" "gatipackers.com"
195.201.112.172 - - [22/Nov/2022:22:52:44 -0800] "GET /wp-content/plugins/superstorefinder-wp/css/ssf-wp-admin.css HTTP/1.1" 404 88 "https://www.google.com" "Mozilla/5.0 (Windows NT 10.0; Win64; x64) AppleWebKit/537.36 (KHTML, like Gecko) Chrome/104.0.0.0 Safari/537.36" "gatipackers.com"
195.201.112.172 - - [22/Nov/2022:22:52:46 -0800] "GET /wp-content/plugins/super-interactive-maps/css/sim-wp-admin.css HTTP/1.1" 404 88 "https://www.google.com" "Mozilla/5.0 (Linux; Android 11; ONEPLUS A6013) AppleWebKit/537.36 (KHTML, like Gecko) Chrome/105.0.0.0 Mobile Safari/537.36" "gatipackers.com"
195.201.112.172 - - [22/Nov/2022:22:52:47 -0800] "GET /wp-content/plugins/superlogoshowcase-wp/css/sls-wp-admin.css HTTP/1.1" 404 88 "https://www.google.com" "Mozilla/5.0 (Linux; Android 11; ONEPLUS A6013) AppleWebKit/537.36 (KHTML, like Gecko) Chrome/105.0.0.0 Mobile Safari/537.36" "gatipackers.com"
195.201.112.172 - - [22/Nov/2022:22:52:48 -0800] "GET /wp-content/plugins/mstore-api/readme.txt HTTP/1.1" 404 88 "https://www.google.com" "Mozilla/5.0 (Linux; Android 11; Lenovo YT-J706X) AppleWebKit/537.36 (KHTML, like Gecko) Chrome/104.0.0.0 Safari/537.36" "gatipackers.com"
195.201.112.172 - - [22/Nov/2022:22:52:51 -0800] "GET /wp-content/plugins/dzs-zoomsounds/admin/admin.css HTTP/1.1" 404 88 "https://www.google.com" "Mozilla/5.0 (Linux; Android 11; Lenovo YT-J706X) AppleWebKit/537.36 (KHTML, like Gecko) Chrome/104.0.0.0 Safari/537.36" "gatipackers.com"
195.201.112.172 - - [22/Nov/2022:22:52:52 -0800] "GET /wp-content/plugins/shortcode-addons/readme.txt HTTP/1.1" 404 88 "https://www.google.com" "Mozilla/5.0 (Linux; Android 11; ONEPLUS A6013) AppleWebKit/537.36 (KHTML, like Gecko) Chrome/105.0.0.0 Mobile Safari/537.36" "gatipackers.com"
195.201.112.172 - - [22/Nov/2022:22:52:54 -0800] "GET /wp-content/plugins/vc-tabs/readme.txt HTTP/1.1" 404 88 "https://www.google.com" "Mozilla/5.0 (Linux; Android 11; ONEPLUS A6013) AppleWebKit/537.36 (KHTML, like Gecko) Chrome/105.0.0.0 Mobile Safari/537.36" "gatipackers.com"
195.201.112.172 - - [22/Nov/2022:22:52:55 -0800] "GET /wp-content/plugins/wp-file-manager/readme.txt HTTP/1.1" 404 88 "https://www.google.com" "Mozilla/5.0 (Linux; Android 12; SM-S906N Build/QP1A.190711.020; wv) AppleWebKit/537.36 (KHTML, like Gecko) Version/4.0 Chrome/105.0.0.0 Mobile Safari/537.36" "gatipackers.com"
195.201.112.172 - - [22/Nov/2022:22:52:57 -0800] "GET /wp-content/plugins/masterstudy-lms-learning-management-system/readme.txt HTTP/1.1" 404 88 "https://www.google.com" "Mozilla/5.0 (Linux; Android 11; ONEPLUS A6013) AppleWebKit/537.36 (KHTML, like Gecko) Chrome/105.0.0.0 Mobile Safari/537.36" "gatipackers.com"
195.201.112.172 - - [22/Nov/2022:22:52:58 -0800] "GET /wp-content/plugins/mapsvg-lite-interactive-vector-maps/gm_download.php?file=/wp-config.php HTTP/1.1" 404 88 "https://www.google.com" "Mozilla/5.0 (Linux; Android 11; ONEPLUS A6013) AppleWebKit/537.36 (KHTML, like Gecko) Chrome/105.0.0.0 Mobile Safari/537.36" "gatipackers.com"
195.201.112.172 - - [22/Nov/2022:22:53:00 -0800] "GET /wp-content/plugins/mapsvg/gm_download.php?file=/wp-config.php HTTP/1.1" 404 88 "https://www.google.com" "Mozilla/5.0 (Linux; Android 11; ONEPLUS A6013) AppleWebKit/537.36 (KHTML, like Gecko) Chrome/105.0.0.0 Mobile Safari/537.36" "gatipackers.com"
195.201.112.172 - - [22/Nov/2022:22:53:01 -0800] "GET /wp-admin/admin-ajax.php?action=duplicator_download&file=../wp-config.php HTTP/1.1" 400 1 "https://www.google.com" "Mozilla/5.0 (Macintosh; Intel Mac OS X 10_14_6) AppleWebKit/537.36 (KHTML, like Gecko) Chrome/104.0.0.0 Safari/537.36" "gatipackers.com"
10.213.116.211 - - [22/Nov/2022:22:53:05 -0800] "POST /wp-cron.php?doing_wp_cron=1669186385.8029699325561523437500 HTTP/1.1" 200 - "http://gatipackers.com/wp-cron.php?doing_wp_cron=1669186385.8029699325561523437500" "WordPress/5.6.10; http://gatipackers.com" "gatipackers.com"
195.201.112.172 - - [22/Nov/2022:22:53:08 -0800] "GET /wp-admin/admin-ajax.php?action=revslider_show_image&img=../wp-config.php HTTP/1.1" 400 1 "https://www.google.com" "Mozilla/5.0 (Linux; Android 12; SM-S906N Build/QP1A.190711.020; wv) AppleWebKit/537.36 (KHTML, like Gecko) Version/4.0 Chrome/105.0.0.0 Mobile Safari/537.36" "gatipackers.com"
195.201.112.172 - - [22/Nov/2022:22:53:13 -0800] "GET /wp-content/plugins/cherry-plugin/admin/import-export/download-content.php?file=../../../../../wp-config.php HTTP/1.1" 404 88 "https://www.google.com" "Mozilla/5.0 (Linux; Android 11; Lenovo YT-J706X) AppleWebKit/537.36 (KHTML, like Gecko) Chrome/104.0.0.0 Safari/537.36" "gatipackers.com"
195.201.112.172 - - [22/Nov/2022:22:53:14 -0800] "GET /wp-admin/admin-ajax.php?action=handle_downloads&alg_wc_pif_download_file=../../../../../wp-config.php HTTP/1.1" 400 1 "https://www.google.com" "Mozilla/5.0 (Windows NT 10.0; Win64; x64) AppleWebKit/537.36 (KHTML, like Gecko) Chrome/104.0.0.0 Safari/537.36" "gatipackers.com"
195.201.112.172 - - [22/Nov/2022:22:53:19 -0800] "GET /wp-content/plugins/wp-ecommerce-shop-styling/includes/download.php?filename=../../../../wp-config.php HTTP/1.1" 404 88 "https://www.google.com" "Mozilla/5.0 (Linux; Android 11; Lenovo YT-J706X) AppleWebKit/537.36 (KHTML, like Gecko) Chrome/104.0.0.0 Safari/537.36" "gatipackers.com"
195.201.112.172 - - [22/Nov/2022:22:53:21 -0800] "GET /wp-content/plugins/web-portal-lite-client-portal-secure-file-sharing-private-messaging/includes/libs/pdf/dompdf.php?input_file=../../../../../../wp-config.php HTTP/1.1" 404 88 "https://www.google.com" "Mozilla/5.0 (iPhone14,3; U; CPU iPhone OS 15_0 like Mac OS X) AppleWebKit/602.1.50 (KHTML, like Gecko) Version/10.0 Mobile/19A346 Safari/602.1" "gatipackers.com"
195.201.112.172 - - [22/Nov/2022:22:53:22 -0800] "GET /wp-content/plugins/post-pdf-export/dompdf/dompdf.php?input_file=../../../../wp-config.php HTTP/1.1" 404 88 "https://www.google.com" "Mozilla/5.0 (iPhone14,3; U; CPU iPhone OS 15_0 like Mac OS X) AppleWebKit/602.1.50 (KHTML, like Gecko) Version/10.0 Mobile/19A346 Safari/602.1" "gatipackers.com"
195.201.112.172 - - [22/Nov/2022:22:53:24 -0800] "GET /wp-content/plugins/tatsu/changelog.md HTTP/1.1" 404 88 "https://www.google.com" "Mozilla/5.0 (Linux; Android 11; Lenovo YT-J706X) AppleWebKit/537.36 (KHTML, like Gecko) Chrome/104.0.0.0 Safari/537.36" "gatipackers.com"
195.201.112.172 - - [22/Nov/2022:22:53:25 -0800] "GET /wp-content/plugins/udraw/readme.txt HTTP/1.1" 404 88 "https://www.google.com" "Mozilla/5.0 (Linux; Android 11; ONEPLUS A6013) AppleWebKit/537.36 (KHTML, like Gecko) Chrome/105.0.0.0 Mobile Safari/537.36" "gatipackers.com"
195.201.112.172 - - [22/Nov/2022:22:53:27 -0800] "GET /wp-content/plugins/woo-product-table/readme.txt HTTP/1.1" 404 88 "https://www.google.com" "Mozilla/5.0 (Macintosh; Intel Mac OS X 10_14_6) AppleWebKit/537.36 (KHTML, like Gecko) Chrome/104.0.0.0 Safari/537.36" "gatipackers.com"
195.201.112.172 - - [22/Nov/2022:22:53:28 -0800] "GET /wp-content/plugins/wpcargo/readme.txt HTTP/1.1" 404 88 "https://www.google.com" "Mozilla/5.0 (Linux; Android 12; SM-S906N Build/QP1A.190711.020; wv) AppleWebKit/537.36 (KHTML, like Gecko) Version/4.0 Chrome/105.0.0.0 Mobile Safari/537.36" "gatipackers.com"
195.201.112.172 - - [22/Nov/2022:22:53:30 -0800] "GET /wp-content/plugins/nd-learning/readme.txt HTTP/1.1" 404 88 "https://www.google.com" "Mozilla/5.0 (Windows NT 10.0; Win64; x64) AppleWebKit/537.36 (KHTML, like Gecko) Chrome/104.0.0.0 Safari/537.36" "gatipackers.com"
195.201.112.172 - - [22/Nov/2022:22:53:31 -0800] "GET /wp-content/plugins/nd-shortcodes/readme.txt HTTP/1.1" 404 88 "https://www.google.com" "Mozilla/5.0 (Linux; Android 11; ONEPLUS A6013) AppleWebKit/537.36 (KHTML, like Gecko) Chrome/105.0.0.0 Mobile Safari/537.36" "gatipackers.com"
195.201.112.172 - - [22/Nov/2022:22:53:33 -0800] "GET /wp-content/plugins/nd-booking/readme.txt HTTP/1.1" 404 88 "https://www.google.com" "Mozilla/5.0 (Linux; Android 11; Lenovo YT-J706X) AppleWebKit/537.36 (KHTML, like Gecko) Chrome/104.0.0.0 Safari/537.36" "gatipackers.com"
195.201.112.172 - - [22/Nov/2022:22:53:34 -0800] "GET /wp-content/plugins/nd-donations/readme.txt HTTP/1.1" 404 88 "https://www.google.com" "Mozilla/5.0 (Linux; Android 11; ONEPLUS A6013) AppleWebKit/537.36 (KHTML, like Gecko) Chrome/105.0.0.0 Mobile Safari/537.36" "gatipackers.com"
195.201.112.172 - - [22/Nov/2022:22:53:46 -0800] "GET /wp-content/plugins/nd-restaurant-reservations/readme.txt HTTP/1.1" 404 88 "https://www.google.com" "Mozilla/5.0 (Linux; Android 11; ONEPLUS A6013) AppleWebKit/537.36 (KHTML, like Gecko) Chrome/105.0.0.0 Mobile Safari/537.36" "gatipackers.com"
195.201.112.172 - - [22/Nov/2022:22:53:48 -0800] "GET /wp-content/plugins/sitemap-by-click5/readme.txt HTTP/1.1" 404 88 "https://www.google.com" "Mozilla/5.0 (Macintosh; Intel Mac OS X 10_14_6) AppleWebKit/537.36 (KHTML, like Gecko) Chrome/104.0.0.0 Safari/537.36" "gatipackers.com"
195.201.112.172 - - [22/Nov/2022:22:53:49 -0800] "GET /wp-content/plugins/wp-user-avatar/changelog.txt HTTP/1.1" 404 88 "https://www.google.com" "Mozilla/5.0 (Macintosh; Intel Mac OS X 10_14_6) AppleWebKit/537.36 (KHTML, like Gecko) Chrome/104.0.0.0 Safari/537.36" "gatipackers.com"
195.201.112.172 - - [22/Nov/2022:22:53:51 -0800] "GET / HTTP/1.1" 200 14533 "https://www.google.com" "Mozilla/5.0 (Linux; Android 12; SM-S906N Build/QP1A.190711.020; wv) AppleWebKit/537.36 (KHTML, like Gecko) Version/4.0 Chrome/105.0.0.0 Mobile Safari/537.36" "gatipackers.com"
195.201.112.172 - - [22/Nov/2022:22:53:56 -0800] "GET /wp-content/plugins/quiz-master-next/readme.txt HTTP/1.1" 404 88 "https://www.google.com" "Mozilla/5.0 (Windows NT 10.0; Win64; x64) AppleWebKit/537.36 (KHTML, like Gecko) Chrome/104.0.0.0 Safari/537.36" "gatipackers.com"
195.201.112.172 - - [22/Nov/2022:22:53:57 -0800] "GET /wp-content/plugins/wp-live-chat-support-pro/css/wplc_styles_pro.css HTTP/1.1" 404 88 "https://www.google.com" "Mozilla/5.0 (Windows NT 10.0; Win64; x64) AppleWebKit/537.36 (KHTML, like Gecko) Chrome/104.0.0.0 Safari/537.36" "gatipackers.com"
195.201.112.172 - - [22/Nov/2022:22:53:59 -0800] "GET /wp-content/plugins/armember-membership/readme.txt HTTP/1.1" 404 88 "https://www.google.com" "Mozilla/5.0 (Windows NT 10.0; Win64; x64) AppleWebKit/537.36 (KHTML, like Gecko) Chrome/104.0.0.0 Safari/537.36" "gatipackers.com"
195.201.112.172 - - [22/Nov/2022:22:54:01 -0800] "GET /wp-content/plugins/ninja-forms/readme.txt HTTP/1.1" 404 88 "https://www.google.com" "Mozilla/5.0 (Linux; Android 12; SM-S906N Build/QP1A.190711.020; wv) AppleWebKit/537.36 (KHTML, like Gecko) Version/4.0 Chrome/105.0.0.0 Mobile Safari/537.36" "gatipackers.com"
195.201.112.172 - - [22/Nov/2022:22:54:02 -0800] "GET /wp-content/plugins/ultimate-member/readme.txt HTTP/1.1" 404 88 "https://www.google.com" "Mozilla/5.0 (Macintosh; Intel Mac OS X 10_14_6) AppleWebKit/537.36 (KHTML, like Gecko) Chrome/104.0.0.0 Safari/537.36" "gatipackers.com"
195.201.112.172 - - [22/Nov/2022:22:54:04 -0800] "GET /wp-content/plugins/wpgateway/css/style.css HTTP/1.1" 404 88 "https://www.google.com" "Mozilla/5.0 (Linux; Android 12; SM-S906N Build/QP1A.190711.020; wv) AppleWebKit/537.36 (KHTML, like Gecko) Version/4.0 Chrome/105.0.0.0 Mobile Safari/537.36" "gatipackers.com"
195.201.112.172 - - [22/Nov/2022:22:54:05 -0800] "GET /wp-content/themes/workreap/style.css HTTP/1.1" 404 88 "https://www.google.com" "Mozilla/5.0 (Linux; Android 12; SM-S906N Build/QP1A.190711.020; wv) AppleWebKit/537.36 (KHTML, like Gecko) Version/4.0 Chrome/105.0.0.0 Mobile Safari/537.36" "gatipackers.com"
195.201.112.172 - - [22/Nov/2022:22:54:07 -0800] "GET /wp-content/plugins/scripts-organizer/plugins/meta-box/readme.txt HTTP/1.1" 404 88 "https://www.google.com" "Mozilla/5.0 (Linux; Android 12; SM-S906N Build/QP1A.190711.020; wv) AppleWebKit/537.36 (KHTML, like Gecko) Version/4.0 Chrome/105.0.0.0 Mobile Safari/537.36" "gatipackers.com"
195.201.112.172 - - [22/Nov/2022:22:54:08 -0800] "GET /wp-content/plugins/alphabetic-pagination/readme.txt HTTP/1.1" 404 88 "https://www.google.com" "Mozilla/5.0 (Linux; Android 12; SM-S906N Build/QP1A.190711.020; wv) AppleWebKit/537.36 (KHTML, like Gecko) Version/4.0 Chrome/105.0.0.0 Mobile Safari/537.36" "gatipackers.com"
195.201.112.172 - - [22/Nov/2022:22:54:10 -0800] "GET /wp-content/plugins/all-in-one-video-gallery/readme.txt HTTP/1.1" 404 88 "https://www.google.com" "Mozilla/5.0 (Linux; Android 12; SM-S906N Build/QP1A.190711.020; wv) AppleWebKit/537.36 (KHTML, like Gecko) Version/4.0 Chrome/105.0.0.0 Mobile Safari/537.36" "gatipackers.com"
195.201.112.172 - - [22/Nov/2022:22:54:11 -0800] "GET /wp-content/plugins/directorist/readme.txt HTTP/1.1" 404 88 "https://www.google.com" "Mozilla/5.0 (Linux; Android 11; ONEPLUS A6013) AppleWebKit/537.36 (KHTML, like Gecko) Chrome/105.0.0.0 Mobile Safari/537.36" "gatipackers.com"
195.201.112.172 - - [22/Nov/2022:22:54:13 -0800] "GET /wp-content/plugins/simply-schedule-appointments/readme.txt HTTP/1.1" 404 88 "https://www.google.com" "Mozilla/5.0 (Linux; Android 11; ONEPLUS A6013) AppleWebKit/537.36 (KHTML, like Gecko) Chrome/105.0.0.0 Mobile Safari/537.36" "gatipackers.com"
195.201.112.172 - - [22/Nov/2022:22:54:14 -0800] "GET /wp-content/themes/greyd_suite/style.css HTTP/1.1" 404 88 "https://www.google.com" "Mozilla/5.0 (Linux; Android 11; ONEPLUS A6013) AppleWebKit/537.36 (KHTML, like Gecko) Chrome/105.0.0.0 Mobile Safari/537.36" "gatipackers.com"
20.191.45.212 - - [22/Nov/2022:22:55:20 -0800] "GET / HTTP/1.1" 200 14590 "http://www.gatipackers.com/" "Mozilla/5.0 (compatible; DuckDuckGo-Favicons-Bot/1.0; +http://duckduckgo.com)" "www.gatipackers.com"
20.191.45.212 - - [22/Nov/2022:22:55:24 -0800] "GET /favicon.ico HTTP/1.1" 404 88 "http://www.gatipackers.com/favicon.ico" "Mozilla/5.0 (compatible; DuckDuckGo-Favicons-Bot/1.0; +http://duckduckgo.com)" "www.gatipackers.com"
148.72.244.53 - - [22/Nov/2022:22:56:23 -0800] "POST /xmlrpc.php HTTP/1.1" 200 401 "-" "Mozilla/5.0 (Windows NT 10.0; Win64; x64; rv:96.0) Gecko/20100101 Firefox/96" "gatipackers.com"
81.88.52.223 - - [22/Nov/2022:23:06:07 -0800] "POST /xmlrpc.php HTTP/1.1" 200 401 "-" "Mozilla/5.0 (Windows NT 10.0; Win64; x64; rv:96.0) Gecko/20100101 Firefox/96" "gatipackers.com"
207.154.248.39 - - [22/Nov/2022:23:08:20 -0800] "POST /wp-login.php HTTP/1.1" 200 8261 "-" "Mozilla/5.0 (Windows NT 6.3; Win64; x64) AppleWebKit/537.36 (KHTML, like Gecko) Chrome/67.0.3396.99 Safari/537.36" "gatipackers.com"
10.213.116.210 - - [22/Nov/2022:23:08:24 -0800] "POST /wp-cron.php?doing_wp_cron=1669187304.0416119098663330078125 HTTP/1.1" 200 - "http://gatipackers.com/wp-cron.php?doing_wp_cron=1669187304.0416119098663330078125" "WordPress/5.6.10; http://gatipackers.com" "gatipackers.com"
46.101.103.136 - - [22/Nov/2022:23:16:05 -0800] "POST /xmlrpc.php HTTP/1.1" 200 401 "-" "Mozilla/5.0 (Windows NT 10.0; Win64; x64; rv:96.0) Gecko/20100101 Firefox/96" "gatipackers.com"
185.183.122.143 - - [22/Nov/2022:23:26:27 -0800] "POST /xmlrpc.php HTTP/1.1" 200 401 "-" "Mozilla/5.0 (Windows NT 10.0; Win64; x64; rv:96.0) Gecko/20100101 Firefox/96" "gatipackers.com"
10.213.116.210 - - [22/Nov/2022:23:26:30 -0800] "POST /wp-cron.php?doing_wp_cron=1669188390.6852550506591796875000 HTTP/1.1" 200 - "http://gatipackers.com/wp-cron.php?doing_wp_cron=1669188390.6852550506591796875000" "WordPress/5.6.10; http://gatipackers.com" "gatipackers.com"
51.104.167.54 - - [22/Nov/2022:23:31:45 -0800] "GET / HTTP/1.1" 200 14533 "-" "Mozilla/5.0 (iPhone; CPU iPhone OS 13_3 like Mac OS X) AppleWebKit/605.1.15 (KHTML%2C like Gecko) Mobile/15E148" "gatipackers.com"
51.104.166.111 - - [22/Nov/2022:23:31:46 -0800] "GET / HTTP/1.1" 200 14533 "-" "Mozilla/5.0 (iPhone; CPU iPhone OS 13_3 like Mac OS X) AppleWebKit/605.1.15 (KHTML%2C like Gecko) Mobile/15E148" "gatipackers.com"
51.104.166.111 - - [22/Nov/2022:23:31:46 -0800] "GET / HTTP/1.1" 200 14590 "-" "Mozilla/5.0 (iPhone; CPU iPhone OS 13_3 like Mac OS X) AppleWebKit/605.1.15 (KHTML%2C like Gecko) Mobile/15E148" "www.gatipackers.com"
123.125.109.115 - - [22/Nov/2022:23:36:16 -0800] "GET / HTTP/1.1" 200 14619 "-" "Sogou web spider/4.0(+http://www.sogou.com/docs/help/webmasters.htm#07)" "www.gatipackers.com"
103.171.181.149 - - [22/Nov/2022:23:36:45 -0800] "POST /xmlrpc.php HTTP/1.1" 200 401 "-" "Mozilla/5.0 (Windows NT 10.0; Win64; x64; rv:96.0) Gecko/20100101 Firefox/96" "gatipackers.com"
185.49.20.77 - - [22/Nov/2022:23:48:05 -0800] "POST /xmlrpc.php HTTP/1.1" 200 401 "-" "Mozilla/5.0 (Windows NT 10.0; Win64; x64; rv:96.0) Gecko/20100101 Firefox/96" "gatipackers.com"
10.213.116.209 - - [22/Nov/2022:23:48:09 -0800] "POST /wp-cron.php?doing_wp_cron=1669189689.8847219944000244140625 HTTP/1.1" 200 - "http://gatipackers.com/wp-cron.php?doing_wp_cron=1669189689.8847219944000244140625" "WordPress/5.6.10; http://gatipackers.com" "gatipackers.com"
51.91.151.60 - - [22/Nov/2022:23:53:00 -0800] "POST /wp-login.php HTTP/1.1" 200 8260 "-" "Mozilla/5.0 (Windows NT 6.1) AppleWebKit/537.36 (KHTML, like Gecko) Chrome/70.0.3538.77 Safari/537.36" "gatipackers.com"
10.213.116.211 - - [22/Nov/2022:23:53:04 -0800] "POST /wp-cron.php?doing_wp_cron=1669189984.2564349174499511718750 HTTP/1.1" 200 - "http://gatipackers.com/wp-cron.php?doing_wp_cron=1669189984.2564349174499511718750" "WordPress/5.6.10; http://gatipackers.com" "gatipackers.com"
114.119.141.116 - - [23/Nov/2022:00:02:02 -0800] "GET /phpmyadmin HTTP/1.1" 301 1414 "https://gatipackers.com?C=S%3BO%3DA" "Mozilla/5.0 (Linux; Android 7.0;) AppleWebKit/537.36 (KHTML, like Gecko) Mobile Safari/537.36 (compatible; PetalBot;+https://webmaster.petalsearch.com/site/petalbot)" "gatipackers.com"
114.119.141.116 - - [23/Nov/2022:00:02:03 -0800] "GET /phpmyadmin/ HTTP/1.1" 200 7540 "https://gatipackers.com?C=S%3BO%3DA" "Mozilla/5.0 (Linux; Android 7.0;) AppleWebKit/537.36 (KHTML, like Gecko) Mobile Safari/537.36 (compatible; PetalBot;+https://webmaster.petalsearch.com/site/petalbot)" "gatipackers.com"
124.70.98.118 - - [23/Nov/2022:00:10:17 -0800] "POST /xmlrpc.php HTTP/1.1" 200 401 "-" "Mozilla/5.0 (Windows NT 10.0; Win64; x64; rv:96.0) Gecko/20100101 Firefox/96" "gatipackers.com"
10.213.116.211 - - [23/Nov/2022:00:10:21 -0800] "POST /wp-cron.php?doing_wp_cron=1669191021.3862149715423583984375 HTTP/1.1" 200 - "http://gatipackers.com/wp-cron.php?doing_wp_cron=1669191021.3862149715423583984375" "WordPress/5.6.10; http://gatipackers.com" "gatipackers.com"
47.110.72.238 - - [23/Nov/2022:00:16:28 -0800] "POST /wp-login.php HTTP/1.1" 200 8263 "-" "Mozilla/5.0 (Windows NT 6.1; Win64; x64) AppleWebKit/537.36 (KHTML, like Gecko) Chrome/55.0.2883.87 Safari/537.36" "gatipackers.com"
103.171.181.149 - - [23/Nov/2022:00:23:49 -0800] "POST /xmlrpc.php HTTP/1.1" 200 401 "-" "Mozilla/5.0 (Windows NT 10.0; Win64; x64; rv:96.0) Gecko/20100101 Firefox/96" "gatipackers.com"
10.213.116.211 - - [23/Nov/2022:00:23:53 -0800] "POST /wp-cron.php?doing_wp_cron=1669191833.3611230850219726562500 HTTP/1.1" 200 - "http://gatipackers.com/wp-cron.php?doing_wp_cron=1669191833.3611230850219726562500" "WordPress/5.6.10; http://gatipackers.com" "gatipackers.com"
207.46.13.15 - - [23/Nov/2022:00:29:36 -0800] "GET /moving_tips HTTP/1.1" 404 88 "-" "Mozilla/5.0 AppleWebKit/537.36 (KHTML, like Gecko; compatible; bingbot/2.0; +http://www.bing.com/bingbot.htm) Chrome/103.0.5060.134 Safari/537.36" "gatipackers.com"
5.140.233.250 - - [23/Nov/2022:00:34:08 -0800] "GET /home/request_a_survey/ HTTP/1.1" 200 779 "http://gatipackers.com/home/request_a_survey/" "Mozilla/5.0 (Windows NT 10.0) AppleWebKit/537.36 (KHTML, like Gecko) Chrome/90.0.4430.85 Safari/537.36" "gatipackers.com"
5.140.233.250 - - [23/Nov/2022:00:34:10 -0800] "GET / HTTP/1.1" 200 14533 "http://gatipackers.com/" "Mozilla/5.0 (Windows NT 10.0) AppleWebKit/537.36 (KHTML, like Gecko) Chrome/90.0.4430.85 Safari/537.36" "gatipackers.com"
51.159.105.232 - - [23/Nov/2022:00:35:52 -0800] "POST /xmlrpc.php HTTP/1.1" 200 401 "-" "Mozilla/5.0 (Windows NT 10.0; Win64; x64; rv:96.0) Gecko/20100101 Firefox/96" "gatipackers.com"
103.130.218.189 - - [23/Nov/2022:00:39:15 -0800] "POST /wp-login.php HTTP/1.1" 200 8264 "-" "Mozilla/5.0 (Windows NT 5.1) AppleWebKit/537.36 (KHTML, like Gecko) Chrome/47.0.2526.106 Safari/537.36" "gatipackers.com"
10.213.116.211 - - [23/Nov/2022:00:39:19 -0800] "POST /wp-cron.php?doing_wp_cron=1669192759.6941111087799072265625 HTTP/1.1" 200 - "http://gatipackers.com/wp-cron.php?doing_wp_cron=1669192759.6941111087799072265625" "WordPress/5.6.10; http://gatipackers.com" "gatipackers.com"
46.235.66.166 - - [23/Nov/2022:00:42:00 -0800] "GET / HTTP/1.1" 200 14533 "-" "Mozilla/5.0 (Windows NT 10.0; Win64; x64) AppleWebKit/537.36 (KHTML, like Gecko) Chrome/103.0.0.0 Safari/537.36 Edg/103.0.1264.71" "gatipackers.com"
46.235.66.166 - - [23/Nov/2022:00:42:04 -0800] "GET / HTTP/1.1" 200 14533 "http://gatipackers.com" "Mozilla/5.0 (Windows NT 10.0; Win64; x64) AppleWebKit/537.36 (KHTML, like Gecko) Chrome/103.0.0.0 Safari/537.36 Edg/103.0.1264.71" "gatipackers.com"
46.235.66.166 - - [23/Nov/2022:00:42:09 -0800] "GET /xmlrpc.php?rsd HTTP/1.1" 200 808 "http://gatipackers.com" "Mozilla/5.0 (Windows NT 10.0; Win64; x64) AppleWebKit/537.36 (KHTML, like Gecko) Chrome/103.0.0.0 Safari/537.36 Edg/103.0.1264.71" "gatipackers.com"
46.235.66.166 - - [23/Nov/2022:00:42:13 -0800] "GET /wp-admin/ HTTP/1.1" 302 - "http://gatipackers.com" "Mozilla/5.0 (Windows NT 10.0; Win64; x64) AppleWebKit/537.36 (KHTML, like Gecko) Chrome/103.0.0.0 Safari/537.36 Edg/103.0.1264.71" "gatipackers.com"
46.235.66.166 - - [23/Nov/2022:00:42:17 -0800] "GET /wp-login.php?redirect_to=http%3A%2F%2Fgatipackers.com%2Fwp-admin%2F&reauth=1 HTTP/1.1" 200 7992 "http://gatipackers.com//wp-admin/" "Mozilla/5.0 (Windows NT 10.0; Win64; x64) AppleWebKit/537.36 (KHTML, like Gecko) Chrome/103.0.0.0 Safari/537.36 Edg/103.0.1264.71" "gatipackers.com"
46.235.66.166 - - [23/Nov/2022:00:42:20 -0800] "GET /wp-includes/wlwmanifest.xml HTTP/1.1" 200 460 "http://gatipackers.com" "Mozilla/5.0 (Windows NT 10.0; Win64; x64) AppleWebKit/537.36 (KHTML, like Gecko) Chrome/103.0.0.0 Safari/537.36 Edg/103.0.1264.71" "gatipackers.com"
46.235.66.166 - - [23/Nov/2022:00:42:21 -0800] "GET /index.php/author/administrator/ HTTP/1.1" 200 14259 "http://gatipackers.com" "Mozilla/5.0 (Windows NT 10.0; Win64; x64) AppleWebKit/537.36 (KHTML, like Gecko) Chrome/103.0.0.0 Safari/537.36 Edg/103.0.1264.71" "gatipackers.com"
46.235.66.166 - - [23/Nov/2022:00:42:25 -0800] "GET /index.php/wp-json/ HTTP/1.1" 200 98571 "http://gatipackers.com" "Mozilla/5.0 (Windows NT 10.0; Win64; x64) AppleWebKit/537.36 (KHTML, like Gecko) Chrome/103.0.0.0 Safari/537.36 Edg/103.0.1264.71" "gatipackers.com"
46.235.66.166 - - [23/Nov/2022:00:42:30 -0800] "GET /index.php/2021/02/26/sample-page/ HTTP/1.1" 200 13884 "http://gatipackers.com" "Mozilla/5.0 (Windows NT 10.0; Win64; x64) AppleWebKit/537.36 (KHTML, like Gecko) Chrome/103.0.0.0 Safari/537.36 Edg/103.0.1264.71" "gatipackers.com"
46.235.66.166 - - [23/Nov/2022:00:42:34 -0800] "GET /index.php/feed/ HTTP/1.1" 200 3748 "http://gatipackers.com" "Mozilla/5.0 (Windows NT 10.0; Win64; x64) AppleWebKit/537.36 (KHTML, like Gecko) Chrome/103.0.0.0 Safari/537.36 Edg/103.0.1264.71" "gatipackers.com"
