134.19.188.91 - - [23/Dec/2022:08:19:02 -0800] "GET /?author=1 HTTP/1.1" 200 14079 "-" "Mozilla/5.0 (Windows NT 10.0; WOW64) AppleWebKit/537.36 (KHTML, like Gecko) Chrome/62.0.3198.0 Safari/537.36 OPR/49.0.2711.0" "gatipackers.com"
134.19.188.91 - - [23/Dec/2022:08:19:05 -0800] "GET /wp-json/wp/v2/users/ HTTP/1.1" 404 73 "-" "Mozilla/5.0 (Windows NT 10.0; WOW64) AppleWebKit/537.36 (KHTML, like Gecko) Chrome/62.0.3198.0 Safari/537.36 OPR/49.0.2711.0" "gatipackers.com"
111.90.150.28 - - [23/Dec/2022:08:25:31 -0800] "POST /xmlrpc.php HTTP/1.1" 200 401 "-" "Mozilla/5.0 (Windows NT 10.0; Win64; x64; rv:96.0) Gecko/20100101 Firefox/96" "gatipackers.com"
10.213.116.209 - - [23/Dec/2022:08:25:34 -0800] "POST /wp-cron.php?doing_wp_cron=1671812734.3102269172668457031250 HTTP/1.1" 200 - "http://gatipackers.com/wp-cron.php?doing_wp_cron=1671812734.3102269172668457031250" "WordPress/5.6.10; http://gatipackers.com" "gatipackers.com"
207.46.13.189 - - [23/Dec/2022:08:29:20 -0800] "GET /sitemap.xml HTTP/1.1" 200 190 "-" "Mozilla/5.0 AppleWebKit/537.36 (KHTML, like Gecko; compatible; bingbot/2.0; +http://www.bing.com/bingbot.htm) Chrome/103.0.5060.134 Safari/537.36" "www.gatipackers.com"
54.36.148.139 - - [23/Dec/2022:08:31:22 -0800] "GET /robots.txt HTTP/1.1" 200 58 "-" "Mozilla/5.0 (compatible; AhrefsBot/7.0; +http://ahrefs.com/robot/)" "www.gatipackers.com"
34.87.49.51 - - [23/Dec/2022:08:33:20 -0800] "GET /wp-login.php HTTP/1.1" 200 7810 "" "Mozilla/5.0 (Windows NT 10.0; Win64; x64; rv:107.0) Gecko/20100101 Firefox/107.0" "gatipackers.com"
34.87.49.51 - - [23/Dec/2022:08:33:23 -0800] "GET /wp-json/wp/v2/users HTTP/1.1" 404 88 "" "Mozilla/5.0 (Windows NT 10.0; Win64; x64; rv:107.0) Gecko/20100101 Firefox/107.0" "gatipackers.com"
34.87.49.51 - - [23/Dec/2022:08:33:24 -0800] "POST /wp-login.php HTTP/1.1" 200 8085 "http://gatipackers.com/wp-login.php?redirect_to=http%3A%2F%2Fgatipackers.com%2Fwp-admin%2F" "Mozilla/5.0 (Windows NT 10.0; Win64; x64; rv:107.0) Gecko/20100101 Firefox/107.0" "gatipackers.com"
89.46.91.93 - - [23/Dec/2022:08:36:13 -0800] "POST /xmlrpc.php HTTP/1.1" 200 401 "-" "Mozilla/5.0 (Windows NT 10.0; Win64; x64; rv:96.0) Gecko/20100101 Firefox/96" "gatipackers.com"
194.169.217.66 - - [23/Dec/2022:08:37:44 -0800] "GET /home/request_a_survey/ HTTP/1.1" 200 779 "http://gatipackers.com/home/request_a_survey/" "Mozilla/5.0 (Windows NT 6.1; Win64; x64) AppleWebKit/537.36 (KHTML, like Gecko) Chrome/90.0.4430.93 Safari/537.36" "gatipackers.com"
194.169.217.51 - - [23/Dec/2022:08:37:44 -0800] "GET /home/request_a_survey/ HTTP/1.1" 200 779 "http://gatipackers.com/home/request_a_survey/" "Mozilla/5.0 (Windows NT 6.3; Win64; x64) AppleWebKit/537.36 (KHTML, like Gecko) Chrome/90.0.4430.85 Safari/537.36" "gatipackers.com"
194.169.217.96 - - [23/Dec/2022:08:37:44 -0800] "GET /home/request_a_survey/ HTTP/1.1" 200 779 "http://gatipackers.com/home/request_a_survey/" "Mozilla/5.0 (Windows NT 6.3; Win64; x64) AppleWebKit/537.36 (KHTML, like Gecko) Chrome/90.0.4430.85 Safari/537.36" "gatipackers.com"
194.169.217.75 - - [23/Dec/2022:08:37:44 -0800] "GET / HTTP/1.1" 200 14353 "http://gatipackers.com/" "Mozilla/5.0 (Windows NT 6.1; Win64; x64) AppleWebKit/537.36 (KHTML, like Gecko) Chrome/90.0.4430.93 Safari/537.36" "gatipackers.com"
194.169.217.75 - - [23/Dec/2022:08:37:44 -0800] "GET / HTTP/1.1" 200 14353 "http://gatipackers.com/" "Mozilla/5.0 (Windows NT 6.3; Win64; x64) AppleWebKit/537.36 (KHTML, like Gecko) Chrome/90.0.4430.85 Safari/537.36" "gatipackers.com"
194.169.217.93 - - [23/Dec/2022:08:37:44 -0800] "GET / HTTP/1.1" 200 14353 "http://gatipackers.com/" "Mozilla/5.0 (Windows NT 6.3; Win64; x64) AppleWebKit/537.36 (KHTML, like Gecko) Chrome/90.0.4430.85 Safari/537.36" "gatipackers.com"
10.213.116.209 - - [23/Dec/2022:08:37:46 -0800] "POST /wp-cron.php?doing_wp_cron=1671813466.8661589622497558593750 HTTP/1.1" 200 - "http://gatipackers.com/wp-cron.php?doing_wp_cron=1671813466.8661589622497558593750" "WordPress/5.6.10; http://gatipackers.com" "gatipackers.com"
194.169.217.82 - - [23/Dec/2022:08:37:48 -0800] "GET /index.php/2021/02/26/sample-page/ HTTP/1.1" 200 13704 "http://gatipackers.com/index.php/2021/02/26/sample-page/" "Mozilla/5.0 (Windows NT 6.3; Win64; x64) AppleWebKit/537.36 (KHTML, like Gecko) Chrome/90.0.4430.85 Safari/537.36" "gatipackers.com"
194.169.217.72 - - [23/Dec/2022:08:37:48 -0800] "GET /index.php/2021/02/26/sample-page/ HTTP/1.1" 200 13704 "http://gatipackers.com/index.php/2021/02/26/sample-page/" "Mozilla/5.0 (Windows NT 6.1; Win64; x64) AppleWebKit/537.36 (KHTML, like Gecko) Chrome/90.0.4430.93 Safari/537.36" "gatipackers.com"
194.169.217.74 - - [23/Dec/2022:08:37:49 -0800] "GET /index.php/2021/02/26/sample-page/ HTTP/1.1" 200 13704 "http://gatipackers.com/index.php/2021/02/26/sample-page/" "Mozilla/5.0 (Windows NT 6.3; Win64; x64) AppleWebKit/537.36 (KHTML, like Gecko) Chrome/90.0.4430.85 Safari/537.36" "gatipackers.com"
40.77.167.20 - - [23/Dec/2022:08:40:20 -0800] "GET /sitemap.xml HTTP/1.1" 200 190 "-" "Mozilla/5.0 (compatible; bingbot/2.0; +http://www.bing.com/bingbot.htm)" "gatipackers.com"
185.181.60.12 - - [23/Dec/2022:08:41:08 -0800] "GET / HTTP/1.1" 200 14353 "-" "Mozilla/5.0 (Windows NT 10.0; Win64; x64) AppleWebKit/537.36 (KHTML, like Gecko) Chrome/91.0.4472.114 Safari/537.36 Edg/91.0.864.54" "gatipackers.com"
193.176.31.68 - - [23/Dec/2022:08:42:21 -0800] "GET /?author=1 HTTP/1.1" 200 14079 "-" "Mozilla/5.0 (Windows NT 10.0; WOW64) AppleWebKit/537.36 (KHTML, like Gecko) Chrome/62.0.3198.0 Safari/537.36 OPR/49.0.2711.0" "gatipackers.com"
193.176.31.68 - - [23/Dec/2022:08:42:21 -0800] "GET /?author=1 HTTP/1.1" 200 14079 "-" "Mozilla/5.0 (Windows NT 10.0; WOW64) AppleWebKit/537.36 (KHTML, like Gecko) Chrome/62.0.3198.0 Safari/537.36 OPR/49.0.2711.0" "gatipackers.com"
193.176.31.68 - - [23/Dec/2022:08:44:17 -0800] "GET /wp-login.php HTTP/1.1" 200 7807 "http://gatipackers.com/wp-login.php" "Mozilla/5.0 (Windows NT 10.0; WOW64) AppleWebKit/537.36 (KHTML, like Gecko) Chrome/62.0.3198.0 Safari/537.36 OPR/49.0.2711.0" "gatipackers.com"
193.176.31.68 - - [23/Dec/2022:08:44:20 -0800] "POST /wp-login.php HTTP/1.1" 200 8098 "http://gatipackers.com/wp-login.php" "Mozilla/5.0 (Windows NT 10.0; WOW64) AppleWebKit/537.36 (KHTML, like Gecko) Chrome/62.0.3198.0 Safari/537.36 OPR/49.0.2711.0" "gatipackers.com"
205.169.39.63 - - [23/Dec/2022:09:04:41 -0800] "GET / HTTP/1.1" 200 14353 "-" "Mozilla/5.0 (Windows NT 10.0) AppleWebKit/537.36 (KHTML, like Gecko) Chrome/106.0.0.0 Safari/537.36" "gatipackers.com"
10.213.116.210 - - [23/Dec/2022:09:04:46 -0800] "POST /wp-cron.php?doing_wp_cron=1671815086.3117480278015136718750 HTTP/1.1" 200 - "http://gatipackers.com/wp-cron.php?doing_wp_cron=1671815086.3117480278015136718750" "WordPress/5.6.10; http://gatipackers.com" "gatipackers.com"
193.176.31.68 - - [23/Dec/2022:09:10:12 -0800] "POST /xmlrpc.php HTTP/1.1" 200 403 "http://gatipackers.com/xmlrpc.php" "Mozilla/5.0 (Windows NT 10.0; WOW64) AppleWebKit/537.36 (KHTML, like Gecko) Chrome/62.0.3198.0 Safari/537.36 OPR/49.0.2711.0" "gatipackers.com"
10.213.116.211 - - [23/Dec/2022:09:10:15 -0800] "POST /wp-cron.php?doing_wp_cron=1671815415.4826049804687500000000 HTTP/1.1" 200 - "http://gatipackers.com/wp-cron.php?doing_wp_cron=1671815415.4826049804687500000000" "WordPress/5.6.10; http://gatipackers.com" "gatipackers.com"
188.212.34.69 - - [23/Dec/2022:09:15:31 -0800] "POST /wp-login.php HTTP/1.1" 200 8077 "-" "Mozilla/5.0 (Windows NT 10.0; Win64; x64) AppleWebKit/537.36 (KHTML, like Gecko) Chrome/64.0.3282.167 Safari/537.36" "gatipackers.com"
193.176.31.68 - - [23/Dec/2022:09:15:49 -0800] "GET /?author=1 HTTP/1.1" 200 14079 "-" "Mozilla/5.0 (Windows NT 10.0; WOW64) AppleWebKit/537.36 (KHTML, like Gecko) Chrome/62.0.3198.0 Safari/537.36 OPR/49.0.2711.0" "gatipackers.com"
193.176.31.68 - - [23/Dec/2022:09:15:51 -0800] "GET /wp-json/wp/v2/users/ HTTP/1.1" 404 73 "-" "Mozilla/5.0 (Windows NT 10.0; WOW64) AppleWebKit/537.36 (KHTML, like Gecko) Chrome/62.0.3198.0 Safari/537.36 OPR/49.0.2711.0" "gatipackers.com"
193.176.31.68 - - [23/Dec/2022:09:42:30 -0800] "GET /?author=1 HTTP/1.1" 200 14079 "-" "Mozilla/5.0 (Windows NT 10.0; WOW64) AppleWebKit/537.36 (KHTML, like Gecko) Chrome/62.0.3198.0 Safari/537.36 OPR/49.0.2711.0" "gatipackers.com"
10.213.116.211 - - [23/Dec/2022:09:42:34 -0800] "POST /wp-cron.php?doing_wp_cron=1671817354.0798659324645996093750 HTTP/1.1" 200 - "http://gatipackers.com/wp-cron.php?doing_wp_cron=1671817354.0798659324645996093750" "WordPress/5.6.10; http://gatipackers.com" "gatipackers.com"
20.254.119.33 - - [23/Dec/2022:09:42:56 -0800] "POST /wp-login.php HTTP/1.1" 200 8077 "-" "Mozilla/5.0" "gatipackers.com"
114.119.140.115 - - [23/Dec/2022:09:48:59 -0800] "GET /wp-login.php?action=lostpassword HTTP/1.1" 200 3450 "https://gatipackers.com/wp-login.php" "Mozilla/5.0 (Linux; Android 7.0;) AppleWebKit/537.36 (KHTML, like Gecko) Mobile Safari/537.36 (compatible; PetalBot;+https://webmaster.petalsearch.com/site/petalbot)" "gatipackers.com"
193.176.31.68 - - [23/Dec/2022:09:51:02 -0800] "GET /wp-login.php HTTP/1.1" 200 7814 "http://gatipackers.com/wp-login.php" "Mozilla/5.0 (Windows NT 10.0; WOW64) AppleWebKit/537.36 (KHTML, like Gecko) Chrome/62.0.3198.0 Safari/537.36 OPR/49.0.2711.0" "gatipackers.com"
193.176.31.68 - - [23/Dec/2022:09:51:05 -0800] "POST /wp-login.php HTTP/1.1" 200 8093 "http://gatipackers.com/wp-login.php" "Mozilla/5.0 (Windows NT 10.0; WOW64) AppleWebKit/537.36 (KHTML, like Gecko) Chrome/62.0.3198.0 Safari/537.36 OPR/49.0.2711.0" "gatipackers.com"
207.46.13.189 - - [23/Dec/2022:09:55:18 -0800] "GET /gati-packers-services HTTP/1.1" 404 88 "-" "Mozilla/5.0 (compatible; bingbot/2.0; +http://www.bing.com/bingbot.htm)" "www.gatipackers.com"
84.205.178.135 - - [23/Dec/2022:09:55:23 -0800] "POST /wp-login.php HTTP/1.1" 200 8078 "-" "Mozilla/5.0 (Windows NT 10.0; Win64; x64) AppleWebKit/537.36 (KHTML, like Gecko) Chrome/86.0.4240.193 Safari/537.36" "gatipackers.com"
10.213.116.210 - - [23/Dec/2022:09:55:25 -0800] "POST /wp-cron.php?doing_wp_cron=1671818125.7433509826660156250000 HTTP/1.1" 200 - "http://gatipackers.com/wp-cron.php?doing_wp_cron=1671818125.7433509826660156250000" "WordPress/5.6.10; http://gatipackers.com" "gatipackers.com"
95.163.36.0 - - [23/Dec/2022:10:10:31 -0800] "GET /robots.txt HTTP/1.1" 200 42 "-" "Mozilla/5.0 (compatible; Linux x86_64; Mail.RU_Bot/2.0; +https://help.mail.ru/webmaster/indexing/robots)" "www.gatipackers.com"
95.163.255.96 - - [23/Dec/2022:10:10:32 -0800] "GET /yahoo_site_admin/assets/images/Gatihgcontactus.34191949_std.jpg HTTP/1.1" 304 - "-" "Mozilla/5.0 (compatible; Linux x86_64; Mail.RU_Bot/2.0; +https://help.mail.ru/webmaster/indexing/robots)" "www.gatipackers.com"
104.248.35.154 - - [23/Dec/2022:10:15:44 -0800] "POST /wp-login.php HTTP/1.1" 200 8088 "-" "Mozilla/5.0 (Windows NT 6.1) AppleWebKit/537.36 (KHTML, like Gecko) Chrome/58.0.3029.110 Safari/537.36" "gatipackers.com"
10.213.116.211 - - [23/Dec/2022:10:15:48 -0800] "POST /wp-cron.php?doing_wp_cron=1671819348.0364379882812500000000 HTTP/1.1" 200 - "http://gatipackers.com/wp-cron.php?doing_wp_cron=1671819348.0364379882812500000000" "WordPress/5.6.10; http://gatipackers.com" "gatipackers.com"
193.176.31.68 - - [23/Dec/2022:10:16:54 -0800] "POST /xmlrpc.php HTTP/1.1" 200 403 "http://gatipackers.com/xmlrpc.php" "Mozilla/5.0 (Windows NT 10.0; WOW64) AppleWebKit/537.36 (KHTML, like Gecko) Chrome/62.0.3198.0 Safari/537.36 OPR/49.0.2711.0" "gatipackers.com"
193.176.31.68 - - [23/Dec/2022:10:18:16 -0800] "GET /?author=1 HTTP/1.1" 200 14079 "-" "Mozilla/5.0 (Windows NT 10.0; WOW64) AppleWebKit/537.36 (KHTML, like Gecko) Chrome/62.0.3198.0 Safari/537.36 OPR/49.0.2711.0" "gatipackers.com"
193.176.31.68 - - [23/Dec/2022:10:18:20 -0800] "GET /wp-json/wp/v2/users/ HTTP/1.1" 404 73 "-" "Mozilla/5.0 (Windows NT 10.0; WOW64) AppleWebKit/537.36 (KHTML, like Gecko) Chrome/62.0.3198.0 Safari/537.36 OPR/49.0.2711.0" "gatipackers.com"
114.119.144.165 - - [23/Dec/2022:10:25:41 -0800] "GET /index.php/2021/02/26/hello-world HTTP/1.1" 200 15678 "https://gatipackers.com/" "Mozilla/5.0 (Linux; Android 7.0;) AppleWebKit/537.36 (KHTML, like Gecko) Mobile Safari/537.36 (compatible; PetalBot;+https://webmaster.petalsearch.com/site/petalbot)" "gatipackers.com"
10.213.116.210 - - [23/Dec/2022:10:25:45 -0800] "POST /wp-cron.php?doing_wp_cron=1671819945.3425519466400146484375 HTTP/1.1" 200 - "https://gatipackers.com/wp-cron.php?doing_wp_cron=1671819945.3425519466400146484375" "WordPress/5.6.10; https://gatipackers.com" "gatipackers.com"
5.188.159.171 - - [23/Dec/2022:10:38:06 -0800] "GET /wp-login.php HTTP/1.1" 200 7819 "" "Mozilla/5.0 (Windows NT 10.0; Win64; x64; rv:107.0) Gecko/20100101 Firefox/107.0" "gatipackers.com"
5.188.159.171 - - [23/Dec/2022:10:38:11 -0800] "GET /wp-json/wp/v2/users HTTP/1.1" 404 88 "" "Mozilla/5.0 (Windows NT 10.0; Win64; x64; rv:107.0) Gecko/20100101 Firefox/107.0" "gatipackers.com"
10.213.116.209 - - [23/Dec/2022:10:38:09 -0800] "POST /wp-cron.php?doing_wp_cron=1671820689.5614440441131591796875 HTTP/1.1" 200 - "http://gatipackers.com/wp-cron.php?doing_wp_cron=1671820689.5614440441131591796875" "WordPress/5.6.10; http://gatipackers.com" "gatipackers.com"
5.188.159.171 - - [23/Dec/2022:10:38:11 -0800] "POST /wp-login.php HTTP/1.1" 200 8085 "http://gatipackers.com/wp-login.php?redirect_to=http%3A%2F%2Fgatipackers.com%2Fwp-admin%2F" "Mozilla/5.0 (Windows NT 10.0; Win64; x64; rv:107.0) Gecko/20100101 Firefox/107.0" "gatipackers.com"
68.183.132.1 - - [23/Dec/2022:10:53:04 -0800] "GET / HTTP/1.1" 200 14353 "-" "Mozilla/5.0 (Macintosh; Intel Mac OS X 10_15_7) AppleWebKit/537.36 (KHTML, like Gecko) Chrome/107.0.0.0 Safari/537.36" "gatipackers.com"
10.213.116.210 - - [23/Dec/2022:10:53:07 -0800] "POST /wp-cron.php?doing_wp_cron=1671821586.9876220226287841796875 HTTP/1.1" 200 - "http://gatipackers.com/wp-cron.php?doing_wp_cron=1671821586.9876220226287841796875" "WordPress/5.6.10; http://gatipackers.com" "gatipackers.com"
185.174.159.60 - - [23/Dec/2022:10:53:38 -0800] "GET /?author=1 HTTP/1.1" 200 14079 "-" "Mozilla/5.0 (Windows NT 10.0; WOW64) AppleWebKit/537.36 (KHTML, like Gecko) Chrome/62.0.3198.0 Safari/537.36 OPR/49.0.2711.0" "gatipackers.com"
103.31.249.221 - - [23/Dec/2022:10:54:24 -0800] "POST /wp-login.php HTTP/1.1" 200 8075 "-" "Mozilla/5.0 (Windows NT 6.3; WOW64) AppleWebKit/537.36 (KHTML, like Gecko) Chrome/46.0.2490.80 Safari/537.36" "gatipackers.com"
167.71.66.200 - - [23/Dec/2022:10:57:02 -0800] "GET /robots.txt HTTP/1.1" 200 58 "-" "Mozilla/5.0 (Windows NT 6.1; Win64; x64) AppleWebKit/537.36 (KHTML, like Gecko) Chrome/55.0.2883.87 Safari/537.36" "gatipackers.com"
185.220.101.39 - - [23/Dec/2022:10:57:26 -0800] "GET /home/request_a_survey/ HTTP/1.1" 200 779 "http://gatipackers.com/home/request_a_survey/" "Mozilla/5.0 (Windows NT 6.1; Win64; x64) AppleWebKit/537.36 (KHTML, like Gecko) Chrome/90.0.4430.85 Safari/537.36" "gatipackers.com"
185.220.101.39 - - [23/Dec/2022:10:57:27 -0800] "GET / HTTP/1.1" 200 14353 "http://gatipackers.com/" "Mozilla/5.0 (Windows NT 6.1; Win64; x64) AppleWebKit/537.36 (KHTML, like Gecko) Chrome/90.0.4430.85 Safari/537.36" "gatipackers.com"
185.220.101.39 - - [23/Dec/2022:10:57:31 -0800] "GET /index.php/2021/02/26/sample-page/ HTTP/1.1" 200 13704 "http://gatipackers.com/index.php/2021/02/26/sample-page/" "Mozilla/5.0 (Windows NT 6.1; Win64; x64) AppleWebKit/537.36 (KHTML, like Gecko) Chrome/90.0.4430.85 Safari/537.36" "gatipackers.com"
159.223.60.8 - - [23/Dec/2022:11:04:19 -0800] "GET / HTTP/1.1" 200 14353 "-" "Mozilla/5.0 (compatible; AhrefsBot/7.0; +http://ahrefs.com/robot/)" "gatipackers.com"
167.99.178.69 - - [23/Dec/2022:11:07:22 -0800] "GET / HTTP/1.1" 200 14353 "-" "Mozilla/5.0 (compatible; SemrushBot/7~bl; +http://www.semrush.com/bot.html)" "gatipackers.com"
20.254.119.33 - - [23/Dec/2022:11:11:45 -0800] "POST /wp-login.php HTTP/1.1" 200 8077 "-" "Mozilla/5.0" "gatipackers.com"
10.213.116.209 - - [23/Dec/2022:11:11:48 -0800] "POST /wp-cron.php?doing_wp_cron=1671822707.9717919826507568359375 HTTP/1.1" 200 - "http://gatipackers.com/wp-cron.php?doing_wp_cron=1671822707.9717919826507568359375" "WordPress/5.6.10; http://gatipackers.com" "gatipackers.com"
64.227.6.141 - - [23/Dec/2022:11:13:40 -0800] "POST /wp-login.php HTTP/1.1" 200 8079 "-" "Mozilla/5.0 (Windows NT 6.1; Win64; x64) AppleWebKit/537.36 (KHTML, like Gecko) Chrome/67.0.3396.87 Safari/537.36" "gatipackers.com"
54.36.148.183 - - [23/Dec/2022:11:22:17 -0800] "GET /robots.txt HTTP/1.1" 200 58 "-" "Mozilla/5.0 (compatible; AhrefsBot/7.0; +http://ahrefs.com/robot/)" "gatipackers.com"
143.198.110.12 - - [23/Dec/2022:11:23:26 -0800] "GET / HTTP/1.1" 200 14382 "-" "Mozilla/5.0 (Macintosh; Intel Mac OS X 10_15_7) AppleWebKit/537.36 (KHTML, like Gecko) Chrome/107.0.0.0 Safari/537.36" "gatipackers.com"
10.213.116.209 - - [23/Dec/2022:11:23:29 -0800] "POST /wp-cron.php?doing_wp_cron=1671823409.6416020393371582031250 HTTP/1.1" 200 - "https://gatipackers.com/wp-cron.php?doing_wp_cron=1671823409.6416020393371582031250" "WordPress/5.6.10; https://gatipackers.com" "gatipackers.com"
185.174.159.60 - - [23/Dec/2022:11:26:07 -0800] "GET /?author=1 HTTP/1.1" 200 14079 "-" "Mozilla/5.0 (Windows NT 10.0; WOW64) AppleWebKit/537.36 (KHTML, like Gecko) Chrome/62.0.3198.0 Safari/537.36 OPR/49.0.2711.0" "gatipackers.com"
185.174.159.60 - - [23/Dec/2022:11:26:10 -0800] "GET /wp-json/wp/v2/users/ HTTP/1.1" 404 73 "-" "Mozilla/5.0 (Windows NT 10.0; WOW64) AppleWebKit/537.36 (KHTML, like Gecko) Chrome/62.0.3198.0 Safari/537.36 OPR/49.0.2711.0" "gatipackers.com"
204.48.19.165 - - [23/Dec/2022:11:31:08 -0800] "GET /robots.txt HTTP/1.1" 200 58 "-" "Mozilla/5.0 (X11; Linux x86_64) AppleWebKit/537.36 (KHTML, like Gecko) Chrome/56.0.2924.87 Safari/537.36" "gatipackers.com"
47.105.73.13 - - [23/Dec/2022:11:33:05 -0800] "POST /wp-login.php HTTP/1.1" 200 8089 "-" "Mozilla/5.0 (Windows NT 10.0; WOW64) AppleWebKit/537.36 (KHTML, like Gecko) Chrome/55.0.2883.87 Safari/537.36" "gatipackers.com"
185.174.159.60 - - [23/Dec/2022:11:33:20 -0800] "GET /?author=1 HTTP/1.1" 200 14079 "-" "Mozilla/5.0 (Windows NT 10.0; WOW64) AppleWebKit/537.36 (KHTML, like Gecko) Chrome/62.0.3198.0 Safari/537.36 OPR/49.0.2711.0" "gatipackers.com"
185.174.159.60 - - [23/Dec/2022:11:33:23 -0800] "GET /wp-json/wp/v2/users/ HTTP/1.1" 404 73 "-" "Mozilla/5.0 (Windows NT 10.0; WOW64) AppleWebKit/537.36 (KHTML, like Gecko) Chrome/62.0.3198.0 Safari/537.36 OPR/49.0.2711.0" "gatipackers.com"
137.184.41.233 - - [23/Dec/2022:11:33:24 -0800] "GET / HTTP/1.1" 200 14382 "-" "Mozilla/5.0 (compatible; AhrefsBot/7.0; +http://ahrefs.com/robot/)" "gatipackers.com"
185.174.159.60 - - [23/Dec/2022:11:41:18 -0800] "GET /wp-login.php HTTP/1.1" 200 7806 "http://gatipackers.com/wp-login.php" "Mozilla/5.0 (Windows NT 10.0; WOW64) AppleWebKit/537.36 (KHTML, like Gecko) Chrome/62.0.3198.0 Safari/537.36 OPR/49.0.2711.0" "gatipackers.com"
185.174.159.60 - - [23/Dec/2022:11:41:22 -0800] "POST /wp-login.php HTTP/1.1" 200 8093 "http://gatipackers.com/wp-login.php" "Mozilla/5.0 (Windows NT 10.0; WOW64) AppleWebKit/537.36 (KHTML, like Gecko) Chrome/62.0.3198.0 Safari/537.36 OPR/49.0.2711.0" "gatipackers.com"
10.213.116.210 - - [23/Dec/2022:11:41:21 -0800] "POST /wp-cron.php?doing_wp_cron=1671824480.9965329170227050781250 HTTP/1.1" 200 - "http://gatipackers.com/wp-cron.php?doing_wp_cron=1671824480.9965329170227050781250" "WordPress/5.6.10; http://gatipackers.com" "gatipackers.com"
204.48.19.165 - - [23/Dec/2022:11:44:23 -0800] "GET / HTTP/1.1" 200 14382 "-" "Mozilla/5.0 (compatible; SemrushBot/7~bl; +http://www.semrush.com/bot.html)" "gatipackers.com"
13.81.59.92 - - [23/Dec/2022:11:52:02 -0800] "POST /wp-login.php HTTP/1.1" 200 8087 "-" "Mozilla/5.0 (Windows NT 6.1; Win64; x64) AppleWebKit/537.36 (KHTML, like Gecko) Chrome/78.0.3904.97 Safari/537.36" "gatipackers.com"
185.174.159.60 - - [23/Dec/2022:11:57:35 -0800] "GET /?author=1 HTTP/1.1" 200 14079 "-" "Mozilla/5.0 (Windows NT 10.0; WOW64) AppleWebKit/537.36 (KHTML, like Gecko) Chrome/62.0.3198.0 Safari/537.36 OPR/49.0.2711.0" "gatipackers.com"
10.213.116.209 - - [23/Dec/2022:11:57:38 -0800] "POST /wp-cron.php?doing_wp_cron=1671825458.4360179901123046875000 HTTP/1.1" 200 - "http://gatipackers.com/wp-cron.php?doing_wp_cron=1671825458.4360179901123046875000" "WordPress/5.6.10; http://gatipackers.com" "gatipackers.com"
40.77.167.20 - - [23/Dec/2022:11:58:19 -0800] "GET /moving_tips HTTP/1.1" 404 88 "-" "Mozilla/5.0 AppleWebKit/537.36 (KHTML, like Gecko; compatible; bingbot/2.0; +http://www.bing.com/bingbot.htm) Chrome/103.0.5060.134 Safari/537.36" "www.gatipackers.com"
138.246.253.24 - - [23/Dec/2022:12:03:53 -0800] "GET /robots.txt HTTP/1.1" 200 42 "-" "Mozilla/5.0 (Windows NT 10.0; Win64; x64) AppleWebKit/537.36 (KHTML, like Gecko) Chrome/103.0.5060.134 Safari/537.36" "www.gatipackers.com"
185.174.159.60 - - [23/Dec/2022:12:04:05 -0800] "GET /?author=1 HTTP/1.1" 200 14079 "-" "Mozilla/5.0 (Windows NT 10.0; WOW64) AppleWebKit/537.36 (KHTML, like Gecko) Chrome/62.0.3198.0 Safari/537.36 OPR/49.0.2711.0" "gatipackers.com"
202.29.236.140 - - [23/Dec/2022:12:11:26 -0800] "POST /wp-login.php HTTP/1.1" 200 8077 "-" "Mozilla/5.0 (Windows NT 6.1) AppleWebKit/537.36 (KHTML, like Gecko) Chrome/80.0.3987.149 Safari/537.36" "gatipackers.com"
10.213.116.209 - - [23/Dec/2022:12:11:29 -0800] "POST /wp-cron.php?doing_wp_cron=1671826289.7624630928039550781250 HTTP/1.1" 200 - "http://gatipackers.com/wp-cron.php?doing_wp_cron=1671826289.7624630928039550781250" "WordPress/5.6.10; http://gatipackers.com" "gatipackers.com"
185.174.159.60 - - [23/Dec/2022:12:14:34 -0800] "POST /xmlrpc.php HTTP/1.1" 200 403 "http://gatipackers.com/xmlrpc.php" "Mozilla/5.0 (Windows NT 10.0; WOW64) AppleWebKit/537.36 (KHTML, like Gecko) Chrome/62.0.3198.0 Safari/537.36 OPR/49.0.2711.0" "gatipackers.com"
157.230.15.179 - - [23/Dec/2022:12:16:24 -0800] "GET /index.php/2021/02/26/sample-page/ HTTP/1.1" 200 13704 "-" "Mozilla/5.0 (Macintosh; Intel Mac OS X 10_15_7) AppleWebKit/537.36 (KHTML, like Gecko) Chrome/107.0.0.0 Safari/537.36" "gatipackers.com"
118.184.177.47 - - [23/Dec/2022:12:23:34 -0800] "GET / HTTP/1.1" 200 14435 "-" "Sogou web spider/4.0(+http://www.sogou.com/docs/help/webmasters.htm#07)" "www.gatipackers.com"
10.213.116.209 - - [23/Dec/2022:12:23:37 -0800] "POST /wp-cron.php?doing_wp_cron=1671827017.8160099983215332031250 HTTP/1.1" 200 - "https://gatipackers.com/wp-cron.php?doing_wp_cron=1671827017.8160099983215332031250" "WordPress/5.6.10; https://gatipackers.com" "gatipackers.com"
67.205.176.132 - - [23/Dec/2022:12:27:34 -0800] "GET /index.php/category/uncategorized/ HTTP/1.1" 200 11664 "-" "Mozilla/5.0 (Macintosh; Intel Mac OS X 10_15_7) AppleWebKit/537.36 (KHTML, like Gecko) Chrome/107.0.0.0 Safari/537.36" "gatipackers.com"
20.163.124.96 - - [23/Dec/2022:12:28:36 -0800] "GET / HTTP/1.1" 200 14353 "-" "Go-http-client/1.1" "gatipackers.com"
20.163.124.96 - - [23/Dec/2022:12:28:39 -0800] "GET /wp-includes/css/buttons.css HTTP/1.1" 200 2474 "-" "Go-http-client/1.1" "gatipackers.com"
159.65.200.228 - - [23/Dec/2022:12:30:52 -0800] "POST /wp-login.php HTTP/1.1" 200 8075 "-" "Mozilla/5.0 (Windows NT 6.1) AppleWebKit/537.36 (KHTML, like Gecko) Chrome/62.0.3202.94 Safari/537.36" "gatipackers.com"
10.213.116.209 - - [23/Dec/2022:12:37:42 -0800] "POST /wp-cron.php?doing_wp_cron=1671827862.6641080379486083984375 HTTP/1.1" 200 - "https://gatipackers.com/wp-cron.php?doing_wp_cron=1671827862.6641080379486083984375" "WordPress/5.6.10; https://gatipackers.com" "gatipackers.com"
159.65.133.255 - - [23/Dec/2022:12:38:26 -0800] "GET /wp-login.php HTTP/1.1" 200 7806 "-" "Mozilla/5.0 (Windows NT 10.0; Win64; x64; rv:96.0) Gecko/20100101 Firefox/96" "gatipackers.com"
159.65.133.255 - - [23/Dec/2022:12:38:31 -0800] "GET //wp-json/wp/v2/users/ HTTP/1.1" 404 88 "-" "Mozilla/5.0 (Windows NT 10.0; Win64; x64; rv:96.0) Gecko/20100101 Firefox/96" "gatipackers.com"
185.174.159.60 - - [23/Dec/2022:12:42:02 -0800] "GET /?author=1 HTTP/1.1" 200 14079 "-" "Mozilla/5.0 (Windows NT 10.0; WOW64) AppleWebKit/537.36 (KHTML, like Gecko) Chrome/62.0.3198.0 Safari/537.36 OPR/49.0.2711.0" "gatipackers.com"
185.174.159.60 - - [23/Dec/2022:12:42:05 -0800] "GET /wp-json/wp/v2/users/ HTTP/1.1" 404 73 "-" "Mozilla/5.0 (Windows NT 10.0; WOW64) AppleWebKit/537.36 (KHTML, like Gecko) Chrome/62.0.3198.0 Safari/537.36 OPR/49.0.2711.0" "gatipackers.com"
20.254.119.33 - - [23/Dec/2022:12:48:45 -0800] "POST /wp-login.php HTTP/1.1" 200 8080 "-" "Mozilla/5.0" "gatipackers.com"
201.76.164.146 - - [23/Dec/2022:12:50:09 -0800] "POST /wp-login.php HTTP/1.1" 200 8075 "-" "Mozilla/5.0 (Windows NT 6.3; Win64; x64) AppleWebKit/537.36 (KHTML, like Gecko) Chrome/62.0.3202.94 Safari/537.36" "gatipackers.com"
54.36.163.203 - - [23/Dec/2022:12:58:51 -0800] "GET /wp-includes/general-template.php?ARRAY=5o393939393939393939393939392p2274222p226138396461653834356330303433353232653737306138636639663931383838225q HTTP/1.1" 200 - "gatipackers.com" "Mozilla/5.0 (Windows NT 6.1; WOW64) AppleWebKit/537.36 (KHTML, like Gecko) Chrome/50.0.2661.75 Safari/537.36" "gatipackers.com"
54.36.163.203 - - [23/Dec/2022:12:58:49 -0800] "GET /index.php?ARRAY=5o393939393939393939393939392p2274222p226138396461653834356330303433353232653737306138636639663931383838225q HTTP/1.1" 200 14353 "gatipackers.com" "Mozilla/5.0 (Windows NT 6.1; WOW64) AppleWebKit/537.36 (KHTML, like Gecko) Chrome/50.0.2661.75 Safari/537.36" "gatipackers.com"
10.213.116.209 - - [23/Dec/2022:12:58:55 -0800] "POST /wp-cron.php?doing_wp_cron=1671829135.1715669631958007812500 HTTP/1.1" 200 - "http://gatipackers.com/wp-cron.php?doing_wp_cron=1671829135.1715669631958007812500" "WordPress/5.6.10; http://gatipackers.com" "gatipackers.com"
89.138.207.97 - - [23/Dec/2022:12:59:56 -0800] "GET /contact_us HTTP/1.1" 404 88 "-" "Mozilla/5.0 (Windows NT 10.0; Win64; x64) AppleWebKit/537.36 (KHTML, like Gecko) Chrome/103.0.0.0 Safari/537.36 Vivaldi/5.3.2679.68" "www.gatipackers.com"
89.138.207.97 - - [23/Dec/2022:12:59:57 -0800] "GET / HTTP/1.1" 200 14435 "-" "Mozilla/5.0 (Windows NT 10.0; Win64; x64) AppleWebKit/537.36 (KHTML, like Gecko) Chrome/103.0.0.0 Safari/537.36 Vivaldi/5.3.2679.68" "www.gatipackers.com"
89.138.207.97 - - [23/Dec/2022:13:00:04 -0800] "GET / HTTP/1.1" 200 14435 "https://www.gatipackers.com/" "Mozilla/5.0 (Windows NT 10.0; Win64; x64) AppleWebKit/537.36 (KHTML, like Gecko) Chrome/103.0.0.0 Safari/537.36 Vivaldi/5.3.2679.68" "www.gatipackers.com"
89.138.207.97 - - [23/Dec/2022:13:00:08 -0800] "GET /xmlrpc.php?rsd HTTP/1.1" 200 814 "https://www.gatipackers.com/" "Mozilla/5.0 (Windows NT 10.0; Win64; x64) AppleWebKit/537.36 (KHTML, like Gecko) Chrome/103.0.0.0 Safari/537.36 Vivaldi/5.3.2679.68" "gatipackers.com"
89.138.207.97 - - [23/Dec/2022:13:00:11 -0800] "GET /wp-admin/ HTTP/1.1" 200 178 "-" "Mozilla/5.0 (Windows NT 10.0; Win64; x64) AppleWebKit/537.36 (KHTML, like Gecko) Chrome/103.0.0.0 Safari/537.36 Vivaldi/5.3.2679.68" "gatipackers.com"
89.138.207.97 - - [23/Dec/2022:13:00:14 -0800] "GET /wp-includes/wlwmanifest.xml HTTP/1.1" 200 460 "https://www.gatipackers.com/" "Mozilla/5.0 (Windows NT 10.0; Win64; x64) AppleWebKit/537.36 (KHTML, like Gecko) Chrome/103.0.0.0 Safari/537.36 Vivaldi/5.3.2679.68" "gatipackers.com"
89.138.207.97 - - [23/Dec/2022:13:00:15 -0800] "GET /index.php/author/administrator/ HTTP/1.1" 200 14110 "https://www.gatipackers.com/" "Mozilla/5.0 (Windows NT 10.0; Win64; x64) AppleWebKit/537.36 (KHTML, like Gecko) Chrome/103.0.0.0 Safari/537.36 Vivaldi/5.3.2679.68" "gatipackers.com"
89.138.207.97 - - [23/Dec/2022:13:00:18 -0800] "GET /index.php/wp-json/ HTTP/1.1" 200 98611 "https://www.gatipackers.com/" "Mozilla/5.0 (Windows NT 10.0; Win64; x64) AppleWebKit/537.36 (KHTML, like Gecko) Chrome/103.0.0.0 Safari/537.36 Vivaldi/5.3.2679.68" "gatipackers.com"
89.138.207.97 - - [23/Dec/2022:13:00:22 -0800] "GET /index.php/2021/02/26/sample-page/ HTTP/1.1" 200 13738 "https://www.gatipackers.com/" "Mozilla/5.0 (Windows NT 10.0; Win64; x64) AppleWebKit/537.36 (KHTML, like Gecko) Chrome/103.0.0.0 Safari/537.36 Vivaldi/5.3.2679.68" "gatipackers.com"
89.138.207.97 - - [23/Dec/2022:13:00:26 -0800] "GET /index.php/feed/ HTTP/1.1" 200 3574 "https://www.gatipackers.com/" "Mozilla/5.0 (Windows NT 10.0; Win64; x64) AppleWebKit/537.36 (KHTML, like Gecko) Chrome/103.0.0.0 Safari/537.36 Vivaldi/5.3.2679.68" "gatipackers.com"
89.138.207.97 - - [23/Dec/2022:13:00:37 -0800] "GET /index.php/2021/02/26/hello-world/ HTTP/1.1" 200 15679 "https://www.gatipackers.com/" "Mozilla/5.0 (Windows NT 10.0; Win64; x64) AppleWebKit/537.36 (KHTML, like Gecko) Chrome/103.0.0.0 Safari/537.36 Vivaldi/5.3.2679.68" "gatipackers.com"
89.138.207.97 - - [23/Dec/2022:13:00:41 -0800] "GET /index.php/comments/feed/ HTTP/1.1" 200 781 "https://www.gatipackers.com/" "Mozilla/5.0 (Windows NT 10.0; Win64; x64) AppleWebKit/537.36 (KHTML, like Gecko) Chrome/103.0.0.0 Safari/537.36 Vivaldi/5.3.2679.68" "gatipackers.com"
89.138.207.97 - - [23/Dec/2022:13:00:43 -0800] "GET /index.php/2021/02/ HTTP/1.1" 200 13785 "https://www.gatipackers.com/" "Mozilla/5.0 (Windows NT 10.0; Win64; x64) AppleWebKit/537.36 (KHTML, like Gecko) Chrome/103.0.0.0 Safari/537.36 Vivaldi/5.3.2679.68" "gatipackers.com"
89.138.207.97 - - [23/Dec/2022:13:00:58 -0800] "GET / HTTP/1.1" 200 14382 "https://www.gatipackers.com/" "Mozilla/5.0 (Windows NT 10.0; Win64; x64) AppleWebKit/537.36 (KHTML, like Gecko) Chrome/103.0.0.0 Safari/537.36 Vivaldi/5.3.2679.68" "gatipackers.com"
89.138.207.97 - - [23/Dec/2022:13:01:09 -0800] "GET /index.php/category/uncategorized/ HTTP/1.1" 200 11664 "https://www.gatipackers.com/" "Mozilla/5.0 (Windows NT 10.0; Win64; x64) AppleWebKit/537.36 (KHTML, like Gecko) Chrome/103.0.0.0 Safari/537.36 Vivaldi/5.3.2679.68" "gatipackers.com"
89.138.207.97 - - [23/Dec/2022:13:01:12 -0800] "GET /wp-login.php HTTP/1.1" 200 7836 "https://www.gatipackers.com/" "Mozilla/5.0 (Windows NT 10.0; Win64; x64) AppleWebKit/537.36 (KHTML, like Gecko) Chrome/103.0.0.0 Safari/537.36 Vivaldi/5.3.2679.68" "gatipackers.com"
217.76.155.6 - - [23/Dec/2022:13:09:32 -0800] "POST /wp-login.php HTTP/1.1" 200 8078 "-" "Mozilla/5.0 (Windows NT 10.0; Win64; x64) AppleWebKit/537.36 (KHTML, like Gecko) Chrome/54.0.2840.99 Safari/537.36" "gatipackers.com"
10.213.116.209 - - [23/Dec/2022:13:09:36 -0800] "POST /wp-cron.php?doing_wp_cron=1671829776.4127941131591796875000 HTTP/1.1" 200 - "http://gatipackers.com/wp-cron.php?doing_wp_cron=1671829776.4127941131591796875000" "WordPress/5.6.10; http://gatipackers.com" "gatipackers.com"
35.231.36.189 - - [23/Dec/2022:13:10:31 -0800] "GET /robots.txt HTTP/1.1" 200 58 "-" "ZoominfoBot (zoominfobot at zoominfo dot com)" "gatipackers.com"
35.231.36.189 - - [23/Dec/2022:13:10:31 -0800] "GET /wp-login.php HTTP/1.1" 200 7806 "-" "ZoominfoBot (zoominfobot at zoominfo dot com)" "gatipackers.com"
185.174.159.60 - - [23/Dec/2022:13:14:59 -0800] "GET /wp-login.php HTTP/1.1" 200 7809 "http://gatipackers.com/wp-login.php" "Mozilla/5.0 (Windows NT 10.0; WOW64) AppleWebKit/537.36 (KHTML, like Gecko) Chrome/62.0.3198.0 Safari/537.36 OPR/49.0.2711.0" "gatipackers.com"
185.174.159.60 - - [23/Dec/2022:13:15:01 -0800] "POST /wp-login.php HTTP/1.1" 200 8093 "http://gatipackers.com/wp-login.php" "Mozilla/5.0 (Windows NT 10.0; WOW64) AppleWebKit/537.36 (KHTML, like Gecko) Chrome/62.0.3198.0 Safari/537.36 OPR/49.0.2711.0" "gatipackers.com"
185.174.159.60 - - [23/Dec/2022:13:15:21 -0800] "GET /?author=1 HTTP/1.1" 200 14079 "-" "Mozilla/5.0 (Windows NT 10.0; WOW64) AppleWebKit/537.36 (KHTML, like Gecko) Chrome/62.0.3198.0 Safari/537.36 OPR/49.0.2711.0" "gatipackers.com"
185.174.159.60 - - [23/Dec/2022:13:24:08 -0800] "GET /?author=1 HTTP/1.1" 200 14079 "-" "Mozilla/5.0 (Windows NT 10.0; WOW64) AppleWebKit/537.36 (KHTML, like Gecko) Chrome/62.0.3198.0 Safari/537.36 OPR/49.0.2711.0" "gatipackers.com"
10.213.116.209 - - [23/Dec/2022:13:24:11 -0800] "POST /wp-cron.php?doing_wp_cron=1671830651.4716489315032958984375 HTTP/1.1" 200 - "http://gatipackers.com/wp-cron.php?doing_wp_cron=1671830651.4716489315032958984375" "WordPress/5.6.10; http://gatipackers.com" "gatipackers.com"
185.174.159.60 - - [23/Dec/2022:13:24:13 -0800] "GET /wp-json/wp/v2/users/ HTTP/1.1" 404 73 "-" "Mozilla/5.0 (Windows NT 10.0; WOW64) AppleWebKit/537.36 (KHTML, like Gecko) Chrome/62.0.3198.0 Safari/537.36 OPR/49.0.2711.0" "gatipackers.com"
185.174.159.60 - - [23/Dec/2022:13:24:13 -0800] "GET /wp-login.php HTTP/1.1" 200 7817 "http://gatipackers.com/wp-login.php" "Mozilla/5.0 (Windows NT 10.0; WOW64) AppleWebKit/537.36 (KHTML, like Gecko) Chrome/62.0.3198.0 Safari/537.36 OPR/49.0.2711.0" "gatipackers.com"
185.174.159.60 - - [23/Dec/2022:13:24:16 -0800] "POST /wp-login.php HTTP/1.1" 200 8098 "http://gatipackers.com/wp-login.php" "Mozilla/5.0 (Windows NT 10.0; WOW64) AppleWebKit/537.36 (KHTML, like Gecko) Chrome/62.0.3198.0 Safari/537.36 OPR/49.0.2711.0" "gatipackers.com"
194.169.217.134 - - [23/Dec/2022:13:32:45 -0800] "GET /home/request_a_survey/ HTTP/1.1" 200 779 "http://gatipackers.com/home/request_a_survey/" "Mozilla/5.0 (Windows NT 6.3) AppleWebKit/537.36 (KHTML, like Gecko) Chrome/90.0.4430.72 Safari/537.36" "gatipackers.com"
194.169.217.148 - - [23/Dec/2022:13:32:46 -0800] "GET / HTTP/1.1" 200 14353 "http://gatipackers.com/" "Mozilla/5.0 (Windows NT 6.3) AppleWebKit/537.36 (KHTML, like Gecko) Chrome/90.0.4430.72 Safari/537.36" "gatipackers.com"
194.169.217.123 - - [23/Dec/2022:13:32:51 -0800] "GET /index.php/2021/02/26/sample-page/ HTTP/1.1" 200 13704 "http://gatipackers.com/index.php/2021/02/26/sample-page/" "Mozilla/5.0 (Windows NT 6.3) AppleWebKit/537.36 (KHTML, like Gecko) Chrome/90.0.4430.72 Safari/537.36" "gatipackers.com"
80.255.2.67 - - [23/Dec/2022:13:40:01 -0800] "GET /?author=1 HTTP/1.1" 200 14079 "-" "Mozilla/5.0 (Windows NT 10.0; Win64; x64) AppleWebKit/537.36 (KHTML, like Gecko) Chrome/63.0.3239.132 Safari/537.36" "gatipackers.com"
80.255.2.67 - - [23/Dec/2022:13:40:06 -0800] "GET /wp-json/wp/v2/users/ HTTP/1.1" 404 73 "-" "Mozilla/5.0 (Windows NT 10.0; Win64; x64) AppleWebKit/537.36 (KHTML, like Gecko) Chrome/63.0.3239.132 Safari/537.36" "gatipackers.com"
10.213.116.209 - - [23/Dec/2022:13:40:03 -0800] "POST /wp-cron.php?doing_wp_cron=1671831603.5826098918914794921875 HTTP/1.1" 200 - "http://gatipackers.com/wp-cron.php?doing_wp_cron=1671831603.5826098918914794921875" "WordPress/5.6.10; http://gatipackers.com" "gatipackers.com"
80.255.2.67 - - [23/Dec/2022:13:40:06 -0800] "POST /xmlrpc.php HTTP/1.1" 200 401 "-" "Mozilla/5.0 (Windows NT 10.0; Win64; x64) AppleWebKit/537.36 (KHTML, like Gecko) Chrome/63.0.3239.132 Safari/537.36" "gatipackers.com"
80.255.2.67 - - [23/Dec/2022:13:40:09 -0800] "POST /xmlrpc.php HTTP/1.1" 200 401 "-" "Mozilla/5.0 (Windows NT 10.0; Win64; x64) AppleWebKit/537.36 (KHTML, like Gecko) Chrome/63.0.3239.132 Safari/537.36" "gatipackers.com"
80.255.2.67 - - [23/Dec/2022:13:40:12 -0800] "POST /xmlrpc.php HTTP/1.1" 200 401 "-" "Mozilla/5.0 (Windows NT 10.0; Win64; x64) AppleWebKit/537.36 (KHTML, like Gecko) Chrome/63.0.3239.132 Safari/537.36" "gatipackers.com"
80.255.2.67 - - [23/Dec/2022:13:40:14 -0800] "POST /xmlrpc.php HTTP/1.1" 200 401 "-" "Mozilla/5.0 (Windows NT 10.0; Win64; x64) AppleWebKit/537.36 (KHTML, like Gecko) Chrome/63.0.3239.132 Safari/537.36" "gatipackers.com"
80.255.2.67 - - [23/Dec/2022:13:40:18 -0800] "POST /xmlrpc.php HTTP/1.1" 200 401 "-" "Mozilla/5.0 (Windows NT 10.0; Win64; x64) AppleWebKit/537.36 (KHTML, like Gecko) Chrome/63.0.3239.132 Safari/537.36" "gatipackers.com"
80.255.2.67 - - [23/Dec/2022:13:40:20 -0800] "POST /xmlrpc.php HTTP/1.1" 200 508 "-" "Mozilla/5.0 (Windows NT 10.0; Win64; x64) AppleWebKit/537.36 (KHTML, like Gecko) Chrome/63.0.3239.132 Safari/537.36" "gatipackers.com"
80.255.2.67 - - [23/Dec/2022:13:40:22 -0800] "POST /xmlrpc.php HTTP/1.1" 200 508 "-" "Mozilla/5.0 (Windows NT 10.0; Win64; x64) AppleWebKit/537.36 (KHTML, like Gecko) Chrome/63.0.3239.132 Safari/537.36" "gatipackers.com"
80.255.2.67 - - [23/Dec/2022:13:40:24 -0800] "POST /xmlrpc.php HTTP/1.1" 200 508 "-" "Mozilla/5.0 (Windows NT 10.0; Win64; x64) AppleWebKit/537.36 (KHTML, like Gecko) Chrome/63.0.3239.132 Safari/537.36" "gatipackers.com"
80.255.2.67 - - [23/Dec/2022:13:40:26 -0800] "POST /xmlrpc.php HTTP/1.1" 200 508 "-" "Mozilla/5.0 (Windows NT 10.0; Win64; x64) AppleWebKit/537.36 (KHTML, like Gecko) Chrome/63.0.3239.132 Safari/537.36" "gatipackers.com"
80.255.2.67 - - [23/Dec/2022:13:40:28 -0800] "POST /xmlrpc.php HTTP/1.1" 200 508 "-" "Mozilla/5.0 (Windows NT 10.0; Win64; x64) AppleWebKit/537.36 (KHTML, like Gecko) Chrome/63.0.3239.132 Safari/537.36" "gatipackers.com"
80.255.2.67 - - [23/Dec/2022:13:40:30 -0800] "POST /xmlrpc.php HTTP/1.1" 200 508 "-" "Mozilla/5.0 (Windows NT 10.0; Win64; x64) AppleWebKit/537.36 (KHTML, like Gecko) Chrome/63.0.3239.132 Safari/537.36" "gatipackers.com"
80.255.2.67 - - [23/Dec/2022:13:40:32 -0800] "POST /xmlrpc.php HTTP/1.1" 200 508 "-" "Mozilla/5.0 (Windows NT 10.0; Win64; x64) AppleWebKit/537.36 (KHTML, like Gecko) Chrome/63.0.3239.132 Safari/537.36" "gatipackers.com"
80.255.2.67 - - [23/Dec/2022:13:40:34 -0800] "POST /xmlrpc.php HTTP/1.1" 200 508 "-" "Mozilla/5.0 (Windows NT 10.0; Win64; x64) AppleWebKit/537.36 (KHTML, like Gecko) Chrome/63.0.3239.132 Safari/537.36" "gatipackers.com"
80.255.2.67 - - [23/Dec/2022:13:40:37 -0800] "POST /xmlrpc.php HTTP/1.1" 200 508 "-" "Mozilla/5.0 (Windows NT 10.0; Win64; x64) AppleWebKit/537.36 (KHTML, like Gecko) Chrome/63.0.3239.132 Safari/537.36" "gatipackers.com"
80.255.2.67 - - [23/Dec/2022:13:40:39 -0800] "POST /xmlrpc.php HTTP/1.1" 200 508 "-" "Mozilla/5.0 (Windows NT 10.0; Win64; x64) AppleWebKit/537.36 (KHTML, like Gecko) Chrome/63.0.3239.132 Safari/537.36" "gatipackers.com"
80.255.2.67 - - [23/Dec/2022:13:40:42 -0800] "POST /xmlrpc.php HTTP/1.1" 200 508 "-" "Mozilla/5.0 (Windows NT 10.0; Win64; x64) AppleWebKit/537.36 (KHTML, like Gecko) Chrome/63.0.3239.132 Safari/537.36" "gatipackers.com"
80.255.2.67 - - [23/Dec/2022:13:40:44 -0800] "POST /xmlrpc.php HTTP/1.1" 200 508 "-" "Mozilla/5.0 (Windows NT 10.0; Win64; x64) AppleWebKit/537.36 (KHTML, like Gecko) Chrome/63.0.3239.132 Safari/537.36" "gatipackers.com"
80.255.2.67 - - [23/Dec/2022:13:40:46 -0800] "POST /xmlrpc.php HTTP/1.1" 200 508 "-" "Mozilla/5.0 (Windows NT 10.0; Win64; x64) AppleWebKit/537.36 (KHTML, like Gecko) Chrome/63.0.3239.132 Safari/537.36" "gatipackers.com"
80.255.2.67 - - [23/Dec/2022:13:40:49 -0800] "POST /xmlrpc.php HTTP/1.1" 200 508 "-" "Mozilla/5.0 (Windows NT 10.0; Win64; x64) AppleWebKit/537.36 (KHTML, like Gecko) Chrome/63.0.3239.132 Safari/537.36" "gatipackers.com"
80.255.2.67 - - [23/Dec/2022:13:40:52 -0800] "POST /xmlrpc.php HTTP/1.1" 200 508 "-" "Mozilla/5.0 (Windows NT 10.0; Win64; x64) AppleWebKit/537.36 (KHTML, like Gecko) Chrome/63.0.3239.132 Safari/537.36" "gatipackers.com"
80.255.2.67 - - [23/Dec/2022:13:40:54 -0800] "POST /xmlrpc.php HTTP/1.1" 200 508 "-" "Mozilla/5.0 (Windows NT 10.0; Win64; x64) AppleWebKit/537.36 (KHTML, like Gecko) Chrome/63.0.3239.132 Safari/537.36" "gatipackers.com"
80.255.2.67 - - [23/Dec/2022:13:40:56 -0800] "POST /xmlrpc.php HTTP/1.1" 200 508 "-" "Mozilla/5.0 (Windows NT 10.0; Win64; x64) AppleWebKit/537.36 (KHTML, like Gecko) Chrome/63.0.3239.132 Safari/537.36" "gatipackers.com"
80.255.2.67 - - [23/Dec/2022:13:40:57 -0800] "POST /xmlrpc.php HTTP/1.1" 200 508 "-" "Mozilla/5.0 (Windows NT 10.0; Win64; x64) AppleWebKit/537.36 (KHTML, like Gecko) Chrome/63.0.3239.132 Safari/537.36" "gatipackers.com"
80.255.2.67 - - [23/Dec/2022:13:40:59 -0800] "POST /xmlrpc.php HTTP/1.1" 200 508 "-" "Mozilla/5.0 (Windows NT 10.0; Win64; x64) AppleWebKit/537.36 (KHTML, like Gecko) Chrome/63.0.3239.132 Safari/537.36" "gatipackers.com"
80.255.2.67 - - [23/Dec/2022:13:41:01 -0800] "POST /xmlrpc.php HTTP/1.1" 200 508 "-" "Mozilla/5.0 (Windows NT 10.0; Win64; x64) AppleWebKit/537.36 (KHTML, like Gecko) Chrome/63.0.3239.132 Safari/537.36" "gatipackers.com"
80.255.2.67 - - [23/Dec/2022:13:41:02 -0800] "POST /xmlrpc.php HTTP/1.1" 200 508 "-" "Mozilla/5.0 (Windows NT 10.0; Win64; x64) AppleWebKit/537.36 (KHTML, like Gecko) Chrome/63.0.3239.132 Safari/537.36" "gatipackers.com"
80.255.2.67 - - [23/Dec/2022:13:41:04 -0800] "POST /xmlrpc.php HTTP/1.1" 200 508 "-" "Mozilla/5.0 (Windows NT 10.0; Win64; x64) AppleWebKit/537.36 (KHTML, like Gecko) Chrome/63.0.3239.132 Safari/537.36" "gatipackers.com"
80.255.2.67 - - [23/Dec/2022:13:41:05 -0800] "POST /xmlrpc.php HTTP/1.1" 200 508 "-" "Mozilla/5.0 (Windows NT 10.0; Win64; x64) AppleWebKit/537.36 (KHTML, like Gecko) Chrome/63.0.3239.132 Safari/537.36" "gatipackers.com"
80.255.2.67 - - [23/Dec/2022:13:41:07 -0800] "POST /xmlrpc.php HTTP/1.1" 200 508 "-" "Mozilla/5.0 (Windows NT 10.0; Win64; x64) AppleWebKit/537.36 (KHTML, like Gecko) Chrome/63.0.3239.132 Safari/537.36" "gatipackers.com"
80.255.2.67 - - [23/Dec/2022:13:41:09 -0800] "POST /xmlrpc.php HTTP/1.1" 500 5459 "-" "Mozilla/5.0 (Windows NT 10.0; Win64; x64) AppleWebKit/537.36 (KHTML, like Gecko) Chrome/63.0.3239.132 Safari/537.36" "gatipackers.com"
185.174.159.60 - - [23/Dec/2022:13:49:30 -0800] "POST /xmlrpc.php HTTP/1.1" 200 403 "http://gatipackers.com/xmlrpc.php" "Mozilla/5.0 (Windows NT 10.0; WOW64) AppleWebKit/537.36 (KHTML, like Gecko) Chrome/62.0.3198.0 Safari/537.36 OPR/49.0.2711.0" "gatipackers.com"
185.174.159.60 - - [23/Dec/2022:14:01:01 -0800] "GET /?author=1 HTTP/1.1" 200 14079 "-" "Mozilla/5.0 (Windows NT 10.0; WOW64) AppleWebKit/537.36 (KHTML, like Gecko) Chrome/62.0.3198.0 Safari/537.36 OPR/49.0.2711.0" "gatipackers.com"
10.213.116.209 - - [23/Dec/2022:14:01:03 -0800] "POST /wp-cron.php?doing_wp_cron=1671832863.9613010883331298828125 HTTP/1.1" 200 - "http://gatipackers.com/wp-cron.php?doing_wp_cron=1671832863.9613010883331298828125" "WordPress/5.6.10; http://gatipackers.com" "gatipackers.com"
185.174.159.60 - - [23/Dec/2022:14:01:05 -0800] "GET /wp-json/wp/v2/users/ HTTP/1.1" 404 73 "-" "Mozilla/5.0 (Windows NT 10.0; WOW64) AppleWebKit/537.36 (KHTML, like Gecko) Chrome/62.0.3198.0 Safari/537.36 OPR/49.0.2711.0" "gatipackers.com"
35.231.36.189 - - [23/Dec/2022:14:02:06 -0800] "GET /index.php/2021/02/26/hello-world/ HTTP/1.1" 200 15642 "-" "ZoominfoBot (zoominfobot at zoominfo dot com)" "gatipackers.com"
35.231.36.189 - - [23/Dec/2022:14:03:47 -0800] "GET /xmlrpc.php?rsd HTTP/1.1" 200 808 "-" "ZoominfoBot (zoominfobot at zoominfo dot com)" "gatipackers.com"
35.231.36.189 - - [23/Dec/2022:14:12:26 -0800] "GET /wp-admin/ HTTP/1.1" 200 178 "-" "ZoominfoBot (zoominfobot at zoominfo dot com)" "gatipackers.com"
10.213.116.211 - - [23/Dec/2022:14:12:32 -0800] "POST /wp-cron.php?doing_wp_cron=1671833552.1936941146850585937500 HTTP/1.1" 200 - "http://gatipackers.com/wp-cron.php?doing_wp_cron=1671833552.1936941146850585937500" "WordPress/5.6.10; http://gatipackers.com" "gatipackers.com"
185.174.159.60 - - [23/Dec/2022:14:21:17 -0800] "GET /?author=1 HTTP/1.1" 200 14079 "-" "Mozilla/5.0 (Windows NT 10.0; WOW64) AppleWebKit/537.36 (KHTML, like Gecko) Chrome/62.0.3198.0 Safari/537.36 OPR/49.0.2711.0" "gatipackers.com"
185.174.159.60 - - [23/Dec/2022:14:21:21 -0800] "POST /xmlrpc.php HTTP/1.1" 200 403 "http://gatipackers.com/xmlrpc.php" "Mozilla/5.0 (Windows NT 10.0; WOW64) AppleWebKit/537.36 (KHTML, like Gecko) Chrome/62.0.3198.0 Safari/537.36 OPR/49.0.2711.0" "gatipackers.com"
35.231.36.189 - - [23/Dec/2022:14:24:28 -0800] "GET /index.php/2021/02/26/sample-page/ HTTP/1.1" 200 13704 "-" "ZoominfoBot (zoominfobot at zoominfo dot com)" "gatipackers.com"
10.213.116.211 - - [23/Dec/2022:14:24:31 -0800] "POST /wp-cron.php?doing_wp_cron=1671834271.1511790752410888671875 HTTP/1.1" 200 - "http://gatipackers.com/wp-cron.php?doing_wp_cron=1671834271.1511790752410888671875" "WordPress/5.6.10; http://gatipackers.com" "gatipackers.com"
20.254.119.33 - - [23/Dec/2022:14:31:23 -0800] "POST /wp-login.php HTTP/1.1" 200 8078 "-" "Mozilla/5.0" "gatipackers.com"
185.174.159.60 - - [23/Dec/2022:14:31:58 -0800] "GET /?author=1 HTTP/1.1" 200 14079 "-" "Mozilla/5.0 (Windows NT 10.0; WOW64) AppleWebKit/537.36 (KHTML, like Gecko) Chrome/62.0.3198.0 Safari/537.36 OPR/49.0.2711.0" "gatipackers.com"
141.98.254.131 - - [23/Dec/2022:14:35:47 -0800] "GET /home/request_a_survey/ HTTP/1.1" 200 779 "http://gatipackers.com/home/request_a_survey/" "Mozilla/5.0 (Windows NT 10.0; WOW64) AppleWebKit/537.36 (KHTML, like Gecko) Chrome/90.0.4430.93 Safari/537.36" "gatipackers.com"
141.98.254.131 - - [23/Dec/2022:14:35:47 -0800] "GET /home/request_a_survey/ HTTP/1.1" 200 779 "http://gatipackers.com/home/request_a_survey/" "Mozilla/5.0 (Windows NT 10.0; Win64; x64) AppleWebKit/537.36 (KHTML, like Gecko) Chrome/90.0.4430.72 Safari/537.36" "gatipackers.com"
141.98.254.131 - - [23/Dec/2022:14:35:47 -0800] "GET / HTTP/1.1" 200 14353 "http://gatipackers.com/" "Mozilla/5.0 (Windows NT 10.0; Win64; x64) AppleWebKit/537.36 (KHTML, like Gecko) Chrome/90.0.4430.72 Safari/537.36" "gatipackers.com"
141.98.254.131 - - [23/Dec/2022:14:35:47 -0800] "GET / HTTP/1.1" 200 14353 "http://gatipackers.com/" "Mozilla/5.0 (Windows NT 10.0; WOW64) AppleWebKit/537.36 (KHTML, like Gecko) Chrome/90.0.4430.93 Safari/537.36" "gatipackers.com"
141.98.254.131 - - [23/Dec/2022:14:35:51 -0800] "GET /index.php/2021/02/26/sample-page/ HTTP/1.1" 200 13704 "http://gatipackers.com/index.php/2021/02/26/sample-page/" "Mozilla/5.0 (Windows NT 10.0; Win64; x64) AppleWebKit/537.36 (KHTML, like Gecko) Chrome/90.0.4430.72 Safari/537.36" "gatipackers.com"
141.98.254.131 - - [23/Dec/2022:14:35:52 -0800] "GET /index.php/2021/02/26/sample-page/ HTTP/1.1" 200 13704 "http://gatipackers.com/index.php/2021/02/26/sample-page/" "Mozilla/5.0 (Windows NT 10.0; WOW64) AppleWebKit/537.36 (KHTML, like Gecko) Chrome/90.0.4430.93 Safari/537.36" "gatipackers.com"
35.231.36.189 - - [23/Dec/2022:14:37:42 -0800] "GET /index.php/feed/ HTTP/1.1" 200 3568 "-" "ZoominfoBot (zoominfobot at zoominfo dot com)" "gatipackers.com"
10.213.116.209 - - [23/Dec/2022:14:37:44 -0800] "POST /wp-cron.php?doing_wp_cron=1671835064.1282401084899902343750 HTTP/1.1" 200 - "http://gatipackers.com/wp-cron.php?doing_wp_cron=1671835064.1282401084899902343750" "WordPress/5.6.10; http://gatipackers.com" "gatipackers.com"
185.174.159.60 - - [23/Dec/2022:14:41:37 -0800] "GET /wp-login.php HTTP/1.1" 200 7809 "http://gatipackers.com/wp-login.php" "Mozilla/5.0 (Windows NT 10.0; WOW64) AppleWebKit/537.36 (KHTML, like Gecko) Chrome/62.0.3198.0 Safari/537.36 OPR/49.0.2711.0" "gatipackers.com"
185.174.159.60 - - [23/Dec/2022:14:41:40 -0800] "POST /wp-login.php HTTP/1.1" 200 8093 "http://gatipackers.com/wp-login.php" "Mozilla/5.0 (Windows NT 10.0; WOW64) AppleWebKit/537.36 (KHTML, like Gecko) Chrome/62.0.3198.0 Safari/537.36 OPR/49.0.2711.0" "gatipackers.com"
114.119.154.63 - - [23/Dec/2022:14:43:00 -0800] "GET /robots.txt HTTP/1.1" 200 58 "-" "Mozilla/5.0 (compatible;PetalBot;+https://webmaster.petalsearch.com/site/petalbot)" "www.gatipackers.com"
54.244.189.26 - - [23/Dec/2022:14:56:36 -0800] "GET / HTTP/1.1" 200 14353 "-" "Mozilla/5.0 (Macintosh; Intel Mac OS X 10_8_3) AppleWebKit/537.31 (KHTML, like Gecko) Chrome/26.0.1410.65 Safari/537.31" "gatipackers.com"
10.213.116.210 - - [23/Dec/2022:14:56:39 -0800] "POST /wp-cron.php?doing_wp_cron=1671836199.6673989295959472656250 HTTP/1.1" 200 - "http://gatipackers.com/wp-cron.php?doing_wp_cron=1671836199.6673989295959472656250" "WordPress/5.6.10; http://gatipackers.com" "gatipackers.com"
185.129.249.102 - - [23/Dec/2022:15:12:20 -0800] "GET /wp-login.php HTTP/1.1" 200 7811 "" "Mozilla/5.0 (Windows NT 10.0; Win64; x64; rv:107.0) Gecko/20100101 Firefox/107.0" "gatipackers.com"
10.213.116.210 - - [23/Dec/2022:15:12:22 -0800] "POST /wp-cron.php?doing_wp_cron=1671837142.9203770160675048828125 HTTP/1.1" 200 - "http://gatipackers.com/wp-cron.php?doing_wp_cron=1671837142.9203770160675048828125" "WordPress/5.6.10; http://gatipackers.com" "gatipackers.com"
185.129.249.102 - - [23/Dec/2022:15:12:25 -0800] "GET /wp-json/wp/v2/users HTTP/1.1" 404 88 "" "Mozilla/5.0 (Windows NT 10.0; Win64; x64; rv:107.0) Gecko/20100101 Firefox/107.0" "gatipackers.com"
185.129.249.102 - - [23/Dec/2022:15:12:26 -0800] "POST /wp-login.php HTTP/1.1" 200 8077 "http://gatipackers.com/wp-login.php?redirect_to=http%3A%2F%2Fgatipackers.com%2Fwp-admin%2F" "Mozilla/5.0 (Windows NT 10.0; Win64; x64; rv:107.0) Gecko/20100101 Firefox/107.0" "gatipackers.com"
185.174.159.60 - - [23/Dec/2022:15:17:00 -0800] "POST /xmlrpc.php HTTP/1.1" 200 403 "http://gatipackers.com/xmlrpc.php" "Mozilla/5.0 (Windows NT 10.0; WOW64) AppleWebKit/537.36 (KHTML, like Gecko) Chrome/62.0.3198.0 Safari/537.36 OPR/49.0.2711.0" "gatipackers.com"
185.174.159.60 - - [23/Dec/2022:15:17:19 -0800] "GET /?author=1 HTTP/1.1" 200 14079 "-" "Mozilla/5.0 (Windows NT 10.0; WOW64) AppleWebKit/537.36 (KHTML, like Gecko) Chrome/62.0.3198.0 Safari/537.36 OPR/49.0.2711.0" "gatipackers.com"
185.174.159.60 - - [23/Dec/2022:15:17:23 -0800] "GET /wp-json/wp/v2/users/ HTTP/1.1" 404 73 "-" "Mozilla/5.0 (Windows NT 10.0; WOW64) AppleWebKit/537.36 (KHTML, like Gecko) Chrome/62.0.3198.0 Safari/537.36 OPR/49.0.2711.0" "gatipackers.com"
141.98.254.131 - - [23/Dec/2022:15:20:53 -0800] "GET /home/request_a_survey/ HTTP/1.1" 200 779 "http://gatipackers.com/home/request_a_survey/" "Mozilla/5.0 (Windows NT 10.0; WOW64) AppleWebKit/537.36 (KHTML, like Gecko) Chrome/90.0.4430.72 Safari/537.36" "gatipackers.com"
141.98.254.131 - - [23/Dec/2022:15:20:53 -0800] "GET /home/request_a_survey/ HTTP/1.1" 200 779 "http://gatipackers.com/home/request_a_survey/" "Mozilla/5.0 (Windows NT 6.3; Win64; x64) AppleWebKit/537.36 (KHTML, like Gecko) Chrome/90.0.4430.85 Safari/537.36 Edg/90.0.818.49" "gatipackers.com"
141.98.254.131 - - [23/Dec/2022:15:20:53 -0800] "GET / HTTP/1.1" 200 14353 "http://gatipackers.com/" "Mozilla/5.0 (Windows NT 6.3; Win64; x64) AppleWebKit/537.36 (KHTML, like Gecko) Chrome/90.0.4430.85 Safari/537.36 Edg/90.0.818.49" "gatipackers.com"
