157.45.180.41 - - [05/Jan/2023:01:41:03 -0800] "GET /wp-admin/js/common.min.js?ver=5.6.10 HTTP/1.1" 200 6441 "http://gatipackers.com/wp-admin/" "Mozilla/5.0 (Windows NT 10.0; Win64; x64; rv:108.0) Gecko/20100101 Firefox/108.0" "gatipackers.com"
157.45.180.41 - - [05/Jan/2023:01:41:04 -0800] "GET /wp-includes/js/clipboard.min.js?ver=5.6.10 HTTP/1.1" 200 3302 "http://gatipackers.com/wp-admin/" "Mozilla/5.0 (Windows NT 10.0; Win64; x64; rv:108.0) Gecko/20100101 Firefox/108.0" "gatipackers.com"
157.45.180.41 - - [05/Jan/2023:01:41:04 -0800] "GET /wp-includes/js/admin-bar.min.js?ver=5.6.10 HTTP/1.1" 200 1391 "http://gatipackers.com/wp-admin/" "Mozilla/5.0 (Windows NT 10.0; Win64; x64; rv:108.0) Gecko/20100101 Firefox/108.0" "gatipackers.com"
157.45.180.41 - - [05/Jan/2023:01:41:04 -0800] "GET /wp-includes/js/underscore.min.js?ver=1.8.3 HTTP/1.1" 200 5663 "http://gatipackers.com/wp-admin/" "Mozilla/5.0 (Windows NT 10.0; Win64; x64; rv:108.0) Gecko/20100101 Firefox/108.0" "gatipackers.com"
157.45.180.41 - - [05/Jan/2023:01:41:04 -0800] "GET /wp-includes/js/wp-util.min.js?ver=5.6.10 HTTP/1.1" 200 589 "http://gatipackers.com/wp-admin/" "Mozilla/5.0 (Windows NT 10.0; Win64; x64; rv:108.0) Gecko/20100101 Firefox/108.0" "gatipackers.com"
157.45.180.41 - - [05/Jan/2023:01:41:04 -0800] "GET /wp-includes/js/dist/a11y.min.js?ver=f23e5b9c6e4214e0ec04d318a7c9f898 HTTP/1.1" 200 1179 "http://gatipackers.com/wp-admin/" "Mozilla/5.0 (Windows NT 10.0; Win64; x64; rv:108.0) Gecko/20100101 Firefox/108.0" "gatipackers.com"
157.45.180.41 - - [05/Jan/2023:01:41:04 -0800] "GET /wp-includes/js/dist/dom-ready.min.js?ver=93db39f6fe07a70cb9217310bec0a531 HTTP/1.1" 200 600 "http://gatipackers.com/wp-admin/" "Mozilla/5.0 (Windows NT 10.0; Win64; x64; rv:108.0) Gecko/20100101 Firefox/108.0" "gatipackers.com"
157.45.180.41 - - [05/Jan/2023:01:41:04 -0800] "GET /wp-includes/js/api-request.min.js?ver=5.6.10 HTTP/1.1" 200 589 "http://gatipackers.com/wp-admin/" "Mozilla/5.0 (Windows NT 10.0; Win64; x64; rv:108.0) Gecko/20100101 Firefox/108.0" "gatipackers.com"
157.45.180.41 - - [05/Jan/2023:01:41:04 -0800] "GET /wp-includes/js/dist/url.min.js?ver=1b4bb2b3f526a1db366ca3147ac39562 HTTP/1.1" 200 4789 "http://gatipackers.com/wp-admin/" "Mozilla/5.0 (Windows NT 10.0; Win64; x64; rv:108.0) Gecko/20100101 Firefox/108.0" "gatipackers.com"
157.45.180.41 - - [05/Jan/2023:01:41:04 -0800] "GET /wp-includes/js/dist/vendor/lodash.min.js?ver=4.17.21 HTTP/1.1" 200 25900 "http://gatipackers.com/wp-admin/" "Mozilla/5.0 (Windows NT 10.0; Win64; x64; rv:108.0) Gecko/20100101 Firefox/108.0" "gatipackers.com"
157.45.180.41 - - [05/Jan/2023:01:41:04 -0800] "GET /wp-admin/js/site-health.min.js?ver=5.6.10 HTTP/1.1" 200 2107 "http://gatipackers.com/wp-admin/" "Mozilla/5.0 (Windows NT 10.0; Win64; x64; rv:108.0) Gecko/20100101 Firefox/108.0" "gatipackers.com"
157.45.180.41 - - [05/Jan/2023:01:41:04 -0800] "GET /wp-includes/js/wp-ajax-response.min.js?ver=5.6.10 HTTP/1.1" 200 985 "http://gatipackers.com/wp-admin/" "Mozilla/5.0 (Windows NT 10.0; Win64; x64; rv:108.0) Gecko/20100101 Firefox/108.0" "gatipackers.com"
157.45.180.41 - - [05/Jan/2023:01:41:05 -0800] "GET /wp-includes/js/wp-lists.min.js?ver=5.6.10 HTTP/1.1" 200 2520 "http://gatipackers.com/wp-admin/" "Mozilla/5.0 (Windows NT 10.0; Win64; x64; rv:108.0) Gecko/20100101 Firefox/108.0" "gatipackers.com"
157.45.180.41 - - [05/Jan/2023:01:41:05 -0800] "GET /wp-includes/js/quicktags.min.js?ver=5.6.10 HTTP/1.1" 200 3512 "http://gatipackers.com/wp-admin/" "Mozilla/5.0 (Windows NT 10.0; Win64; x64; rv:108.0) Gecko/20100101 Firefox/108.0" "gatipackers.com"
157.45.180.41 - - [05/Jan/2023:01:41:05 -0800] "GET /wp-includes/js/jquery/jquery.color.min.js?ver=2.1.2 HTTP/1.1" 200 3923 "http://gatipackers.com/wp-admin/" "Mozilla/5.0 (Windows NT 10.0; Win64; x64; rv:108.0) Gecko/20100101 Firefox/108.0" "gatipackers.com"
157.45.180.41 - - [05/Jan/2023:01:41:05 -0800] "GET /wp-includes/js/jquery/jquery.query.js?ver=2.2.3 HTTP/1.1" 200 1627 "http://gatipackers.com/wp-admin/" "Mozilla/5.0 (Windows NT 10.0; Win64; x64; rv:108.0) Gecko/20100101 Firefox/108.0" "gatipackers.com"
157.45.180.41 - - [05/Jan/2023:01:41:05 -0800] "GET /wp-includes/js/jquery/ui/core.min.js?ver=1.12.1 HTTP/1.1" 200 6865 "http://gatipackers.com/wp-admin/" "Mozilla/5.0 (Windows NT 10.0; Win64; x64; rv:108.0) Gecko/20100101 Firefox/108.0" "gatipackers.com"
157.45.180.41 - - [05/Jan/2023:01:41:05 -0800] "GET /wp-includes/js/jquery/ui/mouse.min.js?ver=1.12.1 HTTP/1.1" 200 1070 "http://gatipackers.com/wp-admin/" "Mozilla/5.0 (Windows NT 10.0; Win64; x64; rv:108.0) Gecko/20100101 Firefox/108.0" "gatipackers.com"
157.45.180.41 - - [05/Jan/2023:01:41:05 -0800] "GET /wp-admin/js/edit-comments.min.js?ver=5.6.10 HTTP/1.1" 200 5086 "http://gatipackers.com/wp-admin/" "Mozilla/5.0 (Windows NT 10.0; Win64; x64; rv:108.0) Gecko/20100101 Firefox/108.0" "gatipackers.com"
157.45.180.41 - - [05/Jan/2023:01:41:05 -0800] "GET /wp-includes/js/jquery/ui/sortable.min.js?ver=1.12.1 HTTP/1.1" 200 6441 "http://gatipackers.com/wp-admin/" "Mozilla/5.0 (Windows NT 10.0; Win64; x64; rv:108.0) Gecko/20100101 Firefox/108.0" "gatipackers.com"
157.45.180.41 - - [05/Jan/2023:01:41:05 -0800] "GET /wp-admin/js/postbox.min.js?ver=5.6.10 HTTP/1.1" 200 2213 "http://gatipackers.com/wp-admin/" "Mozilla/5.0 (Windows NT 10.0; Win64; x64; rv:108.0) Gecko/20100101 Firefox/108.0" "gatipackers.com"
157.45.180.41 - - [05/Jan/2023:01:41:05 -0800] "GET /wp-includes/js/dist/vendor/moment.min.js?ver=2.26.0 HTTP/1.1" 200 18518 "http://gatipackers.com/wp-admin/" "Mozilla/5.0 (Windows NT 10.0; Win64; x64; rv:108.0) Gecko/20100101 Firefox/108.0" "gatipackers.com"
157.45.180.41 - - [05/Jan/2023:01:41:05 -0800] "GET /wp-includes/js/dist/date.min.js?ver=b84140e458419d65dfa2492ed2e6745e HTTP/1.1" 200 32874 "http://gatipackers.com/wp-admin/" "Mozilla/5.0 (Windows NT 10.0; Win64; x64; rv:108.0) Gecko/20100101 Firefox/108.0" "gatipackers.com"
157.45.180.41 - - [05/Jan/2023:01:41:05 -0800] "GET /wp-admin/js/dashboard.min.js?ver=5.6.10 HTTP/1.1" 200 3071 "http://gatipackers.com/wp-admin/" "Mozilla/5.0 (Windows NT 10.0; Win64; x64; rv:108.0) Gecko/20100101 Firefox/108.0" "gatipackers.com"
157.45.180.41 - - [05/Jan/2023:01:41:05 -0800] "GET /wp-includes/js/thickbox/thickbox.js?ver=3.1-20121105 HTTP/1.1" 200 3997 "http://gatipackers.com/wp-admin/" "Mozilla/5.0 (Windows NT 10.0; Win64; x64; rv:108.0) Gecko/20100101 Firefox/108.0" "gatipackers.com"
157.45.180.41 - - [05/Jan/2023:01:41:05 -0800] "GET /wp-admin/js/plugin-install.min.js?ver=5.6.10 HTTP/1.1" 200 1022 "http://gatipackers.com/wp-admin/" "Mozilla/5.0 (Windows NT 10.0; Win64; x64; rv:108.0) Gecko/20100101 Firefox/108.0" "gatipackers.com"
157.45.180.41 - - [05/Jan/2023:01:41:06 -0800] "GET /wp-content/plugins/elementor/assets/lib/eicons/fonts/eicons.woff2?5.10.0 HTTP/1.1" 200 84508 "http://gatipackers.com/wp-content/plugins/elementor/assets/lib/eicons/css/elementor-icons.min.css?ver=5.10.0" "Mozilla/5.0 (Windows NT 10.0; Win64; x64; rv:108.0) Gecko/20100101 Firefox/108.0" "gatipackers.com"
157.45.180.41 - - [05/Jan/2023:01:41:06 -0800] "GET /wp-includes/js/wp-sanitize.min.js?ver=5.6.10 HTTP/1.1" 200 282 "http://gatipackers.com/wp-admin/" "Mozilla/5.0 (Windows NT 10.0; Win64; x64; rv:108.0) Gecko/20100101 Firefox/108.0" "gatipackers.com"
157.45.180.41 - - [05/Jan/2023:01:41:06 -0800] "GET /wp-admin/js/updates.min.js?ver=5.6.10 HTTP/1.1" 200 8923 "http://gatipackers.com/wp-admin/" "Mozilla/5.0 (Windows NT 10.0; Win64; x64; rv:108.0) Gecko/20100101 Firefox/108.0" "gatipackers.com"
157.45.180.41 - - [05/Jan/2023:01:41:06 -0800] "GET /wp-includes/js/shortcode.min.js?ver=5.6.10 HTTP/1.1" 200 1141 "http://gatipackers.com/wp-admin/" "Mozilla/5.0 (Windows NT 10.0; Win64; x64; rv:108.0) Gecko/20100101 Firefox/108.0" "gatipackers.com"
157.45.180.41 - - [05/Jan/2023:01:41:06 -0800] "GET /wp-admin/js/media-upload.min.js?ver=5.6.10 HTTP/1.1" 200 608 "http://gatipackers.com/wp-admin/" "Mozilla/5.0 (Windows NT 10.0; Win64; x64; rv:108.0) Gecko/20100101 Firefox/108.0" "gatipackers.com"
157.45.180.41 - - [05/Jan/2023:01:41:06 -0800] "GET /wp-admin/js/svg-painter.js?ver=5.6.10 HTTP/1.1" 200 2122 "http://gatipackers.com/wp-admin/" "Mozilla/5.0 (Windows NT 10.0; Win64; x64; rv:108.0) Gecko/20100101 Firefox/108.0" "gatipackers.com"
157.45.180.41 - - [05/Jan/2023:01:41:06 -0800] "GET /wp-includes/js/dist/hooks.min.js?ver=d0d9f43e03080e6ace9a3dabbd5f9eee HTTP/1.1" 200 2180 "http://gatipackers.com/wp-admin/" "Mozilla/5.0 (Windows NT 10.0; Win64; x64; rv:108.0) Gecko/20100101 Firefox/108.0" "gatipackers.com"
157.45.180.41 - - [05/Jan/2023:01:41:06 -0800] "GET /wp-includes/js/heartbeat.min.js?ver=5.6.10 HTTP/1.1" 200 2021 "http://gatipackers.com/wp-admin/" "Mozilla/5.0 (Windows NT 10.0; Win64; x64; rv:108.0) Gecko/20100101 Firefox/108.0" "gatipackers.com"
157.45.180.41 - - [05/Jan/2023:01:41:06 -0800] "GET /wp-includes/js/wp-auth-check.min.js?ver=5.6.10 HTTP/1.1" 200 787 "http://gatipackers.com/wp-admin/" "Mozilla/5.0 (Windows NT 10.0; Win64; x64; rv:108.0) Gecko/20100101 Firefox/108.0" "gatipackers.com"
157.45.180.41 - - [05/Jan/2023:01:41:06 -0800] "GET /wp-includes/js/jquery/ui/draggable.min.js?ver=1.12.1 HTTP/1.1" 200 4826 "http://gatipackers.com/wp-admin/" "Mozilla/5.0 (Windows NT 10.0; Win64; x64; rv:108.0) Gecko/20100101 Firefox/108.0" "gatipackers.com"
157.45.180.41 - - [05/Jan/2023:01:41:06 -0800] "GET /wp-includes/js/backbone.min.js?ver=1.4.0 HTTP/1.1" 200 7887 "http://gatipackers.com/wp-admin/" "Mozilla/5.0 (Windows NT 10.0; Win64; x64; rv:108.0) Gecko/20100101 Firefox/108.0" "gatipackers.com"
157.45.180.41 - - [05/Jan/2023:01:41:07 -0800] "GET /wp-content/plugins/elementor/assets/lib/backbone/backbone.marionette.min.js?ver=2.4.5.e1 HTTP/1.1" 200 11502 "http://gatipackers.com/wp-admin/" "Mozilla/5.0 (Windows NT 10.0; Win64; x64; rv:108.0) Gecko/20100101 Firefox/108.0" "gatipackers.com"
157.45.180.41 - - [05/Jan/2023:01:41:07 -0800] "GET /wp-content/plugins/elementor/assets/lib/backbone/backbone.radio.min.js?ver=1.0.4 HTTP/1.1" 200 1568 "http://gatipackers.com/wp-admin/" "Mozilla/5.0 (Windows NT 10.0; Win64; x64; rv:108.0) Gecko/20100101 Firefox/108.0" "gatipackers.com"
157.45.180.41 - - [05/Jan/2023:01:41:07 -0800] "GET /wp-content/plugins/elementor/assets/js/common-modules.min.js?ver=3.1.1 HTTP/1.1" 200 31641 "http://gatipackers.com/wp-admin/" "Mozilla/5.0 (Windows NT 10.0; Win64; x64; rv:108.0) Gecko/20100101 Firefox/108.0" "gatipackers.com"
157.45.180.41 - - [05/Jan/2023:01:41:07 -0800] "GET /wp-content/plugins/elementor/assets/lib/dialog/dialog.min.js?ver=4.8.1 HTTP/1.1" 200 3510 "http://gatipackers.com/wp-admin/" "Mozilla/5.0 (Windows NT 10.0; Win64; x64; rv:108.0) Gecko/20100101 Firefox/108.0" "gatipackers.com"
157.45.180.41 - - [05/Jan/2023:01:41:07 -0800] "GET /wp-content/plugins/elementor/assets/js/common.min.js?ver=3.1.1 HTTP/1.1" 200 45847 "http://gatipackers.com/wp-admin/" "Mozilla/5.0 (Windows NT 10.0; Win64; x64; rv:108.0) Gecko/20100101 Firefox/108.0" "gatipackers.com"
157.45.180.41 - - [05/Jan/2023:01:41:07 -0800] "GET /wp-content/plugins/elementor/assets/js/app-loader.min.js?ver=3.1.1 HTTP/1.1" 200 26952 "http://gatipackers.com/wp-admin/" "Mozilla/5.0 (Windows NT 10.0; Win64; x64; rv:108.0) Gecko/20100101 Firefox/108.0" "gatipackers.com"
157.45.180.41 - - [05/Jan/2023:01:41:07 -0800] "GET /wp-content/plugins/elementor/assets/js/admin.min.js?ver=3.1.1 HTTP/1.1" 200 16609 "http://gatipackers.com/wp-admin/" "Mozilla/5.0 (Windows NT 10.0; Win64; x64; rv:108.0) Gecko/20100101 Firefox/108.0" "gatipackers.com"
157.45.180.41 - - [05/Jan/2023:01:41:07 -0800] "GET /wp-includes/js/wplink.min.js?ver=5.6.10 HTTP/1.1" 200 3886 "http://gatipackers.com/wp-admin/" "Mozilla/5.0 (Windows NT 10.0; Win64; x64; rv:108.0) Gecko/20100101 Firefox/108.0" "gatipackers.com"
157.45.180.41 - - [05/Jan/2023:01:41:07 -0800] "GET /wp-includes/js/jquery/ui/menu.min.js?ver=1.12.1 HTTP/1.1" 200 2860 "http://gatipackers.com/wp-admin/" "Mozilla/5.0 (Windows NT 10.0; Win64; x64; rv:108.0) Gecko/20100101 Firefox/108.0" "gatipackers.com"
157.45.180.41 - - [05/Jan/2023:01:41:07 -0800] "GET /wp-includes/js/jquery/ui/autocomplete.min.js?ver=1.12.1 HTTP/1.1" 200 2875 "http://gatipackers.com/wp-admin/" "Mozilla/5.0 (Windows NT 10.0; Win64; x64; rv:108.0) Gecko/20100101 Firefox/108.0" "gatipackers.com"
157.45.180.41 - - [05/Jan/2023:01:41:07 -0800] "GET /wp-content/plugins/all-in-one-wp-security-and-firewall/images/plugin-icon.png HTTP/1.1" 200 1704 "http://gatipackers.com/wp-admin/" "Mozilla/5.0 (Windows NT 10.0; Win64; x64; rv:108.0) Gecko/20100101 Firefox/108.0" "gatipackers.com"
157.45.180.41 - - [05/Jan/2023:01:41:07 -0800] "GET /wp-content/plugins/all-in-one-wp-security-and-firewall/images/ud_smile.png HTTP/1.1" 200 2373 "http://gatipackers.com/wp-admin/" "Mozilla/5.0 (Windows NT 10.0; Win64; x64; rv:108.0) Gecko/20100101 Firefox/108.0" "gatipackers.com"
157.45.180.41 - - [05/Jan/2023:01:41:08 -0800] "GET /favicon.ico HTTP/1.1" 404 88 "http://gatipackers.com/wp-admin/" "Mozilla/5.0 (Windows NT 10.0; Win64; x64; rv:108.0) Gecko/20100101 Firefox/108.0" "gatipackers.com"
157.45.180.41 - - [05/Jan/2023:01:41:09 -0800] "GET /wp-includes/js/thickbox/loadingAnimation.gif HTTP/1.1" 200 15238 "http://gatipackers.com/wp-admin/" "Mozilla/5.0 (Windows NT 10.0; Win64; x64; rv:108.0) Gecko/20100101 Firefox/108.0" "gatipackers.com"
157.45.180.41 - - [05/Jan/2023:01:41:09 -0800] "GET /wp-admin/admin-ajax.php?action=dashboard-widgets&widget=dashboard_primary&pagenow=dashboard HTTP/1.1" 200 1284 "http://gatipackers.com/wp-admin/" "Mozilla/5.0 (Windows NT 10.0; Win64; x64; rv:108.0) Gecko/20100101 Firefox/108.0" "gatipackers.com"
157.45.180.41 - - [05/Jan/2023:01:41:15 -0800] "GET /wp-admin/images/spinner-2x.gif HTTP/1.1" 200 7536 "http://gatipackers.com/wp-admin/load-styles.php?c=1&dir=ltr&load%5Bchunk_0%5D=dashicons,admin-bar,site-health,common,forms,admin-menu,dashboard,list-tables,edit,revisions,media,themes,about,nav-menus,wp-poi&load%5Bchunk_1%5D=nter,widgets,site-icon,l10n,buttons,wp-auth-check&ver=5.6.10" "Mozilla/5.0 (Windows NT 10.0; Win64; x64; rv:108.0) Gecko/20100101 Firefox/108.0" "gatipackers.com"
157.45.180.41 - - [05/Jan/2023:01:41:09 -0800] "POST /wp-admin/admin-ajax.php HTTP/1.1" 200 279 "http://gatipackers.com/wp-admin/" "Mozilla/5.0 (Windows NT 10.0; Win64; x64; rv:108.0) Gecko/20100101 Firefox/108.0" "gatipackers.com"
157.45.180.41 - - [05/Jan/2023:01:41:09 -0800] "POST /wp-admin/admin-ajax.php HTTP/1.1" 200 194 "http://gatipackers.com/wp-admin/" "Mozilla/5.0 (Windows NT 10.0; Win64; x64; rv:108.0) Gecko/20100101 Firefox/108.0" "gatipackers.com"
157.45.180.41 - - [05/Jan/2023:01:41:09 -0800] "POST /wp-admin/admin-ajax.php HTTP/1.1" 200 194 "http://gatipackers.com/wp-admin/" "Mozilla/5.0 (Windows NT 10.0; Win64; x64; rv:108.0) Gecko/20100101 Firefox/108.0" "gatipackers.com"
157.45.180.41 - - [05/Jan/2023:01:41:15 -0800] "GET /wp-admin/update-core.php HTTP/1.1" 200 55718 "http://gatipackers.com/wp-admin/" "Mozilla/5.0 (Windows NT 10.0; Win64; x64; rv:108.0) Gecko/20100101 Firefox/108.0" "gatipackers.com"
157.45.180.41 - - [05/Jan/2023:01:41:20 -0800] "GET /wp-admin/load-styles.php?c=1&dir=ltr&load%5Bchunk_0%5D=dashicons,admin-bar,common,forms,admin-menu,dashboard,list-tables,edit,revisions,media,themes,about,nav-menus,wp-pointer,widgets&load%5Bchunk_1%5D=,site-icon,l10n,buttons&ver=5.6.10 HTTP/1.1" 200 370949 "http://gatipackers.com/wp-admin/update-core.php" "Mozilla/5.0 (Windows NT 10.0; Win64; x64; rv:108.0) Gecko/20100101 Firefox/108.0" "gatipackers.com"
157.45.180.41 - - [05/Jan/2023:01:41:22 -0800] "GET /wp-content/themes/twentynineteen/screenshot.png HTTP/1.1" 200 175535 "http://gatipackers.com/wp-admin/update-core.php" "Mozilla/5.0 (Windows NT 10.0; Win64; x64; rv:108.0) Gecko/20100101 Firefox/108.0" "gatipackers.com"
157.45.180.41 - - [05/Jan/2023:01:41:22 -0800] "GET /wp-content/themes/twentytwenty/screenshot.png HTTP/1.1" 200 53066 "http://gatipackers.com/wp-admin/update-core.php" "Mozilla/5.0 (Windows NT 10.0; Win64; x64; rv:108.0) Gecko/20100101 Firefox/108.0" "gatipackers.com"
157.45.180.41 - - [05/Jan/2023:01:41:22 -0800] "GET /wp-content/themes/vip-business/screenshot.png HTTP/1.1" 200 323496 "http://gatipackers.com/wp-admin/update-core.php" "Mozilla/5.0 (Windows NT 10.0; Win64; x64; rv:108.0) Gecko/20100101 Firefox/108.0" "gatipackers.com"
157.45.180.41 - - [05/Jan/2023:01:41:22 -0800] "GET /wp-content/themes/twentyseventeen/screenshot.png HTTP/1.1" 200 363833 "http://gatipackers.com/wp-admin/update-core.php" "Mozilla/5.0 (Windows NT 10.0; Win64; x64; rv:108.0) Gecko/20100101 Firefox/108.0" "gatipackers.com"
157.45.180.41 - - [05/Jan/2023:01:41:22 -0800] "GET /wp-content/themes/twentytwentyone/screenshot.png HTTP/1.1" 200 282897 "http://gatipackers.com/wp-admin/update-core.php" "Mozilla/5.0 (Windows NT 10.0; Win64; x64; rv:108.0) Gecko/20100101 Firefox/108.0" "gatipackers.com"
157.45.180.41 - - [05/Jan/2023:01:41:23 -0800] "GET /wp-content/themes/twentysixteen/screenshot.png HTTP/1.1" 200 463555 "http://gatipackers.com/wp-admin/update-core.php" "Mozilla/5.0 (Windows NT 10.0; Win64; x64; rv:108.0) Gecko/20100101 Firefox/108.0" "gatipackers.com"
157.45.180.41 - - [05/Jan/2023:01:41:42 -0800] "GET /wp-admin/plugins.php HTTP/1.1" 200 82804 "http://gatipackers.com/wp-admin/update-core.php" "Mozilla/5.0 (Windows NT 10.0; Win64; x64; rv:108.0) Gecko/20100101 Firefox/108.0" "gatipackers.com"
157.45.180.41 - - [05/Jan/2023:01:41:45 -0800] "GET /wp-admin/load-styles.php?c=1&dir=ltr&load%5Bchunk_0%5D=dashicons,admin-bar,common,forms,admin-menu,dashboard,list-tables,edit,revisions,media,themes,about,nav-menus,wp-pointer,widgets&load%5Bchunk_1%5D=,site-icon,l10n,buttons,wp-auth-check&ver=5.6.10 HTTP/1.1" 200 372890 "http://gatipackers.com/wp-admin/plugins.php" "Mozilla/5.0 (Windows NT 10.0; Win64; x64; rv:108.0) Gecko/20100101 Firefox/108.0" "gatipackers.com"
157.45.180.41 - - [05/Jan/2023:01:41:46 -0800] "GET /wp-content/plugins/elementor/assets/js/admin-feedback.min.js?ver=3.1.1 HTTP/1.1" 200 3156 "http://gatipackers.com/wp-admin/plugins.php" "Mozilla/5.0 (Windows NT 10.0; Win64; x64; rv:108.0) Gecko/20100101 Firefox/108.0" "gatipackers.com"
157.45.180.41 - - [05/Jan/2023:01:41:48 -0800] "GET /favicon.ico HTTP/1.1" 404 88 "http://gatipackers.com/wp-admin/plugins.php" "Mozilla/5.0 (Windows NT 10.0; Win64; x64; rv:108.0) Gecko/20100101 Firefox/108.0" "gatipackers.com"
157.45.180.41 - - [05/Jan/2023:01:42:22 -0800] "GET /wp-admin/update-core.php HTTP/1.1" 200 55729 "http://gatipackers.com/wp-admin/plugins.php" "Mozilla/5.0 (Windows NT 10.0; Win64; x64; rv:108.0) Gecko/20100101 Firefox/108.0" "gatipackers.com"
157.45.180.41 - - [05/Jan/2023:01:43:35 -0800] "GET /wp-admin/admin.php?page=aiowpsec HTTP/1.1" 503 2545 "http://gatipackers.com/wp-admin/update-core.php?action=do-core-upgrade" "Mozilla/5.0 (Windows NT 10.0; Win64; x64; rv:108.0) Gecko/20100101 Firefox/108.0" "gatipackers.com"
157.45.180.41 - - [05/Jan/2023:01:43:40 -0800] "GET /wp-admin/admin.php?page=aiowpsec HTTP/1.1" 503 2545 "-" "Mozilla/5.0 (Windows NT 10.0; Win64; x64; rv:108.0) Gecko/20100101 Firefox/108.0" "gatipackers.com"
157.45.180.41 - - [05/Jan/2023:01:43:40 -0800] "GET /favicon.ico HTTP/1.1" 404 88 "http://gatipackers.com/wp-admin/admin.php?page=aiowpsec" "Mozilla/5.0 (Windows NT 10.0; Win64; x64; rv:108.0) Gecko/20100101 Firefox/108.0" "gatipackers.com"
10.213.116.209 - - [05/Jan/2023:01:43:49 -0800] "POST /wp-admin/upgrade.php?step=upgrade_db HTTP/1.1" 200 1 "http://gatipackers.com/wp-admin/upgrade.php?step=upgrade_db" "WordPress/5.6.10; http://gatipackers.com" "gatipackers.com"
157.45.180.41 - - [05/Jan/2023:01:42:33 -0800] "POST /wp-admin/update-core.php?action=do-core-upgrade HTTP/1.1" 200 43778 "http://gatipackers.com/wp-admin/update-core.php" "Mozilla/5.0 (Windows NT 10.0; Win64; x64; rv:108.0) Gecko/20100101 Firefox/108.0" "gatipackers.com"
62.197.159.21 - - [05/Jan/2023:01:45:35 -0800] "GET /?author=1 HTTP/1.1" 200 26590 "-" "Mozilla/5.0 (Windows NT 10.0; WOW64) AppleWebKit/537.36 (KHTML, like Gecko) Chrome/62.0.3198.0 Safari/537.36 OPR/49.0.2711.0" "gatipackers.com"
62.197.159.21 - - [05/Jan/2023:01:45:40 -0800] "GET /wp-json/wp/v2/users/ HTTP/1.1" 404 73 "-" "Mozilla/5.0 (Windows NT 10.0; WOW64) AppleWebKit/537.36 (KHTML, like Gecko) Chrome/62.0.3198.0 Safari/537.36 OPR/49.0.2711.0" "gatipackers.com"
10.213.116.210 - - [05/Jan/2023:01:45:40 -0800] "GET / HTTP/1.1" 200 26892 "https://gatipackers.com/" "WordPress/6.1.1; http://gatipackers.com" "gatipackers.com"
10.213.116.210 - - [05/Jan/2023:01:45:38 -0800] "POST /wp-cron.php?doing_wp_cron=1672911938.2166070938110351562500 HTTP/1.1" 200 - "http://gatipackers.com/wp-cron.php?doing_wp_cron=1672911938.2166070938110351562500" "WordPress/6.1.1; http://gatipackers.com" "gatipackers.com"
111.90.150.28 - - [05/Jan/2023:01:48:00 -0800] "POST /xmlrpc.php HTTP/1.1" 200 401 "-" "Mozilla/5.0 (Windows NT 10; Win64; x64; rv:75.0) Gecko/20100101 Firefox/75.0" "gatipackers.com"
198.136.54.132 - - [05/Jan/2023:01:58:05 -0800] "POST /xmlrpc.php HTTP/1.1" 200 401 "-" "Mozilla/5.0 (Windows NT 10; Win64; x64; rv:75.0) Gecko/20100101 Firefox/75.0" "gatipackers.com"
10.213.116.209 - - [05/Jan/2023:01:58:08 -0800] "POST /wp-cron.php?doing_wp_cron=1672912688.9622669219970703125000 HTTP/1.1" 200 - "http://gatipackers.com/wp-cron.php?doing_wp_cron=1672912688.9622669219970703125000" "WordPress/6.1.1; http://gatipackers.com" "gatipackers.com"
31.28.31.107 - - [05/Jan/2023:02:08:19 -0800] "POST /xmlrpc.php HTTP/1.1" 200 401 "-" "Mozilla/5.0 (Windows NT 10; Win64; x64; rv:75.0) Gecko/20100101 Firefox/75.0" "gatipackers.com"
10.213.116.210 - - [05/Jan/2023:02:08:23 -0800] "POST /wp-cron.php?doing_wp_cron=1672913303.4053099155426025390625 HTTP/1.1" 200 - "http://gatipackers.com/wp-cron.php?doing_wp_cron=1672913303.4053099155426025390625" "WordPress/6.1.1; http://gatipackers.com" "gatipackers.com"
194.233.80.222 - - [05/Jan/2023:02:18:33 -0800] "POST /xmlrpc.php HTTP/1.1" 200 401 "-" "Mozilla/5.0 (Windows NT 10; Win64; x64; rv:75.0) Gecko/20100101 Firefox/75.0" "gatipackers.com"
61.12.67.132 - - [05/Jan/2023:02:29:06 -0800] "POST /xmlrpc.php HTTP/1.1" 200 401 "-" "Mozilla/5.0 (Windows NT 10; Win64; x64; rv:75.0) Gecko/20100101 Firefox/75.0" "gatipackers.com"
10.213.116.211 - - [05/Jan/2023:02:29:09 -0800] "POST /wp-cron.php?doing_wp_cron=1672914549.9489629268646240234375 HTTP/1.1" 200 - "http://gatipackers.com/wp-cron.php?doing_wp_cron=1672914549.9489629268646240234375" "WordPress/6.1.1; http://gatipackers.com" "gatipackers.com"
51.159.105.232 - - [05/Jan/2023:02:39:56 -0800] "POST /xmlrpc.php HTTP/1.1" 200 401 "-" "Mozilla/5.0 (Windows NT 10; Win64; x64; rv:75.0) Gecko/20100101 Firefox/75.0" "gatipackers.com"
10.213.116.210 - - [05/Jan/2023:02:40:00 -0800] "POST /wp-cron.php?doing_wp_cron=1672915200.7783000469207763671875 HTTP/1.1" 200 - "http://gatipackers.com/wp-cron.php?doing_wp_cron=1672915200.7783000469207763671875" "WordPress/6.1.1; http://gatipackers.com" "gatipackers.com"
62.197.159.21 - - [05/Jan/2023:02:40:10 -0800] "GET /wp-login.php HTTP/1.1" 200 6552 "http://gatipackers.com/wp-login.php" "Mozilla/5.0 (Windows NT 10.0; WOW64) AppleWebKit/537.36 (KHTML, like Gecko) Chrome/62.0.3198.0 Safari/537.36 OPR/49.0.2711.0" "gatipackers.com"
62.197.159.21 - - [05/Jan/2023:02:40:13 -0800] "POST /wp-login.php HTTP/1.1" 200 6943 "http://gatipackers.com/wp-login.php" "Mozilla/5.0 (Windows NT 10.0; WOW64) AppleWebKit/537.36 (KHTML, like Gecko) Chrome/62.0.3198.0 Safari/537.36 OPR/49.0.2711.0" "gatipackers.com"
62.197.159.21 - - [05/Jan/2023:02:43:42 -0800] "GET /?author=1 HTTP/1.1" 200 26590 "-" "Mozilla/5.0 (Windows NT 10.0; WOW64) AppleWebKit/537.36 (KHTML, like Gecko) Chrome/62.0.3198.0 Safari/537.36 OPR/49.0.2711.0" "gatipackers.com"
72.167.51.34 - - [05/Jan/2023:02:51:07 -0800] "POST /xmlrpc.php HTTP/1.1" 200 401 "-" "Mozilla/5.0 (Windows NT 10; Win64; x64; rv:75.0) Gecko/20100101 Firefox/75.0" "gatipackers.com"
123.125.109.135 - - [05/Jan/2023:02:51:23 -0800] "GET / HTTP/1.1" 200 26917 "-" "Sogou web spider/4.0(+http://www.sogou.com/docs/help/webmasters.htm#07)" "www.gatipackers.com"
5.188.86.198 - - [05/Jan/2023:02:52:37 -0800] "POST /wp-login.php HTTP/1.1" 200 6938 "-" "Mozilla/5.0 (Windows NT 6.3; WOW64; rv:43.0) Gecko/20100101 Firefox/43.0" "www.gatipackers.com"
10.213.116.211 - - [05/Jan/2023:02:52:40 -0800] "POST /wp-cron.php?doing_wp_cron=1672915960.0567080974578857421875 HTTP/1.1" 200 - "http://gatipackers.com/wp-cron.php?doing_wp_cron=1672915960.0567080974578857421875" "WordPress/6.1.1; http://gatipackers.com" "gatipackers.com"
45.77.113.239 - - [05/Jan/2023:03:02:24 -0800] "POST /xmlrpc.php HTTP/1.1" 200 401 "-" "Mozilla/5.0 (Windows NT 10; Win64; x64; rv:75.0) Gecko/20100101 Firefox/75.0" "gatipackers.com"
35.193.197.89 - - [05/Jan/2023:03:14:00 -0800] "POST /xmlrpc.php HTTP/1.1" 200 401 "-" "Mozilla/5.0 (Windows NT 10; Win64; x64; rv:75.0) Gecko/20100101 Firefox/75.0" "gatipackers.com"
10.213.116.211 - - [05/Jan/2023:03:14:04 -0800] "POST /wp-cron.php?doing_wp_cron=1672917244.4596290588378906250000 HTTP/1.1" 200 - "http://gatipackers.com/wp-cron.php?doing_wp_cron=1672917244.4596290588378906250000" "WordPress/6.1.1; http://gatipackers.com" "gatipackers.com"
17.241.227.118 - - [05/Jan/2023:03:18:52 -0800] "GET /robots.txt HTTP/1.1" 200 58 "-" "Mozilla/5.0 (Macintosh; Intel Mac OS X 10_15_5) AppleWebKit/605.1.15 (KHTML, like Gecko) Version/13.1.1 Safari/605.1.15 (Applebot/0.1; +http://www.apple.com/go/applebot)" "gatipackers.com"
17.241.227.118 - - [05/Jan/2023:03:18:52 -0800] "GET / HTTP/1.1" 200 26864 "-" "Mozilla/5.0 (Macintosh; Intel Mac OS X 10_15_5) AppleWebKit/605.1.15 (KHTML, like Gecko) Version/13.1.1 Safari/605.1.15 (Applebot/0.1; +http://www.apple.com/go/applebot)" "gatipackers.com"
137.74.202.94 - - [05/Jan/2023:03:25:33 -0800] "POST /xmlrpc.php HTTP/1.1" 200 401 "-" "Mozilla/5.0 (Windows NT 10; Win64; x64; rv:75.0) Gecko/20100101 Firefox/75.0" "gatipackers.com"
10.213.116.209 - - [05/Jan/2023:03:25:36 -0800] "POST /wp-cron.php?doing_wp_cron=1672917936.9569199085235595703125 HTTP/1.1" 200 - "http://gatipackers.com/wp-cron.php?doing_wp_cron=1672917936.9569199085235595703125" "WordPress/6.1.1; http://gatipackers.com" "gatipackers.com"
62.197.159.21 - - [05/Jan/2023:03:28:41 -0800] "GET /?author=1 HTTP/1.1" 200 26590 "-" "Mozilla/5.0 (Windows NT 10.0; WOW64) AppleWebKit/537.36 (KHTML, like Gecko) Chrome/62.0.3198.0 Safari/537.36 OPR/49.0.2711.0" "gatipackers.com"
62.197.159.21 - - [05/Jan/2023:03:28:46 -0800] "GET /wp-json/wp/v2/users/ HTTP/1.1" 404 73 "-" "Mozilla/5.0 (Windows NT 10.0; WOW64) AppleWebKit/537.36 (KHTML, like Gecko) Chrome/62.0.3198.0 Safari/537.36 OPR/49.0.2711.0" "gatipackers.com"
62.197.159.21 - - [05/Jan/2023:03:28:46 -0800] "GET /wp-login.php HTTP/1.1" 200 6551 "http://gatipackers.com/wp-login.php" "Mozilla/5.0 (Windows NT 10.0; WOW64) AppleWebKit/537.36 (KHTML, like Gecko) Chrome/62.0.3198.0 Safari/537.36 OPR/49.0.2711.0" "gatipackers.com"
62.197.159.21 - - [05/Jan/2023:03:28:49 -0800] "POST /wp-login.php HTTP/1.1" 200 6945 "http://gatipackers.com/wp-login.php" "Mozilla/5.0 (Windows NT 10.0; WOW64) AppleWebKit/537.36 (KHTML, like Gecko) Chrome/62.0.3198.0 Safari/537.36 OPR/49.0.2711.0" "gatipackers.com"
206.108.48.146 - - [05/Jan/2023:03:37:11 -0800] "POST /xmlrpc.php HTTP/1.1" 200 401 "-" "Mozilla/5.0 (Windows NT 10.0; Win64; x64; rv:96.0) Gecko/20100101 Firefox/96" "gatipackers.com"
62.197.159.21 - - [05/Jan/2023:03:41:55 -0800] "POST /xmlrpc.php HTTP/1.1" 200 403 "http://gatipackers.com/xmlrpc.php" "Mozilla/5.0 (Windows NT 10.0; WOW64) AppleWebKit/537.36 (KHTML, like Gecko) Chrome/62.0.3198.0 Safari/537.36 OPR/49.0.2711.0" "gatipackers.com"
10.213.116.210 - - [05/Jan/2023:03:41:57 -0800] "POST /wp-cron.php?doing_wp_cron=1672918917.9631750583648681640625 HTTP/1.1" 200 - "http://gatipackers.com/wp-cron.php?doing_wp_cron=1672918917.9631750583648681640625" "WordPress/6.1.1; http://gatipackers.com" "gatipackers.com"
179.43.187.43 - - [05/Jan/2023:03:48:45 -0800] "GET /home/request_a_survey/ HTTP/1.1" 200 779 "http://gatipackers.com/home/request_a_survey/" "Mozilla/5.0 (Windows NT 10.0; WOW64) AppleWebKit/537.36 (KHTML, like Gecko) Chrome/90.0.4400.8 Safari/537.36" "gatipackers.com"
179.43.187.43 - - [05/Jan/2023:03:48:46 -0800] "GET / HTTP/1.1" 200 26864 "http://gatipackers.com/" "Mozilla/5.0 (Windows NT 10.0; WOW64) AppleWebKit/537.36 (KHTML, like Gecko) Chrome/90.0.4400.8 Safari/537.36" "gatipackers.com"
193.142.146.213 - - [05/Jan/2023:03:48:52 -0800] "GET /index.php/2021/02/26/sample-page/ HTTP/1.1" 200 26215 "http://gatipackers.com/index.php/2021/02/26/sample-page/" "Mozilla/5.0 (Windows NT 10.0; WOW64) AppleWebKit/537.36 (KHTML, like Gecko) Chrome/90.0.4400.8 Safari/537.36" "gatipackers.com"
67.23.254.254 - - [05/Jan/2023:03:49:08 -0800] "POST /xmlrpc.php HTTP/1.1" 200 401 "-" "Mozilla/5.0 (Windows NT 10; Win64; x64; rv:75.0) Gecko/20100101 Firefox/75.0" "gatipackers.com"
85.215.183.155 - - [05/Jan/2023:03:51:17 -0800] "GET /home/request_a_survey/ HTTP/1.1" 200 779 "http://gatipackers.com/home/request_a_survey/" "Mozilla/5.0 (Windows NT 6.1; ) AppleWebKit/537.36 (KHTML, like Gecko) Chrome/90.0.4430.85 Safari/537.36" "gatipackers.com"
85.215.183.155 - - [05/Jan/2023:03:51:17 -0800] "GET / HTTP/1.1" 200 26864 "http://gatipackers.com/" "Mozilla/5.0 (Windows NT 6.1; ) AppleWebKit/537.36 (KHTML, like Gecko) Chrome/90.0.4430.85 Safari/537.36" "gatipackers.com"
85.215.183.155 - - [05/Jan/2023:03:51:21 -0800] "GET /index.php/2021/02/26/sample-page/ HTTP/1.1" 200 26215 "http://gatipackers.com/index.php/2021/02/26/sample-page/" "Mozilla/5.0 (Windows NT 6.1; ) AppleWebKit/537.36 (KHTML, like Gecko) Chrome/90.0.4430.85 Safari/537.36" "gatipackers.com"
62.197.159.21 - - [05/Jan/2023:03:55:48 -0800] "GET /?author=1 HTTP/1.1" 200 26590 "-" "Mozilla/5.0 (Windows NT 10.0; WOW64) AppleWebKit/537.36 (KHTML, like Gecko) Chrome/62.0.3198.0 Safari/537.36 OPR/49.0.2711.0" "gatipackers.com"
62.197.159.21 - - [05/Jan/2023:03:55:54 -0800] "GET /wp-json/wp/v2/users/ HTTP/1.1" 404 73 "-" "Mozilla/5.0 (Windows NT 10.0; WOW64) AppleWebKit/537.36 (KHTML, like Gecko) Chrome/62.0.3198.0 Safari/537.36 OPR/49.0.2711.0" "gatipackers.com"
10.213.116.210 - - [05/Jan/2023:03:55:52 -0800] "POST /wp-cron.php?doing_wp_cron=1672919752.1980690956115722656250 HTTP/1.1" 200 - "http://gatipackers.com/wp-cron.php?doing_wp_cron=1672919752.1980690956115722656250" "WordPress/6.1.1; http://gatipackers.com" "gatipackers.com"
93.113.111.100 - - [05/Jan/2023:04:01:34 -0800] "POST /xmlrpc.php HTTP/1.1" 200 401 "-" "Mozilla/5.0 (Windows NT 10; Win64; x64; rv:75.0) Gecko/20100101 Firefox/75.0" "gatipackers.com"
5.188.86.198 - - [05/Jan/2023:04:08:29 -0800] "POST /wp-login.php HTTP/1.1" 200 6930 "-" "Mozilla/5.0 (Windows NT 6.3; WOW64; rv:43.0) Gecko/20100101 Firefox/43.0" "gatipackers.com"
10.213.116.210 - - [05/Jan/2023:04:08:32 -0800] "POST /wp-cron.php?doing_wp_cron=1672920512.9344120025634765625000 HTTP/1.1" 200 - "http://gatipackers.com/wp-cron.php?doing_wp_cron=1672920512.9344120025634765625000" "WordPress/6.1.1; http://gatipackers.com" "gatipackers.com"
103.152.164.103 - - [05/Jan/2023:04:16:41 -0800] "GET /wp-login.php HTTP/1.1" 200 6546 "-" "Mozilla/5.0 (Windows NT 10; Win64; x64; rv:75.0) Gecko/20100101 Firefox/75.0" "gatipackers.com"
103.152.164.103 - - [05/Jan/2023:04:16:46 -0800] "POST /wp-login.php HTTP/1.1" 200 6928 "-" "Mozilla/5.0 (Windows NT 10; Win64; x64; rv:75.0) Gecko/20100101 Firefox/75.0" "gatipackers.com"
114.119.158.253 - - [05/Jan/2023:04:20:09 -0800] "GET /wp-content HTTP/1.1" 301 1414 "https://www.gatipackers.com/wp-content/plugins?C=D%3BO%3DA" "Mozilla/5.0 (Linux; Android 7.0;) AppleWebKit/537.36 (KHTML, like Gecko) Mobile Safari/537.36 (compatible; PetalBot;+https://webmaster.petalsearch.com/site/petalbot)" "www.gatipackers.com"
114.119.158.253 - - [05/Jan/2023:04:20:11 -0800] "GET /wp-content/ HTTP/1.1" 200 - "https://www.gatipackers.com/wp-content/plugins?C=D%3BO%3DA" "Mozilla/5.0 (Linux; Android 7.0;) AppleWebKit/537.36 (KHTML, like Gecko) Mobile Safari/537.36 (compatible; PetalBot;+https://webmaster.petalsearch.com/site/petalbot)" "www.gatipackers.com"
167.99.54.31 - - [05/Jan/2023:04:38:36 -0800] "GET /wp-login.php HTTP/1.1" 200 6558 "-" "Mozilla/5.0 (Windows NT 10; Win64; x64; rv:75.0) Gecko/20100101 Firefox/75.0" "gatipackers.com"
167.99.54.31 - - [05/Jan/2023:04:38:41 -0800] "POST /wp-login.php HTTP/1.1" 200 6924 "-" "Mozilla/5.0 (Windows NT 10; Win64; x64; rv:75.0) Gecko/20100101 Firefox/75.0" "gatipackers.com"
10.213.116.209 - - [05/Jan/2023:04:38:40 -0800] "POST /wp-cron.php?doing_wp_cron=1672922320.1021499633789062500000 HTTP/1.1" 200 - "http://gatipackers.com/wp-cron.php?doing_wp_cron=1672922320.1021499633789062500000" "WordPress/6.1.1; http://gatipackers.com" "gatipackers.com"
62.197.159.21 - - [05/Jan/2023:04:56:43 -0800] "GET /?author=1 HTTP/1.1" 200 26590 "-" "Mozilla/5.0 (Windows NT 10.0; WOW64) AppleWebKit/537.36 (KHTML, like Gecko) Chrome/62.0.3198.0 Safari/537.36 OPR/49.0.2711.0" "gatipackers.com"
10.213.116.209 - - [05/Jan/2023:04:56:46 -0800] "POST /wp-cron.php?doing_wp_cron=1672923406.9435238838195800781250 HTTP/1.1" 200 - "http://gatipackers.com/wp-cron.php?doing_wp_cron=1672923406.9435238838195800781250" "WordPress/6.1.1; http://gatipackers.com" "gatipackers.com"
37.139.53.81 - - [05/Jan/2023:05:01:27 -0800] "GET / HTTP/1.1" 200 26864 "http://gatipackers.com/" "Mozilla/5.0 (Windows NT 10.0; Win64; x64) AppleWebKit/537.36 (KHTML, like Gecko) Chrome/83.0.4093.3 Safari/537.36" "gatipackers.com"
37.139.53.81 - - [05/Jan/2023:05:01:32 -0800] "GET /index.php/2021/02/26/sample-page/ HTTP/1.1" 200 26215 "http://gatipackers.com/index.php/2021/02/26/sample-page/" "Mozilla/5.0 (Windows NT 10.0; Win64; x64) AppleWebKit/537.36 (KHTML, like Gecko) Chrome/83.0.4093.3 Safari/537.36" "gatipackers.com"
8.129.20.30 - - [05/Jan/2023:05:02:29 -0800] "GET /wp-login.php HTTP/1.1" 200 6556 "-" "Mozilla/5.0 (Windows NT 10; Win64; x64; rv:75.0) Gecko/20100101 Firefox/75.0" "gatipackers.com"
8.129.20.30 - - [05/Jan/2023:05:02:35 -0800] "POST /wp-login.php HTTP/1.1" 200 6918 "-" "Mozilla/5.0 (Windows NT 10; Win64; x64; rv:75.0) Gecko/20100101 Firefox/75.0" "gatipackers.com"
62.197.159.21 - - [05/Jan/2023:05:12:19 -0800] "GET /wp-login.php HTTP/1.1" 200 6549 "http://gatipackers.com/wp-login.php" "Mozilla/5.0 (Windows NT 10.0; WOW64) AppleWebKit/537.36 (KHTML, like Gecko) Chrome/62.0.3198.0 Safari/537.36 OPR/49.0.2711.0" "gatipackers.com"
10.213.116.209 - - [05/Jan/2023:05:12:23 -0800] "POST /wp-cron.php?doing_wp_cron=1672924343.0586481094360351562500 HTTP/1.1" 200 - "http://gatipackers.com/wp-cron.php?doing_wp_cron=1672924343.0586481094360351562500" "WordPress/6.1.1; http://gatipackers.com" "gatipackers.com"
62.197.159.21 - - [05/Jan/2023:05:12:24 -0800] "POST /wp-login.php HTTP/1.1" 200 6944 "http://gatipackers.com/wp-login.php" "Mozilla/5.0 (Windows NT 10.0; WOW64) AppleWebKit/537.36 (KHTML, like Gecko) Chrome/62.0.3198.0 Safari/537.36 OPR/49.0.2711.0" "gatipackers.com"
62.197.159.21 - - [05/Jan/2023:05:16:29 -0800] "GET /?author=1 HTTP/1.1" 200 26590 "-" "Mozilla/5.0 (Windows NT 10.0; WOW64) AppleWebKit/537.36 (KHTML, like Gecko) Chrome/62.0.3198.0 Safari/537.36 OPR/49.0.2711.0" "gatipackers.com"
62.197.159.21 - - [05/Jan/2023:05:16:36 -0800] "POST /xmlrpc.php HTTP/1.1" 200 403 "http://gatipackers.com/xmlrpc.php" "Mozilla/5.0 (Windows NT 10.0; WOW64) AppleWebKit/537.36 (KHTML, like Gecko) Chrome/62.0.3198.0 Safari/537.36 OPR/49.0.2711.0" "gatipackers.com"
91.146.105.202 - - [05/Jan/2023:05:23:39 -0800] "GET /wp-login.php HTTP/1.1" 200 6554 "-" "Mozilla/5.0 (Windows NT 10; Win64; x64; rv:75.0) Gecko/20100101 Firefox/75.0" "gatipackers.com"
10.213.116.209 - - [05/Jan/2023:05:23:43 -0800] "POST /wp-cron.php?doing_wp_cron=1672925023.7086400985717773437500 HTTP/1.1" 200 - "http://gatipackers.com/wp-cron.php?doing_wp_cron=1672925023.7086400985717773437500" "WordPress/6.1.1; http://gatipackers.com" "gatipackers.com"
91.146.105.202 - - [05/Jan/2023:05:23:45 -0800] "POST /wp-login.php HTTP/1.1" 200 6926 "-" "Mozilla/5.0 (Windows NT 10; Win64; x64; rv:75.0) Gecko/20100101 Firefox/75.0" "gatipackers.com"
185.243.218.46 - - [05/Jan/2023:05:27:18 -0800] "GET /home/request_a_survey/ HTTP/1.1" 200 779 "http://gatipackers.com/home/request_a_survey/" "Mozilla/5.0 (Windows NT 6.3; Win64; x64) AppleWebKit/537.36 (KHTML, like Gecko) Chrome/90.0.4430.72 Safari/537.36" "gatipackers.com"
185.243.218.46 - - [05/Jan/2023:05:27:19 -0800] "GET / HTTP/1.1" 200 26864 "http://gatipackers.com/" "Mozilla/5.0 (Windows NT 6.3; Win64; x64) AppleWebKit/537.36 (KHTML, like Gecko) Chrome/90.0.4430.72 Safari/537.36" "gatipackers.com"
192.42.116.197 - - [05/Jan/2023:05:27:25 -0800] "GET /index.php/2021/02/26/sample-page/ HTTP/1.1" 200 26215 "http://gatipackers.com/index.php/2021/02/26/sample-page/" "Mozilla/5.0 (Windows NT 6.3; Win64; x64) AppleWebKit/537.36 (KHTML, like Gecko) Chrome/90.0.4430.72 Safari/537.36" "gatipackers.com"
157.230.50.157 - - [05/Jan/2023:05:29:19 -0800] "GET /index.php/author/administrator/ HTTP/1.1" 200 26620 "-" "Mozilla/5.0 (Macintosh; Intel Mac OS X 10_15_7) AppleWebKit/537.36 (KHTML, like Gecko) Chrome/107.0.0.0 Safari/537.36" "gatipackers.com"
61.135.159.137 - - [05/Jan/2023:05:29:20 -0800] "GET / HTTP/1.1" 200 26945 "-" "Sogou web spider/4.0(+http://www.sogou.com/docs/help/webmasters.htm#07)" "www.gatipackers.com"
114.119.147.248 - - [05/Jan/2023:06:11:42 -0800] "GET /wp-content/plugins/visual-portfolio HTTP/1.1" 301 1430 "https://www.gatipackers.com/wp-content/plugins?C=D%3BO%3DA" "Mozilla/5.0 (Linux; Android 7.0;) AppleWebKit/537.36 (KHTML, like Gecko) Mobile Safari/537.36 (compatible; PetalBot;+https://webmaster.petalsearch.com/site/petalbot)" "www.gatipackers.com"
114.119.147.248 - - [05/Jan/2023:06:11:45 -0800] "GET /wp-content/plugins/visual-portfolio/ HTTP/1.1" 200 - "https://www.gatipackers.com/wp-content/plugins?C=D%3BO%3DA" "Mozilla/5.0 (Linux; Android 7.0;) AppleWebKit/537.36 (KHTML, like Gecko) Mobile Safari/537.36 (compatible; PetalBot;+https://webmaster.petalsearch.com/site/petalbot)" "www.gatipackers.com"
62.197.159.21 - - [05/Jan/2023:06:38:54 -0800] "POST /xmlrpc.php HTTP/1.1" 200 403 "http://gatipackers.com/xmlrpc.php" "Mozilla/5.0 (Windows NT 10.0; WOW64) AppleWebKit/537.36 (KHTML, like Gecko) Chrome/62.0.3198.0 Safari/537.36 OPR/49.0.2711.0" "gatipackers.com"
10.213.116.210 - - [05/Jan/2023:06:38:58 -0800] "POST /wp-cron.php?doing_wp_cron=1672929538.2395739555358886718750 HTTP/1.1" 200 - "http://gatipackers.com/wp-cron.php?doing_wp_cron=1672929538.2395739555358886718750" "WordPress/6.1.1; http://gatipackers.com" "gatipackers.com"
185.49.20.77 - - [05/Jan/2023:06:39:28 -0800] "GET /wp-login.php HTTP/1.1" 200 6561 "-" "Mozilla/5.0 (Windows NT 10; Win64; x64; rv:75.0) Gecko/20100101 Firefox/75.0" "gatipackers.com"
185.49.20.77 - - [05/Jan/2023:06:39:31 -0800] "GET //wp-json/wp/v2/users/ HTTP/1.1" 404 88 "-" "Mozilla/5.0 (Windows NT 10; Win64; x64; rv:75.0) Gecko/20100101 Firefox/75.0" "gatipackers.com"
62.197.159.21 - - [05/Jan/2023:06:40:45 -0800] "GET /?author=1 HTTP/1.1" 200 26590 "-" "Mozilla/5.0 (Windows NT 10.0; WOW64) AppleWebKit/537.36 (KHTML, like Gecko) Chrome/62.0.3198.0 Safari/537.36 OPR/49.0.2711.0" "gatipackers.com"
62.197.159.21 - - [05/Jan/2023:06:40:54 -0800] "GET /wp-json/wp/v2/users/ HTTP/1.1" 404 73 "-" "Mozilla/5.0 (Windows NT 10.0; WOW64) AppleWebKit/537.36 (KHTML, like Gecko) Chrome/62.0.3198.0 Safari/537.36 OPR/49.0.2711.0" "gatipackers.com"
5.188.86.198 - - [05/Jan/2023:06:45:53 -0800] "POST /wp-login.php HTTP/1.1" 200 6930 "-" "Mozilla/5.0 (Windows NT 6.3; WOW64; rv:43.0) Gecko/20100101 Firefox/43.0" "www.gatipackers.com"
123.125.109.135 - - [05/Jan/2023:07:12:01 -0800] "GET / HTTP/1.1" 200 26945 "-" "Sogou web spider/4.0(+http://www.sogou.com/docs/help/webmasters.htm#07)" "www.gatipackers.com"
10.213.116.211 - - [05/Jan/2023:07:12:05 -0800] "POST /wp-cron.php?doing_wp_cron=1672931525.3395469188690185546875 HTTP/1.1" 200 - "https://gatipackers.com/wp-cron.php?doing_wp_cron=1672931525.3395469188690185546875" "WordPress/6.1.1; https://gatipackers.com" "gatipackers.com"
114.119.136.100 - - [05/Jan/2023:07:35:06 -0800] "GET /sitemap.xml HTTP/1.1" 200 190 "https://gatipackers.com?C=S%3BO%3DA" "Mozilla/5.0 (Linux; Android 7.0;) AppleWebKit/537.36 (KHTML, like Gecko) Mobile Safari/537.36 (compatible; PetalBot;+https://webmaster.petalsearch.com/site/petalbot)" "gatipackers.com"
194.233.91.201 - - [05/Jan/2023:07:46:51 -0800] "GET /wp-content/themes/seotheme/db.php?u HTTP/1.1" 404 88 "www.google.com" "Mozlila/5.0 (Linux; Android 7.0; SM-G892A Bulid/NRD90M; wv) AppleWebKit/537.36 (KHTML, like Gecko) Version/4.0 Chrome/60.0.3112.107 Moblie Safari/537.36" "gatipackers.com"
194.233.91.201 - - [05/Jan/2023:07:47:02 -0800] "GET /wp-content/themes/seotheme/db.php?u HTTP/1.1" 404 88 "www.google.com" "Mozlila/5.0 (Linux; Android 7.0; SM-G892A Bulid/NRD90M; wv) AppleWebKit/537.36 (KHTML, like Gecko) Version/4.0 Chrome/60.0.3112.107 Moblie Safari/537.36" "gatipackers.com"
185.244.30.32 - - [05/Jan/2023:07:51:51 -0800] "GET /home/request_a_survey/ HTTP/1.1" 200 779 "http://gatipackers.com/home/request_a_survey/" "Mozilla/5.0 (Windows NT 6.1; Win64; x64) AppleWebKit/537.36 (KHTML, like Gecko) Chrome/90.0.4430.72 Safari/537.36" "gatipackers.com"
185.244.30.32 - - [05/Jan/2023:07:51:55 -0800] "GET / HTTP/1.1" 200 26864 "http://gatipackers.com/" "Mozilla/5.0 (Windows NT 6.1; Win64; x64) AppleWebKit/537.36 (KHTML, like Gecko) Chrome/90.0.4430.72 Safari/537.36" "gatipackers.com"
10.213.116.211 - - [05/Jan/2023:07:51:59 -0800] "POST /wp-cron.php?doing_wp_cron=1672933919.1779921054840087890625 HTTP/1.1" 200 - "http://gatipackers.com/wp-cron.php?doing_wp_cron=1672933919.1779921054840087890625" "WordPress/6.1.1; http://gatipackers.com" "gatipackers.com"
23.129.64.142 - - [05/Jan/2023:07:52:05 -0800] "GET /index.php/2021/02/26/sample-page/ HTTP/1.1" 200 26215 "http://gatipackers.com/index.php/2021/02/26/sample-page/" "Mozilla/5.0 (Windows NT 6.1; Win64; x64) AppleWebKit/537.36 (KHTML, like Gecko) Chrome/90.0.4430.72 Safari/537.36" "gatipackers.com"
62.197.159.21 - - [05/Jan/2023:07:52:57 -0800] "GET /?author=1 HTTP/1.1" 200 26590 "-" "Mozilla/5.0 (Windows NT 10.0; WOW64) AppleWebKit/537.36 (KHTML, like Gecko) Chrome/62.0.3198.0 Safari/537.36 OPR/49.0.2711.0" "gatipackers.com"
10.213.116.209 - - [05/Jan/2023:07:53:00 -0800] "POST /wp-cron.php?doing_wp_cron=1672933980.1156001091003417968750 HTTP/1.1" 200 - "http://gatipackers.com/wp-cron.php?doing_wp_cron=1672933980.1156001091003417968750" "WordPress/6.1.1; http://gatipackers.com" "gatipackers.com"
62.197.159.21 - - [05/Jan/2023:07:57:58 -0800] "GET /?author=1 HTTP/1.1" 200 26590 "-" "Mozilla/5.0 (Windows NT 10.0; WOW64) AppleWebKit/537.36 (KHTML, like Gecko) Chrome/62.0.3198.0 Safari/537.36 OPR/49.0.2711.0" "gatipackers.com"
62.197.159.21 - - [05/Jan/2023:07:58:02 -0800] "GET /wp-json/wp/v2/users/ HTTP/1.1" 404 73 "-" "Mozilla/5.0 (Windows NT 10.0; WOW64) AppleWebKit/537.36 (KHTML, like Gecko) Chrome/62.0.3198.0 Safari/537.36 OPR/49.0.2711.0" "gatipackers.com"
62.197.159.21 - - [05/Jan/2023:07:58:02 -0800] "GET /wp-login.php HTTP/1.1" 200 6549 "http://gatipackers.com/wp-login.php" "Mozilla/5.0 (Windows NT 10.0; WOW64) AppleWebKit/537.36 (KHTML, like Gecko) Chrome/62.0.3198.0 Safari/537.36 OPR/49.0.2711.0" "gatipackers.com"
62.197.159.21 - - [05/Jan/2023:07:58:05 -0800] "POST /wp-login.php HTTP/1.1" 200 6956 "http://gatipackers.com/wp-login.php" "Mozilla/5.0 (Windows NT 10.0; WOW64) AppleWebKit/537.36 (KHTML, like Gecko) Chrome/62.0.3198.0 Safari/537.36 OPR/49.0.2711.0" "gatipackers.com"
5.188.86.198 - - [05/Jan/2023:08:03:49 -0800] "POST /wp-login.php HTTP/1.1" 200 6937 "-" "Mozilla/5.0 (Windows NT 6.3; WOW64; rv:43.0) Gecko/20100101 Firefox/43.0" "gatipackers.com"
62.197.159.21 - - [05/Jan/2023:08:19:39 -0800] "GET /wp-login.php HTTP/1.1" 200 6551 "http://gatipackers.com/wp-login.php" "Mozilla/5.0 (Windows NT 10.0; WOW64) AppleWebKit/537.36 (KHTML, like Gecko) Chrome/62.0.3198.0 Safari/537.36 OPR/49.0.2711.0" "gatipackers.com"
10.213.116.210 - - [05/Jan/2023:08:19:42 -0800] "POST /wp-cron.php?doing_wp_cron=1672935582.4930839538574218750000 HTTP/1.1" 200 - "http://gatipackers.com/wp-cron.php?doing_wp_cron=1672935582.4930839538574218750000" "WordPress/6.1.1; http://gatipackers.com" "gatipackers.com"
62.197.159.21 - - [05/Jan/2023:08:19:43 -0800] "POST /wp-login.php HTTP/1.1" 200 6944 "http://gatipackers.com/wp-login.php" "Mozilla/5.0 (Windows NT 10.0; WOW64) AppleWebKit/537.36 (KHTML, like Gecko) Chrome/62.0.3198.0 Safari/537.36 OPR/49.0.2711.0" "gatipackers.com"
114.119.154.137 - - [05/Jan/2023:08:32:08 -0800] "GET /wp-content/plugins HTTP/1.1" 301 1419 "https://gatipackers.com/wp-content?C=S%3BO%3DA" "Mozilla/5.0 (Linux; Android 7.0;) AppleWebKit/537.36 (KHTML, like Gecko) Mobile Safari/537.36 (compatible; PetalBot;+https://webmaster.petalsearch.com/site/petalbot)" "gatipackers.com"
114.119.154.137 - - [05/Jan/2023:08:32:08 -0800] "GET /wp-content/plugins/ HTTP/1.1" 200 - "https://gatipackers.com/wp-content?C=S%3BO%3DA" "Mozilla/5.0 (Linux; Android 7.0;) AppleWebKit/537.36 (KHTML, like Gecko) Mobile Safari/537.36 (compatible; PetalBot;+https://webmaster.petalsearch.com/site/petalbot)" "gatipackers.com"
114.119.128.218 - - [05/Jan/2023:08:33:56 -0800] "GET /index.php/feed/ HTTP/1.1" 200 3573 "https://www.gatipackers.com?C=S%3BO%3DA" "Mozilla/5.0 (Linux; Android 7.0;) AppleWebKit/537.36 (KHTML, like Gecko) Mobile Safari/537.36 (compatible; PetalBot;+https://webmaster.petalsearch.com/site/petalbot)" "gatipackers.com"
204.48.19.153 - - [05/Jan/2023:08:33:58 -0800] "GET /index.php/comments/feed/ HTTP/1.1" 200 778 "-" "Mozilla/5.0 (Macintosh; Intel Mac OS X 10_15_7) AppleWebKit/537.36 (KHTML, like Gecko) Chrome/107.0.0.0 Safari/537.36" "gatipackers.com"
10.213.116.211 - - [05/Jan/2023:08:34:00 -0800] "POST /wp-cron.php?doing_wp_cron=1672936439.9693849086761474609375 HTTP/1.1" 200 - "https://gatipackers.com/wp-cron.php?doing_wp_cron=1672936439.9693849086761474609375" "WordPress/6.1.1; https://gatipackers.com" "gatipackers.com"
62.197.159.21 - - [05/Jan/2023:09:07:57 -0800] "GET /?author=1 HTTP/1.1" 200 26590 "-" "Mozilla/5.0 (Windows NT 10.0; WOW64) AppleWebKit/537.36 (KHTML, like Gecko) Chrome/62.0.3198.0 Safari/537.36 OPR/49.0.2711.0" "gatipackers.com"
62.197.159.21 - - [05/Jan/2023:09:08:02 -0800] "GET /wp-json/wp/v2/users/ HTTP/1.1" 404 73 "-" "Mozilla/5.0 (Windows NT 10.0; WOW64) AppleWebKit/537.36 (KHTML, like Gecko) Chrome/62.0.3198.0 Safari/537.36 OPR/49.0.2711.0" "gatipackers.com"
10.213.116.209 - - [05/Jan/2023:09:08:01 -0800] "POST /wp-cron.php?doing_wp_cron=1672938481.1095750331878662109375 HTTP/1.1" 200 - "http://gatipackers.com/wp-cron.php?doing_wp_cron=1672938481.1095750331878662109375" "WordPress/6.1.1; http://gatipackers.com" "gatipackers.com"
46.216.52.146 - - [05/Jan/2023:09:20:26 -0800] "GET /home/request_a_survey/ HTTP/1.1" 200 779 "http://gatipackers.com/home/request_a_survey/" "Mozilla/5.0 (Windows NT 6.1) AppleWebKit/537.36 (KHTML, like Gecko) Chrome/90.0.4430.72 Safari/537.36" "gatipackers.com"
46.216.52.146 - - [05/Jan/2023:09:20:26 -0800] "GET / HTTP/1.1" 200 26864 "http://gatipackers.com/" "Mozilla/5.0 (Windows NT 6.1) AppleWebKit/537.36 (KHTML, like Gecko) Chrome/90.0.4430.72 Safari/537.36" "gatipackers.com"
46.216.52.146 - - [05/Jan/2023:09:20:31 -0800] "GET /index.php/2021/02/26/sample-page/ HTTP/1.1" 200 26215 "http://gatipackers.com/index.php/2021/02/26/sample-page/" "Mozilla/5.0 (Windows NT 6.1) AppleWebKit/537.36 (KHTML, like Gecko) Chrome/90.0.4430.72 Safari/537.36" "gatipackers.com"
62.197.159.21 - - [05/Jan/2023:09:27:11 -0800] "POST /xmlrpc.php HTTP/1.1" 200 403 "http://gatipackers.com/xmlrpc.php" "Mozilla/5.0 (Windows NT 10.0; WOW64) AppleWebKit/537.36 (KHTML, like Gecko) Chrome/62.0.3198.0 Safari/537.36 OPR/49.0.2711.0" "gatipackers.com"
10.213.116.209 - - [05/Jan/2023:09:27:18 -0800] "POST /wp-cron.php?doing_wp_cron=1672939638.2894849777221679687500 HTTP/1.1" 200 - "http://gatipackers.com/wp-cron.php?doing_wp_cron=1672939638.2894849777221679687500" "WordPress/6.1.1; http://gatipackers.com" "gatipackers.com"
62.197.159.21 - - [05/Jan/2023:09:40:53 -0800] "GET /?author=1 HTTP/1.1" 200 26590 "-" "Mozilla/5.0 (Windows NT 10.0; WOW64) AppleWebKit/537.36 (KHTML, like Gecko) Chrome/62.0.3198.0 Safari/537.36 OPR/49.0.2711.0" "gatipackers.com"
10.213.116.209 - - [05/Jan/2023:09:40:56 -0800] "POST /wp-cron.php?doing_wp_cron=1672940456.7664968967437744140625 HTTP/1.1" 200 - "http://gatipackers.com/wp-cron.php?doing_wp_cron=1672940456.7664968967437744140625" "WordPress/6.1.1; http://gatipackers.com" "gatipackers.com"
62.197.159.21 - - [05/Jan/2023:09:40:58 -0800] "POST /xmlrpc.php HTTP/1.1" 200 403 "http://gatipackers.com/xmlrpc.php" "Mozilla/5.0 (Windows NT 10.0; WOW64) AppleWebKit/537.36 (KHTML, like Gecko) Chrome/62.0.3198.0 Safari/537.36 OPR/49.0.2711.0" "gatipackers.com"
94.25.170.151 - - [05/Jan/2023:09:48:37 -0800] "GET /home/request_a_survey/ HTTP/1.1" 200 779 "http://gatipackers.com/home/request_a_survey/" "Mozilla/5.0 (Windows NT 6.1; Win64; x64) AppleWebKit/537.36 (KHTML, like Gecko) Chrome/90.0.4430.93 Safari/537.36" "gatipackers.com"
94.25.170.151 - - [05/Jan/2023:09:48:38 -0800] "GET / HTTP/1.1" 200 26864 "http://gatipackers.com/" "Mozilla/5.0 (Windows NT 6.1; Win64; x64) AppleWebKit/537.36 (KHTML, like Gecko) Chrome/90.0.4430.93 Safari/537.36" "gatipackers.com"
94.25.170.151 - - [05/Jan/2023:09:48:43 -0800] "GET /index.php/2021/02/26/sample-page/ HTTP/1.1" 200 26215 "http://gatipackers.com/index.php/2021/02/26/sample-page/" "Mozilla/5.0 (Windows NT 6.1; Win64; x64) AppleWebKit/537.36 (KHTML, like Gecko) Chrome/90.0.4430.93 Safari/537.36" "gatipackers.com"
54.36.148.140 - - [05/Jan/2023:09:50:56 -0800] "GET /robots.txt HTTP/1.1" 200 58 "-" "Mozilla/5.0 (compatible; AhrefsBot/7.0; +http://ahrefs.com/robot/)" "gatipackers.com"
