173.212.224.210 - - [06/Jan/2023:02:01:42 -0800] "POST /xmlrpc.php HTTP/1.1" 200 401 "-" "Mozilla/5.0 (Windows NT 10; Win64; x64; rv:75.0) Gecko/20100101 Firefox/75.0" "gatipackers.com"
104.45.41.45 - - [06/Jan/2023:02:07:22 -0800] "POST /xmlrpc.php HTTP/1.1" 200 401 "-" "Mozilla/5.0 (Windows NT 10; Win64; x64; rv:75.0) Gecko/20100101 Firefox/75.0" "gatipackers.com"
62.197.159.21 - - [06/Jan/2023:02:09:54 -0800] "GET /?author=1 HTTP/1.1" 200 26590 "-" "Mozilla/5.0 (Windows NT 10.0; WOW64) AppleWebKit/537.36 (KHTML, like Gecko) Chrome/62.0.3198.0 Safari/537.36 OPR/49.0.2711.0" "gatipackers.com"
10.213.116.211 - - [06/Jan/2023:02:09:57 -0800] "POST /wp-cron.php?doing_wp_cron=1672999797.7807950973510742187500 HTTP/1.1" 200 - "http://gatipackers.com/wp-cron.php?doing_wp_cron=1672999797.7807950973510742187500" "WordPress/6.1.1; http://gatipackers.com" "gatipackers.com"
194.38.20.161 - - [06/Jan/2023:02:10:24 -0800] "GET /admin/php-ofc-library/ofc_upload_image.php HTTP/1.1" 404 73 "-" "ALittle Client" "gatipackers.com"
51.195.41.33 - - [06/Jan/2023:02:12:45 -0800] "POST /xmlrpc.php HTTP/1.1" 200 401 "-" "Mozilla/5.0 (Windows NT 10; Win64; x64; rv:75.0) Gecko/20100101 Firefox/75.0" "gatipackers.com"
62.197.159.21 - - [06/Jan/2023:02:15:56 -0800] "GET /?author=1 HTTP/1.1" 200 26590 "-" "Mozilla/5.0 (Windows NT 10.0; WOW64) AppleWebKit/537.36 (KHTML, like Gecko) Chrome/62.0.3198.0 Safari/537.36 OPR/49.0.2711.0" "gatipackers.com"
62.197.159.21 - - [06/Jan/2023:02:16:01 -0800] "POST /xmlrpc.php HTTP/1.1" 200 403 "http://gatipackers.com/xmlrpc.php" "Mozilla/5.0 (Windows NT 10.0; WOW64) AppleWebKit/537.36 (KHTML, like Gecko) Chrome/62.0.3198.0 Safari/537.36 OPR/49.0.2711.0" "gatipackers.com"
51.210.127.243 - - [06/Jan/2023:02:18:16 -0800] "POST /xmlrpc.php HTTP/1.1" 200 401 "-" "Mozilla/5.0 (Windows NT 10; Win64; x64; rv:75.0) Gecko/20100101 Firefox/75.0" "gatipackers.com"
114.119.153.208 - - [06/Jan/2023:02:18:38 -0800] "GET /robots.txt HTTP/1.1" 200 58 "-" "Mozilla/5.0 (compatible;PetalBot;+https://webmaster.petalsearch.com/site/petalbot)" "gatipackers.com"
34.77.97.23 - - [06/Jan/2023:02:23:36 -0800] "POST /xmlrpc.php HTTP/1.1" 200 401 "-" "Mozilla/5.0 (Windows NT 10; Win64; x64; rv:75.0) Gecko/20100101 Firefox/75.0" "gatipackers.com"
10.213.116.209 - - [06/Jan/2023:02:23:39 -0800] "POST /wp-cron.php?doing_wp_cron=1673000619.8331770896911621093750 HTTP/1.1" 200 - "http://gatipackers.com/wp-cron.php?doing_wp_cron=1673000619.8331770896911621093750" "WordPress/6.1.1; http://gatipackers.com" "gatipackers.com"
67.227.140.20 - - [06/Jan/2023:02:29:27 -0800] "POST /xmlrpc.php HTTP/1.1" 200 401 "-" "Mozilla/5.0 (Windows NT 10; Win64; x64; rv:75.0) Gecko/20100101 Firefox/75.0" "gatipackers.com"
5.188.86.198 - - [06/Jan/2023:02:37:41 -0800] "POST /wp-login.php HTTP/1.1" 200 6940 "-" "Mozilla/5.0 (Windows NT 6.3; WOW64; rv:43.0) Gecko/20100101 Firefox/43.0" "www.gatipackers.com"
10.213.116.209 - - [06/Jan/2023:02:37:45 -0800] "POST /wp-cron.php?doing_wp_cron=1673001465.0393509864807128906250 HTTP/1.1" 200 - "http://gatipackers.com/wp-cron.php?doing_wp_cron=1673001465.0393509864807128906250" "WordPress/6.1.1; http://gatipackers.com" "gatipackers.com"
93.114.235.167 - - [06/Jan/2023:02:41:12 -0800] "POST /xmlrpc.php HTTP/1.1" 200 401 "-" "Mozilla/5.0 (Windows NT 10; Win64; x64; rv:75.0) Gecko/20100101 Firefox/75.0" "gatipackers.com"
212.83.128.29 - - [06/Jan/2023:02:46:56 -0800] "POST /xmlrpc.php HTTP/1.1" 200 401 "-" "Mozilla/5.0 (Windows NT 10; Win64; x64; rv:75.0) Gecko/20100101 Firefox/75.0" "gatipackers.com"
208.109.68.254 - - [06/Jan/2023:02:50:56 -0800] "GET /?author=21 HTTP/1.1" 404 21380 "-" "Mozilla/5.0 (Windows NT 10.0; WOW64; rv:52.0) Gecko/20100101 Firefox/52.0" "gatipackers.com"
208.109.68.254 - - [06/Jan/2023:02:51:00 -0800] "GET /?author=21 HTTP/1.1" 404 21380 "-" "Mozilla/5.0 (Windows NT 10.0; WOW64; rv:52.0) Gecko/20100101 Firefox/52.0" "gatipackers.com"
138.197.132.81 - - [06/Jan/2023:02:51:05 -0800] "GET /?author=1 HTTP/1.1" 200 26590 "-" "Mozilla/5.0 (Windows NT 10.0; WOW64; rv:54.0) Gecko/20100101 Firefox/54.0" "gatipackers.com"
208.109.68.254 - - [06/Jan/2023:02:51:03 -0800] "GET /?author=22 HTTP/1.1" 404 21380 "-" "Mozilla/5.0 (Windows NT 10.0; WOW64; rv:52.0) Gecko/20100101 Firefox/52.0" "gatipackers.com"
138.197.132.81 - - [06/Jan/2023:02:51:07 -0800] "GET /?author=1 HTTP/1.1" 200 26590 "-" "Mozilla/5.0 (Windows NT 10.0; WOW64; rv:54.0) Gecko/20100101 Firefox/54.0" "gatipackers.com"
208.109.68.254 - - [06/Jan/2023:02:51:08 -0800] "GET /?author=23 HTTP/1.1" 404 21380 "-" "Mozilla/5.0 (Windows NT 10.0; WOW64; rv:52.0) Gecko/20100101 Firefox/52.0" "gatipackers.com"
203.156.136.113 - - [06/Jan/2023:02:51:09 -0800] "GET /?author=1 HTTP/1.1" 200 26590 "-" "Mozilla/5.0 (Windows NT 10.0; Win64; x64) AppleWebKit/537.36 (KHTML, like Gecko) Chrome/90.0.4430.93 Safari/537.36" "gatipackers.com"
138.197.132.81 - - [06/Jan/2023:02:51:10 -0800] "GET /?author=2 HTTP/1.1" 404 21380 "-" "Mozilla/5.0 (Windows NT 10.0; WOW64; rv:54.0) Gecko/20100101 Firefox/54.0" "gatipackers.com"
208.109.68.254 - - [06/Jan/2023:02:51:10 -0800] "GET /?author=24 HTTP/1.1" 404 21380 "-" "Mozilla/5.0 (Windows NT 10.0; WOW64; rv:52.0) Gecko/20100101 Firefox/52.0" "gatipackers.com"
138.197.132.81 - - [06/Jan/2023:02:51:12 -0800] "GET /?author=3 HTTP/1.1" 404 21380 "-" "Mozilla/5.0 (Windows NT 10.0; WOW64; rv:54.0) Gecko/20100101 Firefox/54.0" "gatipackers.com"
203.156.136.113 - - [06/Jan/2023:02:51:13 -0800] "GET /?author=1 HTTP/1.1" 200 26590 "-" "Mozilla/5.0 (Windows NT 10.0; Win64; x64) AppleWebKit/537.36 (KHTML, like Gecko) Chrome/90.0.4430.93 Safari/537.36" "gatipackers.com"
208.109.68.254 - - [06/Jan/2023:02:51:13 -0800] "GET /?author=25 HTTP/1.1" 404 21380 "-" "Mozilla/5.0 (Windows NT 10.0; WOW64; rv:52.0) Gecko/20100101 Firefox/52.0" "gatipackers.com"
138.197.132.81 - - [06/Jan/2023:02:51:14 -0800] "GET /?author=4 HTTP/1.1" 404 21380 "-" "Mozilla/5.0 (Windows NT 10.0; WOW64; rv:54.0) Gecko/20100101 Firefox/54.0" "gatipackers.com"
203.156.136.113 - - [06/Jan/2023:02:51:15 -0800] "GET /?author=2 HTTP/1.1" 404 21380 "-" "Mozilla/5.0 (Windows NT 10.0; Win64; x64) AppleWebKit/537.36 (KHTML, like Gecko) Chrome/90.0.4430.93 Safari/537.36" "gatipackers.com"
208.109.68.254 - - [06/Jan/2023:02:51:15 -0800] "GET /?author=26 HTTP/1.1" 404 21380 "-" "Mozilla/5.0 (Windows NT 10.0; WOW64; rv:52.0) Gecko/20100101 Firefox/52.0" "gatipackers.com"
138.197.132.81 - - [06/Jan/2023:02:51:16 -0800] "GET /?author=5 HTTP/1.1" 404 21380 "-" "Mozilla/5.0 (Windows NT 10.0; WOW64; rv:54.0) Gecko/20100101 Firefox/54.0" "gatipackers.com"
203.156.136.113 - - [06/Jan/2023:02:51:17 -0800] "GET /?author=3 HTTP/1.1" 404 21380 "-" "Mozilla/5.0 (Windows NT 10.0; Win64; x64) AppleWebKit/537.36 (KHTML, like Gecko) Chrome/90.0.4430.93 Safari/537.36" "gatipackers.com"
208.109.68.254 - - [06/Jan/2023:02:51:18 -0800] "GET /?author=27 HTTP/1.1" 404 21380 "-" "Mozilla/5.0 (Windows NT 10.0; WOW64; rv:52.0) Gecko/20100101 Firefox/52.0" "gatipackers.com"
138.197.132.81 - - [06/Jan/2023:02:51:18 -0800] "GET /?author=6 HTTP/1.1" 404 21380 "-" "Mozilla/5.0 (Windows NT 10.0; WOW64; rv:54.0) Gecko/20100101 Firefox/54.0" "gatipackers.com"
203.156.136.113 - - [06/Jan/2023:02:51:20 -0800] "GET /?author=4 HTTP/1.1" 404 21380 "-" "Mozilla/5.0 (Windows NT 10.0; Win64; x64) AppleWebKit/537.36 (KHTML, like Gecko) Chrome/90.0.4430.93 Safari/537.36" "gatipackers.com"
208.109.68.254 - - [06/Jan/2023:02:51:19 -0800] "GET /?author=28 HTTP/1.1" 404 21380 "-" "Mozilla/5.0 (Windows NT 10.0; WOW64; rv:52.0) Gecko/20100101 Firefox/52.0" "gatipackers.com"
138.197.132.81 - - [06/Jan/2023:02:51:20 -0800] "GET /?author=7 HTTP/1.1" 404 21380 "-" "Mozilla/5.0 (Windows NT 10.0; WOW64; rv:54.0) Gecko/20100101 Firefox/54.0" "gatipackers.com"
203.156.136.113 - - [06/Jan/2023:02:51:22 -0800] "GET /?author=5 HTTP/1.1" 404 21380 "-" "Mozilla/5.0 (Windows NT 10.0; Win64; x64) AppleWebKit/537.36 (KHTML, like Gecko) Chrome/90.0.4430.93 Safari/537.36" "gatipackers.com"
208.109.68.254 - - [06/Jan/2023:02:51:21 -0800] "GET /?author=29 HTTP/1.1" 404 21380 "-" "Mozilla/5.0 (Windows NT 10.0; WOW64; rv:52.0) Gecko/20100101 Firefox/52.0" "gatipackers.com"
138.197.132.81 - - [06/Jan/2023:02:51:22 -0800] "GET /?author=8 HTTP/1.1" 404 21380 "-" "Mozilla/5.0 (Windows NT 10.0; WOW64; rv:54.0) Gecko/20100101 Firefox/54.0" "gatipackers.com"
208.109.68.254 - - [06/Jan/2023:02:51:23 -0800] "GET /?author=30 HTTP/1.1" 404 21380 "-" "Mozilla/5.0 (Windows NT 10.0; WOW64; rv:52.0) Gecko/20100101 Firefox/52.0" "gatipackers.com"
203.156.136.113 - - [06/Jan/2023:02:51:24 -0800] "GET /?author=6 HTTP/1.1" 404 21380 "-" "Mozilla/5.0 (Windows NT 10.0; Win64; x64) AppleWebKit/537.36 (KHTML, like Gecko) Chrome/90.0.4430.93 Safari/537.36" "gatipackers.com"
138.197.132.81 - - [06/Jan/2023:02:51:25 -0800] "GET /?author=9 HTTP/1.1" 404 21380 "-" "Mozilla/5.0 (Windows NT 10.0; WOW64; rv:54.0) Gecko/20100101 Firefox/54.0" "gatipackers.com"
203.156.136.113 - - [06/Jan/2023:02:51:26 -0800] "GET /?author=7 HTTP/1.1" 404 21380 "-" "Mozilla/5.0 (Windows NT 10.0; Win64; x64) AppleWebKit/537.36 (KHTML, like Gecko) Chrome/90.0.4430.93 Safari/537.36" "gatipackers.com"
138.197.132.81 - - [06/Jan/2023:02:51:27 -0800] "GET /?author=10 HTTP/1.1" 404 21380 "-" "Mozilla/5.0 (Windows NT 10.0; WOW64; rv:54.0) Gecko/20100101 Firefox/54.0" "gatipackers.com"
203.156.136.113 - - [06/Jan/2023:02:51:29 -0800] "GET /?author=8 HTTP/1.1" 404 21380 "-" "Mozilla/5.0 (Windows NT 10.0; Win64; x64) AppleWebKit/537.36 (KHTML, like Gecko) Chrome/90.0.4430.93 Safari/537.36" "gatipackers.com"
207.96.149.5 - - [06/Jan/2023:02:51:30 -0800] "GET /?author=71 HTTP/1.1" 404 21380 "-" "Mozilla/5.0 (Windows NT 10.0; Win64; x64) AppleWebKit/537.36 (KHTML, like Gecko) Chrome/60.0.3112.113 Safari/537.36" "gatipackers.com"
203.156.136.113 - - [06/Jan/2023:02:51:31 -0800] "GET /?author=9 HTTP/1.1" 404 21380 "-" "Mozilla/5.0 (Windows NT 10.0; Win64; x64) AppleWebKit/537.36 (KHTML, like Gecko) Chrome/90.0.4430.93 Safari/537.36" "gatipackers.com"
207.96.149.5 - - [06/Jan/2023:02:51:32 -0800] "GET /?author=71 HTTP/1.1" 404 21380 "-" "Mozilla/5.0 (Windows NT 10.0; Win64; x64) AppleWebKit/537.36 (KHTML, like Gecko) Chrome/60.0.3112.113 Safari/537.36" "gatipackers.com"
203.156.136.113 - - [06/Jan/2023:02:51:33 -0800] "GET /?author=10 HTTP/1.1" 404 21380 "-" "Mozilla/5.0 (Windows NT 10.0; Win64; x64) AppleWebKit/537.36 (KHTML, like Gecko) Chrome/90.0.4430.93 Safari/537.36" "gatipackers.com"
207.96.149.5 - - [06/Jan/2023:02:51:34 -0800] "GET /?author=72 HTTP/1.1" 404 21380 "-" "Mozilla/5.0 (Windows NT 10.0; Win64; x64) AppleWebKit/537.36 (KHTML, like Gecko) Chrome/60.0.3112.113 Safari/537.36" "gatipackers.com"
143.198.166.85 - - [06/Jan/2023:02:51:35 -0800] "GET /?author=61 HTTP/1.1" 404 21380 "-" "Mozilla/5.0 (Windows NT 5.1; rv:52.0) Gecko/20100101 Firefox/52.0" "gatipackers.com"
207.96.149.5 - - [06/Jan/2023:02:51:36 -0800] "GET /?author=73 HTTP/1.1" 404 21380 "-" "Mozilla/5.0 (Windows NT 10.0; Win64; x64) AppleWebKit/537.36 (KHTML, like Gecko) Chrome/60.0.3112.113 Safari/537.36" "gatipackers.com"
143.198.166.85 - - [06/Jan/2023:02:51:37 -0800] "GET /?author=61 HTTP/1.1" 404 21380 "-" "Mozilla/5.0 (Windows NT 5.1; rv:52.0) Gecko/20100101 Firefox/52.0" "gatipackers.com"
207.96.149.5 - - [06/Jan/2023:02:51:39 -0800] "GET /?author=74 HTTP/1.1" 404 21380 "-" "Mozilla/5.0 (Windows NT 10.0; Win64; x64) AppleWebKit/537.36 (KHTML, like Gecko) Chrome/60.0.3112.113 Safari/537.36" "gatipackers.com"
143.198.166.85 - - [06/Jan/2023:02:51:40 -0800] "GET /?author=62 HTTP/1.1" 404 21380 "-" "Mozilla/5.0 (Windows NT 5.1; rv:52.0) Gecko/20100101 Firefox/52.0" "gatipackers.com"
207.96.149.5 - - [06/Jan/2023:02:51:41 -0800] "GET /?author=75 HTTP/1.1" 404 21380 "-" "Mozilla/5.0 (Windows NT 10.0; Win64; x64) AppleWebKit/537.36 (KHTML, like Gecko) Chrome/60.0.3112.113 Safari/537.36" "gatipackers.com"
143.198.166.85 - - [06/Jan/2023:02:51:42 -0800] "GET /?author=63 HTTP/1.1" 404 21380 "-" "Mozilla/5.0 (Windows NT 5.1; rv:52.0) Gecko/20100101 Firefox/52.0" "gatipackers.com"
207.96.149.5 - - [06/Jan/2023:02:51:43 -0800] "GET /?author=76 HTTP/1.1" 404 21380 "-" "Mozilla/5.0 (Windows NT 10.0; Win64; x64) AppleWebKit/537.36 (KHTML, like Gecko) Chrome/60.0.3112.113 Safari/537.36" "gatipackers.com"
143.198.166.85 - - [06/Jan/2023:02:51:44 -0800] "GET /?author=64 HTTP/1.1" 404 21380 "-" "Mozilla/5.0 (Windows NT 5.1; rv:52.0) Gecko/20100101 Firefox/52.0" "gatipackers.com"
207.96.149.5 - - [06/Jan/2023:02:51:45 -0800] "GET /?author=77 HTTP/1.1" 404 21380 "-" "Mozilla/5.0 (Windows NT 10.0; Win64; x64) AppleWebKit/537.36 (KHTML, like Gecko) Chrome/60.0.3112.113 Safari/537.36" "gatipackers.com"
143.198.166.85 - - [06/Jan/2023:02:51:46 -0800] "GET /?author=65 HTTP/1.1" 404 21380 "-" "Mozilla/5.0 (Windows NT 5.1; rv:52.0) Gecko/20100101 Firefox/52.0" "gatipackers.com"
207.96.149.5 - - [06/Jan/2023:02:51:47 -0800] "GET /?author=78 HTTP/1.1" 404 21380 "-" "Mozilla/5.0 (Windows NT 10.0; Win64; x64) AppleWebKit/537.36 (KHTML, like Gecko) Chrome/60.0.3112.113 Safari/537.36" "gatipackers.com"
143.198.166.85 - - [06/Jan/2023:02:51:48 -0800] "GET /?author=66 HTTP/1.1" 404 21380 "-" "Mozilla/5.0 (Windows NT 5.1; rv:52.0) Gecko/20100101 Firefox/52.0" "gatipackers.com"
207.96.149.5 - - [06/Jan/2023:02:51:49 -0800] "GET /?author=79 HTTP/1.1" 404 21380 "-" "Mozilla/5.0 (Windows NT 10.0; Win64; x64) AppleWebKit/537.36 (KHTML, like Gecko) Chrome/60.0.3112.113 Safari/537.36" "gatipackers.com"
143.198.166.85 - - [06/Jan/2023:02:51:50 -0800] "GET /?author=67 HTTP/1.1" 404 21380 "-" "Mozilla/5.0 (Windows NT 5.1; rv:52.0) Gecko/20100101 Firefox/52.0" "gatipackers.com"
207.96.149.5 - - [06/Jan/2023:02:51:51 -0800] "GET /?author=80 HTTP/1.1" 404 21380 "-" "Mozilla/5.0 (Windows NT 10.0; Win64; x64) AppleWebKit/537.36 (KHTML, like Gecko) Chrome/60.0.3112.113 Safari/537.36" "gatipackers.com"
203.156.136.113 - - [06/Jan/2023:02:51:52 -0800] "GET /?author=81 HTTP/1.1" 404 21380 "-" "Mozilla/5.0 (Windows NT 10.0; Win64; x64) AppleWebKit/537.36 (KHTML, like Gecko) Chrome/72.0.3626.121 Safari/537.36" "gatipackers.com"
143.198.166.85 - - [06/Jan/2023:02:51:52 -0800] "GET /?author=68 HTTP/1.1" 404 21380 "-" "Mozilla/5.0 (Windows NT 5.1; rv:52.0) Gecko/20100101 Firefox/52.0" "gatipackers.com"
143.198.166.85 - - [06/Jan/2023:02:51:54 -0800] "GET /?author=69 HTTP/1.1" 404 21380 "-" "Mozilla/5.0 (Windows NT 5.1; rv:52.0) Gecko/20100101 Firefox/52.0" "gatipackers.com"
203.156.136.113 - - [06/Jan/2023:02:51:54 -0800] "GET /?author=81 HTTP/1.1" 404 21380 "-" "Mozilla/5.0 (Windows NT 10.0; Win64; x64) AppleWebKit/537.36 (KHTML, like Gecko) Chrome/72.0.3626.121 Safari/537.36" "gatipackers.com"
42.112.17.19 - - [06/Jan/2023:02:51:55 -0800] "GET /?author=91 HTTP/1.1" 404 21380 "-" "Mozilla/5.0 (Windows NT 10.0; Win64; x64) AppleWebKit/537.36 (KHTML, like Gecko) Chrome/70.0.3538.102 Safari/537.36" "gatipackers.com"
143.198.166.85 - - [06/Jan/2023:02:51:56 -0800] "GET /?author=70 HTTP/1.1" 404 21380 "-" "Mozilla/5.0 (Windows NT 5.1; rv:52.0) Gecko/20100101 Firefox/52.0" "gatipackers.com"
203.156.136.113 - - [06/Jan/2023:02:51:57 -0800] "GET /?author=82 HTTP/1.1" 404 21380 "-" "Mozilla/5.0 (Windows NT 10.0; Win64; x64) AppleWebKit/537.36 (KHTML, like Gecko) Chrome/72.0.3626.121 Safari/537.36" "gatipackers.com"
42.112.17.19 - - [06/Jan/2023:02:51:57 -0800] "GET /?author=91 HTTP/1.1" 404 21380 "-" "Mozilla/5.0 (Windows NT 10.0; Win64; x64) AppleWebKit/537.36 (KHTML, like Gecko) Chrome/70.0.3538.102 Safari/537.36" "gatipackers.com"
62.197.159.21 - - [06/Jan/2023:02:51:59 -0800] "GET /wp-login.php HTTP/1.1" 200 6547 "http://gatipackers.com/wp-login.php" "Mozilla/5.0 (Windows NT 10.0; WOW64) AppleWebKit/537.36 (KHTML, like Gecko) Chrome/62.0.3198.0 Safari/537.36 OPR/49.0.2711.0" "gatipackers.com"
203.156.136.113 - - [06/Jan/2023:02:51:59 -0800] "GET /?author=83 HTTP/1.1" 404 21380 "-" "Mozilla/5.0 (Windows NT 10.0; Win64; x64) AppleWebKit/537.36 (KHTML, like Gecko) Chrome/72.0.3626.121 Safari/537.36" "gatipackers.com"
42.112.17.19 - - [06/Jan/2023:02:52:00 -0800] "GET /?author=92 HTTP/1.1" 404 21380 "-" "Mozilla/5.0 (Windows NT 10.0; Win64; x64) AppleWebKit/537.36 (KHTML, like Gecko) Chrome/70.0.3538.102 Safari/537.36" "gatipackers.com"
62.197.159.21 - - [06/Jan/2023:02:52:01 -0800] "POST /wp-login.php HTTP/1.1" 200 6937 "http://gatipackers.com/wp-login.php" "Mozilla/5.0 (Windows NT 10.0; WOW64) AppleWebKit/537.36 (KHTML, like Gecko) Chrome/62.0.3198.0 Safari/537.36 OPR/49.0.2711.0" "gatipackers.com"
203.156.136.113 - - [06/Jan/2023:02:52:02 -0800] "GET /?author=84 HTTP/1.1" 404 21380 "-" "Mozilla/5.0 (Windows NT 10.0; Win64; x64) AppleWebKit/537.36 (KHTML, like Gecko) Chrome/72.0.3626.121 Safari/537.36" "gatipackers.com"
42.112.17.19 - - [06/Jan/2023:02:52:02 -0800] "GET /?author=93 HTTP/1.1" 404 21380 "-" "Mozilla/5.0 (Windows NT 10.0; Win64; x64) AppleWebKit/537.36 (KHTML, like Gecko) Chrome/70.0.3538.102 Safari/537.36" "gatipackers.com"
42.112.17.19 - - [06/Jan/2023:02:52:04 -0800] "GET /?author=94 HTTP/1.1" 404 21380 "-" "Mozilla/5.0 (Windows NT 10.0; Win64; x64) AppleWebKit/537.36 (KHTML, like Gecko) Chrome/70.0.3538.102 Safari/537.36" "gatipackers.com"
203.156.136.113 - - [06/Jan/2023:02:52:05 -0800] "GET /?author=85 HTTP/1.1" 404 21380 "-" "Mozilla/5.0 (Windows NT 10.0; Win64; x64) AppleWebKit/537.36 (KHTML, like Gecko) Chrome/72.0.3626.121 Safari/537.36" "gatipackers.com"
42.112.17.19 - - [06/Jan/2023:02:52:07 -0800] "GET /?author=95 HTTP/1.1" 404 21380 "-" "Mozilla/5.0 (Windows NT 10.0; Win64; x64) AppleWebKit/537.36 (KHTML, like Gecko) Chrome/70.0.3538.102 Safari/537.36" "gatipackers.com"
203.156.136.113 - - [06/Jan/2023:02:52:07 -0800] "GET /?author=86 HTTP/1.1" 404 21380 "-" "Mozilla/5.0 (Windows NT 10.0; Win64; x64) AppleWebKit/537.36 (KHTML, like Gecko) Chrome/72.0.3626.121 Safari/537.36" "gatipackers.com"
42.112.17.19 - - [06/Jan/2023:02:52:09 -0800] "GET /?author=96 HTTP/1.1" 404 21380 "-" "Mozilla/5.0 (Windows NT 10.0; Win64; x64) AppleWebKit/537.36 (KHTML, like Gecko) Chrome/70.0.3538.102 Safari/537.36" "gatipackers.com"
203.156.136.113 - - [06/Jan/2023:02:52:10 -0800] "GET /?author=87 HTTP/1.1" 404 21380 "-" "Mozilla/5.0 (Windows NT 10.0; Win64; x64) AppleWebKit/537.36 (KHTML, like Gecko) Chrome/72.0.3626.121 Safari/537.36" "gatipackers.com"
42.112.17.19 - - [06/Jan/2023:02:52:12 -0800] "GET /?author=97 HTTP/1.1" 404 21380 "-" "Mozilla/5.0 (Windows NT 10.0; Win64; x64) AppleWebKit/537.36 (KHTML, like Gecko) Chrome/70.0.3538.102 Safari/537.36" "gatipackers.com"
203.156.136.113 - - [06/Jan/2023:02:52:13 -0800] "GET /?author=88 HTTP/1.1" 404 21380 "-" "Mozilla/5.0 (Windows NT 10.0; Win64; x64) AppleWebKit/537.36 (KHTML, like Gecko) Chrome/72.0.3626.121 Safari/537.36" "gatipackers.com"
42.112.17.19 - - [06/Jan/2023:02:52:14 -0800] "GET /?author=98 HTTP/1.1" 404 21380 "-" "Mozilla/5.0 (Windows NT 10.0; Win64; x64) AppleWebKit/537.36 (KHTML, like Gecko) Chrome/70.0.3538.102 Safari/537.36" "gatipackers.com"
203.156.136.113 - - [06/Jan/2023:02:52:15 -0800] "GET /?author=89 HTTP/1.1" 404 21380 "-" "Mozilla/5.0 (Windows NT 10.0; Win64; x64) AppleWebKit/537.36 (KHTML, like Gecko) Chrome/72.0.3626.121 Safari/537.36" "gatipackers.com"
42.112.17.19 - - [06/Jan/2023:02:52:16 -0800] "GET /?author=99 HTTP/1.1" 404 21380 "-" "Mozilla/5.0 (Windows NT 10.0; Win64; x64) AppleWebKit/537.36 (KHTML, like Gecko) Chrome/70.0.3538.102 Safari/537.36" "gatipackers.com"
203.156.136.113 - - [06/Jan/2023:02:52:17 -0800] "GET /?author=90 HTTP/1.1" 404 21380 "-" "Mozilla/5.0 (Windows NT 10.0; Win64; x64) AppleWebKit/537.36 (KHTML, like Gecko) Chrome/72.0.3626.121 Safari/537.36" "gatipackers.com"
42.112.17.19 - - [06/Jan/2023:02:52:18 -0800] "GET /?author=100 HTTP/1.1" 404 21380 "-" "Mozilla/5.0 (Windows NT 10.0; Win64; x64) AppleWebKit/537.36 (KHTML, like Gecko) Chrome/70.0.3538.102 Safari/537.36" "gatipackers.com"
207.96.149.5 - - [06/Jan/2023:02:52:20 -0800] "GET /?author=51 HTTP/1.1" 404 21380 "-" "Mozilla/5.0 (Windows NT 10.0; Win64; x64; rv:59.0) Gecko/20100101 Firefox/59.0" "gatipackers.com"
207.96.149.5 - - [06/Jan/2023:02:52:22 -0800] "GET /?author=51 HTTP/1.1" 404 21380 "-" "Mozilla/5.0 (Windows NT 10.0; Win64; x64; rv:59.0) Gecko/20100101 Firefox/59.0" "gatipackers.com"
207.96.149.5 - - [06/Jan/2023:02:52:24 -0800] "GET /?author=52 HTTP/1.1" 404 21380 "-" "Mozilla/5.0 (Windows NT 10.0; Win64; x64; rv:59.0) Gecko/20100101 Firefox/59.0" "gatipackers.com"
10.213.116.210 - - [06/Jan/2023:02:52:26 -0800] "POST /wp-cron.php?doing_wp_cron=1673002346.3974320888519287109375 HTTP/1.1" 200 - "http://gatipackers.com/wp-cron.php?doing_wp_cron=1673002346.3974320888519287109375" "WordPress/6.1.1; http://gatipackers.com" "gatipackers.com"
162.240.54.183 - - [06/Jan/2023:02:52:27 -0800] "GET /?author=41 HTTP/1.1" 404 21380 "-" "Mozilla/5.0 (Windows NT 10.0; Win64; x64) AppleWebKit/537.36 (KHTML, like Gecko) Chrome/79.0.3945.130 Safari/537.36" "gatipackers.com"
207.96.149.5 - - [06/Jan/2023:02:52:27 -0800] "GET /?author=53 HTTP/1.1" 404 21380 "-" "Mozilla/5.0 (Windows NT 10.0; Win64; x64; rv:59.0) Gecko/20100101 Firefox/59.0" "gatipackers.com"
162.240.54.183 - - [06/Jan/2023:02:52:29 -0800] "GET /?author=41 HTTP/1.1" 404 21380 "-" "Mozilla/5.0 (Windows NT 10.0; Win64; x64) AppleWebKit/537.36 (KHTML, like Gecko) Chrome/79.0.3945.130 Safari/537.36" "gatipackers.com"
207.96.149.5 - - [06/Jan/2023:02:52:30 -0800] "GET /?author=54 HTTP/1.1" 404 21380 "-" "Mozilla/5.0 (Windows NT 10.0; Win64; x64; rv:59.0) Gecko/20100101 Firefox/59.0" "gatipackers.com"
162.240.54.183 - - [06/Jan/2023:02:52:31 -0800] "GET /?author=42 HTTP/1.1" 404 21380 "-" "Mozilla/5.0 (Windows NT 10.0; Win64; x64) AppleWebKit/537.36 (KHTML, like Gecko) Chrome/79.0.3945.130 Safari/537.36" "gatipackers.com"
207.96.149.5 - - [06/Jan/2023:02:52:32 -0800] "GET /?author=55 HTTP/1.1" 404 21380 "-" "Mozilla/5.0 (Windows NT 10.0; Win64; x64; rv:59.0) Gecko/20100101 Firefox/59.0" "gatipackers.com"
162.240.54.183 - - [06/Jan/2023:02:52:33 -0800] "GET /?author=43 HTTP/1.1" 404 21380 "-" "Mozilla/5.0 (Windows NT 10.0; Win64; x64) AppleWebKit/537.36 (KHTML, like Gecko) Chrome/79.0.3945.130 Safari/537.36" "gatipackers.com"
207.96.149.5 - - [06/Jan/2023:02:52:34 -0800] "GET /?author=56 HTTP/1.1" 404 21380 "-" "Mozilla/5.0 (Windows NT 10.0; Win64; x64; rv:59.0) Gecko/20100101 Firefox/59.0" "gatipackers.com"
162.240.54.183 - - [06/Jan/2023:02:52:35 -0800] "GET /?author=44 HTTP/1.1" 404 21380 "-" "Mozilla/5.0 (Windows NT 10.0; Win64; x64) AppleWebKit/537.36 (KHTML, like Gecko) Chrome/79.0.3945.130 Safari/537.36" "gatipackers.com"
207.96.149.5 - - [06/Jan/2023:02:52:36 -0800] "GET /?author=57 HTTP/1.1" 404 21380 "-" "Mozilla/5.0 (Windows NT 10.0; Win64; x64; rv:59.0) Gecko/20100101 Firefox/59.0" "gatipackers.com"
162.240.54.183 - - [06/Jan/2023:02:52:37 -0800] "GET /?author=45 HTTP/1.1" 404 21380 "-" "Mozilla/5.0 (Windows NT 10.0; Win64; x64) AppleWebKit/537.36 (KHTML, like Gecko) Chrome/79.0.3945.130 Safari/537.36" "gatipackers.com"
207.96.149.5 - - [06/Jan/2023:02:52:38 -0800] "GET /?author=58 HTTP/1.1" 404 21380 "-" "Mozilla/5.0 (Windows NT 10.0; Win64; x64; rv:59.0) Gecko/20100101 Firefox/59.0" "gatipackers.com"
162.240.54.183 - - [06/Jan/2023:02:52:39 -0800] "GET /?author=46 HTTP/1.1" 404 21380 "-" "Mozilla/5.0 (Windows NT 10.0; Win64; x64) AppleWebKit/537.36 (KHTML, like Gecko) Chrome/79.0.3945.130 Safari/537.36" "gatipackers.com"
207.96.149.5 - - [06/Jan/2023:02:52:40 -0800] "GET /?author=59 HTTP/1.1" 404 21380 "-" "Mozilla/5.0 (Windows NT 10.0; Win64; x64; rv:59.0) Gecko/20100101 Firefox/59.0" "gatipackers.com"
162.240.54.183 - - [06/Jan/2023:02:52:41 -0800] "GET /?author=47 HTTP/1.1" 404 21380 "-" "Mozilla/5.0 (Windows NT 10.0; Win64; x64) AppleWebKit/537.36 (KHTML, like Gecko) Chrome/79.0.3945.130 Safari/537.36" "gatipackers.com"
45.76.149.128 - - [06/Jan/2023:02:52:42 -0800] "GET /?author=51 HTTP/1.1" 404 21380 "-" "Mozilla/5.0 (Windows NT 10.0; Win64; x64) AppleWebKit/537.36 (KHTML, like Gecko) Chrome/80.0.3987.149 Safari/537.36" "gatipackers.com"
207.96.149.5 - - [06/Jan/2023:02:52:42 -0800] "GET /?author=60 HTTP/1.1" 404 21380 "-" "Mozilla/5.0 (Windows NT 10.0; Win64; x64; rv:59.0) Gecko/20100101 Firefox/59.0" "gatipackers.com"
162.240.54.183 - - [06/Jan/2023:02:52:43 -0800] "GET /?author=48 HTTP/1.1" 404 21380 "-" "Mozilla/5.0 (Windows NT 10.0; Win64; x64) AppleWebKit/537.36 (KHTML, like Gecko) Chrome/79.0.3945.130 Safari/537.36" "gatipackers.com"
45.76.149.128 - - [06/Jan/2023:02:52:44 -0800] "GET /?author=51 HTTP/1.1" 404 21380 "-" "Mozilla/5.0 (Windows NT 10.0; Win64; x64) AppleWebKit/537.36 (KHTML, like Gecko) Chrome/80.0.3987.149 Safari/537.36" "gatipackers.com"
162.240.54.183 - - [06/Jan/2023:02:52:45 -0800] "GET /?author=49 HTTP/1.1" 404 21380 "-" "Mozilla/5.0 (Windows NT 10.0; Win64; x64) AppleWebKit/537.36 (KHTML, like Gecko) Chrome/79.0.3945.130 Safari/537.36" "gatipackers.com"
45.76.149.128 - - [06/Jan/2023:02:52:46 -0800] "GET /?author=52 HTTP/1.1" 404 21380 "-" "Mozilla/5.0 (Windows NT 10.0; Win64; x64) AppleWebKit/537.36 (KHTML, like Gecko) Chrome/80.0.3987.149 Safari/537.36" "gatipackers.com"
162.240.54.183 - - [06/Jan/2023:02:52:47 -0800] "GET /?author=50 HTTP/1.1" 404 21380 "-" "Mozilla/5.0 (Windows NT 10.0; Win64; x64) AppleWebKit/537.36 (KHTML, like Gecko) Chrome/79.0.3945.130 Safari/537.36" "gatipackers.com"
45.76.149.128 - - [06/Jan/2023:02:52:49 -0800] "GET /?author=53 HTTP/1.1" 404 21380 "-" "Mozilla/5.0 (Windows NT 10.0; Win64; x64) AppleWebKit/537.36 (KHTML, like Gecko) Chrome/80.0.3987.149 Safari/537.36" "gatipackers.com"
45.76.149.128 - - [06/Jan/2023:02:52:51 -0800] "GET /?author=54 HTTP/1.1" 404 21380 "-" "Mozilla/5.0 (Windows NT 10.0; Win64; x64) AppleWebKit/537.36 (KHTML, like Gecko) Chrome/80.0.3987.149 Safari/537.36" "gatipackers.com"
40.70.241.53 - - [06/Jan/2023:02:52:51 -0800] "POST /xmlrpc.php HTTP/1.1" 200 401 "-" "Mozilla/5.0 (Windows NT 10; Win64; x64; rv:75.0) Gecko/20100101 Firefox/75.0" "gatipackers.com"
45.76.149.128 - - [06/Jan/2023:02:52:53 -0800] "GET /?author=55 HTTP/1.1" 404 21380 "-" "Mozilla/5.0 (Windows NT 10.0; Win64; x64) AppleWebKit/537.36 (KHTML, like Gecko) Chrome/80.0.3987.149 Safari/537.36" "gatipackers.com"
45.76.149.128 - - [06/Jan/2023:02:52:56 -0800] "GET /?author=56 HTTP/1.1" 404 21380 "-" "Mozilla/5.0 (Windows NT 10.0; Win64; x64) AppleWebKit/537.36 (KHTML, like Gecko) Chrome/80.0.3987.149 Safari/537.36" "gatipackers.com"
45.76.149.128 - - [06/Jan/2023:02:52:58 -0800] "GET /?author=57 HTTP/1.1" 404 21380 "-" "Mozilla/5.0 (Windows NT 10.0; Win64; x64) AppleWebKit/537.36 (KHTML, like Gecko) Chrome/80.0.3987.149 Safari/537.36" "gatipackers.com"
45.76.149.128 - - [06/Jan/2023:02:53:01 -0800] "GET /?author=58 HTTP/1.1" 404 21380 "-" "Mozilla/5.0 (Windows NT 10.0; Win64; x64) AppleWebKit/537.36 (KHTML, like Gecko) Chrome/80.0.3987.149 Safari/537.36" "gatipackers.com"
45.76.149.128 - - [06/Jan/2023:02:53:03 -0800] "GET /?author=59 HTTP/1.1" 404 21380 "-" "Mozilla/5.0 (Windows NT 10.0; Win64; x64) AppleWebKit/537.36 (KHTML, like Gecko) Chrome/80.0.3987.149 Safari/537.36" "gatipackers.com"
45.76.149.128 - - [06/Jan/2023:02:53:06 -0800] "GET /?author=60 HTTP/1.1" 404 21380 "-" "Mozilla/5.0 (Windows NT 10.0; Win64; x64) AppleWebKit/537.36 (KHTML, like Gecko) Chrome/80.0.3987.149 Safari/537.36" "gatipackers.com"
47.111.250.189 - - [06/Jan/2023:02:53:20 -0800] "GET /?author=11 HTTP/1.1" 404 21380 "-" "Mozilla/5.0 (Windows; U; Windows NT 5.1; en-US; rv:1.7.10) Gecko/20050716 Firefox/1.0.6" "gatipackers.com"
47.111.250.189 - - [06/Jan/2023:02:53:25 -0800] "GET /?author=11 HTTP/1.1" 404 21380 "-" "Mozilla/5.0 (Windows; U; Windows NT 5.1; en-US; rv:1.7.10) Gecko/20050716 Firefox/1.0.6" "gatipackers.com"
47.111.250.189 - - [06/Jan/2023:02:53:29 -0800] "GET /?author=12 HTTP/1.1" 404 21380 "-" "Mozilla/5.0 (Windows; U; Windows NT 5.1; en-US; rv:1.7.10) Gecko/20050716 Firefox/1.0.6" "gatipackers.com"
123.183.224.84 - - [06/Jan/2023:02:53:31 -0800] "GET / HTTP/1.1" 200 26917 "-" "Sogou web spider/4.0(+http://www.sogou.com/docs/help/webmasters.htm#07)" "www.gatipackers.com"
47.111.250.189 - - [06/Jan/2023:02:53:33 -0800] "GET /?author=13 HTTP/1.1" 404 21380 "-" "Mozilla/5.0 (Windows; U; Windows NT 5.1; en-US; rv:1.7.10) Gecko/20050716 Firefox/1.0.6" "gatipackers.com"
47.111.250.189 - - [06/Jan/2023:02:53:37 -0800] "GET /?author=14 HTTP/1.1" 404 21380 "-" "Mozilla/5.0 (Windows; U; Windows NT 5.1; en-US; rv:1.7.10) Gecko/20050716 Firefox/1.0.6" "gatipackers.com"
47.111.250.189 - - [06/Jan/2023:02:53:40 -0800] "GET /?author=15 HTTP/1.1" 404 21380 "-" "Mozilla/5.0 (Windows; U; Windows NT 5.1; en-US; rv:1.7.10) Gecko/20050716 Firefox/1.0.6" "gatipackers.com"
47.111.250.189 - - [06/Jan/2023:02:53:43 -0800] "GET /?author=16 HTTP/1.1" 404 21380 "-" "Mozilla/5.0 (Windows; U; Windows NT 5.1; en-US; rv:1.7.10) Gecko/20050716 Firefox/1.0.6" "gatipackers.com"
47.111.250.189 - - [06/Jan/2023:02:53:46 -0800] "GET /?author=17 HTTP/1.1" 404 21380 "-" "Mozilla/5.0 (Windows; U; Windows NT 5.1; en-US; rv:1.7.10) Gecko/20050716 Firefox/1.0.6" "gatipackers.com"
47.111.250.189 - - [06/Jan/2023:02:53:49 -0800] "GET /?author=18 HTTP/1.1" 404 21380 "-" "Mozilla/5.0 (Windows; U; Windows NT 5.1; en-US; rv:1.7.10) Gecko/20050716 Firefox/1.0.6" "gatipackers.com"
47.111.250.189 - - [06/Jan/2023:02:53:52 -0800] "GET /?author=19 HTTP/1.1" 404 21380 "-" "Mozilla/5.0 (Windows; U; Windows NT 5.1; en-US; rv:1.7.10) Gecko/20050716 Firefox/1.0.6" "gatipackers.com"
47.111.250.189 - - [06/Jan/2023:02:53:55 -0800] "GET /?author=20 HTTP/1.1" 404 21380 "-" "Mozilla/5.0 (Windows; U; Windows NT 5.1; en-US; rv:1.7.10) Gecko/20050716 Firefox/1.0.6" "gatipackers.com"
90.156.169.51 - - [06/Jan/2023:02:54:20 -0800] "GET /?author=31 HTTP/1.1" 404 21380 "-" "Mozilla/5.0 (Linux; Android 10; LM-X420) AppleWebKit/537.36 (KHTML, like Gecko) Chrome/91.0.4472.114 Mobile Safari/537.36" "gatipackers.com"
90.156.169.51 - - [06/Jan/2023:02:54:22 -0800] "GET /?author=31 HTTP/1.1" 404 21380 "-" "Mozilla/5.0 (Linux; Android 10; LM-X420) AppleWebKit/537.36 (KHTML, like Gecko) Chrome/91.0.4472.114 Mobile Safari/537.36" "gatipackers.com"
90.156.169.51 - - [06/Jan/2023:02:54:26 -0800] "GET /?author=32 HTTP/1.1" 404 21380 "-" "Mozilla/5.0 (Linux; Android 10; LM-X420) AppleWebKit/537.36 (KHTML, like Gecko) Chrome/91.0.4472.114 Mobile Safari/537.36" "gatipackers.com"
90.156.169.51 - - [06/Jan/2023:02:54:29 -0800] "GET /?author=33 HTTP/1.1" 404 21380 "-" "Mozilla/5.0 (Linux; Android 10; LM-X420) AppleWebKit/537.36 (KHTML, like Gecko) Chrome/91.0.4472.114 Mobile Safari/537.36" "gatipackers.com"
90.156.169.51 - - [06/Jan/2023:02:54:32 -0800] "GET /?author=34 HTTP/1.1" 404 21380 "-" "Mozilla/5.0 (Linux; Android 10; LM-X420) AppleWebKit/537.36 (KHTML, like Gecko) Chrome/91.0.4472.114 Mobile Safari/537.36" "gatipackers.com"
90.156.169.51 - - [06/Jan/2023:02:54:34 -0800] "GET /?author=35 HTTP/1.1" 404 21380 "-" "Mozilla/5.0 (Linux; Android 10; LM-X420) AppleWebKit/537.36 (KHTML, like Gecko) Chrome/91.0.4472.114 Mobile Safari/537.36" "gatipackers.com"
90.156.169.51 - - [06/Jan/2023:02:54:37 -0800] "GET /?author=36 HTTP/1.1" 404 21380 "-" "Mozilla/5.0 (Linux; Android 10; LM-X420) AppleWebKit/537.36 (KHTML, like Gecko) Chrome/91.0.4472.114 Mobile Safari/537.36" "gatipackers.com"
90.156.169.51 - - [06/Jan/2023:02:54:40 -0800] "GET /?author=37 HTTP/1.1" 404 21380 "-" "Mozilla/5.0 (Linux; Android 10; LM-X420) AppleWebKit/537.36 (KHTML, like Gecko) Chrome/91.0.4472.114 Mobile Safari/537.36" "gatipackers.com"
90.156.169.51 - - [06/Jan/2023:02:54:42 -0800] "GET /?author=38 HTTP/1.1" 404 21380 "-" "Mozilla/5.0 (Linux; Android 10; LM-X420) AppleWebKit/537.36 (KHTML, like Gecko) Chrome/91.0.4472.114 Mobile Safari/537.36" "gatipackers.com"
90.156.169.51 - - [06/Jan/2023:02:54:45 -0800] "GET /?author=39 HTTP/1.1" 404 21380 "-" "Mozilla/5.0 (Linux; Android 10; LM-X420) AppleWebKit/537.36 (KHTML, like Gecko) Chrome/91.0.4472.114 Mobile Safari/537.36" "gatipackers.com"
90.156.169.51 - - [06/Jan/2023:02:54:47 -0800] "GET /?author=40 HTTP/1.1" 404 21380 "-" "Mozilla/5.0 (Linux; Android 10; LM-X420) AppleWebKit/537.36 (KHTML, like Gecko) Chrome/91.0.4472.114 Mobile Safari/537.36" "gatipackers.com"
139.64.239.230 - - [06/Jan/2023:02:58:44 -0800] "POST /xmlrpc.php HTTP/1.1" 200 401 "-" "Mozilla/5.0 (Windows NT 10; Win64; x64; rv:75.0) Gecko/20100101 Firefox/75.0" "gatipackers.com"
37.204.161.9 - - [06/Jan/2023:03:04:16 -0800] "GET /home/request_a_survey/ HTTP/1.1" 200 779 "http://gatipackers.com/home/request_a_survey/" "Mozilla/5.0 (Windows NT 10.0; Win64; x64) AppleWebKit/537.36 (KHTML, like Gecko) Chrome/90.0.4430.72 Safari/537.36" "gatipackers.com"
37.204.161.9 - - [06/Jan/2023:03:04:16 -0800] "GET / HTTP/1.1" 200 26864 "http://gatipackers.com/" "Mozilla/5.0 (Windows NT 10.0; Win64; x64) AppleWebKit/537.36 (KHTML, like Gecko) Chrome/90.0.4430.72 Safari/537.36" "gatipackers.com"
37.204.161.9 - - [06/Jan/2023:03:04:21 -0800] "GET /index.php/2021/02/26/sample-page/ HTTP/1.1" 200 26215 "http://gatipackers.com/index.php/2021/02/26/sample-page/" "Mozilla/5.0 (Windows NT 10.0; Win64; x64) AppleWebKit/537.36 (KHTML, like Gecko) Chrome/90.0.4430.72 Safari/537.36" "gatipackers.com"
35.194.233.240 - - [06/Jan/2023:03:05:02 -0800] "POST /xmlrpc.php HTTP/1.1" 200 401 "-" "Mozilla/5.0 (Windows NT 10; Win64; x64; rv:75.0) Gecko/20100101 Firefox/75.0" "gatipackers.com"
190.92.137.165 - - [06/Jan/2023:03:10:58 -0800] "POST /xmlrpc.php HTTP/1.1" 200 401 "-" "Mozilla/5.0 (Windows NT 10; Win64; x64; rv:75.0) Gecko/20100101 Firefox/75.0" "gatipackers.com"
10.213.116.211 - - [06/Jan/2023:03:11:01 -0800] "POST /wp-cron.php?doing_wp_cron=1673003461.5393788814544677734375 HTTP/1.1" 200 - "http://gatipackers.com/wp-cron.php?doing_wp_cron=1673003461.5393788814544677734375" "WordPress/6.1.1; http://gatipackers.com" "gatipackers.com"
213.165.169.54 - - [06/Jan/2023:03:17:35 -0800] "POST /xmlrpc.php HTTP/1.1" 200 401 "-" "Mozilla/5.0 (Windows NT 10; Win64; x64; rv:75.0) Gecko/20100101 Firefox/75.0" "gatipackers.com"
49.7.21.110 - - [06/Jan/2023:03:22:34 -0800] "GET / HTTP/1.1" 200 26945 "-" "Sogou web spider/4.0(+http://www.sogou.com/docs/help/webmasters.htm#07)" "www.gatipackers.com"
10.213.116.210 - - [06/Jan/2023:03:22:37 -0800] "POST /wp-cron.php?doing_wp_cron=1673004157.0494699478149414062500 HTTP/1.1" 200 - "https://gatipackers.com/wp-cron.php?doing_wp_cron=1673004157.0494699478149414062500" "WordPress/6.1.1; https://gatipackers.com" "gatipackers.com"
206.189.112.203 - - [06/Jan/2023:03:23:46 -0800] "POST /xmlrpc.php HTTP/1.1" 200 401 "-" "Mozilla/5.0 (Windows NT 10; Win64; x64; rv:75.0) Gecko/20100101 Firefox/75.0" "gatipackers.com"
114.119.130.27 - - [06/Jan/2023:03:26:17 -0800] "GET /wp-login.php HTTP/1.1" 200 6569 "https://www.gatipackers.com?C=M%3BO%3DA" "Mozilla/5.0 (Linux; Android 7.0;) AppleWebKit/537.36 (KHTML, like Gecko) Mobile Safari/537.36 (compatible; PetalBot;+https://webmaster.petalsearch.com/site/petalbot)" "gatipackers.com"
62.197.159.21 - - [06/Jan/2023:03:30:16 -0800] "GET /?author=1 HTTP/1.1" 200 26590 "-" "Mozilla/5.0 (Windows NT 10.0; WOW64) AppleWebKit/537.36 (KHTML, like Gecko) Chrome/62.0.3198.0 Safari/537.36 OPR/49.0.2711.0" "gatipackers.com"
62.197.159.21 - - [06/Jan/2023:03:30:20 -0800] "GET /wp-json/wp/v2/users/ HTTP/1.1" 404 73 "-" "Mozilla/5.0 (Windows NT 10.0; WOW64) AppleWebKit/537.36 (KHTML, like Gecko) Chrome/62.0.3198.0 Safari/537.36 OPR/49.0.2711.0" "gatipackers.com"
212.83.128.29 - - [06/Jan/2023:03:30:37 -0800] "POST /xmlrpc.php HTTP/1.1" 200 401 "-" "Mozilla/5.0 (Windows NT 10; Win64; x64; rv:75.0) Gecko/20100101 Firefox/75.0" "gatipackers.com"
57.128.139.252 - - [06/Jan/2023:03:34:39 -0800] "GET /adminer.php HTTP/1.1" 404 88 "-" "Mozilla/5.0 (X11; Fedora; Linux x86_64; rv:90.0) Gecko/20100101 Firefox/90.0" "gatipackers.com"
114.119.165.136 - - [06/Jan/2023:03:35:39 -0800] "GET /robots.txt HTTP/1.1" 200 58 "-" "Mozilla/5.0 (compatible;PetalBot;+https://webmaster.petalsearch.com/site/petalbot)" "gatipackers.com"
163.44.252.154 - - [06/Jan/2023:03:36:52 -0800] "POST /xmlrpc.php HTTP/1.1" 200 401 "-" "Mozilla/5.0 (Windows NT 10; Win64; x64; rv:75.0) Gecko/20100101 Firefox/75.0" "gatipackers.com"
216.245.215.122 - - [06/Jan/2023:03:43:45 -0800] "POST /xmlrpc.php HTTP/1.1" 200 401 "-" "Mozilla/5.0 (Windows NT 10; Win64; x64; rv:75.0) Gecko/20100101 Firefox/75.0" "gatipackers.com"
10.213.116.211 - - [06/Jan/2023:03:43:50 -0800] "POST /wp-cron.php?doing_wp_cron=1673005430.3207979202270507812500 HTTP/1.1" 200 - "http://gatipackers.com/wp-cron.php?doing_wp_cron=1673005430.3207979202270507812500" "WordPress/6.1.1; http://gatipackers.com" "gatipackers.com"
78.109.19.21 - - [06/Jan/2023:03:50:21 -0800] "POST /xmlrpc.php HTTP/1.1" 200 401 "-" "Mozilla/5.0 (Windows NT 10; Win64; x64; rv:75.0) Gecko/20100101 Firefox/75.0" "gatipackers.com"
5.188.86.198 - - [06/Jan/2023:03:55:49 -0800] "POST /wp-login.php HTTP/1.1" 200 6932 "-" "Mozilla/5.0 (Windows NT 6.3; WOW64; rv:43.0) Gecko/20100101 Firefox/43.0" "gatipackers.com"
10.213.116.211 - - [06/Jan/2023:03:55:53 -0800] "POST /wp-cron.php?doing_wp_cron=1673006153.0796871185302734375000 HTTP/1.1" 200 - "http://gatipackers.com/wp-cron.php?doing_wp_cron=1673006153.0796871185302734375000" "WordPress/6.1.1; http://gatipackers.com" "gatipackers.com"
45.151.123.25 - - [06/Jan/2023:03:57:15 -0800] "POST /xmlrpc.php HTTP/1.1" 200 401 "-" "Mozilla/5.0 (Windows NT 10; Win64; x64; rv:75.0) Gecko/20100101 Firefox/75.0" "gatipackers.com"
62.197.159.21 - - [06/Jan/2023:04:02:43 -0800] "POST /xmlrpc.php HTTP/1.1" 200 403 "http://gatipackers.com/xmlrpc.php" "Mozilla/5.0 (Windows NT 10.0; WOW64) AppleWebKit/537.36 (KHTML, like Gecko) Chrome/62.0.3198.0 Safari/537.36 OPR/49.0.2711.0" "gatipackers.com"
194.233.76.165 - - [06/Jan/2023:04:03:55 -0800] "POST /xmlrpc.php HTTP/1.1" 200 401 "-" "Mozilla/5.0 (Windows NT 10; Win64; x64; rv:75.0) Gecko/20100101 Firefox/75.0" "gatipackers.com"
5.189.177.94 - - [06/Jan/2023:04:11:10 -0800] "POST /xmlrpc.php HTTP/1.1" 200 401 "-" "Mozilla/5.0 (Windows NT 10; Win64; x64; rv:75.0) Gecko/20100101 Firefox/75.0" "gatipackers.com"
10.213.116.209 - - [06/Jan/2023:04:11:14 -0800] "POST /wp-cron.php?doing_wp_cron=1673007074.5586049556732177734375 HTTP/1.1" 200 - "http://gatipackers.com/wp-cron.php?doing_wp_cron=1673007074.5586049556732177734375" "WordPress/6.1.1; http://gatipackers.com" "gatipackers.com"
15.235.97.24 - - [06/Jan/2023:04:18:09 -0800] "POST /xmlrpc.php HTTP/1.1" 200 401 "-" "Mozilla/5.0 (Windows NT 10; Win64; x64; rv:75.0) Gecko/20100101 Firefox/75.0" "gatipackers.com"
185.2.6.7 - - [06/Jan/2023:04:25:10 -0800] "POST /xmlrpc.php HTTP/1.1" 200 401 "-" "Mozilla/5.0 (Windows NT 10; Win64; x64; rv:75.0) Gecko/20100101 Firefox/75.0" "gatipackers.com"
10.213.116.209 - - [06/Jan/2023:04:25:13 -0800] "POST /wp-cron.php?doing_wp_cron=1673007913.7508099079132080078125 HTTP/1.1" 200 - "http://gatipackers.com/wp-cron.php?doing_wp_cron=1673007913.7508099079132080078125" "WordPress/6.1.1; http://gatipackers.com" "gatipackers.com"
178.128.104.173 - - [06/Jan/2023:04:32:05 -0800] "POST /xmlrpc.php HTTP/1.1" 200 401 "-" "Mozilla/5.0 (Windows NT 10; Win64; x64; rv:75.0) Gecko/20100101 Firefox/75.0" "gatipackers.com"
62.197.159.21 - - [06/Jan/2023:04:32:08 -0800] "GET /?author=1 HTTP/1.1" 200 26590 "-" "Mozilla/5.0 (Windows NT 10.0; WOW64) AppleWebKit/537.36 (KHTML, like Gecko) Chrome/62.0.3198.0 Safari/537.36 OPR/49.0.2711.0" "gatipackers.com"
62.197.159.21 - - [06/Jan/2023:04:34:29 -0800] "GET /?author=1 HTTP/1.1" 200 26590 "-" "Mozilla/5.0 (Windows NT 10.0; WOW64) AppleWebKit/537.36 (KHTML, like Gecko) Chrome/62.0.3198.0 Safari/537.36 OPR/49.0.2711.0" "gatipackers.com"
62.197.159.21 - - [06/Jan/2023:04:34:34 -0800] "GET /wp-json/wp/v2/users/ HTTP/1.1" 404 73 "-" "Mozilla/5.0 (Windows NT 10.0; WOW64) AppleWebKit/537.36 (KHTML, like Gecko) Chrome/62.0.3198.0 Safari/537.36 OPR/49.0.2711.0" "gatipackers.com"
62.197.159.21 - - [06/Jan/2023:04:34:34 -0800] "GET /wp-login.php HTTP/1.1" 200 6551 "http://gatipackers.com/wp-login.php" "Mozilla/5.0 (Windows NT 10.0; WOW64) AppleWebKit/537.36 (KHTML, like Gecko) Chrome/62.0.3198.0 Safari/537.36 OPR/49.0.2711.0" "gatipackers.com"
62.197.159.21 - - [06/Jan/2023:04:34:37 -0800] "POST /wp-login.php HTTP/1.1" 200 6944 "http://gatipackers.com/wp-login.php" "Mozilla/5.0 (Windows NT 10.0; WOW64) AppleWebKit/537.36 (KHTML, like Gecko) Chrome/62.0.3198.0 Safari/537.36 OPR/49.0.2711.0" "gatipackers.com"
5.189.177.94 - - [06/Jan/2023:04:39:35 -0800] "POST /xmlrpc.php HTTP/1.1" 200 401 "-" "Mozilla/5.0 (Windows NT 10; Win64; x64; rv:75.0) Gecko/20100101 Firefox/75.0" "gatipackers.com"
10.213.116.211 - - [06/Jan/2023:04:39:39 -0800] "POST /wp-cron.php?doing_wp_cron=1673008779.0306010246276855468750 HTTP/1.1" 200 - "http://gatipackers.com/wp-cron.php?doing_wp_cron=1673008779.0306010246276855468750" "WordPress/6.1.1; http://gatipackers.com" "gatipackers.com"
142.93.170.99 - - [06/Jan/2023:04:46:22 -0800] "POST /xmlrpc.php HTTP/1.1" 200 401 "-" "Mozilla/5.0 (Windows NT 10; Win64; x64; rv:75.0) Gecko/20100101 Firefox/75.0" "gatipackers.com"
45.77.113.239 - - [06/Jan/2023:04:53:38 -0800] "POST /xmlrpc.php HTTP/1.1" 200 401 "-" "Mozilla/5.0 (Windows NT 10; Win64; x64; rv:75.0) Gecko/20100101 Firefox/75.0" "gatipackers.com"
10.213.116.210 - - [06/Jan/2023:04:53:42 -0800] "POST /wp-cron.php?doing_wp_cron=1673009622.4375960826873779296875 HTTP/1.1" 200 - "http://gatipackers.com/wp-cron.php?doing_wp_cron=1673009622.4375960826873779296875" "WordPress/6.1.1; http://gatipackers.com" "gatipackers.com"
104.243.26.114 - - [06/Jan/2023:05:00:49 -0800] "POST /xmlrpc.php HTTP/1.1" 200 401 "-" "Mozilla/5.0 (Windows NT 10; Win64; x64; rv:75.0) Gecko/20100101 Firefox/75.0" "gatipackers.com"
45.149.79.127 - - [06/Jan/2023:05:08:08 -0800] "POST /xmlrpc.php HTTP/1.1" 200 401 "-" "Mozilla/5.0 (Windows NT 10; Win64; x64; rv:75.0) Gecko/20100101 Firefox/75.0" "gatipackers.com"
10.213.116.210 - - [06/Jan/2023:05:08:11 -0800] "POST /wp-cron.php?doing_wp_cron=1673010491.8567359447479248046875 HTTP/1.1" 200 - "http://gatipackers.com/wp-cron.php?doing_wp_cron=1673010491.8567359447479248046875" "WordPress/6.1.1; http://gatipackers.com" "gatipackers.com"
85.239.233.214 - - [06/Jan/2023:05:15:40 -0800] "POST /xmlrpc.php HTTP/1.1" 200 401 "-" "Mozilla/5.0 (Windows NT 10; Win64; x64; rv:75.0) Gecko/20100101 Firefox/75.0" "gatipackers.com"
89.252.140.197 - - [06/Jan/2023:05:23:43 -0800] "POST /xmlrpc.php HTTP/1.1" 200 401 "-" "Mozilla/5.0 (Windows NT 10; Win64; x64; rv:75.0) Gecko/20100101 Firefox/75.0" "gatipackers.com"
10.213.116.209 - - [06/Jan/2023:05:23:47 -0800] "POST /wp-cron.php?doing_wp_cron=1673011427.5512020587921142578125 HTTP/1.1" 200 - "http://gatipackers.com/wp-cron.php?doing_wp_cron=1673011427.5512020587921142578125" "WordPress/6.1.1; http://gatipackers.com" "gatipackers.com"
122.172.82.49 - - [06/Jan/2023:05:28:52 -0800] "GET /apple-touch-icon.png HTTP/1.1" 404 73 "-" "Mozilla/5.0 (Windows NT 10.0; Win64; x64) AppleWebKit/537.36 (KHTML, like Gecko) Chrome/55.0.2883.87 Safari/537.36 eM Client/9.2.1222.0" "www.gatipackers.com"
122.172.82.49 - - [06/Jan/2023:05:28:53 -0800] "GET /apple-touch-icon-precomposed.png HTTP/1.1" 404 73 "-" "Mozilla/5.0 (Windows NT 10.0; Win64; x64) AppleWebKit/537.36 (KHTML, like Gecko) Chrome/55.0.2883.87 Safari/537.36 eM Client/9.2.1222.0" "www.gatipackers.com"
122.172.82.49 - - [06/Jan/2023:05:28:53 -0800] "GET /favicon.ico HTTP/1.1" 404 73 "-" "Mozilla/5.0 (Windows NT 10.0; Win64; x64) AppleWebKit/537.36 (KHTML, like Gecko) Chrome/55.0.2883.87 Safari/537.36 eM Client/9.2.1222.0" "gatipackers.com"
122.172.82.49 - - [06/Jan/2023:05:28:53 -0800] "GET /apple-touch-icon-precomposed.png HTTP/1.1" 404 73 "-" "Mozilla/5.0 (Windows NT 10.0; Win64; x64) AppleWebKit/537.36 (KHTML, like Gecko) Chrome/55.0.2883.87 Safari/537.36 eM Client/9.2.1222.0" "gatipackers.com"
122.172.82.49 - - [06/Jan/2023:05:28:53 -0800] "GET /apple-touch-icon.png HTTP/1.1" 404 73 "-" "Mozilla/5.0 (Windows NT 10.0; Win64; x64) AppleWebKit/537.36 (KHTML, like Gecko) Chrome/55.0.2883.87 Safari/537.36 eM Client/9.2.1222.0" "gatipackers.com"
122.172.82.49 - - [06/Jan/2023:05:28:51 -0800] "GET / HTTP/1.1" 200 26917 "-" "Mozilla/5.0 (Windows NT 10.0; Win64; x64) AppleWebKit/537.36 (KHTML, like Gecko) Chrome/55.0.2883.87 Safari/537.36 eM Client/9.2.1222.0" "www.gatipackers.com"
122.172.82.49 - - [06/Jan/2023:05:28:53 -0800] "GET / HTTP/1.1" 200 26864 "-" "Mozilla/5.0 (Windows NT 10.0; Win64; x64) AppleWebKit/537.36 (KHTML, like Gecko) Chrome/55.0.2883.87 Safari/537.36 eM Client/9.2.1222.0" "gatipackers.com"
171.22.25.70 - - [06/Jan/2023:05:30:32 -0800] "POST /xmlrpc.php HTTP/1.1" 200 401 "-" "Mozilla/5.0 (Windows NT 10; Win64; x64; rv:75.0) Gecko/20100101 Firefox/75.0" "gatipackers.com"
62.197.159.21 - - [06/Jan/2023:05:34:20 -0800] "GET /wp-login.php HTTP/1.1" 200 6547 "http://gatipackers.com/wp-login.php" "Mozilla/5.0 (Windows NT 10.0; WOW64) AppleWebKit/537.36 (KHTML, like Gecko) Chrome/62.0.3198.0 Safari/537.36 OPR/49.0.2711.0" "gatipackers.com"
62.197.159.21 - - [06/Jan/2023:05:34:23 -0800] "POST /wp-login.php HTTP/1.1" 200 6939 "http://gatipackers.com/wp-login.php" "Mozilla/5.0 (Windows NT 10.0; WOW64) AppleWebKit/537.36 (KHTML, like Gecko) Chrome/62.0.3198.0 Safari/537.36 OPR/49.0.2711.0" "gatipackers.com"
190.60.234.22 - - [06/Jan/2023:05:38:27 -0800] "POST /xmlrpc.php HTTP/1.1" 200 401 "-" "Mozilla/5.0 (Windows NT 10; Win64; x64; rv:75.0) Gecko/20100101 Firefox/75.0" "gatipackers.com"
10.213.116.211 - - [06/Jan/2023:05:38:31 -0800] "POST /wp-cron.php?doing_wp_cron=1673012311.7726700305938720703125 HTTP/1.1" 200 - "http://gatipackers.com/wp-cron.php?doing_wp_cron=1673012311.7726700305938720703125" "WordPress/6.1.1; http://gatipackers.com" "gatipackers.com"
49.7.21.110 - - [06/Jan/2023:05:44:20 -0800] "GET / HTTP/1.1" 200 26917 "-" "Sogou web spider/4.0(+http://www.sogou.com/docs/help/webmasters.htm#07)" "www.gatipackers.com"
130.61.143.194 - - [06/Jan/2023:05:46:08 -0800] "POST /xmlrpc.php HTTP/1.1" 200 401 "-" "Mozilla/5.0 (Windows NT 10; Win64; x64; rv:75.0) Gecko/20100101 Firefox/75.0" "gatipackers.com"
62.197.159.21 - - [06/Jan/2023:05:50:14 -0800] "GET /?author=1 HTTP/1.1" 200 26590 "-" "Mozilla/5.0 (Windows NT 10.0; WOW64) AppleWebKit/537.36 (KHTML, like Gecko) Chrome/62.0.3198.0 Safari/537.36 OPR/49.0.2711.0" "gatipackers.com"
62.197.159.21 - - [06/Jan/2023:05:50:18 -0800] "GET /wp-json/wp/v2/users/ HTTP/1.1" 404 73 "-" "Mozilla/5.0 (Windows NT 10.0; WOW64) AppleWebKit/537.36 (KHTML, like Gecko) Chrome/62.0.3198.0 Safari/537.36 OPR/49.0.2711.0" "gatipackers.com"
38.242.156.140 - - [06/Jan/2023:05:53:39 -0800] "POST /xmlrpc.php HTTP/1.1" 200 401 "-" "Mozilla/5.0 (Windows NT 10; Win64; x64; rv:75.0) Gecko/20100101 Firefox/75.0" "gatipackers.com"
10.213.116.211 - - [06/Jan/2023:05:53:43 -0800] "POST /wp-cron.php?doing_wp_cron=1673013223.1596560478210449218750 HTTP/1.1" 200 - "http://gatipackers.com/wp-cron.php?doing_wp_cron=1673013223.1596560478210449218750" "WordPress/6.1.1; http://gatipackers.com" "gatipackers.com"
162.240.211.236 - - [06/Jan/2023:06:01:21 -0800] "POST /xmlrpc.php HTTP/1.1" 200 401 "-" "Mozilla/5.0 (Windows NT 10; Win64; x64; rv:75.0) Gecko/20100101 Firefox/75.0" "gatipackers.com"
123.125.109.91 - - [06/Jan/2023:06:08:33 -0800] "GET / HTTP/1.1" 200 26917 "-" "Sogou web spider/4.0(+http://www.sogou.com/docs/help/webmasters.htm#07)" "www.gatipackers.com"
10.213.116.211 - - [06/Jan/2023:06:08:37 -0800] "POST /wp-cron.php?doing_wp_cron=1673014117.3287010192871093750000 HTTP/1.1" 200 - "http://gatipackers.com/wp-cron.php?doing_wp_cron=1673014117.3287010192871093750000" "WordPress/6.1.1; http://gatipackers.com" "gatipackers.com"
171.244.21.74 - - [06/Jan/2023:06:08:59 -0800] "POST /xmlrpc.php HTTP/1.1" 200 401 "-" "Mozilla/5.0 (Windows NT 6.2; WOW64; rv:91.2.0) Gecko/20100101 Firefox/91.2.0" "gatipackers.com"
185.191.171.21 - - [06/Jan/2023:06:11:23 -0800] "GET /robots.txt HTTP/1.1" 200 58 "-" "Mozilla/5.0 (compatible; SemrushBot/7~bl; +http://www.semrush.com/bot.html)" "gatipackers.com"
185.191.171.19 - - [06/Jan/2023:06:11:24 -0800] "GET /index.php/author/administrator/ HTTP/1.1" 200 26620 "-" "Mozilla/5.0 (compatible; SemrushBot/7~bl; +http://www.semrush.com/bot.html)" "gatipackers.com"
61.222.243.149 - - [06/Jan/2023:06:16:44 -0800] "POST /xmlrpc.php HTTP/1.1" 200 401 "-" "Mozilla/5.0 (Windows NT 10; Win64; x64; rv:75.0) Gecko/20100101 Firefox/75.0" "gatipackers.com"
51.222.253.5 - - [06/Jan/2023:06:17:20 -0800] "GET /robots.txt HTTP/1.1" 200 58 "-" "Mozilla/5.0 (compatible; AhrefsBot/7.0; +http://ahrefs.com/robot/)" "gatipackers.com"
51.222.253.16 - - [06/Jan/2023:06:17:21 -0800] "GET /index.php/category/uncategorized/ HTTP/1.1" 200 24174 "-" "Mozilla/5.0 (compatible; AhrefsBot/7.0; +http://ahrefs.com/robot/)" "gatipackers.com"
62.197.159.21 - - [06/Jan/2023:06:22:46 -0800] "GET /?author=1 HTTP/1.1" 200 26590 "-" "Mozilla/5.0 (Windows NT 10.0; WOW64) AppleWebKit/537.36 (KHTML, like Gecko) Chrome/62.0.3198.0 Safari/537.36 OPR/49.0.2711.0" "gatipackers.com"
10.213.116.209 - - [06/Jan/2023:06:22:51 -0800] "POST /wp-cron.php?doing_wp_cron=1673014971.7951760292053222656250 HTTP/1.1" 200 - "http://gatipackers.com/wp-cron.php?doing_wp_cron=1673014971.7951760292053222656250" "WordPress/6.1.1; http://gatipackers.com" "gatipackers.com"
62.197.159.21 - - [06/Jan/2023:06:22:53 -0800] "POST /xmlrpc.php HTTP/1.1" 200 403 "http://gatipackers.com/xmlrpc.php" "Mozilla/5.0 (Windows NT 10.0; WOW64) AppleWebKit/537.36 (KHTML, like Gecko) Chrome/62.0.3198.0 Safari/537.36 OPR/49.0.2711.0" "gatipackers.com"
85.239.233.214 - - [06/Jan/2023:06:24:46 -0800] "POST /xmlrpc.php HTTP/1.1" 200 401 "-" "Mozilla/5.0 (Windows NT 10; Win64; x64; rv:75.0) Gecko/20100101 Firefox/75.0" "gatipackers.com"
51.195.41.33 - - [06/Jan/2023:06:27:37 -0800] "POST /xmlrpc.php HTTP/1.1" 200 401 "-" "Mozilla/5.0 (Windows NT 10; Win64; x64; rv:75.0) Gecko/20100101 Firefox/75.0" "gatipackers.com"
