10.213.116.211 - - [14/Jan/2023:05:03:30 -0800] "POST /wp-cron.php?doing_wp_cron=1673701410.6337859630584716796875 HTTP/1.1" 200 - "http://gatipackers.com/wp-cron.php?doing_wp_cron=1673701410.6337859630584716796875" "WordPress/6.1.1; http://gatipackers.com" "gatipackers.com"
106.223.178.62 - - [14/Jan/2023:05:03:33 -0800] "GET /wp-includes/css/classic-themes.min.css?ver=1 HTTP/1.1" 200 189 "http://www.gatipackers.com/" "Mozilla/5.0 (Linux; Android 10; SM-M205F) AppleWebKit/537.36 (KHTML, like Gecko) Chrome/108.0.0.0 Mobile Safari/537.36" "gatipackers.com"
106.223.178.62 - - [14/Jan/2023:05:03:33 -0800] "GET /wp-includes/css/dist/block-library/style.min.css?ver=6.1.1 HTTP/1.1" 200 12518 "http://www.gatipackers.com/" "Mozilla/5.0 (Linux; Android 10; SM-M205F) AppleWebKit/537.36 (KHTML, like Gecko) Chrome/108.0.0.0 Mobile Safari/537.36" "gatipackers.com"
106.223.178.62 - - [14/Jan/2023:05:03:33 -0800] "GET /wp-includes/js/wp-emoji-release.min.js?ver=6.1.1 HTTP/1.1" 200 5009 "http://www.gatipackers.com/" "Mozilla/5.0 (Linux; Android 10; SM-M205F) AppleWebKit/537.36 (KHTML, like Gecko) Chrome/108.0.0.0 Mobile Safari/537.36" "gatipackers.com"
106.223.178.62 - - [14/Jan/2023:05:03:33 -0800] "GET /wp-content/themes/twentynineteen/style.css?ver=1.1 HTTP/1.1" 200 19371 "http://www.gatipackers.com/" "Mozilla/5.0 (Linux; Android 10; SM-M205F) AppleWebKit/537.36 (KHTML, like Gecko) Chrome/108.0.0.0 Mobile Safari/537.36" "gatipackers.com"
106.223.178.62 - - [14/Jan/2023:05:03:33 -0800] "GET /wp-content/themes/twentynineteen/print.css?ver=1.1 HTTP/1.1" 200 1230 "http://www.gatipackers.com/" "Mozilla/5.0 (Linux; Android 10; SM-M205F) AppleWebKit/537.36 (KHTML, like Gecko) Chrome/108.0.0.0 Mobile Safari/537.36" "gatipackers.com"
106.223.178.62 - - [14/Jan/2023:05:03:34 -0800] "GET /favicon.ico HTTP/1.1" 404 88 "http://www.gatipackers.com/" "Mozilla/5.0 (Linux; Android 10; SM-M205F) AppleWebKit/537.36 (KHTML, like Gecko) Chrome/108.0.0.0 Mobile Safari/537.36" "www.gatipackers.com"
106.223.178.62 - - [14/Jan/2023:05:03:37 -0800] "GET / HTTP/1.1" 200 26917 "https://www.glassdoor.co.in/" "Mozilla/5.0 (Linux; Android 10; SM-M205F) AppleWebKit/537.36 (KHTML, like Gecko) Chrome/108.0.0.0 Mobile Safari/537.36" "www.gatipackers.com"
61.135.159.131 - - [14/Jan/2023:05:18:14 -0800] "GET / HTTP/1.1" 200 26945 "-" "Sogou web spider/4.0(+http://www.sogou.com/docs/help/webmasters.htm#07)" "www.gatipackers.com"
10.213.116.209 - - [14/Jan/2023:05:18:18 -0800] "POST /wp-cron.php?doing_wp_cron=1673702298.0265479087829589843750 HTTP/1.1" 200 - "https://gatipackers.com/wp-cron.php?doing_wp_cron=1673702298.0265479087829589843750" "WordPress/6.1.1; https://gatipackers.com" "gatipackers.com"
49.7.21.110 - - [14/Jan/2023:05:37:30 -0800] "GET / HTTP/1.1" 200 26917 "-" "Sogou web spider/4.0(+http://www.sogou.com/docs/help/webmasters.htm#07)" "www.gatipackers.com"
10.213.116.209 - - [14/Jan/2023:05:37:33 -0800] "POST /wp-cron.php?doing_wp_cron=1673703453.6731319427490234375000 HTTP/1.1" 200 - "http://gatipackers.com/wp-cron.php?doing_wp_cron=1673703453.6731319427490234375000" "WordPress/6.1.1; http://gatipackers.com" "gatipackers.com"
114.119.155.232 - - [14/Jan/2023:05:41:34 -0800] "GET /index.htm.bak HTTP/1.1" 200 863 "https://www.gatipackers.com?C=D%3BO%3DA" "Mozilla/5.0 (Linux; Android 7.0;) AppleWebKit/537.36 (KHTML, like Gecko) Mobile Safari/537.36 (compatible; PetalBot;+https://webmaster.petalsearch.com/site/petalbot)" "www.gatipackers.com"
10.213.116.211 - - [14/Jan/2023:05:44:15 -0800] "POST /wp-cron.php?doing_wp_cron=1673703855.6569359302520751953125 HTTP/1.1" 200 - "https://gatipackers.com/wp-cron.php?doing_wp_cron=1673703855.6569359302520751953125" "WordPress/6.1.1; https://gatipackers.com" "gatipackers.com"
94.250.250.48 - - [14/Jan/2023:05:57:01 -0800] "GET /wp-login.php HTTP/1.1" 200 6552 "" "Mozilla/5.0 (Windows NT 10.0; Win64; x64; rv:108.0) Gecko/20100101 Firefox/108.0" "gatipackers.com"
94.250.250.48 - - [14/Jan/2023:05:57:06 -0800] "GET /wp-json/wp/v2/users HTTP/1.1" 404 88 "" "Mozilla/5.0 (Windows NT 10.0; Win64; x64; rv:108.0) Gecko/20100101 Firefox/108.0" "gatipackers.com"
10.213.116.209 - - [14/Jan/2023:05:57:04 -0800] "POST /wp-cron.php?doing_wp_cron=1673704624.5707259178161621093750 HTTP/1.1" 200 - "http://gatipackers.com/wp-cron.php?doing_wp_cron=1673704624.5707259178161621093750" "WordPress/6.1.1; http://gatipackers.com" "gatipackers.com"
94.250.250.48 - - [14/Jan/2023:05:57:06 -0800] "POST /wp-login.php HTTP/1.1" 200 6928 "http://gatipackers.com/wp-login.php?redirect_to=http%3A%2F%2Fgatipackers.com%2Fwp-admin%2F" "Mozilla/5.0 (Windows NT 10.0; Win64; x64; rv:108.0) Gecko/20100101 Firefox/108.0" "gatipackers.com"
114.119.136.203 - - [14/Jan/2023:06:09:40 -0800] "GET /index.php/comments/feed HTTP/1.1" 200 779 "https://gatipackers.com/" "Mozilla/5.0 (Linux; Android 7.0;) AppleWebKit/537.36 (KHTML, like Gecko) Mobile Safari/537.36 (compatible; PetalBot;+https://webmaster.petalsearch.com/site/petalbot)" "gatipackers.com"
10.213.116.209 - - [14/Jan/2023:06:09:43 -0800] "POST /wp-cron.php?doing_wp_cron=1673705383.5304849147796630859375 HTTP/1.1" 200 - "https://gatipackers.com/wp-cron.php?doing_wp_cron=1673705383.5304849147796630859375" "WordPress/6.1.1; https://gatipackers.com" "gatipackers.com"
173.239.224.77 - - [14/Jan/2023:06:54:43 -0800] "GET / HTTP/1.1" 200 26864 "-" "Mozilla/5.0 (Windows NT 10.0; Win64; x64) AppleWebKit/537.36 (KHTML, like Gecko) Chrome/88.0.4240.193 Safari/537.36" "gatipackers.com"
10.213.116.209 - - [14/Jan/2023:06:54:46 -0800] "POST /wp-cron.php?doing_wp_cron=1673708086.9218120574951171875000 HTTP/1.1" 200 - "http://gatipackers.com/wp-cron.php?doing_wp_cron=1673708086.9218120574951171875000" "WordPress/6.1.1; http://gatipackers.com" "gatipackers.com"
172.98.33.206 - - [14/Jan/2023:06:54:48 -0800] "GET /wp-login.php HTTP/1.1" 200 6551 "-" "Mozilla/5.0 (Windows NT 10.0; Win64; x64) AppleWebKit/537.36 (KHTML, like Gecko) Chrome/88.0.4240.193 Safari/537.36" "gatipackers.com"
173.239.224.73 - - [14/Jan/2023:06:54:52 -0800] "GET /?author=3 HTTP/1.1" 404 21380 "-" "Mozilla/5.0 (Windows NT 10.0; Win64; x64) AppleWebKit/537.36 (KHTML, like Gecko) Chrome/88.0.4240.193 Safari/537.36" "gatipackers.com"
173.239.224.73 - - [14/Jan/2023:06:55:16 -0800] "GET /wp-json/oembed/1.0/embed?url=http://gatipackers.com HTTP/1.1" 404 73 "-" "Mozilla/5.0 (Windows NT 10.0; Win64; x64) AppleWebKit/537.36 (KHTML, like Gecko) Chrome/88.0.4240.193 Safari/537.36" "gatipackers.com"
173.239.224.73 - - [14/Jan/2023:06:55:16 -0800] "POST /xmlrpc.php HTTP/1.1" 200 401 "-" "Mozilla/5.0 (Windows NT 10.0; Win64; x64) AppleWebKit/537.36 (KHTML, like Gecko) Chrome/88.0.4240.193 Safari/537.36" "gatipackers.com"
173.239.224.73 - - [14/Jan/2023:06:55:18 -0800] "POST /xmlrpc.php HTTP/1.1" 200 401 "-" "Mozilla/5.0 (Windows NT 10.0; Win64; x64) AppleWebKit/537.36 (KHTML, like Gecko) Chrome/88.0.4240.193 Safari/537.36" "gatipackers.com"
173.239.224.73 - - [14/Jan/2023:06:55:22 -0800] "POST /xmlrpc.php HTTP/1.1" 200 401 "-" "Mozilla/5.0 (Windows NT 10.0; Win64; x64) AppleWebKit/537.36 (KHTML, like Gecko) Chrome/88.0.4240.193 Safari/537.36" "gatipackers.com"
173.239.224.73 - - [14/Jan/2023:06:55:23 -0800] "POST /xmlrpc.php HTTP/1.1" 200 401 "-" "Mozilla/5.0 (Windows NT 10.0; Win64; x64) AppleWebKit/537.36 (KHTML, like Gecko) Chrome/88.0.4240.193 Safari/537.36" "gatipackers.com"
173.239.224.73 - - [14/Jan/2023:06:55:26 -0800] "POST /xmlrpc.php HTTP/1.1" 200 401 "-" "Mozilla/5.0 (Windows NT 10.0; Win64; x64) AppleWebKit/537.36 (KHTML, like Gecko) Chrome/88.0.4240.193 Safari/537.36" "gatipackers.com"
173.239.224.73 - - [14/Jan/2023:06:55:29 -0800] "POST /xmlrpc.php HTTP/1.1" 200 508 "-" "Mozilla/5.0 (Windows NT 10.0; Win64; x64) AppleWebKit/537.36 (KHTML, like Gecko) Chrome/88.0.4240.193 Safari/537.36" "gatipackers.com"
173.239.224.73 - - [14/Jan/2023:06:55:31 -0800] "POST /xmlrpc.php HTTP/1.1" 200 508 "-" "Mozilla/5.0 (Windows NT 10.0; Win64; x64) AppleWebKit/537.36 (KHTML, like Gecko) Chrome/88.0.4240.193 Safari/537.36" "gatipackers.com"
173.239.224.73 - - [14/Jan/2023:06:55:33 -0800] "POST /xmlrpc.php HTTP/1.1" 200 508 "-" "Mozilla/5.0 (Windows NT 10.0; Win64; x64) AppleWebKit/537.36 (KHTML, like Gecko) Chrome/88.0.4240.193 Safari/537.36" "gatipackers.com"
173.239.224.73 - - [14/Jan/2023:06:55:35 -0800] "POST /xmlrpc.php HTTP/1.1" 200 508 "-" "Mozilla/5.0 (Windows NT 10.0; Win64; x64) AppleWebKit/537.36 (KHTML, like Gecko) Chrome/88.0.4240.193 Safari/537.36" "gatipackers.com"
173.239.224.73 - - [14/Jan/2023:06:55:37 -0800] "POST /xmlrpc.php HTTP/1.1" 200 508 "-" "Mozilla/5.0 (Windows NT 10.0; Win64; x64) AppleWebKit/537.36 (KHTML, like Gecko) Chrome/88.0.4240.193 Safari/537.36" "gatipackers.com"
173.239.224.73 - - [14/Jan/2023:06:55:39 -0800] "POST /xmlrpc.php HTTP/1.1" 200 508 "-" "Mozilla/5.0 (Windows NT 10.0; Win64; x64) AppleWebKit/537.36 (KHTML, like Gecko) Chrome/88.0.4240.193 Safari/537.36" "gatipackers.com"
173.239.224.73 - - [14/Jan/2023:06:55:41 -0800] "POST /xmlrpc.php HTTP/1.1" 200 508 "-" "Mozilla/5.0 (Windows NT 10.0; Win64; x64) AppleWebKit/537.36 (KHTML, like Gecko) Chrome/88.0.4240.193 Safari/537.36" "gatipackers.com"
173.239.224.73 - - [14/Jan/2023:06:55:43 -0800] "POST /xmlrpc.php HTTP/1.1" 200 508 "-" "Mozilla/5.0 (Windows NT 10.0; Win64; x64) AppleWebKit/537.36 (KHTML, like Gecko) Chrome/88.0.4240.193 Safari/537.36" "gatipackers.com"
173.239.224.73 - - [14/Jan/2023:06:55:45 -0800] "POST /xmlrpc.php HTTP/1.1" 200 508 "-" "Mozilla/5.0 (Windows NT 10.0; Win64; x64) AppleWebKit/537.36 (KHTML, like Gecko) Chrome/88.0.4240.193 Safari/537.36" "gatipackers.com"
173.239.224.73 - - [14/Jan/2023:06:55:47 -0800] "POST /xmlrpc.php HTTP/1.1" 200 508 "-" "Mozilla/5.0 (Windows NT 10.0; Win64; x64) AppleWebKit/537.36 (KHTML, like Gecko) Chrome/88.0.4240.193 Safari/537.36" "gatipackers.com"
173.239.224.73 - - [14/Jan/2023:06:55:48 -0800] "POST /xmlrpc.php HTTP/1.1" 200 508 "-" "Mozilla/5.0 (Windows NT 10.0; Win64; x64) AppleWebKit/537.36 (KHTML, like Gecko) Chrome/88.0.4240.193 Safari/537.36" "gatipackers.com"
173.239.224.73 - - [14/Jan/2023:06:55:50 -0800] "POST /xmlrpc.php HTTP/1.1" 200 508 "-" "Mozilla/5.0 (Windows NT 10.0; Win64; x64) AppleWebKit/537.36 (KHTML, like Gecko) Chrome/88.0.4240.193 Safari/537.36" "gatipackers.com"
173.239.224.73 - - [14/Jan/2023:06:55:52 -0800] "POST /xmlrpc.php HTTP/1.1" 200 508 "-" "Mozilla/5.0 (Windows NT 10.0; Win64; x64) AppleWebKit/537.36 (KHTML, like Gecko) Chrome/88.0.4240.193 Safari/537.36" "gatipackers.com"
173.239.224.73 - - [14/Jan/2023:06:55:54 -0800] "POST /xmlrpc.php HTTP/1.1" 200 508 "-" "Mozilla/5.0 (Windows NT 10.0; Win64; x64) AppleWebKit/537.36 (KHTML, like Gecko) Chrome/88.0.4240.193 Safari/537.36" "gatipackers.com"
173.239.224.73 - - [14/Jan/2023:06:55:56 -0800] "POST /xmlrpc.php HTTP/1.1" 200 508 "-" "Mozilla/5.0 (Windows NT 10.0; Win64; x64) AppleWebKit/537.36 (KHTML, like Gecko) Chrome/88.0.4240.193 Safari/537.36" "gatipackers.com"
173.239.224.73 - - [14/Jan/2023:06:55:58 -0800] "POST /xmlrpc.php HTTP/1.1" 200 508 "-" "Mozilla/5.0 (Windows NT 10.0; Win64; x64) AppleWebKit/537.36 (KHTML, like Gecko) Chrome/88.0.4240.193 Safari/537.36" "gatipackers.com"
173.239.224.73 - - [14/Jan/2023:06:55:59 -0800] "POST /xmlrpc.php HTTP/1.1" 200 508 "-" "Mozilla/5.0 (Windows NT 10.0; Win64; x64) AppleWebKit/537.36 (KHTML, like Gecko) Chrome/88.0.4240.193 Safari/537.36" "gatipackers.com"
173.239.224.73 - - [14/Jan/2023:06:56:01 -0800] "POST /xmlrpc.php HTTP/1.1" 200 508 "-" "Mozilla/5.0 (Windows NT 10.0; Win64; x64) AppleWebKit/537.36 (KHTML, like Gecko) Chrome/88.0.4240.193 Safari/537.36" "gatipackers.com"
173.239.224.73 - - [14/Jan/2023:06:56:02 -0800] "POST /xmlrpc.php HTTP/1.1" 200 508 "-" "Mozilla/5.0 (Windows NT 10.0; Win64; x64) AppleWebKit/537.36 (KHTML, like Gecko) Chrome/88.0.4240.193 Safari/537.36" "gatipackers.com"
173.239.224.73 - - [14/Jan/2023:06:56:04 -0800] "POST /xmlrpc.php HTTP/1.1" 200 508 "-" "Mozilla/5.0 (Windows NT 10.0; Win64; x64) AppleWebKit/537.36 (KHTML, like Gecko) Chrome/88.0.4240.193 Safari/537.36" "gatipackers.com"
173.239.224.73 - - [14/Jan/2023:06:56:06 -0800] "POST /xmlrpc.php HTTP/1.1" 200 508 "-" "Mozilla/5.0 (Windows NT 10.0; Win64; x64) AppleWebKit/537.36 (KHTML, like Gecko) Chrome/88.0.4240.193 Safari/537.36" "gatipackers.com"
173.239.224.73 - - [14/Jan/2023:06:56:08 -0800] "POST /xmlrpc.php HTTP/1.1" 200 508 "-" "Mozilla/5.0 (Windows NT 10.0; Win64; x64) AppleWebKit/537.36 (KHTML, like Gecko) Chrome/88.0.4240.193 Safari/537.36" "gatipackers.com"
173.239.224.73 - - [14/Jan/2023:06:56:09 -0800] "POST /xmlrpc.php HTTP/1.1" 500 5475 "-" "Mozilla/5.0 (Windows NT 10.0; Win64; x64) AppleWebKit/537.36 (KHTML, like Gecko) Chrome/88.0.4240.193 Safari/537.36" "gatipackers.com"
173.239.224.73 - - [14/Jan/2023:06:56:10 -0800] "POST /wp-login.php HTTP/1.1" 503 2696 "http://gatipackers.com/wp-login.php" "Mozilla/5.0 (Windows NT 10.0; Win64; x64) AppleWebKit/537.36 (KHTML, like Gecko) Chrome/88.0.4240.193 Safari/537.36" "gatipackers.com"
114.119.136.146 - - [14/Jan/2023:07:14:06 -0800] "GET /1 HTTP/1.1" 200 - "https://gatipackers.com?C=S%3BO%3DA" "Mozilla/5.0 (Linux; Android 7.0;) AppleWebKit/537.36 (KHTML, like Gecko) Mobile Safari/537.36 (compatible; PetalBot;+https://webmaster.petalsearch.com/site/petalbot)" "gatipackers.com"
114.119.140.206 - - [14/Jan/2023:07:16:22 -0800] "GET / HTTP/1.1" 200 26892 "https://gatipackers.com?C=N%3BO%3DD" "Mozilla/5.0 (Linux; Android 7.0;) AppleWebKit/537.36 (KHTML, like Gecko) Mobile Safari/537.36 (compatible; PetalBot;+https://webmaster.petalsearch.com/site/petalbot)" "gatipackers.com"
10.213.116.210 - - [14/Jan/2023:07:16:26 -0800] "POST /wp-cron.php?doing_wp_cron=1673709386.4478530883789062500000 HTTP/1.1" 200 - "https://gatipackers.com/wp-cron.php?doing_wp_cron=1673709386.4478530883789062500000" "WordPress/6.1.1; https://gatipackers.com" "gatipackers.com"
114.119.140.196 - - [14/Jan/2023:07:30:38 -0800] "GET /sitemap.xml HTTP/1.1" 200 190 "-" "Mozilla/5.0 (Linux; Android 7.0;) AppleWebKit/537.36 (KHTML, like Gecko) Mobile Safari/537.36 (compatible; PetalBot;+https://webmaster.petalsearch.com/site/petalbot)" "www.gatipackers.com"
40.77.167.8 - - [14/Jan/2023:07:53:14 -0800] "GET /robots.txt HTTP/1.1" 200 58 "-" "Mozilla/5.0 AppleWebKit/537.36 (KHTML, like Gecko; compatible; bingbot/2.0; +http://www.bing.com/bingbot.htm) Chrome/103.0.5060.134 Safari/537.36" "www.gatipackers.com"
40.77.167.50 - - [14/Jan/2023:07:53:16 -0800] "GET /online_quote HTTP/1.1" 404 88 "-" "Mozilla/5.0 (compatible; bingbot/2.0; +http://www.bing.com/bingbot.htm)" "www.gatipackers.com"
14.116.152.84 - - [14/Jan/2023:08:00:08 -0800] "GET / HTTP/1.1" 200 26864 "-" "Mozilla/5.0 (iPhone; CPU iPhone OS 13_2_3 like Mac OS X) AppleWebKit/605.1.15 (KHTML, like Gecko) Version/13.0.3 Mobile/15E148 Safari/604.1" "gatipackers.com"
10.213.116.209 - - [14/Jan/2023:08:00:11 -0800] "POST /wp-cron.php?doing_wp_cron=1673712011.7399609088897705078125 HTTP/1.1" 200 - "http://gatipackers.com/wp-cron.php?doing_wp_cron=1673712011.7399609088897705078125" "WordPress/6.1.1; http://gatipackers.com" "gatipackers.com"
171.8.172.233 - - [14/Jan/2023:08:10:03 -0800] "GET /robots.txt HTTP/1.1" 200 58 "-" "Mozilla/5.0 (Windows NT 10.0; Win64; x64) AppleWebKit/537.36 (KHTML, like Gecko) Chrome/92.0.4515.159 Safari/537.36" "www.gatipackers.com"
92.204.134.137 - - [14/Jan/2023:08:17:51 -0800] "GET /wp-login.php HTTP/1.1" 200 6549 "" "Mozilla/5.0 (Windows NT 10.0; Win64; x64; rv:108.0) Gecko/20100101 Firefox/108.0" "gatipackers.com"
92.204.134.137 - - [14/Jan/2023:08:17:57 -0800] "GET /wp-json/wp/v2/users HTTP/1.1" 404 88 "" "Mozilla/5.0 (Windows NT 10.0; Win64; x64; rv:108.0) Gecko/20100101 Firefox/108.0" "gatipackers.com"
10.213.116.210 - - [14/Jan/2023:08:17:56 -0800] "POST /wp-cron.php?doing_wp_cron=1673713076.0952589511871337890625 HTTP/1.1" 200 - "http://gatipackers.com/wp-cron.php?doing_wp_cron=1673713076.0952589511871337890625" "WordPress/6.1.1; http://gatipackers.com" "gatipackers.com"
92.204.134.137 - - [14/Jan/2023:08:17:57 -0800] "POST /wp-login.php HTTP/1.1" 200 6921 "http://gatipackers.com/wp-login.php?redirect_to=http%3A%2F%2Fgatipackers.com%2Fwp-admin%2F" "Mozilla/5.0 (Windows NT 10.0; Win64; x64; rv:108.0) Gecko/20100101 Firefox/108.0" "gatipackers.com"
34.126.95.98 - - [14/Jan/2023:08:24:22 -0800] "GET /wp-login.php HTTP/1.1" 200 6553 "" "Mozilla/5.0 (Windows NT 10.0; Win64; x64; rv:108.0) Gecko/20100101 Firefox/108.0" "gatipackers.com"
34.126.95.98 - - [14/Jan/2023:08:24:27 -0800] "GET /wp-json/wp/v2/users HTTP/1.1" 404 88 "" "Mozilla/5.0 (Windows NT 10.0; Win64; x64; rv:108.0) Gecko/20100101 Firefox/108.0" "gatipackers.com"
10.213.116.211 - - [14/Jan/2023:08:24:26 -0800] "POST /wp-cron.php?doing_wp_cron=1673713466.2832100391387939453125 HTTP/1.1" 200 - "http://gatipackers.com/wp-cron.php?doing_wp_cron=1673713466.2832100391387939453125" "WordPress/6.1.1; http://gatipackers.com" "gatipackers.com"
34.126.95.98 - - [14/Jan/2023:08:24:28 -0800] "POST /wp-login.php HTTP/1.1" 200 6929 "http://gatipackers.com/wp-login.php?redirect_to=http%3A%2F%2Fgatipackers.com%2Fwp-admin%2F" "Mozilla/5.0 (Windows NT 10.0; Win64; x64; rv:108.0) Gecko/20100101 Firefox/108.0" "gatipackers.com"
34.87.94.148 - - [14/Jan/2023:08:33:17 -0800] "GET /wp-login.php HTTP/1.1" 200 6546 "" "Mozilla/5.0 (Windows NT 10.0; Win64; x64; rv:108.0) Gecko/20100101 Firefox/108.0" "gatipackers.com"
34.87.94.148 - - [14/Jan/2023:08:33:21 -0800] "GET /wp-json/wp/v2/users HTTP/1.1" 404 88 "" "Mozilla/5.0 (Windows NT 10.0; Win64; x64; rv:108.0) Gecko/20100101 Firefox/108.0" "gatipackers.com"
34.87.94.148 - - [14/Jan/2023:08:33:21 -0800] "POST /wp-login.php HTTP/1.1" 200 6921 "http://gatipackers.com/wp-login.php?redirect_to=http%3A%2F%2Fgatipackers.com%2Fwp-admin%2F" "Mozilla/5.0 (Windows NT 10.0; Win64; x64; rv:108.0) Gecko/20100101 Firefox/108.0" "gatipackers.com"
62.148.147.225 - - [14/Jan/2023:08:36:36 -0800] "GET / HTTP/1.1" 200 26864 "http://gatipackers.com/" "Mozilla/5.0 (Windows NT 6.1; Win64; x64) AppleWebKit/537.36 (KHTML, like Gecko) Chrome/90.0.4430.85 Safari/537.36" "gatipackers.com"
40.77.167.50 - - [14/Jan/2023:09:11:13 -0800] "GET /online_quote HTTP/1.1" 404 88 "-" "Mozilla/5.0 AppleWebKit/537.36 (KHTML, like Gecko; compatible; bingbot/2.0; +http://www.bing.com/bingbot.htm) Chrome/103.0.5060.134 Safari/537.36" "www.gatipackers.com"
54.36.148.179 - - [14/Jan/2023:09:14:36 -0800] "GET /robots.txt HTTP/1.1" 200 58 "-" "Mozilla/5.0 (compatible; AhrefsBot/7.0; +http://ahrefs.com/robot/)" "www.gatipackers.com"
51.222.253.1 - - [14/Jan/2023:09:14:38 -0800] "GET / HTTP/1.1" 200 26945 "-" "Mozilla/5.0 (compatible; AhrefsBot/7.0; +http://ahrefs.com/robot/)" "www.gatipackers.com"
10.213.116.209 - - [14/Jan/2023:09:14:42 -0800] "POST /wp-cron.php?doing_wp_cron=1673716482.1619110107421875000000 HTTP/1.1" 200 - "https://gatipackers.com/wp-cron.php?doing_wp_cron=1673716482.1619110107421875000000" "WordPress/6.1.1; https://gatipackers.com" "gatipackers.com"
114.119.150.223 - - [14/Jan/2023:09:22:31 -0800] "GET /robots.txt HTTP/1.1" 200 58 "-" "Mozilla/5.0 (compatible;PetalBot;+https://webmaster.petalsearch.com/site/petalbot)" "www.gatipackers.com"
89.22.234.115 - - [14/Jan/2023:09:27:23 -0800] "GET /home/request_a_survey/ HTTP/1.1" 200 779 "http://gatipackers.com/home/request_a_survey/" "Mozilla/5.0 (Windows NT 6.1; WOW64) AppleWebKit/537.36 (KHTML, like Gecko) Chrome/90.0.4430.93 Safari/537.36" "gatipackers.com"
89.22.234.115 - - [14/Jan/2023:09:27:24 -0800] "GET / HTTP/1.1" 200 26864 "http://gatipackers.com/" "Mozilla/5.0 (Windows NT 6.1; WOW64) AppleWebKit/537.36 (KHTML, like Gecko) Chrome/90.0.4430.93 Safari/537.36" "gatipackers.com"
10.213.116.209 - - [14/Jan/2023:09:27:27 -0800] "POST /wp-cron.php?doing_wp_cron=1673717247.6492249965667724609375 HTTP/1.1" 200 - "http://gatipackers.com/wp-cron.php?doing_wp_cron=1673717247.6492249965667724609375" "WordPress/6.1.1; http://gatipackers.com" "gatipackers.com"
89.22.234.115 - - [14/Jan/2023:09:27:30 -0800] "GET /index.php/2021/02/26/sample-page/ HTTP/1.1" 200 26215 "http://gatipackers.com/index.php/2021/02/26/sample-page/" "Mozilla/5.0 (Windows NT 6.1; WOW64) AppleWebKit/537.36 (KHTML, like Gecko) Chrome/90.0.4430.93 Safari/537.36" "gatipackers.com"
123.125.109.135 - - [14/Jan/2023:09:34:59 -0800] "GET / HTTP/1.1" 200 26917 "-" "Sogou web spider/4.0(+http://www.sogou.com/docs/help/webmasters.htm#07)" "www.gatipackers.com"
17.241.227.11 - - [14/Jan/2023:09:42:06 -0800] "GET /wp-login.php HTTP/1.1" 200 6550 "-" "Mozilla/5.0 (Macintosh; Intel Mac OS X 10_15_5) AppleWebKit/605.1.15 (KHTML, like Gecko) Version/13.1.1 Safari/605.1.15 (Applebot/0.1; +http://www.apple.com/go/applebot)" "gatipackers.com"
10.213.116.211 - - [14/Jan/2023:09:42:10 -0800] "POST /wp-cron.php?doing_wp_cron=1673718130.2513599395751953125000 HTTP/1.1" 200 - "http://gatipackers.com/wp-cron.php?doing_wp_cron=1673718130.2513599395751953125000" "WordPress/6.1.1; http://gatipackers.com" "gatipackers.com"
157.55.39.118 - - [14/Jan/2023:09:43:07 -0800] "GET /index.php/2021/02/26/sample-page/ HTTP/1.1" 200 26215 "-" "Mozilla/5.0 AppleWebKit/537.36 (KHTML, like Gecko; compatible; bingbot/2.0; +http://www.bing.com/bingbot.htm) Chrome/103.0.5060.134 Safari/537.36" "gatipackers.com"
157.55.39.171 - - [14/Jan/2023:09:43:43 -0800] "GET /wp-includes/css/dist/block-library/style.min.css?ver=6.1.1 HTTP/1.1" 200 12518 "-" "Mozilla/5.0 AppleWebKit/537.36 (KHTML, like Gecko; compatible; bingbot/2.0; +http://www.bing.com/bingbot.htm) Chrome/103.0.5060.134 Safari/537.36" "gatipackers.com"
207.46.13.160 - - [14/Jan/2023:09:43:47 -0800] "GET /wp-content/themes/twentynineteen/print.css?ver=1.1 HTTP/1.1" 200 1230 "-" "Mozilla/5.0 (compatible; bingbot/2.0; +http://www.bing.com/bingbot.htm)" "gatipackers.com"
157.55.39.22 - - [14/Jan/2023:09:43:47 -0800] "GET /wp-includes/css/classic-themes.min.css?ver=1 HTTP/1.1" 200 189 "-" "Mozilla/5.0 (compatible; bingbot/2.0; +http://www.bing.com/bingbot.htm)" "gatipackers.com"
157.55.39.171 - - [14/Jan/2023:09:52:37 -0800] "GET /index.php/comments/feed/ HTTP/1.1" 200 778 "-" "Mozilla/5.0 (compatible; bingbot/2.0; +http://www.bing.com/bingbot.htm)" "gatipackers.com"
10.213.116.210 - - [14/Jan/2023:09:52:40 -0800] "POST /wp-cron.php?doing_wp_cron=1673718760.8225119113922119140625 HTTP/1.1" 200 - "http://gatipackers.com/wp-cron.php?doing_wp_cron=1673718760.8225119113922119140625" "WordPress/6.1.1; http://gatipackers.com" "gatipackers.com"
40.77.167.60 - - [14/Jan/2023:09:53:12 -0800] "GET /index.php/feed/ HTTP/1.1" 200 3567 "-" "Mozilla/5.0 (compatible; bingbot/2.0; +http://www.bing.com/bingbot.htm)" "gatipackers.com"
40.77.167.50 - - [14/Jan/2023:09:55:59 -0800] "GET /index.php/2021/02/ HTTP/1.1" 200 26267 "-" "Mozilla/5.0 (compatible; bingbot/2.0; +http://www.bing.com/bingbot.htm)" "gatipackers.com"
1.169.68.250 - - [14/Jan/2023:09:59:38 -0800] "GET /home/request_a_survey/ HTTP/1.1" 200 779 "http://gatipackers.com/home/request_a_survey/" "Mozilla/5.0 (Windows NT 6.1; Win64; x64) AppleWebKit/537.36 (KHTML, like Gecko) Chrome/90.0.4430.85 Safari/537.36" "gatipackers.com"
1.169.68.250 - - [14/Jan/2023:09:59:40 -0800] "GET / HTTP/1.1" 200 26864 "http://gatipackers.com/" "Mozilla/5.0 (Windows NT 6.1; Win64; x64) AppleWebKit/537.36 (KHTML, like Gecko) Chrome/90.0.4430.85 Safari/537.36" "gatipackers.com"
1.169.68.250 - - [14/Jan/2023:09:59:44 -0800] "GET /index.php/2021/02/26/sample-page/ HTTP/1.1" 200 26215 "http://gatipackers.com/index.php/2021/02/26/sample-page/" "Mozilla/5.0 (Windows NT 6.1; Win64; x64) AppleWebKit/537.36 (KHTML, like Gecko) Chrome/90.0.4430.85 Safari/537.36" "gatipackers.com"
157.55.39.118 - - [14/Jan/2023:10:02:09 -0800] "GET / HTTP/1.1" 200 26864 "-" "Mozilla/5.0 (compatible; bingbot/2.0; +http://www.bing.com/bingbot.htm)" "gatipackers.com"
40.77.167.60 - - [14/Jan/2023:10:05:52 -0800] "GET /index.php/category/uncategorized/ HTTP/1.1" 200 24147 "-" "Mozilla/5.0 AppleWebKit/537.36 (KHTML, like Gecko; compatible; bingbot/2.0; +http://www.bing.com/bingbot.htm) Chrome/103.0.5060.134 Safari/537.36" "gatipackers.com"
17.22.245.49 - - [14/Jan/2023:10:07:20 -0800] "GET /wp-includes/css/dashicons.min.css?ver=6.1.1 HTTP/1.1" 200 35730 "http://gatipackers.com/wp-login.php" "Mozilla/5.0 (Macintosh; Intel Mac OS X 10_15_5) AppleWebKit/605.1.15 (KHTML, like Gecko) Version/13.1.1 Safari/605.1.15 (Applebot/0.1; +http://www.apple.com/go/applebot)" "gatipackers.com"
17.22.245.225 - - [14/Jan/2023:10:07:20 -0800] "GET /wp-admin/css/forms.min.css?ver=6.1.1 HTTP/1.1" 200 6350 "http://gatipackers.com/wp-login.php" "Mozilla/5.0 (Macintosh; Intel Mac OS X 10_15_5) AppleWebKit/605.1.15 (KHTML, like Gecko) Version/13.1.1 Safari/605.1.15 (Applebot/0.1; +http://www.apple.com/go/applebot)" "gatipackers.com"
17.22.253.252 - - [14/Jan/2023:10:07:21 -0800] "GET /wp-includes/js/jquery/jquery.min.js?ver=3.6.1 HTTP/1.1" 200 30995 "http://gatipackers.com/wp-login.php" "Mozilla/5.0 (Macintosh; Intel Mac OS X 10_15_5) AppleWebKit/605.1.15 (KHTML, like Gecko) Version/13.1.1 Safari/605.1.15 (Applebot/0.1; +http://www.apple.com/go/applebot)" "gatipackers.com"
17.22.245.69 - - [14/Jan/2023:10:07:21 -0800] "GET /wp-includes/css/buttons.min.css?ver=6.1.1 HTTP/1.1" 200 1453 "http://gatipackers.com/wp-login.php" "Mozilla/5.0 (Macintosh; Intel Mac OS X 10_15_5) AppleWebKit/605.1.15 (KHTML, like Gecko) Version/13.1.1 Safari/605.1.15 (Applebot/0.1; +http://www.apple.com/go/applebot)" "gatipackers.com"
17.22.245.169 - - [14/Jan/2023:10:07:22 -0800] "GET /wp-admin/css/l10n.min.css?ver=6.1.1 HTTP/1.1" 200 686 "http://gatipackers.com/wp-login.php" "Mozilla/5.0 (Macintosh; Intel Mac OS X 10_15_5) AppleWebKit/605.1.15 (KHTML, like Gecko) Version/13.1.1 Safari/605.1.15 (Applebot/0.1; +http://www.apple.com/go/applebot)" "gatipackers.com"
17.22.237.61 - - [14/Jan/2023:10:07:22 -0800] "GET /wp-admin/css/login.min.css?ver=6.1.1 HTTP/1.1" 200 2157 "http://gatipackers.com/wp-login.php" "Mozilla/5.0 (Macintosh; Intel Mac OS X 10_15_5) AppleWebKit/605.1.15 (KHTML, like Gecko) Version/13.1.1 Safari/605.1.15 (Applebot/0.1; +http://www.apple.com/go/applebot)" "gatipackers.com"
17.22.245.49 - - [14/Jan/2023:10:07:22 -0800] "GET /wp-includes/js/jquery/jquery-migrate.min.js?ver=3.3.2 HTTP/1.1" 200 4169 "http://gatipackers.com/wp-login.php" "Mozilla/5.0 (Macintosh; Intel Mac OS X 10_15_5) AppleWebKit/605.1.15 (KHTML, like Gecko) Version/13.1.1 Safari/605.1.15 (Applebot/0.1; +http://www.apple.com/go/applebot)" "gatipackers.com"
17.22.245.225 - - [14/Jan/2023:10:07:23 -0800] "GET /wp-includes/js/zxcvbn-async.min.js?ver=1.0 HTTP/1.1" 200 256 "http://gatipackers.com/wp-login.php" "Mozilla/5.0 (Macintosh; Intel Mac OS X 10_15_5) AppleWebKit/605.1.15 (KHTML, like Gecko) Version/13.1.1 Safari/605.1.15 (Applebot/0.1; +http://www.apple.com/go/applebot)" "gatipackers.com"
17.22.253.252 - - [14/Jan/2023:10:07:23 -0800] "GET /wp-includes/js/dist/vendor/regenerator-runtime.min.js?ver=0.13.9 HTTP/1.1" 200 2457 "http://gatipackers.com/wp-login.php" "Mozilla/5.0 (Macintosh; Intel Mac OS X 10_15_5) AppleWebKit/605.1.15 (KHTML, like Gecko) Version/13.1.1 Safari/605.1.15 (Applebot/0.1; +http://www.apple.com/go/applebot)" "gatipackers.com"
17.22.245.69 - - [14/Jan/2023:10:07:24 -0800] "GET /wp-includes/js/dist/vendor/wp-polyfill.min.js?ver=3.15.0 HTTP/1.1" 200 6532 "http://gatipackers.com/wp-login.php" "Mozilla/5.0 (Macintosh; Intel Mac OS X 10_15_5) AppleWebKit/605.1.15 (KHTML, like Gecko) Version/13.1.1 Safari/605.1.15 (Applebot/0.1; +http://www.apple.com/go/applebot)" "gatipackers.com"
17.22.245.169 - - [14/Jan/2023:10:07:24 -0800] "GET /wp-includes/js/dist/hooks.min.js?ver=4169d3cf8e8d95a3d6d5 HTTP/1.1" 200 1661 "http://gatipackers.com/wp-login.php" "Mozilla/5.0 (Macintosh; Intel Mac OS X 10_15_5) AppleWebKit/605.1.15 (KHTML, like Gecko) Version/13.1.1 Safari/605.1.15 (Applebot/0.1; +http://www.apple.com/go/applebot)" "gatipackers.com"
17.22.237.61 - - [14/Jan/2023:10:07:25 -0800] "GET /wp-includes/js/dist/i18n.min.js?ver=9e794f35a71bb98672ae HTTP/1.1" 200 3866 "http://gatipackers.com/wp-login.php" "Mozilla/5.0 (Macintosh; Intel Mac OS X 10_15_5) AppleWebKit/605.1.15 (KHTML, like Gecko) Version/13.1.1 Safari/605.1.15 (Applebot/0.1; +http://www.apple.com/go/applebot)" "gatipackers.com"
17.22.245.49 - - [14/Jan/2023:10:07:25 -0800] "GET /wp-admin/js/password-strength-meter.min.js?ver=6.1.1 HTTP/1.1" 200 621 "http://gatipackers.com/wp-login.php" "Mozilla/5.0 (Macintosh; Intel Mac OS X 10_15_5) AppleWebKit/605.1.15 (KHTML, like Gecko) Version/13.1.1 Safari/605.1.15 (Applebot/0.1; +http://www.apple.com/go/applebot)" "gatipackers.com"
17.22.245.225 - - [14/Jan/2023:10:07:26 -0800] "GET /wp-includes/js/underscore.min.js?ver=1.13.4 HTTP/1.1" 200 7311 "http://gatipackers.com/wp-login.php" "Mozilla/5.0 (Macintosh; Intel Mac OS X 10_15_5) AppleWebKit/605.1.15 (KHTML, like Gecko) Version/13.1.1 Safari/605.1.15 (Applebot/0.1; +http://www.apple.com/go/applebot)" "gatipackers.com"
17.22.253.252 - - [14/Jan/2023:10:07:26 -0800] "GET /wp-includes/js/wp-util.min.js?ver=6.1.1 HTTP/1.1" 200 756 "http://gatipackers.com/wp-login.php" "Mozilla/5.0 (Macintosh; Intel Mac OS X 10_15_5) AppleWebKit/605.1.15 (KHTML, like Gecko) Version/13.1.1 Safari/605.1.15 (Applebot/0.1; +http://www.apple.com/go/applebot)" "gatipackers.com"
17.22.245.69 - - [14/Jan/2023:10:07:27 -0800] "GET /wp-admin/js/user-profile.min.js?ver=6.1.1 HTTP/1.1" 200 2325 "http://gatipackers.com/wp-login.php" "Mozilla/5.0 (Macintosh; Intel Mac OS X 10_15_5) AppleWebKit/605.1.15 (KHTML, like Gecko) Version/13.1.1 Safari/605.1.15 (Applebot/0.1; +http://www.apple.com/go/applebot)" "gatipackers.com"
17.22.245.49 - - [14/Jan/2023:10:07:27 -0800] "GET /wp-includes/js/zxcvbn.min.js HTTP/1.1" 200 399661 "http://gatipackers.com/wp-login.php" "Mozilla/5.0 (Macintosh; Intel Mac OS X 10_15_5) AppleWebKit/605.1.15 (KHTML, like Gecko) Version/13.1.1 Safari/605.1.15 (Applebot/0.1; +http://www.apple.com/go/applebot)" "gatipackers.com"
207.46.13.160 - - [14/Jan/2023:10:07:47 -0800] "GET /wp-login.php HTTP/1.1" 200 6548 "-" "Mozilla/5.0 (compatible; bingbot/2.0; +http://www.bing.com/bingbot.htm)" "gatipackers.com"
10.213.116.210 - - [14/Jan/2023:10:07:50 -0800] "POST /wp-cron.php?doing_wp_cron=1673719670.8584170341491699218750 HTTP/1.1" 200 - "http://gatipackers.com/wp-cron.php?doing_wp_cron=1673719670.8584170341491699218750" "WordPress/6.1.1; http://gatipackers.com" "gatipackers.com"
157.55.39.171 - - [14/Jan/2023:10:08:45 -0800] "GET /wp-includes/css/buttons.min.css?ver=6.1.1 HTTP/1.1" 200 1453 "-" "Mozilla/5.0 AppleWebKit/537.36 (KHTML, like Gecko; compatible; bingbot/2.0; +http://www.bing.com/bingbot.htm) Chrome/103.0.5060.134 Safari/537.36" "gatipackers.com"
157.55.39.118 - - [14/Jan/2023:10:08:47 -0800] "GET /wp-includes/js/dist/hooks.min.js?ver=4169d3cf8e8d95a3d6d5 HTTP/1.1" 200 1661 "-" "Mozilla/5.0 (compatible; bingbot/2.0; +http://www.bing.com/bingbot.htm)" "gatipackers.com"
40.77.167.50 - - [14/Jan/2023:10:08:49 -0800] "GET /wp-admin/css/forms.min.css?ver=6.1.1 HTTP/1.1" 200 6350 "-" "Mozilla/5.0 AppleWebKit/537.36 (KHTML, like Gecko; compatible; bingbot/2.0; +http://www.bing.com/bingbot.htm) Chrome/103.0.5060.134 Safari/537.36" "gatipackers.com"
207.46.13.160 - - [14/Jan/2023:10:08:49 -0800] "GET /wp-admin/css/l10n.min.css?ver=6.1.1 HTTP/1.1" 200 686 "-" "Mozilla/5.0 (compatible; bingbot/2.0; +http://www.bing.com/bingbot.htm)" "gatipackers.com"
207.46.13.160 - - [14/Jan/2023:10:08:49 -0800] "GET /wp-admin/css/login.min.css?ver=6.1.1 HTTP/1.1" 200 2157 "-" "Mozilla/5.0 (compatible; bingbot/2.0; +http://www.bing.com/bingbot.htm)" "gatipackers.com"
157.55.39.22 - - [14/Jan/2023:10:08:50 -0800] "GET /wp-includes/js/zxcvbn-async.min.js?ver=1.0 HTTP/1.1" 200 256 "-" "Mozilla/5.0 (compatible; bingbot/2.0; +http://www.bing.com/bingbot.htm)" "gatipackers.com"
40.77.167.60 - - [14/Jan/2023:10:08:55 -0800] "GET /wp-admin/js/password-strength-meter.min.js?ver=6.1.1 HTTP/1.1" 200 621 "-" "Mozilla/5.0 AppleWebKit/537.36 (KHTML, like Gecko; compatible; bingbot/2.0; +http://www.bing.com/bingbot.htm) Chrome/103.0.5060.134 Safari/537.36" "gatipackers.com"
40.77.167.60 - - [14/Jan/2023:10:08:55 -0800] "GET /wp-includes/js/dist/i18n.min.js?ver=9e794f35a71bb98672ae HTTP/1.1" 200 3866 "-" "Mozilla/5.0 (compatible; bingbot/2.0; +http://www.bing.com/bingbot.htm)" "gatipackers.com"
40.77.167.60 - - [14/Jan/2023:10:08:55 -0800] "GET /wp-includes/js/underscore.min.js?ver=1.13.4 HTTP/1.1" 200 7311 "-" "Mozilla/5.0 AppleWebKit/537.36 (KHTML, like Gecko; compatible; bingbot/2.0; +http://www.bing.com/bingbot.htm) Chrome/103.0.5060.134 Safari/537.36" "gatipackers.com"
40.77.167.60 - - [14/Jan/2023:10:08:55 -0800] "GET /wp-includes/js/wp-util.min.js?ver=6.1.1 HTTP/1.1" 200 756 "-" "Mozilla/5.0 (compatible; bingbot/2.0; +http://www.bing.com/bingbot.htm)" "gatipackers.com"
157.55.39.118 - - [14/Jan/2023:10:08:59 -0800] "GET /wp-includes/js/dist/vendor/regenerator-runtime.min.js?ver=0.13.9 HTTP/1.1" 200 2457 "-" "Mozilla/5.0 AppleWebKit/537.36 (KHTML, like Gecko; compatible; bingbot/2.0; +http://www.bing.com/bingbot.htm) Chrome/103.0.5060.134 Safari/537.36" "gatipackers.com"
40.77.167.50 - - [14/Jan/2023:10:09:09 -0800] "GET /wp-includes/css/dashicons.min.css?ver=6.1.1 HTTP/1.1" 200 35730 "-" "Mozilla/5.0 (compatible; bingbot/2.0; +http://www.bing.com/bingbot.htm)" "gatipackers.com"
40.77.167.50 - - [14/Jan/2023:10:09:09 -0800] "GET /wp-includes/js/jquery/jquery-migrate.min.js?ver=3.3.2 HTTP/1.1" 200 4169 "-" "Mozilla/5.0 AppleWebKit/537.36 (KHTML, like Gecko; compatible; bingbot/2.0; +http://www.bing.com/bingbot.htm) Chrome/103.0.5060.134 Safari/537.36" "gatipackers.com"
40.77.167.50 - - [14/Jan/2023:10:12:50 -0800] "GET / HTTP/1.1" 200 26945 "-" "Mozilla/5.0 AppleWebKit/537.36 (KHTML, like Gecko; compatible; bingbot/2.0; +http://www.bing.com/bingbot.htm) Chrome/103.0.5060.134 Safari/537.36" "www.gatipackers.com"
157.55.39.22 - - [14/Jan/2023:10:13:20 -0800] "GET /wp-includes/css/classic-themes.min.css?ver=1 HTTP/1.1" 200 189 "-" "Mozilla/5.0 AppleWebKit/537.36 (KHTML, like Gecko; compatible; bingbot/2.0; +http://www.bing.com/bingbot.htm) Chrome/103.0.5060.134 Safari/537.36" "gatipackers.com"
157.55.39.22 - - [14/Jan/2023:10:13:20 -0800] "GET /wp-includes/js/wp-emoji-release.min.js?ver=6.1.1 HTTP/1.1" 200 5009 "-" "Mozilla/5.0 (compatible; bingbot/2.0; +http://www.bing.com/bingbot.htm)" "gatipackers.com"
40.77.167.60 - - [14/Jan/2023:10:13:24 -0800] "GET /wp-content/themes/twentynineteen/print.css?ver=1.1 HTTP/1.1" 200 1230 "-" "Mozilla/5.0 AppleWebKit/537.36 (KHTML, like Gecko; compatible; bingbot/2.0; +http://www.bing.com/bingbot.htm) Chrome/103.0.5060.134 Safari/537.36" "gatipackers.com"
157.55.39.118 - - [14/Jan/2023:10:13:28 -0800] "GET /wp-content/themes/twentynineteen/style.css?ver=1.1 HTTP/1.1" 200 19371 "-" "Mozilla/5.0 (compatible; bingbot/2.0; +http://www.bing.com/bingbot.htm)" "gatipackers.com"
207.46.13.160 - - [14/Jan/2023:10:13:29 -0800] "GET /wp-includes/css/dist/block-library/style.min.css?ver=6.1.1 HTTP/1.1" 200 12518 "-" "Mozilla/5.0 (compatible; bingbot/2.0; +http://www.bing.com/bingbot.htm)" "gatipackers.com"
40.77.167.50 - - [14/Jan/2023:10:18:31 -0800] "GET /index.php/author/administrator/ HTTP/1.1" 200 26590 "-" "Mozilla/5.0 (compatible; bingbot/2.0; +http://www.bing.com/bingbot.htm)" "gatipackers.com"
40.77.167.50 - - [14/Jan/2023:10:21:41 -0800] "GET /wp-admin/ HTTP/1.1" 200 178 "-" "Mozilla/5.0 (compatible; bingbot/2.0; +http://www.bing.com/bingbot.htm)" "gatipackers.com"
40.77.188.193 - - [14/Jan/2023:10:24:42 -0800] "GET /wp-admin/images/wordpress-logo.svg?ver=20131107 HTTP/1.1" 200 1521 "-" "Mozilla/5.0 (Windows NT 6.1; WOW64) AppleWebKit/534+ (KHTML, like Gecko) BingPreview/1.0b" "gatipackers.com"
40.77.189.3 - - [14/Jan/2023:10:24:42 -0800] "GET /wp-includes/js/zxcvbn.min.js HTTP/1.1" 200 822237 "-" "Mozilla/5.0 (Windows NT 6.1; WOW64) AppleWebKit/534+ (KHTML, like Gecko) BingPreview/1.0b" "gatipackers.com"
40.77.167.8 - - [14/Jan/2023:10:24:53 -0800] "GET /robots.txt HTTP/1.1" 200 58 "-" "Mozilla/5.0 AppleWebKit/537.36 (KHTML, like Gecko; compatible; bingbot/2.0; +http://www.bing.com/bingbot.htm) Chrome/103.0.5060.134 Safari/537.36" "gatipackers.com"
40.77.167.60 - - [14/Jan/2023:10:24:55 -0800] "GET /index.php/2021/02/26/hello-world/ HTTP/1.1" 200 28254 "-" "Mozilla/5.0 (compatible; bingbot/2.0; +http://www.bing.com/bingbot.htm)" "gatipackers.com"
10.213.116.211 - - [14/Jan/2023:10:24:59 -0800] "POST /wp-cron.php?doing_wp_cron=1673720699.8270459175109863281250 HTTP/1.1" 200 - "http://gatipackers.com/wp-cron.php?doing_wp_cron=1673720699.8270459175109863281250" "WordPress/6.1.1; http://gatipackers.com" "gatipackers.com"
157.55.39.22 - - [14/Jan/2023:10:25:31 -0800] "GET /wp-includes/js/comment-reply.min.js?ver=6.1.1 HTTP/1.1" 200 1351 "-" "Mozilla/5.0 (compatible; bingbot/2.0; +http://www.bing.com/bingbot.htm)" "gatipackers.com"
163.172.221.217 - - [14/Jan/2023:10:31:41 -0800] "GET /wp-content/uploads/2022/10/index.php?1810 HTTP/1.1" 404 73 "gatipackers.com" "Mozilla/5.0 (Windows NT 6.1; WOW64) AppleWebKit/537.36 (KHTML, like Gecko) Chrome/50.0.2661.75 Safari/537.36" "gatipackers.com"
163.172.221.217 - - [14/Jan/2023:10:31:43 -0800] "GET /wp-content/uploads/2022/08/index.php?1810 HTTP/1.1" 404 73 "gatipackers.com" "Mozilla/5.0 (Windows NT 6.1; WOW64) AppleWebKit/537.36 (KHTML, like Gecko) Chrome/50.0.2661.75 Safari/537.36" "gatipackers.com"
163.172.221.217 - - [14/Jan/2023:10:31:46 -0800] "GET /wp-content/uploads/2022/09/index.php?1810 HTTP/1.1" 404 73 "gatipackers.com" "Mozilla/5.0 (Windows NT 6.1; WOW64) AppleWebKit/537.36 (KHTML, like Gecko) Chrome/50.0.2661.75 Safari/537.36" "gatipackers.com"
46.235.40.78 - - [14/Jan/2023:10:32:01 -0800] "GET /wp-content/uploads/index.php?1810 HTTP/1.1" 404 73 "gatipackers.com" "Mozilla/5.0 (Windows NT 6.1; WOW64) AppleWebKit/537.36 (KHTML, like Gecko) Chrome/50.0.2661.75 Safari/537.36" "gatipackers.com"
46.235.40.78 - - [14/Jan/2023:10:32:09 -0800] "GET /wp-content/uploads/2023/01/index.php?1810 HTTP/1.1" 404 73 "gatipackers.com" "Mozilla/5.0 (Windows NT 6.1; WOW64) AppleWebKit/537.36 (KHTML, like Gecko) Chrome/50.0.2661.75 Safari/537.36" "gatipackers.com"
5.196.35.145 - - [14/Jan/2023:10:33:00 -0800] "GET /wp-includes/js/codemirror/index.php?1810 HTTP/1.1" 404 73 "gatipackers.com" "Mozilla/5.0 (Windows NT 6.1; WOW64) AppleWebKit/537.36 (KHTML, like Gecko) Chrome/50.0.2661.75 Safari/537.36" "gatipackers.com"
46.235.40.78 - - [14/Jan/2023:10:33:12 -0800] "GET /wp-content/uploads/2022/index.php?1810 HTTP/1.1" 404 73 "gatipackers.com" "Mozilla/5.0 (Windows NT 6.1; WOW64) AppleWebKit/537.36 (KHTML, like Gecko) Chrome/50.0.2661.75 Safari/537.36" "gatipackers.com"
46.235.40.78 - - [14/Jan/2023:10:33:48 -0800] "GET /wp-content/uploads/2022/12/index.php?1810 HTTP/1.1" 404 73 "gatipackers.com" "Mozilla/5.0 (Windows NT 6.1; WOW64) AppleWebKit/537.36 (KHTML, like Gecko) Chrome/50.0.2661.75 Safari/537.36" "gatipackers.com"
5.196.35.145 - - [14/Jan/2023:10:34:43 -0800] "GET /wp-includes/css/index.php?1810 HTTP/1.1" 404 73 "gatipackers.com" "Mozilla/5.0 (Windows NT 6.1; WOW64) AppleWebKit/537.36 (KHTML, like Gecko) Chrome/50.0.2661.75 Safari/537.36" "gatipackers.com"
46.235.40.78 - - [14/Jan/2023:10:35:25 -0800] "GET /wp-content/uploads/2022/11/index.php?1810 HTTP/1.1" 404 73 "gatipackers.com" "Mozilla/5.0 (Windows NT 6.1; WOW64) AppleWebKit/537.36 (KHTML, like Gecko) Chrome/50.0.2661.75 Safari/537.36" "gatipackers.com"
163.172.221.217 - - [14/Jan/2023:10:35:33 -0800] "GET /wp-content/uploads/2022/07/index.php?1810 HTTP/1.1" 404 73 "gatipackers.com" "Mozilla/5.0 (Windows NT 6.1; WOW64) AppleWebKit/537.36 (KHTML, like Gecko) Chrome/50.0.2661.75 Safari/537.36" "gatipackers.com"
5.196.35.145 - - [14/Jan/2023:10:35:38 -0800] "GET /wp-includes/blocks/quote/index.php?1810 HTTP/1.1" 404 73 "gatipackers.com" "Mozilla/5.0 (Windows NT 6.1; WOW64) AppleWebKit/537.36 (KHTML, like Gecko) Chrome/50.0.2661.75 Safari/537.36" "gatipackers.com"
5.196.35.145 - - [14/Jan/2023:10:35:54 -0800] "GET /wp-includes/block-supports/index.php?1810 HTTP/1.1" 404 73 "gatipackers.com" "Mozilla/5.0 (Windows NT 6.1; WOW64) AppleWebKit/537.36 (KHTML, like Gecko) Chrome/50.0.2661.75 Safari/537.36" "gatipackers.com"
163.172.221.217 - - [14/Jan/2023:10:36:49 -0800] "GET /wp-content/uploads/2022/06/index.php?1810 HTTP/1.1" 404 73 "gatipackers.com" "Mozilla/5.0 (Windows NT 6.1; WOW64) AppleWebKit/537.36 (KHTML, like Gecko) Chrome/50.0.2661.75 Safari/537.36" "gatipackers.com"
128.199.223.4 - - [14/Jan/2023:10:52:28 -0800] "GET /wp-content/uploads/2022/03/index.php?1810 HTTP/1.1" 404 73 "gatipackers.com" "Mozilla/5.0 (Windows NT 6.1; WOW64) AppleWebKit/537.36 (KHTML, like Gecko) Chrome/50.0.2661.75 Safari/537.36" "gatipackers.com"
54.36.148.183 - - [14/Jan/2023:11:02:41 -0800] "GET /robots.txt HTTP/1.1" 200 58 "-" "Mozilla/5.0 (compatible; AhrefsBot/7.0; +http://ahrefs.com/robot/)" "gatipackers.com"
51.222.253.15 - - [14/Jan/2023:11:02:43 -0800] "GET /index.php/category/uncategorized/ HTTP/1.1" 200 24147 "-" "Mozilla/5.0 (compatible; AhrefsBot/7.0; +http://ahrefs.com/robot/)" "gatipackers.com"
10.213.116.210 - - [14/Jan/2023:11:02:47 -0800] "POST /wp-cron.php?doing_wp_cron=1673722967.4568960666656494140625 HTTP/1.1" 200 - "http://gatipackers.com/wp-cron.php?doing_wp_cron=1673722967.4568960666656494140625" "WordPress/6.1.1; http://gatipackers.com" "gatipackers.com"
192.42.116.208 - - [14/Jan/2023:11:09:55 -0800] "GET /home/request_a_survey/ HTTP/1.1" 200 779 "http://gatipackers.com/home/request_a_survey/" "Mozilla/5.0 (Windows NT 10.0; Win64; x64) AppleWebKit/537.36 (KHTML, like Gecko) Chrome/90.0.4430.85 Safari/537.36 Edg/90.0.818.49" "gatipackers.com"
192.42.116.208 - - [14/Jan/2023:11:09:57 -0800] "GET / HTTP/1.1" 200 26864 "http://gatipackers.com/" "Mozilla/5.0 (Windows NT 10.0; Win64; x64) AppleWebKit/537.36 (KHTML, like Gecko) Chrome/90.0.4430.85 Safari/537.36 Edg/90.0.818.49" "gatipackers.com"
10.213.116.211 - - [14/Jan/2023:11:10:01 -0800] "POST /wp-cron.php?doing_wp_cron=1673723401.0720989704132080078125 HTTP/1.1" 200 - "http://gatipackers.com/wp-cron.php?doing_wp_cron=1673723401.0720989704132080078125" "WordPress/6.1.1; http://gatipackers.com" "gatipackers.com"
5.188.62.76 - - [14/Jan/2023:11:11:11 -0800] "GET /wp-login.php?wp_lang=en_US HTTP/1.1" 200 6550 "-" "Mozilla/5.0 (Windows NT 10.0; Win64; x64) AppleWebKit/537.36 (KHTML, like Gecko) Chrome/100.0.4896.127 Safari/537.36" "gatipackers.com"
5.188.62.76 - - [14/Jan/2023:11:11:19 -0800] "POST /wp-login.php?wp_lang=en_US HTTP/1.1" 200 6928 "-" "Mozilla/5.0 (Windows NT 10.0; Win64; x64) AppleWebKit/537.36 (KHTML, like Gecko) Chrome/100.0.4896.127 Safari/537.36" "gatipackers.com"
95.59.26.9 - - [14/Jan/2023:11:35:57 -0800] "GET /wp-login.php HTTP/1.1" 200 6552 "" "Mozilla/5.0 (Windows NT 10.0; Win64; x64; rv:108.0) Gecko/20100101 Firefox/108.0" "gatipackers.com"
95.59.26.9 - - [14/Jan/2023:11:36:02 -0800] "GET /wp-json/wp/v2/users HTTP/1.1" 404 88 "" "Mozilla/5.0 (Windows NT 10.0; Win64; x64; rv:108.0) Gecko/20100101 Firefox/108.0" "gatipackers.com"
10.213.116.209 - - [14/Jan/2023:11:36:01 -0800] "POST /wp-cron.php?doing_wp_cron=1673724960.9447031021118164062500 HTTP/1.1" 200 - "http://gatipackers.com/wp-cron.php?doing_wp_cron=1673724960.9447031021118164062500" "WordPress/6.1.1; http://gatipackers.com" "gatipackers.com"
95.59.26.9 - - [14/Jan/2023:11:36:03 -0800] "POST /wp-login.php HTTP/1.1" 200 6927 "http://gatipackers.com/wp-login.php?redirect_to=http%3A%2F%2Fgatipackers.com%2Fwp-admin%2F" "Mozilla/5.0 (Windows NT 10.0; Win64; x64; rv:108.0) Gecko/20100101 Firefox/108.0" "gatipackers.com"
185.191.171.5 - - [14/Jan/2023:11:39:00 -0800] "GET /robots.txt HTTP/1.1" 200 58 "-" "Mozilla/5.0 (compatible; SemrushBot/7~bl; +http://www.semrush.com/bot.html)" "gatipackers.com"
185.191.171.12 - - [14/Jan/2023:11:39:02 -0800] "GET / HTTP/1.1" 200 26892 "-" "Mozilla/5.0 (compatible; SemrushBot/7~bl; +http://www.semrush.com/bot.html)" "gatipackers.com"
10.213.116.210 - - [14/Jan/2023:11:39:05 -0800] "POST /wp-cron.php?doing_wp_cron=1673725145.6892390251159667968750 HTTP/1.1" 200 - "https://gatipackers.com/wp-cron.php?doing_wp_cron=1673725145.6892390251159667968750" "WordPress/6.1.1; https://gatipackers.com" "gatipackers.com"
157.55.39.171 - - [14/Jan/2023:11:43:55 -0800] "GET /online_quote HTTP/1.1" 404 88 "-" "Mozilla/5.0 (compatible; bingbot/2.0; +http://www.bing.com/bingbot.htm)" "www.gatipackers.com"
23.88.110.165 - - [14/Jan/2023:12:02:04 -0800] "GET /wp-login.php HTTP/1.1" 200 6552 "" "Mozilla/5.0 (Windows NT 10.0; Win64; x64; rv:108.0) Gecko/20100101 Firefox/108.0" "gatipackers.com"
23.88.110.165 - - [14/Jan/2023:12:02:10 -0800] "GET /wp-json/wp/v2/users HTTP/1.1" 404 88 "" "Mozilla/5.0 (Windows NT 10.0; Win64; x64; rv:108.0) Gecko/20100101 Firefox/108.0" "gatipackers.com"
10.213.116.211 - - [14/Jan/2023:12:02:09 -0800] "POST /wp-cron.php?doing_wp_cron=1673726528.9733099937438964843750 HTTP/1.1" 200 - "http://gatipackers.com/wp-cron.php?doing_wp_cron=1673726528.9733099937438964843750" "WordPress/6.1.1; http://gatipackers.com" "gatipackers.com"
23.88.110.165 - - [14/Jan/2023:12:02:10 -0800] "POST /wp-login.php HTTP/1.1" 200 6919 "http://gatipackers.com/wp-login.php?redirect_to=http%3A%2F%2Fgatipackers.com%2Fwp-admin%2F" "Mozilla/5.0 (Windows NT 10.0; Win64; x64; rv:108.0) Gecko/20100101 Firefox/108.0" "gatipackers.com"
120.132.99.49 - - [14/Jan/2023:12:04:21 -0800] "GET /wp-login.php HTTP/1.1" 200 6549 "" "Mozilla/5.0 (Windows NT 10.0; Win64; x64; rv:108.0) Gecko/20100101 Firefox/108.0" "gatipackers.com"
120.132.99.49 - - [14/Jan/2023:12:04:24 -0800] "GET /wp-json/wp/v2/users HTTP/1.1" 404 88 "" "Mozilla/5.0 (Windows NT 10.0; Win64; x64; rv:108.0) Gecko/20100101 Firefox/108.0" "gatipackers.com"
120.132.99.49 - - [14/Jan/2023:12:04:25 -0800] "POST /wp-login.php HTTP/1.1" 200 6919 "http://gatipackers.com/wp-login.php?redirect_to=http%3A%2F%2Fgatipackers.com%2Fwp-admin%2F" "Mozilla/5.0 (Windows NT 10.0; Win64; x64; rv:108.0) Gecko/20100101 Firefox/108.0" "gatipackers.com"
5.188.86.198 - - [14/Jan/2023:13:07:32 -0800] "GET /wp-login.php HTTP/1.1" 200 6554 "-" "Mozilla/5.0 (Windows NT 10.0; Win64; x64) AppleWebKit/537.36 (KHTML, like Gecko) Chrome/64.0.3282.140 Safari/537.36 Edge/18.17763" "gatipackers.com"
5.188.86.198 - - [14/Jan/2023:13:07:38 -0800] "GET /wp-json/wp/v2/users HTTP/1.1" 404 88 "-" "Mozilla/5.0 (Windows NT 10.0; Win64; x64) AppleWebKit/537.36 (KHTML, like Gecko) Chrome/64.0.3282.140 Safari/537.36 Edge/18.17763" "gatipackers.com"
10.213.116.211 - - [14/Jan/2023:13:07:36 -0800] "POST /wp-cron.php?doing_wp_cron=1673730456.4854319095611572265625 HTTP/1.1" 200 - "http://gatipackers.com/wp-cron.php?doing_wp_cron=1673730456.4854319095611572265625" "WordPress/6.1.1; http://gatipackers.com" "gatipackers.com"
5.188.86.198 - - [14/Jan/2023:13:07:38 -0800] "GET /?rest_route=/wp/v2/users HTTP/1.1" 200 619 "-" "Mozilla/5.0 (Windows NT 10.0; Win64; x64) AppleWebKit/537.36 (KHTML, like Gecko) Chrome/64.0.3282.140 Safari/537.36 Edge/18.17763" "gatipackers.com"
5.188.86.198 - - [14/Jan/2023:13:07:42 -0800] "GET /feed HTTP/1.1" 404 88 "-" "Mozilla/5.0 (Windows NT 10.0; Win64; x64) AppleWebKit/537.36 (KHTML, like Gecko) Chrome/64.0.3282.140 Safari/537.36 Edge/18.17763" "gatipackers.com"
5.188.86.198 - - [14/Jan/2023:13:07:43 -0800] "GET /wp-content/cache/page_enhanced/gatipackers.com/author-sitemap.xml/_index_ssl.xml HTTP/1.1" 404 88 "-" "Mozilla/5.0 (Windows NT 10.0; Win64; x64) AppleWebKit/537.36 (KHTML, like Gecko) Chrome/64.0.3282.140 Safari/537.36 Edge/18.17763" "gatipackers.com"
5.188.86.198 - - [14/Jan/2023:13:07:44 -0800] "GET /author-sitemap.xml HTTP/1.1" 404 88 "-" "Mozilla/5.0 (Windows NT 10.0; Win64; x64) AppleWebKit/537.36 (KHTML, like Gecko) Chrome/64.0.3282.140 Safari/537.36 Edge/18.17763" "gatipackers.com"
10.213.116.209 - - [14/Jan/2023:14:00:07 -0800] "GET / HTTP/1.1" 200 26892 "https://gatipackers.com/" "WordPress/6.1.1; http://gatipackers.com" "gatipackers.com"
10.213.116.210 - - [14/Jan/2023:14:00:03 -0800] "POST /wp-cron.php?doing_wp_cron=1673733603.6871149539947509765625 HTTP/1.1" 200 - "http://gatipackers.com/wp-cron.php?doing_wp_cron=1673733603.6871149539947509765625" "WordPress/6.1.1; http://gatipackers.com" "gatipackers.com"
23.229.113.138 - - [14/Jan/2023:14:05:12 -0800] "GET / HTTP/1.1" 200 26864 "-" "Mozilla/5.0 (Windows NT 10.0; Win64; x64) AppleWebKit/537.36 (KHTML, like Gecko) Chrome/108.0.0.0 Safari/537.36" "gatipackers.com"
23.229.113.138 - - [14/Jan/2023:14:05:18 -0800] "GET /robots.txt HTTP/1.1" 200 58 "-" "Mozilla/5.0 (Windows NT 10.0; Win64; x64) AppleWebKit/537.36 (KHTML, like Gecko) Chrome/108.0.0.0 Safari/537.36" "gatipackers.com"
23.229.113.138 - - [14/Jan/2023:14:05:19 -0800] "GET /ads.txt HTTP/1.1" 404 88 "-" "Mozilla/5.0 (Windows NT 10.0; Win64; x64) AppleWebKit/537.36 (KHTML, like Gecko) Chrome/108.0.0.0 Safari/537.36" "gatipackers.com"
23.229.113.138 - - [14/Jan/2023:14:05:20 -0800] "GET /wp-login.php HTTP/1.1" 200 6553 "http://gatipackers.com/" "Mozilla/5.0 (Windows NT 10.0; Win64; x64) AppleWebKit/537.36 (KHTML, like Gecko) Chrome/108.0.0.0 Safari/537.36" "gatipackers.com"
23.229.113.138 - - [14/Jan/2023:14:05:25 -0800] "GET / HTTP/1.1" 200 26892 "-" "Mozilla/5.0 (Windows NT 10.0; Win64; x64) AppleWebKit/537.36 (KHTML, like Gecko) Chrome/108.0.0.0 Safari/537.36" "gatipackers.com"
23.229.113.138 - - [14/Jan/2023:14:05:31 -0800] "GET /robots.txt HTTP/1.1" 200 58 "-" "Mozilla/5.0 (Windows NT 10.0; Win64; x64) AppleWebKit/537.36 (KHTML, like Gecko) Chrome/108.0.0.0 Safari/537.36" "gatipackers.com"
23.229.113.138 - - [14/Jan/2023:14:05:32 -0800] "GET /ads.txt HTTP/1.1" 404 88 "-" "Mozilla/5.0 (Windows NT 10.0; Win64; x64) AppleWebKit/537.36 (KHTML, like Gecko) Chrome/108.0.0.0 Safari/537.36" "gatipackers.com"
