17.241.227.82 - - [23/Jan/2023:03:16:42 -0800] "GET / HTTP/1.1" 200 26688 "-" "Mozilla/5.0 (Macintosh; Intel Mac OS X 10_15_5) AppleWebKit/605.1.15 (KHTML, like Gecko) Version/13.1.1 Safari/605.1.15 (Applebot/0.1; +http://www.apple.com/go/applebot)" "www.gatipackers.com"
10.213.116.209 - - [23/Jan/2023:03:16:46 -0800] "POST /wp-cron.php?doing_wp_cron=1674472606.0445480346679687500000 HTTP/1.1" 200 - "http://gatipackers.com/wp-cron.php?doing_wp_cron=1674472606.0445480346679687500000" "WordPress/6.1.1; http://gatipackers.com" "gatipackers.com"
60.0.146.103 - - [23/Jan/2023:03:22:08 -0800] "GET /2001/license.txt HTTP/1.1" 404 88 "-" "Mozilla/5.0 (X11; Ubuntu; Linux x86_64; rv:62.0) Gecko/20100101 Firefox/62.0" "gatipackers.com"
23.154.177.20 - - [23/Jan/2023:03:30:32 -0800] "GET /home/request_a_survey/ HTTP/1.1" 200 779 "http://gatipackers.com/home/request_a_survey/" "Mozilla/5.0 (Windows NT 10.0; Win64; x64) AppleWebKit/537.36 (KHTML, like Gecko) Chrome/90.0.4430.85 Safari/537.36" "gatipackers.com"
23.154.177.20 - - [23/Jan/2023:03:30:33 -0800] "GET / HTTP/1.1" 200 26635 "http://gatipackers.com/" "Mozilla/5.0 (Windows NT 10.0; Win64; x64) AppleWebKit/537.36 (KHTML, like Gecko) Chrome/90.0.4430.85 Safari/537.36" "gatipackers.com"
10.213.116.209 - - [23/Jan/2023:03:30:37 -0800] "POST /wp-cron.php?doing_wp_cron=1674473437.3261580467224121093750 HTTP/1.1" 200 - "http://gatipackers.com/wp-cron.php?doing_wp_cron=1674473437.3261580467224121093750" "WordPress/6.1.1; http://gatipackers.com" "gatipackers.com"
23.154.177.20 - - [23/Jan/2023:03:30:40 -0800] "GET /index.php/2021/02/26/sample-page/ HTTP/1.1" 200 25986 "http://gatipackers.com/index.php/2021/02/26/sample-page/" "Mozilla/5.0 (Windows NT 10.0; Win64; x64) AppleWebKit/537.36 (KHTML, like Gecko) Chrome/90.0.4430.85 Safari/537.36" "gatipackers.com"
91.121.143.142 - - [23/Jan/2023:03:59:52 -0800] "GET /wp-login.php HTTP/1.1" 200 6550 "" "Mozilla/5.0 (Windows NT 10.0; Win64; x64; rv:108.0) Gecko/20100101 Firefox/108.0" "gatipackers.com"
91.121.143.142 - - [23/Jan/2023:03:59:58 -0800] "GET /wp-json/wp/v2/users HTTP/1.1" 404 88 "" "Mozilla/5.0 (Windows NT 10.0; Win64; x64; rv:108.0) Gecko/20100101 Firefox/108.0" "gatipackers.com"
10.213.116.209 - - [23/Jan/2023:03:59:56 -0800] "POST /wp-cron.php?doing_wp_cron=1674475196.7358460426330566406250 HTTP/1.1" 200 - "http://gatipackers.com/wp-cron.php?doing_wp_cron=1674475196.7358460426330566406250" "WordPress/6.1.1; http://gatipackers.com" "gatipackers.com"
91.121.143.142 - - [23/Jan/2023:03:59:58 -0800] "POST /wp-login.php HTTP/1.1" 200 6932 "http://gatipackers.com/wp-login.php?redirect_to=http%3A%2F%2Fgatipackers.com%2Fwp-admin%2F" "Mozilla/5.0 (Windows NT 10.0; Win64; x64; rv:108.0) Gecko/20100101 Firefox/108.0" "gatipackers.com"
188.212.34.69 - - [23/Jan/2023:04:12:36 -0800] "POST /wp-login.php HTTP/1.1" 200 6921 "-" "Mozilla/5.0 (Windows NT 6.1; WOW64) AppleWebKit/537.36 (KHTML, like Gecko) Chrome/51.0.2704.106 Safari/537.36" "gatipackers.com"
10.213.116.210 - - [23/Jan/2023:04:12:40 -0800] "POST /wp-cron.php?doing_wp_cron=1674475960.1652820110321044921875 HTTP/1.1" 200 - "http://gatipackers.com/wp-cron.php?doing_wp_cron=1674475960.1652820110321044921875" "WordPress/6.1.1; http://gatipackers.com" "gatipackers.com"
114.119.137.128 - - [23/Jan/2023:04:49:59 -0800] "GET /wp-content?C=M%3BO%3DA HTTP/1.1" 301 1427 "https://gatipackers.com/wp-content?C=S%3BO%3DA" "Mozilla/5.0 (Linux; Android 7.0;) AppleWebKit/537.36 (KHTML, like Gecko) Mobile Safari/537.36 (compatible; PetalBot;+https://webmaster.petalsearch.com/site/petalbot)" "gatipackers.com"
114.119.137.128 - - [23/Jan/2023:04:50:00 -0800] "GET /wp-content/?C=M%3BO%3DA HTTP/1.1" 200 - "https://gatipackers.com/wp-content?C=S%3BO%3DA" "Mozilla/5.0 (Linux; Android 7.0;) AppleWebKit/537.36 (KHTML, like Gecko) Mobile Safari/537.36 (compatible; PetalBot;+https://webmaster.petalsearch.com/site/petalbot)" "gatipackers.com"
95.163.255.93 - - [23/Jan/2023:04:52:28 -0800] "GET /robots.txt HTTP/1.1" 200 42 "-" "Mozilla/5.0 (compatible; Linux x86_64; Mail.RU_Bot/2.0; +https://help.mail.ru/webmaster/indexing/robots)" "www.gatipackers.com"
95.163.255.93 - - [23/Jan/2023:04:52:31 -0800] "GET /air-freight-cargo HTTP/1.1" 404 88 "-" "Mozilla/5.0 (compatible; Linux x86_64; Mail.RU_Bot/2.0; +https://help.mail.ru/webmaster/indexing/robots)" "www.gatipackers.com"
206.72.203.35 - - [23/Jan/2023:04:58:44 -0800] "GET /wp-login.php HTTP/1.1" 200 6554 "" "Mozilla/5.0 (Windows NT 10.0; Win64; x64; rv:108.0) Gecko/20100101 Firefox/108.0" "gatipackers.com"
206.72.203.35 - - [23/Jan/2023:04:58:49 -0800] "GET /wp-json/wp/v2/users HTTP/1.1" 404 88 "" "Mozilla/5.0 (Windows NT 10.0; Win64; x64; rv:108.0) Gecko/20100101 Firefox/108.0" "gatipackers.com"
10.213.116.210 - - [23/Jan/2023:04:58:48 -0800] "POST /wp-cron.php?doing_wp_cron=1674478728.1036980152130126953125 HTTP/1.1" 200 - "http://gatipackers.com/wp-cron.php?doing_wp_cron=1674478728.1036980152130126953125" "WordPress/6.1.1; http://gatipackers.com" "gatipackers.com"
206.72.203.35 - - [23/Jan/2023:04:58:49 -0800] "POST /wp-login.php HTTP/1.1" 200 6921 "http://gatipackers.com/wp-login.php?redirect_to=http%3A%2F%2Fgatipackers.com%2Fwp-admin%2F" "Mozilla/5.0 (Windows NT 10.0; Win64; x64; rv:108.0) Gecko/20100101 Firefox/108.0" "gatipackers.com"
61.135.159.149 - - [23/Jan/2023:05:11:12 -0800] "GET / HTTP/1.1" 200 26716 "-" "Sogou web spider/4.0(+http://www.sogou.com/docs/help/webmasters.htm#07)" "www.gatipackers.com"
10.213.116.210 - - [23/Jan/2023:05:11:16 -0800] "POST /wp-cron.php?doing_wp_cron=1674479476.5621678829193115234375 HTTP/1.1" 200 - "https://gatipackers.com/wp-cron.php?doing_wp_cron=1674479476.5621678829193115234375" "WordPress/6.1.1; https://gatipackers.com" "gatipackers.com"
61.135.159.149 - - [23/Jan/2023:05:12:44 -0800] "GET / HTTP/1.1" 200 26716 "-" "Sogou web spider/4.0(+http://www.sogou.com/docs/help/webmasters.htm#07)" "www.gatipackers.com"
194.88.152.40 - - [23/Jan/2023:05:39:28 -0800] "GET /home/request_a_survey/ HTTP/1.1" 200 779 "http://gatipackers.com/home/request_a_survey/" "Mozilla/5.0 (Windows NT 10.0; WOW64) AppleWebKit/537.36 (KHTML, like Gecko) Chrome/90.0.4430.93 Safari/537.36" "gatipackers.com"
194.88.152.40 - - [23/Jan/2023:05:39:28 -0800] "GET /home/request_a_survey/ HTTP/1.1" 200 779 "http://gatipackers.com/home/request_a_survey/" "Mozilla/5.0 (Windows NT 6.3; Win64; x64) AppleWebKit/537.36 (KHTML, like Gecko) Chrome/90.0.4430.85 Safari/537.36 Edg/90.0.818.46" "gatipackers.com"
194.88.152.40 - - [23/Jan/2023:05:39:28 -0800] "GET / HTTP/1.1" 200 26635 "http://gatipackers.com/" "Mozilla/5.0 (Windows NT 10.0; WOW64) AppleWebKit/537.36 (KHTML, like Gecko) Chrome/90.0.4430.93 Safari/537.36" "gatipackers.com"
194.88.152.40 - - [23/Jan/2023:05:39:29 -0800] "GET / HTTP/1.1" 200 26635 "http://gatipackers.com/" "Mozilla/5.0 (Windows NT 6.3; Win64; x64) AppleWebKit/537.36 (KHTML, like Gecko) Chrome/90.0.4430.85 Safari/537.36 Edg/90.0.818.46" "gatipackers.com"
10.213.116.210 - - [23/Jan/2023:05:39:32 -0800] "POST /wp-cron.php?doing_wp_cron=1674481172.2302329540252685546875 HTTP/1.1" 200 - "http://gatipackers.com/wp-cron.php?doing_wp_cron=1674481172.2302329540252685546875" "WordPress/6.1.1; http://gatipackers.com" "gatipackers.com"
194.88.152.40 - - [23/Jan/2023:05:39:34 -0800] "GET /wp-login.php HTTP/1.1" 200 6550 "http://gatipackers.com/wp-login.php" "Mozilla/5.0 (Windows NT 6.3; Win64; x64) AppleWebKit/537.36 (KHTML, like Gecko) Chrome/90.0.4430.85 Safari/537.36 Edg/90.0.818.46" "gatipackers.com"
194.88.152.40 - - [23/Jan/2023:05:39:34 -0800] "GET /wp-login.php HTTP/1.1" 200 6552 "http://gatipackers.com/wp-login.php" "Mozilla/5.0 (Windows NT 10.0; WOW64) AppleWebKit/537.36 (KHTML, like Gecko) Chrome/90.0.4430.93 Safari/537.36" "gatipackers.com"
194.88.152.40 - - [23/Jan/2023:05:39:37 -0800] "POST /wp-login.php HTTP/1.1" 200 6929 "http://gatipackers.com/wp-login.php" "Mozilla/5.0 (Windows NT 6.3; Win64; x64) AppleWebKit/537.36 (KHTML, like Gecko) Chrome/90.0.4430.85 Safari/537.36 Edg/90.0.818.46" "gatipackers.com"
194.88.152.40 - - [23/Jan/2023:05:39:39 -0800] "GET /home/request_a_survey/ HTTP/1.1" 200 779 "http://gatipackers.com/home/request_a_survey/" "Mozilla/5.0 (Windows NT 6.3; Win64; x64) AppleWebKit/537.36 (KHTML, like Gecko) Chrome/90.0.4430.85 Safari/537.36 Edg/90.0.818.46" "gatipackers.com"
194.88.152.40 - - [23/Jan/2023:05:39:37 -0800] "POST /wp-login.php HTTP/1.1" 200 6927 "http://gatipackers.com/wp-login.php" "Mozilla/5.0 (Windows NT 10.0; WOW64) AppleWebKit/537.36 (KHTML, like Gecko) Chrome/90.0.4430.93 Safari/537.36" "gatipackers.com"
194.88.152.40 - - [23/Jan/2023:05:39:40 -0800] "GET /home/request_a_survey/ HTTP/1.1" 200 779 "http://gatipackers.com/home/request_a_survey/" "Mozilla/5.0 (Windows NT 10.0; WOW64) AppleWebKit/537.36 (KHTML, like Gecko) Chrome/90.0.4430.93 Safari/537.36" "gatipackers.com"
194.88.152.40 - - [23/Jan/2023:05:39:40 -0800] "GET /index.php/2021/02/26/sample-page/ HTTP/1.1" 200 25986 "http://gatipackers.com/index.php/2021/02/26/sample-page/" "Mozilla/5.0 (Windows NT 6.3; Win64; x64) AppleWebKit/537.36 (KHTML, like Gecko) Chrome/90.0.4430.85 Safari/537.36 Edg/90.0.818.46" "gatipackers.com"
194.88.152.40 - - [23/Jan/2023:05:39:41 -0800] "GET /index.php/2021/02/26/sample-page/ HTTP/1.1" 200 25986 "http://gatipackers.com/index.php/2021/02/26/sample-page/" "Mozilla/5.0 (Windows NT 10.0; WOW64) AppleWebKit/537.36 (KHTML, like Gecko) Chrome/90.0.4430.93 Safari/537.36" "gatipackers.com"
185.220.103.6 - - [23/Jan/2023:05:40:45 -0800] "GET / HTTP/1.1" 200 26635 "http://gatipackers.com" "Mozilla/5.0 (iPhone; CPU iPhone OS 13_7 like Mac OS X) AppleWebKit/605.1.15 (KHTML, like Gecko) Version/13.1.2 Mobile/15E148 Safari/604.1" "gatipackers.com"
109.70.100.20 - - [23/Jan/2023:05:40:49 -0800] "GET /?author=1 HTTP/1.1" 200 26361 "http://gatipackers.com/" "Mozilla/5.0 (Macintosh; Intel Mac OS X 10_15_7) AppleWebKit/605.1.15 (KHTML, like Gecko) Version/14.0.3 Safari/605.1.15" "gatipackers.com"
23.128.248.28 - - [23/Jan/2023:05:40:52 -0800] "GET /?author=2 HTTP/1.1" 404 21151 "http://gatipackers.com/" "Mozilla/4.0 (compatible; MSIE 6.0; AOL 9.0; Windows NT 5.1; SV1; .NET CLR 1.1.4322)" "gatipackers.com"
185.129.61.3 - - [23/Jan/2023:05:40:56 -0800] "GET /?author=3 HTTP/1.1" 404 21151 "http://gatipackers.com/" "Mozilla/5.0 (Windows NT 10.0; Win64; x64) AppleWebKit/537.36 (KHTML, like Gecko) Chrome/77.0.3865.90 Safari/537.36" "gatipackers.com"
23.128.248.209 - - [23/Jan/2023:05:41:00 -0800] "GET /?author=4 HTTP/1.1" 404 21151 "http://gatipackers.com/" "Mozilla/5.0 (Windows NT 6.1; Win64; x64) AppleWebKit/537.36 (KHTML, like Gecko) Chrome/79.0.3945.88 Safari/537.36" "gatipackers.com"
104.149.141.229 - - [23/Jan/2023:05:41:03 -0800] "GET /wp-json/wp/v2/users/1 HTTP/1.1" 404 88 "http://gatipackers.com/" "Mozilla/5.0 (Windows NT 10.0; Win64; x64) AppleWebKit/537.36 (KHTML, like Gecko) Chrome/85.0.4183.102 Safari/537.36 Edg/85.0.564.51" "gatipackers.com"
23.128.248.13 - - [23/Jan/2023:05:41:04 -0800] "GET /wp-json/wp/v2/users/3 HTTP/1.1" 404 88 "http://gatipackers.com/" "Mozilla/5.0 (Windows NT 5.1; rv:36.0) Gecko/20100101 Firefox/36.0" "gatipackers.com"
23.128.248.30 - - [23/Jan/2023:05:41:06 -0800] "GET /wp-json/wp/v2/users/4 HTTP/1.1" 404 88 "http://gatipackers.com/" "Mozilla/5.0 (iPhone; CPU iPhone OS 12_0_1 like Mac OS X) AppleWebKit/605.1.15 (KHTML, like Gecko) Version/12.0 Mobile/15E148 Safari/604.1" "gatipackers.com"
192.42.116.208 - - [23/Jan/2023:05:41:07 -0800] "GET /wp-json/wp/v2/users/5 HTTP/1.1" 404 88 "http://gatipackers.com/" "Mozilla/5.0 (Windows NT 10.0; Win64; x64) AppleWebKit/537.36 (KHTML, like Gecko) Chrome/73.0.3683.103 Safari/537.36" "gatipackers.com"
51.104.167.96 - - [23/Jan/2023:06:06:01 -0800] "GET / HTTP/1.1" 200 26635 "-" "Mozilla/5.0 (iPhone; CPU iPhone OS 13_3 like Mac OS X) AppleWebKit/605.1.15 (KHTML%2C like Gecko) Mobile/15E148" "gatipackers.com"
10.213.116.211 - - [23/Jan/2023:06:06:05 -0800] "POST /wp-cron.php?doing_wp_cron=1674482765.7142488956451416015625 HTTP/1.1" 200 - "http://gatipackers.com/wp-cron.php?doing_wp_cron=1674482765.7142488956451416015625" "WordPress/6.1.1; http://gatipackers.com" "gatipackers.com"
10.213.116.211 - - [23/Jan/2023:06:10:15 -0800] "POST /wp-cron.php?doing_wp_cron=1674483015.5640609264373779296875 HTTP/1.1" 200 - "http://gatipackers.com/wp-cron.php?doing_wp_cron=1674483015.5640609264373779296875" "WordPress/6.1.1; http://gatipackers.com" "gatipackers.com"
152.58.17.43 - - [23/Jan/2023:06:20:56 -0800] "GET / HTTP/1.1" 200 26688 "android-app://com.google.android.googlequicksearchbox/" "Mozilla/5.0 (Linux; Android 13; I2012) AppleWebKit/537.36 (KHTML, like Gecko) Chrome/109.0.0.0 Mobile Safari/537.36" "www.gatipackers.com"
152.58.17.43 - - [23/Jan/2023:06:21:01 -0800] "GET /wp-includes/css/dist/block-library/style.min.css?ver=6.1.1 HTTP/1.1" 200 12518 "http://www.gatipackers.com/" "Mozilla/5.0 (Linux; Android 13; I2012) AppleWebKit/537.36 (KHTML, like Gecko) Chrome/109.0.0.0 Mobile Safari/537.36" "gatipackers.com"
152.58.17.43 - - [23/Jan/2023:06:21:01 -0800] "GET /wp-content/themes/twentynineteen/style.css?ver=1.1 HTTP/1.1" 200 19371 "http://www.gatipackers.com/" "Mozilla/5.0 (Linux; Android 13; I2012) AppleWebKit/537.36 (KHTML, like Gecko) Chrome/109.0.0.0 Mobile Safari/537.36" "gatipackers.com"
152.58.17.43 - - [23/Jan/2023:06:21:01 -0800] "GET /wp-includes/js/wp-emoji-release.min.js?ver=6.1.1 HTTP/1.1" 200 5009 "http://www.gatipackers.com/" "Mozilla/5.0 (Linux; Android 13; I2012) AppleWebKit/537.36 (KHTML, like Gecko) Chrome/109.0.0.0 Mobile Safari/537.36" "gatipackers.com"
152.58.17.43 - - [23/Jan/2023:06:21:01 -0800] "GET /wp-content/themes/twentynineteen/print.css?ver=1.1 HTTP/1.1" 200 1230 "http://www.gatipackers.com/" "Mozilla/5.0 (Linux; Android 13; I2012) AppleWebKit/537.36 (KHTML, like Gecko) Chrome/109.0.0.0 Mobile Safari/537.36" "gatipackers.com"
152.58.17.43 - - [23/Jan/2023:06:21:01 -0800] "GET /wp-includes/css/classic-themes.min.css?ver=1 HTTP/1.1" 200 189 "http://www.gatipackers.com/" "Mozilla/5.0 (Linux; Android 13; I2012) AppleWebKit/537.36 (KHTML, like Gecko) Chrome/109.0.0.0 Mobile Safari/537.36" "gatipackers.com"
152.58.17.43 - - [23/Jan/2023:06:21:02 -0800] "GET /favicon.ico HTTP/1.1" 404 88 "http://www.gatipackers.com/" "Mozilla/5.0 (Linux; Android 13; I2012) AppleWebKit/537.36 (KHTML, like Gecko) Chrome/109.0.0.0 Mobile Safari/537.36" "www.gatipackers.com"
152.58.17.43 - - [23/Jan/2023:06:21:06 -0800] "GET / HTTP/1.1" 200 26688 "android-app://com.google.android.googlequicksearchbox/" "Mozilla/5.0 (Linux; Android 13; I2012) AppleWebKit/537.36 (KHTML, like Gecko) Chrome/109.0.0.0 Mobile Safari/537.36" "www.gatipackers.com"
173.236.168.102 - - [23/Jan/2023:06:52:47 -0800] "POST /wp-login.php HTTP/1.1" 200 6926 "-" "Mozilla/5.0 (Windows; U; Windows NT 5.1; en-US) AppleWebKit/533.4 (KHTML, like Gecko) Chrome/5.0.375.99 Safari/533.4" "gatipackers.com"
10.213.116.209 - - [23/Jan/2023:06:52:51 -0800] "POST /wp-cron.php?doing_wp_cron=1674485571.2293050289154052734375 HTTP/1.1" 200 - "http://gatipackers.com/wp-cron.php?doing_wp_cron=1674485571.2293050289154052734375" "WordPress/6.1.1; http://gatipackers.com" "gatipackers.com"
20.169.253.196 - - [23/Jan/2023:07:26:30 -0800] "GET / HTTP/1.1" 200 26635 "-" "Mozilla/5.0 (Windows NT 10.0; Win64; x64) AppleWebKit/537.36 (KHTML, like Gecko) Chrome/78.0.3904.108 Safari/537.36" "gatipackers.com"
10.213.116.210 - - [23/Jan/2023:07:26:34 -0800] "POST /wp-cron.php?doing_wp_cron=1674487594.1597421169281005859375 HTTP/1.1" 200 - "http://gatipackers.com/wp-cron.php?doing_wp_cron=1674487594.1597421169281005859375" "WordPress/6.1.1; http://gatipackers.com" "gatipackers.com"
20.169.253.196 - - [23/Jan/2023:07:26:35 -0800] "GET /?author=1 HTTP/1.1" 200 26361 "-" "Mozilla/5.0 (Windows NT 10.0; Win64; x64) AppleWebKit/537.36 (KHTML, like Gecko) Chrome/78.0.3904.108 Safari/537.36" "gatipackers.com"
20.169.253.196 - - [23/Jan/2023:07:26:40 -0800] "GET /?author=2 HTTP/1.1" 404 21151 "-" "Mozilla/5.0 (Windows NT 10.0; Win64; x64) AppleWebKit/537.36 (KHTML, like Gecko) Chrome/78.0.3904.108 Safari/537.36" "gatipackers.com"
20.169.253.196 - - [23/Jan/2023:07:26:45 -0800] "GET /wp-json/wp/v2/users/ HTTP/1.1" 404 73 "-" "Mozilla/5.0 (Windows NT 10.0; Win64; x64) AppleWebKit/537.36 (KHTML, like Gecko) Chrome/78.0.3904.108 Safari/537.36" "gatipackers.com"
20.169.253.196 - - [23/Jan/2023:07:26:45 -0800] "GET /wp-json/oembed/1.0/embed?url=http://gatipackers.com HTTP/1.1" 404 73 "-" "Mozilla/5.0 (Windows NT 10.0; Win64; x64) AppleWebKit/537.36 (KHTML, like Gecko) Chrome/78.0.3904.108 Safari/537.36" "gatipackers.com"
20.169.253.196 - - [23/Jan/2023:07:26:45 -0800] "POST /xmlrpc.php HTTP/1.1" 200 403 "-" "Mozilla/5.0 (Windows NT 10.0; Win64; x64) AppleWebKit/537.36 (KHTML, like Gecko) Chrome/78.0.3904.108 Safari/537.36" "gatipackers.com"
20.169.253.196 - - [23/Jan/2023:07:26:47 -0800] "POST /xmlrpc.php HTTP/1.1" 200 403 "-" "Mozilla/5.0 (Windows NT 10.0; Win64; x64) AppleWebKit/537.36 (KHTML, like Gecko) Chrome/78.0.3904.108 Safari/537.36" "gatipackers.com"
20.169.253.196 - - [23/Jan/2023:07:26:50 -0800] "POST /xmlrpc.php HTTP/1.1" 200 401 "-" "Mozilla/5.0 (Windows NT 10.0; Win64; x64) AppleWebKit/537.36 (KHTML, like Gecko) Chrome/78.0.3904.108 Safari/537.36" "gatipackers.com"
20.169.253.196 - - [23/Jan/2023:07:26:52 -0800] "POST /xmlrpc.php HTTP/1.1" 200 401 "-" "Mozilla/5.0 (Windows NT 10.0; Win64; x64) AppleWebKit/537.36 (KHTML, like Gecko) Chrome/78.0.3904.108 Safari/537.36" "gatipackers.com"
20.169.253.196 - - [23/Jan/2023:07:26:55 -0800] "POST /xmlrpc.php HTTP/1.1" 200 403 "-" "Mozilla/5.0 (Windows NT 10.0; Win64; x64) AppleWebKit/537.36 (KHTML, like Gecko) Chrome/78.0.3904.108 Safari/537.36" "gatipackers.com"
20.169.253.196 - - [23/Jan/2023:07:26:57 -0800] "POST /xmlrpc.php HTTP/1.1" 200 401 "-" "Mozilla/5.0 (Windows NT 10.0; Win64; x64) AppleWebKit/537.36 (KHTML, like Gecko) Chrome/78.0.3904.108 Safari/537.36" "gatipackers.com"
20.169.253.196 - - [23/Jan/2023:07:26:59 -0800] "POST /xmlrpc.php HTTP/1.1" 200 401 "-" "Mozilla/5.0 (Windows NT 10.0; Win64; x64) AppleWebKit/537.36 (KHTML, like Gecko) Chrome/78.0.3904.108 Safari/537.36" "gatipackers.com"
20.169.253.196 - - [23/Jan/2023:07:27:01 -0800] "POST /xmlrpc.php HTTP/1.1" 200 401 "-" "Mozilla/5.0 (Windows NT 10.0; Win64; x64) AppleWebKit/537.36 (KHTML, like Gecko) Chrome/78.0.3904.108 Safari/537.36" "gatipackers.com"
20.169.253.196 - - [23/Jan/2023:07:27:02 -0800] "POST /xmlrpc.php HTTP/1.1" 200 508 "-" "Mozilla/5.0 (Windows NT 10.0; Win64; x64) AppleWebKit/537.36 (KHTML, like Gecko) Chrome/78.0.3904.108 Safari/537.36" "gatipackers.com"
20.169.253.196 - - [23/Jan/2023:07:27:05 -0800] "POST /xmlrpc.php HTTP/1.1" 200 508 "-" "Mozilla/5.0 (Windows NT 10.0; Win64; x64) AppleWebKit/537.36 (KHTML, like Gecko) Chrome/78.0.3904.108 Safari/537.36" "gatipackers.com"
20.169.253.196 - - [23/Jan/2023:07:27:07 -0800] "POST /xmlrpc.php HTTP/1.1" 200 508 "-" "Mozilla/5.0 (Windows NT 10.0; Win64; x64) AppleWebKit/537.36 (KHTML, like Gecko) Chrome/78.0.3904.108 Safari/537.36" "gatipackers.com"
20.169.253.196 - - [23/Jan/2023:07:27:08 -0800] "POST /xmlrpc.php HTTP/1.1" 200 508 "-" "Mozilla/5.0 (Windows NT 10.0; Win64; x64) AppleWebKit/537.36 (KHTML, like Gecko) Chrome/78.0.3904.108 Safari/537.36" "gatipackers.com"
20.169.253.196 - - [23/Jan/2023:07:27:10 -0800] "POST /xmlrpc.php HTTP/1.1" 200 508 "-" "Mozilla/5.0 (Windows NT 10.0; Win64; x64) AppleWebKit/537.36 (KHTML, like Gecko) Chrome/78.0.3904.108 Safari/537.36" "gatipackers.com"
20.169.253.196 - - [23/Jan/2023:07:27:12 -0800] "POST /xmlrpc.php HTTP/1.1" 200 508 "-" "Mozilla/5.0 (Windows NT 10.0; Win64; x64) AppleWebKit/537.36 (KHTML, like Gecko) Chrome/78.0.3904.108 Safari/537.36" "gatipackers.com"
20.169.253.196 - - [23/Jan/2023:07:27:13 -0800] "POST /xmlrpc.php HTTP/1.1" 200 508 "-" "Mozilla/5.0 (Windows NT 10.0; Win64; x64) AppleWebKit/537.36 (KHTML, like Gecko) Chrome/78.0.3904.108 Safari/537.36" "gatipackers.com"
20.169.253.196 - - [23/Jan/2023:07:27:15 -0800] "POST /xmlrpc.php HTTP/1.1" 200 508 "-" "Mozilla/5.0 (Windows NT 10.0; Win64; x64) AppleWebKit/537.36 (KHTML, like Gecko) Chrome/78.0.3904.108 Safari/537.36" "gatipackers.com"
20.169.253.196 - - [23/Jan/2023:07:27:17 -0800] "POST /xmlrpc.php HTTP/1.1" 200 508 "-" "Mozilla/5.0 (Windows NT 10.0; Win64; x64) AppleWebKit/537.36 (KHTML, like Gecko) Chrome/78.0.3904.108 Safari/537.36" "gatipackers.com"
20.169.253.196 - - [23/Jan/2023:07:27:18 -0800] "POST /xmlrpc.php HTTP/1.1" 200 508 "-" "Mozilla/5.0 (Windows NT 10.0; Win64; x64) AppleWebKit/537.36 (KHTML, like Gecko) Chrome/78.0.3904.108 Safari/537.36" "gatipackers.com"
20.169.253.196 - - [23/Jan/2023:07:27:19 -0800] "POST /xmlrpc.php HTTP/1.1" 200 508 "-" "Mozilla/5.0 (Windows NT 10.0; Win64; x64) AppleWebKit/537.36 (KHTML, like Gecko) Chrome/78.0.3904.108 Safari/537.36" "gatipackers.com"
20.169.253.196 - - [23/Jan/2023:07:27:21 -0800] "POST /xmlrpc.php HTTP/1.1" 200 508 "-" "Mozilla/5.0 (Windows NT 10.0; Win64; x64) AppleWebKit/537.36 (KHTML, like Gecko) Chrome/78.0.3904.108 Safari/537.36" "gatipackers.com"
20.169.253.196 - - [23/Jan/2023:07:27:23 -0800] "POST /xmlrpc.php HTTP/1.1" 200 508 "-" "Mozilla/5.0 (Windows NT 10.0; Win64; x64) AppleWebKit/537.36 (KHTML, like Gecko) Chrome/78.0.3904.108 Safari/537.36" "gatipackers.com"
20.169.253.196 - - [23/Jan/2023:07:27:25 -0800] "POST /xmlrpc.php HTTP/1.1" 200 508 "-" "Mozilla/5.0 (Windows NT 10.0; Win64; x64) AppleWebKit/537.36 (KHTML, like Gecko) Chrome/78.0.3904.108 Safari/537.36" "gatipackers.com"
20.169.253.196 - - [23/Jan/2023:07:27:26 -0800] "POST /xmlrpc.php HTTP/1.1" 200 508 "-" "Mozilla/5.0 (Windows NT 10.0; Win64; x64) AppleWebKit/537.36 (KHTML, like Gecko) Chrome/78.0.3904.108 Safari/537.36" "gatipackers.com"
20.169.253.196 - - [23/Jan/2023:07:27:28 -0800] "POST /xmlrpc.php HTTP/1.1" 200 508 "-" "Mozilla/5.0 (Windows NT 10.0; Win64; x64) AppleWebKit/537.36 (KHTML, like Gecko) Chrome/78.0.3904.108 Safari/537.36" "gatipackers.com"
20.169.253.196 - - [23/Jan/2023:07:27:30 -0800] "POST /xmlrpc.php HTTP/1.1" 200 508 "-" "Mozilla/5.0 (Windows NT 10.0; Win64; x64) AppleWebKit/537.36 (KHTML, like Gecko) Chrome/78.0.3904.108 Safari/537.36" "gatipackers.com"
20.169.253.196 - - [23/Jan/2023:07:27:31 -0800] "POST /xmlrpc.php HTTP/1.1" 200 508 "-" "Mozilla/5.0 (Windows NT 10.0; Win64; x64) AppleWebKit/537.36 (KHTML, like Gecko) Chrome/78.0.3904.108 Safari/537.36" "gatipackers.com"
20.169.253.196 - - [23/Jan/2023:07:27:33 -0800] "POST /xmlrpc.php HTTP/1.1" 200 508 "-" "Mozilla/5.0 (Windows NT 10.0; Win64; x64) AppleWebKit/537.36 (KHTML, like Gecko) Chrome/78.0.3904.108 Safari/537.36" "gatipackers.com"
20.169.253.196 - - [23/Jan/2023:07:27:35 -0800] "POST /xmlrpc.php HTTP/1.1" 200 508 "-" "Mozilla/5.0 (Windows NT 10.0; Win64; x64) AppleWebKit/537.36 (KHTML, like Gecko) Chrome/78.0.3904.108 Safari/537.36" "gatipackers.com"
20.169.253.196 - - [23/Jan/2023:07:27:37 -0800] "POST /xmlrpc.php HTTP/1.1" 200 508 "-" "Mozilla/5.0 (Windows NT 10.0; Win64; x64) AppleWebKit/537.36 (KHTML, like Gecko) Chrome/78.0.3904.108 Safari/537.36" "gatipackers.com"
20.169.253.196 - - [23/Jan/2023:07:27:38 -0800] "POST /xmlrpc.php HTTP/1.1" 200 508 "-" "Mozilla/5.0 (Windows NT 10.0; Win64; x64) AppleWebKit/537.36 (KHTML, like Gecko) Chrome/78.0.3904.108 Safari/537.36" "gatipackers.com"
20.169.253.196 - - [23/Jan/2023:07:27:40 -0800] "POST /xmlrpc.php HTTP/1.1" 200 508 "-" "Mozilla/5.0 (Windows NT 10.0; Win64; x64) AppleWebKit/537.36 (KHTML, like Gecko) Chrome/78.0.3904.108 Safari/537.36" "gatipackers.com"
20.169.253.196 - - [23/Jan/2023:07:27:42 -0800] "POST /xmlrpc.php HTTP/1.1" 200 508 "-" "Mozilla/5.0 (Windows NT 10.0; Win64; x64) AppleWebKit/537.36 (KHTML, like Gecko) Chrome/78.0.3904.108 Safari/537.36" "gatipackers.com"
20.169.253.196 - - [23/Jan/2023:07:27:44 -0800] "POST /xmlrpc.php HTTP/1.1" 200 508 "-" "Mozilla/5.0 (Windows NT 10.0; Win64; x64) AppleWebKit/537.36 (KHTML, like Gecko) Chrome/78.0.3904.108 Safari/537.36" "gatipackers.com"
20.169.253.196 - - [23/Jan/2023:07:27:45 -0800] "POST /xmlrpc.php HTTP/1.1" 500 5475 "-" "Mozilla/5.0 (Windows NT 10.0; Win64; x64) AppleWebKit/537.36 (KHTML, like Gecko) Chrome/78.0.3904.108 Safari/537.36" "gatipackers.com"
49.7.21.110 - - [23/Jan/2023:07:38:15 -0800] "GET / HTTP/1.1" 200 26688 "-" "Sogou web spider/4.0(+http://www.sogou.com/docs/help/webmasters.htm#07)" "www.gatipackers.com"
10.213.116.210 - - [23/Jan/2023:07:38:18 -0800] "POST /wp-cron.php?doing_wp_cron=1674488298.8473060131072998046875 HTTP/1.1" 200 - "http://gatipackers.com/wp-cron.php?doing_wp_cron=1674488298.8473060131072998046875" "WordPress/6.1.1; http://gatipackers.com" "gatipackers.com"
23.106.28.138 - - [23/Jan/2023:07:41:58 -0800] "GET / HTTP/1.1" 200 26688 "-" "Mozilla/5.0 (Macintosh; Intel Mac OS X 13_0) AppleWebKit/537.36 (KHTML, like Gecko) Chrome/107.0.0.0 Safari/537.36" "www.gatipackers.com"
106.243.22.43 - - [23/Jan/2023:07:45:28 -0800] "GET /2002/license.txt HTTP/1.1" 404 88 "-" "Mozilla/5.0 (X11; Ubuntu; Linux x86_64; rv:62.0) Gecko/20100101 Firefox/62.0" "gatipackers.com"
118.184.177.48 - - [23/Jan/2023:07:50:33 -0800] "GET / HTTP/1.1" 200 26716 "-" "Sogou web spider/4.0(+http://www.sogou.com/docs/help/webmasters.htm#07)" "www.gatipackers.com"
185.220.102.248 - - [23/Jan/2023:07:50:54 -0800] "GET /home/request_a_survey/ HTTP/1.1" 200 779 "http://gatipackers.com/home/request_a_survey/" "Mozilla/5.0 (Windows NT 6.3; Win64; x64) AppleWebKit/537.36 (KHTML, like Gecko) Chrome/90.0.4430.85 Safari/537.36" "gatipackers.com"
185.220.102.248 - - [23/Jan/2023:07:50:56 -0800] "GET / HTTP/1.1" 200 26635 "http://gatipackers.com/" "Mozilla/5.0 (Windows NT 6.3; Win64; x64) AppleWebKit/537.36 (KHTML, like Gecko) Chrome/90.0.4430.85 Safari/537.36" "gatipackers.com"
185.220.102.248 - - [23/Jan/2023:07:51:02 -0800] "GET /index.php/2021/02/26/sample-page/ HTTP/1.1" 200 25986 "http://gatipackers.com/index.php/2021/02/26/sample-page/" "Mozilla/5.0 (Windows NT 6.3; Win64; x64) AppleWebKit/537.36 (KHTML, like Gecko) Chrome/90.0.4430.85 Safari/537.36" "gatipackers.com"
185.213.154.171 - - [23/Jan/2023:07:51:52 -0800] "GET /home/request_a_survey/ HTTP/1.1" 200 779 "http://gatipackers.com/home/request_a_survey/" "Mozilla/5.0 (Windows NT 10.0) AppleWebKit/537.36 (KHTML, like Gecko) Chrome/90.0.4430.85 Safari/537.36 Edg/90.0.818.46" "gatipackers.com"
185.213.154.171 - - [23/Jan/2023:07:51:53 -0800] "GET / HTTP/1.1" 200 26635 "http://gatipackers.com/" "Mozilla/5.0 (Windows NT 10.0) AppleWebKit/537.36 (KHTML, like Gecko) Chrome/90.0.4430.85 Safari/537.36 Edg/90.0.818.46" "gatipackers.com"
185.213.154.171 - - [23/Jan/2023:07:51:57 -0800] "GET /index.php/2021/02/26/sample-page/ HTTP/1.1" 200 25986 "http://gatipackers.com/index.php/2021/02/26/sample-page/" "Mozilla/5.0 (Windows NT 10.0) AppleWebKit/537.36 (KHTML, like Gecko) Chrome/90.0.4430.85 Safari/537.36 Edg/90.0.818.46" "gatipackers.com"
43.130.156.165 - - [23/Jan/2023:08:10:25 -0800] "GET /wp-admin/css/ HTTP/1.1" 200 144 "binance.com" "Mozilla/5.0 (Windows NT 10.0; Win64; x64) AppleWebKit/537.36 (KHTML, like Gecko) Chrome/90.0.4430.85 Safari/537.36" "gatipackers.com"
207.46.13.221 - - [23/Jan/2023:08:20:20 -0800] "GET /robots.txt HTTP/1.1" 200 58 "-" "Mozilla/5.0 AppleWebKit/537.36 (KHTML, like Gecko; compatible; bingbot/2.0; +http://www.bing.com/bingbot.htm) Chrome/103.0.5060.134 Safari/537.36" "gatipackers.com"
207.46.13.221 - - [23/Jan/2023:08:20:20 -0800] "GET /robots.txt HTTP/1.1" 200 58 "-" "Mozilla/5.0 AppleWebKit/537.36 (KHTML, like Gecko; compatible; bingbot/2.0; +http://www.bing.com/bingbot.htm) Chrome/103.0.5060.134 Safari/537.36" "gatipackers.com"
51.210.150.127 - - [23/Jan/2023:08:21:57 -0800] "GET /wp-login.php HTTP/1.1" 200 6547 "" "Mozilla/5.0 (Windows NT 10.0; Win64; x64; rv:108.0) Gecko/20100101 Firefox/108.0" "gatipackers.com"
51.210.150.127 - - [23/Jan/2023:08:22:02 -0800] "GET /wp-json/wp/v2/users HTTP/1.1" 404 88 "" "Mozilla/5.0 (Windows NT 10.0; Win64; x64; rv:108.0) Gecko/20100101 Firefox/108.0" "gatipackers.com"
51.210.150.127 - - [23/Jan/2023:08:22:03 -0800] "POST /wp-login.php HTTP/1.1" 200 6919 "http://gatipackers.com/wp-login.php?redirect_to=http%3A%2F%2Fgatipackers.com%2Fwp-admin%2F" "Mozilla/5.0 (Windows NT 10.0; Win64; x64; rv:108.0) Gecko/20100101 Firefox/108.0" "gatipackers.com"
10.213.116.209 - - [23/Jan/2023:08:22:01 -0800] "POST /wp-cron.php?doing_wp_cron=1674490921.2360589504241943359375 HTTP/1.1" 200 - "http://gatipackers.com/wp-cron.php?doing_wp_cron=1674490921.2360589504241943359375" "WordPress/6.1.1; http://gatipackers.com" "gatipackers.com"
40.77.167.17 - - [23/Jan/2023:08:22:45 -0800] "GET /index.php/2021/02/26/hello-world HTTP/1.1" 200 28062 "-" "Mozilla/5.0 (compatible; bingbot/2.0; +http://www.bing.com/bingbot.htm)" "gatipackers.com"
10.213.116.211 - - [23/Jan/2023:08:22:49 -0800] "POST /wp-cron.php?doing_wp_cron=1674490969.2119100093841552734375 HTTP/1.1" 200 - "https://gatipackers.com/wp-cron.php?doing_wp_cron=1674490969.2119100093841552734375" "WordPress/6.1.1; https://gatipackers.com" "gatipackers.com"
207.46.13.130 - - [23/Jan/2023:08:31:26 -0800] "GET /robots.txt HTTP/1.1" 200 58 "-" "Mozilla/5.0 AppleWebKit/537.36 (KHTML, like Gecko; compatible; bingbot/2.0; +http://www.bing.com/bingbot.htm) Chrome/103.0.5060.134 Safari/537.36" "gatipackers.com"
40.77.167.54 - - [23/Jan/2023:08:31:34 -0800] "GET /index.php/2021/02/26/sample-page/ HTTP/1.1" 200 25986 "-" "Mozilla/5.0 AppleWebKit/537.36 (KHTML, like Gecko; compatible; bingbot/2.0; +http://www.bing.com/bingbot.htm) Chrome/103.0.5060.134 Safari/537.36" "gatipackers.com"
40.77.167.17 - - [23/Jan/2023:08:32:11 -0800] "GET /wp-includes/css/dist/block-library/style.min.css?ver=6.1.1 HTTP/1.1" 200 12518 "-" "Mozilla/5.0 (compatible; bingbot/2.0; +http://www.bing.com/bingbot.htm)" "gatipackers.com"
40.77.167.62 - - [23/Jan/2023:08:33:31 -0800] "GET /index.php/category/uncategorized/ HTTP/1.1" 200 23918 "-" "Mozilla/5.0 (compatible; bingbot/2.0; +http://www.bing.com/bingbot.htm)" "gatipackers.com"
114.119.133.134 - - [23/Jan/2023:08:36:51 -0800] "GET /wp-content?C=N%3BO%3DD HTTP/1.1" 301 1428 "https://www.gatipackers.com/wp-content?C=D%3BO%3DA" "Mozilla/5.0 (Linux; Android 7.0;) AppleWebKit/537.36 (KHTML, like Gecko) Mobile Safari/537.36 (compatible; PetalBot;+https://webmaster.petalsearch.com/site/petalbot)" "www.gatipackers.com"
114.119.133.134 - - [23/Jan/2023:08:36:56 -0800] "GET /wp-content/?C=N%3BO%3DD HTTP/1.1" 200 - "https://www.gatipackers.com/wp-content?C=D%3BO%3DA" "Mozilla/5.0 (Linux; Android 7.0;) AppleWebKit/537.36 (KHTML, like Gecko) Mobile Safari/537.36 (compatible; PetalBot;+https://webmaster.petalsearch.com/site/petalbot)" "www.gatipackers.com"
207.46.13.111 - - [23/Jan/2023:08:38:28 -0800] "GET /wp-login.php HTTP/1.1" 200 6548 "-" "Mozilla/5.0 AppleWebKit/537.36 (KHTML, like Gecko; compatible; bingbot/2.0; +http://www.bing.com/bingbot.htm) Chrome/103.0.5060.134 Safari/537.36" "gatipackers.com"
10.213.116.209 - - [23/Jan/2023:08:38:31 -0800] "POST /wp-cron.php?doing_wp_cron=1674491911.7327051162719726562500 HTTP/1.1" 200 - "http://gatipackers.com/wp-cron.php?doing_wp_cron=1674491911.7327051162719726562500" "WordPress/6.1.1; http://gatipackers.com" "gatipackers.com"
207.46.13.4 - - [23/Jan/2023:08:39:01 -0800] "GET /wp-admin/js/user-profile.min.js?ver=6.1.1 HTTP/1.1" 200 2325 "-" "Mozilla/5.0 AppleWebKit/537.36 (KHTML, like Gecko; compatible; bingbot/2.0; +http://www.bing.com/bingbot.htm) Chrome/103.0.5060.134 Safari/537.36" "gatipackers.com"
207.46.13.4 - - [23/Jan/2023:08:39:01 -0800] "GET /wp-includes/js/jquery/jquery.min.js?ver=3.6.1 HTTP/1.1" 200 30995 "-" "Mozilla/5.0 AppleWebKit/537.36 (KHTML, like Gecko; compatible; bingbot/2.0; +http://www.bing.com/bingbot.htm) Chrome/103.0.5060.134 Safari/537.36" "gatipackers.com"
207.46.13.4 - - [23/Jan/2023:08:39:01 -0800] "GET /wp-includes/js/zxcvbn-async.min.js?ver=1.0 HTTP/1.1" 200 256 "-" "Mozilla/5.0 AppleWebKit/537.36 (KHTML, like Gecko; compatible; bingbot/2.0; +http://www.bing.com/bingbot.htm) Chrome/103.0.5060.134 Safari/537.36" "gatipackers.com"
40.77.167.54 - - [23/Jan/2023:08:39:05 -0800] "GET /wp-includes/js/dist/hooks.min.js?ver=4169d3cf8e8d95a3d6d5 HTTP/1.1" 200 1661 "-" "Mozilla/5.0 AppleWebKit/537.36 (KHTML, like Gecko; compatible; bingbot/2.0; +http://www.bing.com/bingbot.htm) Chrome/103.0.5060.134 Safari/537.36" "gatipackers.com"
40.77.167.54 - - [23/Jan/2023:08:39:05 -0800] "GET /wp-includes/js/dist/vendor/regenerator-runtime.min.js?ver=0.13.9 HTTP/1.1" 200 2457 "-" "Mozilla/5.0 (compatible; bingbot/2.0; +http://www.bing.com/bingbot.htm)" "gatipackers.com"
157.55.39.135 - - [23/Jan/2023:08:39:05 -0800] "GET /wp-admin/css/forms.min.css?ver=6.1.1 HTTP/1.1" 200 6350 "-" "Mozilla/5.0 AppleWebKit/537.36 (KHTML, like Gecko; compatible; bingbot/2.0; +http://www.bing.com/bingbot.htm) Chrome/103.0.5060.134 Safari/537.36" "gatipackers.com"
40.77.167.62 - - [23/Jan/2023:08:39:07 -0800] "GET /wp-admin/js/password-strength-meter.min.js?ver=6.1.1 HTTP/1.1" 200 621 "-" "Mozilla/5.0 AppleWebKit/537.36 (KHTML, like Gecko; compatible; bingbot/2.0; +http://www.bing.com/bingbot.htm) Chrome/103.0.5060.134 Safari/537.36" "gatipackers.com"
207.46.13.111 - - [23/Jan/2023:08:39:10 -0800] "GET /wp-admin/css/l10n.min.css?ver=6.1.1 HTTP/1.1" 200 686 "-" "Mozilla/5.0 AppleWebKit/537.36 (KHTML, like Gecko; compatible; bingbot/2.0; +http://www.bing.com/bingbot.htm) Chrome/103.0.5060.134 Safari/537.36" "gatipackers.com"
207.46.13.111 - - [23/Jan/2023:08:39:10 -0800] "GET /wp-admin/css/login.min.css?ver=6.1.1 HTTP/1.1" 200 2157 "-" "Mozilla/5.0 AppleWebKit/537.36 (KHTML, like Gecko; compatible; bingbot/2.0; +http://www.bing.com/bingbot.htm) Chrome/103.0.5060.134 Safari/537.36" "gatipackers.com"
40.77.167.17 - - [23/Jan/2023:08:39:16 -0800] "GET /wp-includes/css/buttons.min.css?ver=6.1.1 HTTP/1.1" 200 1453 "-" "Mozilla/5.0 (compatible; bingbot/2.0; +http://www.bing.com/bingbot.htm)" "gatipackers.com"
40.77.167.62 - - [23/Jan/2023:08:39:20 -0800] "GET /wp-includes/js/dist/i18n.min.js?ver=9e794f35a71bb98672ae HTTP/1.1" 200 3866 "-" "Mozilla/5.0 AppleWebKit/537.36 (KHTML, like Gecko; compatible; bingbot/2.0; +http://www.bing.com/bingbot.htm) Chrome/103.0.5060.134 Safari/537.36" "gatipackers.com"
40.77.167.62 - - [23/Jan/2023:08:39:20 -0800] "GET /wp-includes/js/dist/vendor/wp-polyfill.min.js?ver=3.15.0 HTTP/1.1" 200 6532 "-" "Mozilla/5.0 AppleWebKit/537.36 (KHTML, like Gecko; compatible; bingbot/2.0; +http://www.bing.com/bingbot.htm) Chrome/103.0.5060.134 Safari/537.36" "gatipackers.com"
40.77.167.62 - - [23/Jan/2023:08:39:20 -0800] "GET /wp-includes/js/underscore.min.js?ver=1.13.4 HTTP/1.1" 200 7311 "-" "Mozilla/5.0 (compatible; bingbot/2.0; +http://www.bing.com/bingbot.htm)" "gatipackers.com"
40.77.167.62 - - [23/Jan/2023:08:39:20 -0800] "GET /wp-includes/js/wp-util.min.js?ver=6.1.1 HTTP/1.1" 200 756 "-" "Mozilla/5.0 AppleWebKit/537.36 (KHTML, like Gecko; compatible; bingbot/2.0; +http://www.bing.com/bingbot.htm) Chrome/103.0.5060.134 Safari/537.36" "gatipackers.com"
157.55.39.135 - - [23/Jan/2023:08:39:26 -0800] "GET /wp-includes/css/dashicons.min.css?ver=6.1.1 HTTP/1.1" 200 35730 "-" "Mozilla/5.0 AppleWebKit/537.36 (KHTML, like Gecko; compatible; bingbot/2.0; +http://www.bing.com/bingbot.htm) Chrome/103.0.5060.134 Safari/537.36" "gatipackers.com"
157.55.39.135 - - [23/Jan/2023:08:39:26 -0800] "GET /wp-includes/js/jquery/jquery-migrate.min.js?ver=3.3.2 HTTP/1.1" 200 4169 "-" "Mozilla/5.0 AppleWebKit/537.36 (KHTML, like Gecko; compatible; bingbot/2.0; +http://www.bing.com/bingbot.htm) Chrome/103.0.5060.134 Safari/537.36" "gatipackers.com"
103.161.132.8 - - [23/Jan/2023:08:45:15 -0800] "GET /wp-login.php HTTP/1.1" 200 6548 "" "Mozilla/5.0 (Windows NT 10.0; Win64; x64; rv:108.0) Gecko/20100101 Firefox/108.0" "gatipackers.com"
103.161.132.8 - - [23/Jan/2023:08:45:20 -0800] "GET /wp-json/wp/v2/users HTTP/1.1" 404 88 "" "Mozilla/5.0 (Windows NT 10.0; Win64; x64; rv:108.0) Gecko/20100101 Firefox/108.0" "gatipackers.com"
103.161.132.8 - - [23/Jan/2023:08:45:21 -0800] "POST /wp-login.php HTTP/1.1" 200 6928 "http://gatipackers.com/wp-login.php?redirect_to=http%3A%2F%2Fgatipackers.com%2Fwp-admin%2F" "Mozilla/5.0 (Windows NT 10.0; Win64; x64; rv:108.0) Gecko/20100101 Firefox/108.0" "gatipackers.com"
40.77.167.62 - - [23/Jan/2023:08:46:01 -0800] "GET /index.php/2021/02/26/hello-world/ HTTP/1.1" 200 28025 "-" "Mozilla/5.0 AppleWebKit/537.36 (KHTML, like Gecko; compatible; bingbot/2.0; +http://www.bing.com/bingbot.htm) Chrome/103.0.5060.134 Safari/537.36" "gatipackers.com"
207.46.13.4 - - [23/Jan/2023:08:46:32 -0800] "GET /wp-includes/js/comment-reply.min.js?ver=6.1.1 HTTP/1.1" 200 1351 "-" "Mozilla/5.0 AppleWebKit/537.36 (KHTML, like Gecko; compatible; bingbot/2.0; +http://www.bing.com/bingbot.htm) Chrome/103.0.5060.134 Safari/537.36" "gatipackers.com"
40.77.188.156 - - [23/Jan/2023:08:54:58 -0800] "GET /wp-admin/images/wordpress-logo.svg?ver=20131107 HTTP/1.1" 200 1521 "-" "Mozilla/5.0 (Windows NT 6.1; WOW64) AppleWebKit/534+ (KHTML, like Gecko) BingPreview/1.0b" "gatipackers.com"
40.77.188.173 - - [23/Jan/2023:08:54:59 -0800] "GET /wp-includes/js/zxcvbn.min.js HTTP/1.1" 200 822237 "-" "Mozilla/5.0 (Windows NT 6.1; WOW64) AppleWebKit/534+ (KHTML, like Gecko) BingPreview/1.0b" "gatipackers.com"
40.77.167.17 - - [23/Jan/2023:09:04:10 -0800] "GET /index.php/comments/feed/ HTTP/1.1" 200 778 "-" "Mozilla/5.0 (compatible; bingbot/2.0; +http://www.bing.com/bingbot.htm)" "gatipackers.com"
10.213.116.209 - - [23/Jan/2023:09:04:15 -0800] "POST /wp-cron.php?doing_wp_cron=1674493455.0029029846191406250000 HTTP/1.1" 200 - "http://gatipackers.com/wp-cron.php?doing_wp_cron=1674493455.0029029846191406250000" "WordPress/6.1.1; http://gatipackers.com" "gatipackers.com"
95.163.255.140 - - [23/Jan/2023:09:14:04 -0800] "GET /robots.txt HTTP/1.1" 200 42 "-" "Mozilla/5.0 (compatible; Linux x86_64; Mail.RU_Bot/Robots/2.0; +https://help.mail.ru/webmaster/indexing/robots)" "www.gatipackers.com"
95.163.255.120 - - [23/Jan/2023:09:14:05 -0800] "GET / HTTP/1.1" 200 26688 "-" "Mozilla/5.0 (compatible; Linux x86_64; Mail.RU_Bot/Robots/2.0; +https://help.mail.ru/webmaster/indexing/robots)" "www.gatipackers.com"
10.213.116.210 - - [23/Jan/2023:09:14:09 -0800] "POST /wp-cron.php?doing_wp_cron=1674494049.2935650348663330078125 HTTP/1.1" 200 - "http://gatipackers.com/wp-cron.php?doing_wp_cron=1674494049.2935650348663330078125" "WordPress/6.1.1; http://gatipackers.com" "gatipackers.com"
114.119.158.156 - - [23/Jan/2023:09:20:53 -0800] "GET /robots.txt HTTP/1.1" 200 58 "https://www.gatipackers.com?C=D%3BO%3DA" "Mozilla/5.0 (Linux; Android 7.0;) AppleWebKit/537.36 (KHTML, like Gecko) Mobile Safari/537.36 (compatible; PetalBot;+https://webmaster.petalsearch.com/site/petalbot)" "www.gatipackers.com"
114.119.130.26 - - [23/Jan/2023:09:22:00 -0800] "GET /index.php/author/administrator HTTP/1.1" 200 26391 "https://gatipackers.com/" "Mozilla/5.0 (Linux; Android 7.0;) AppleWebKit/537.36 (KHTML, like Gecko) Mobile Safari/537.36 (compatible; PetalBot;+https://webmaster.petalsearch.com/site/petalbot)" "gatipackers.com"
114.119.129.237 - - [23/Jan/2023:09:23:12 -0800] "GET /wp-admin/ HTTP/1.1" 302 - "https://gatipackers.com?C=M%3BO%3DA" "Mozilla/5.0 (Linux; Android 7.0;) AppleWebKit/537.36 (KHTML, like Gecko) Mobile Safari/537.36 (compatible; PetalBot;+https://webmaster.petalsearch.com/site/petalbot)" "gatipackers.com"
10.213.116.209 - - [23/Jan/2023:09:23:15 -0800] "POST /wp-cron.php?doing_wp_cron=1674494595.1486859321594238281250 HTTP/1.1" 200 - "http://gatipackers.com/wp-cron.php?doing_wp_cron=1674494595.1486859321594238281250" "WordPress/6.1.1; http://gatipackers.com" "gatipackers.com"
114.119.129.237 - - [23/Jan/2023:09:23:21 -0800] "GET /wp-login.php?redirect_to=http://gatipackers.com/wp-admin/&reauth=1 HTTP/1.1" 200 6550 "https://gatipackers.com?C=M%3BO%3DA" "Mozilla/5.0 (Linux; Android 7.0;) AppleWebKit/537.36 (KHTML, like Gecko) Mobile Safari/537.36 (compatible; PetalBot;+https://webmaster.petalsearch.com/site/petalbot)" "gatipackers.com"
95.163.255.92 - - [23/Jan/2023:09:30:24 -0800] "GET /robots.txt HTTP/1.1" 200 42 "-" "Mozilla/5.0 (compatible; Linux x86_64; Mail.RU_Bot/2.0; +https://help.mail.ru/webmaster/indexing/robots)" "www.gatipackers.com"
95.163.255.96 - - [23/Jan/2023:09:30:25 -0800] "GET /?C=N;O=D HTTP/1.1" 200 26688 "-" "Mozilla/5.0 (compatible; Linux x86_64; Mail.RU_Bot/2.0; +https://help.mail.ru/webmaster/indexing/robots)" "www.gatipackers.com"
51.222.253.18 - - [23/Jan/2023:09:33:58 -0800] "GET /robots.txt HTTP/1.1" 200 58 "-" "Mozilla/5.0 (compatible; AhrefsBot/7.0; +http://ahrefs.com/robot/)" "gatipackers.com"
157.55.39.135 - - [23/Jan/2023:09:41:22 -0800] "GET /index.php/2021/02/ HTTP/1.1" 200 26038 "-" "Mozilla/5.0 AppleWebKit/537.36 (KHTML, like Gecko; compatible; bingbot/2.0; +http://www.bing.com/bingbot.htm) Chrome/103.0.5060.134 Safari/537.36" "gatipackers.com"
10.213.116.211 - - [23/Jan/2023:09:41:26 -0800] "POST /wp-cron.php?doing_wp_cron=1674495686.7647759914398193359375 HTTP/1.1" 200 - "http://gatipackers.com/wp-cron.php?doing_wp_cron=1674495686.7647759914398193359375" "WordPress/6.1.1; http://gatipackers.com" "gatipackers.com"
128.199.131.42 - - [23/Jan/2023:10:02:39 -0800] "POST /wp-login.php HTTP/1.1" 200 6922 "-" "Mozilla/5.0 (Windows NT 6.1) AppleWebKit/537.36 (KHTML, like Gecko) Chrome/59.0.3071.115 Safari/537.36" "gatipackers.com"
10.213.116.209 - - [23/Jan/2023:10:02:43 -0800] "POST /wp-cron.php?doing_wp_cron=1674496963.0156629085540771484375 HTTP/1.1" 200 - "http://gatipackers.com/wp-cron.php?doing_wp_cron=1674496963.0156629085540771484375" "WordPress/6.1.1; http://gatipackers.com" "gatipackers.com"
51.222.253.17 - - [23/Jan/2023:10:06:07 -0800] "GET /robots.txt HTTP/1.1" 200 58 "-" "Mozilla/5.0 (compatible; AhrefsBot/7.0; +http://ahrefs.com/robot/)" "www.gatipackers.com"
40.77.167.62 - - [23/Jan/2023:10:10:18 -0800] "GET /index.php/feed/ HTTP/1.1" 200 3567 "-" "Mozilla/5.0 (compatible; bingbot/2.0; +http://www.bing.com/bingbot.htm)" "gatipackers.com"
10.213.116.209 - - [23/Jan/2023:10:10:22 -0800] "POST /wp-cron.php?doing_wp_cron=1674497422.6044120788574218750000 HTTP/1.1" 200 - "http://gatipackers.com/wp-cron.php?doing_wp_cron=1674497422.6044120788574218750000" "WordPress/6.1.1; http://gatipackers.com" "gatipackers.com"
40.77.167.54 - - [23/Jan/2023:10:46:56 -0800] "GET / HTTP/1.1" 200 26635 "-" "Mozilla/5.0 (compatible; bingbot/2.0; +http://www.bing.com/bingbot.htm)" "gatipackers.com"
10.213.116.211 - - [23/Jan/2023:10:47:00 -0800] "POST /wp-cron.php?doing_wp_cron=1674499620.4273509979248046875000 HTTP/1.1" 200 - "http://gatipackers.com/wp-cron.php?doing_wp_cron=1674499620.4273509979248046875000" "WordPress/6.1.1; http://gatipackers.com" "gatipackers.com"
157.55.39.135 - - [23/Jan/2023:10:48:49 -0800] "GET /wp-admin/ HTTP/1.1" 302 - "-" "Mozilla/5.0 AppleWebKit/537.36 (KHTML, like Gecko; compatible; bingbot/2.0; +http://www.bing.com/bingbot.htm) Chrome/103.0.5060.134 Safari/537.36" "gatipackers.com"
157.55.39.135 - - [23/Jan/2023:10:48:53 -0800] "GET /wp-login.php?redirect_to=http%3A%2F%2Fgatipackers.com%2Fwp-admin%2F&reauth=1 HTTP/1.1" 200 6558 "-" "Mozilla/5.0 AppleWebKit/537.36 (KHTML, like Gecko; compatible; bingbot/2.0; +http://www.bing.com/bingbot.htm) Chrome/103.0.5060.134 Safari/537.36" "gatipackers.com"
34.96.143.131 - - [23/Jan/2023:10:50:36 -0800] "GET /wp-login.php HTTP/1.1" 200 6552 "" "Mozilla/5.0 (Windows NT 10.0; Win64; x64; rv:108.0) Gecko/20100101 Firefox/108.0" "gatipackers.com"
34.96.143.131 - - [23/Jan/2023:10:50:40 -0800] "GET /wp-json/wp/v2/users HTTP/1.1" 404 88 "" "Mozilla/5.0 (Windows NT 10.0; Win64; x64; rv:108.0) Gecko/20100101 Firefox/108.0" "gatipackers.com"
34.96.143.131 - - [23/Jan/2023:10:50:40 -0800] "POST /wp-login.php HTTP/1.1" 200 6919 "http://gatipackers.com/wp-login.php?redirect_to=http%3A%2F%2Fgatipackers.com%2Fwp-admin%2F" "Mozilla/5.0 (Windows NT 10.0; Win64; x64; rv:108.0) Gecko/20100101 Firefox/108.0" "gatipackers.com"
157.55.39.135 - - [23/Jan/2023:10:52:19 -0800] "GET / HTTP/1.1" 200 26716 "-" "Mozilla/5.0 AppleWebKit/537.36 (KHTML, like Gecko; compatible; bingbot/2.0; +http://www.bing.com/bingbot.htm) Chrome/103.0.5060.134 Safari/537.36" "www.gatipackers.com"
207.46.13.111 - - [23/Jan/2023:10:52:49 -0800] "GET /wp-includes/css/dist/block-library/style.min.css?ver=6.1.1 HTTP/1.1" 200 12518 "-" "Mozilla/5.0 AppleWebKit/537.36 (KHTML, like Gecko; compatible; bingbot/2.0; +http://www.bing.com/bingbot.htm) Chrome/103.0.5060.134 Safari/537.36" "gatipackers.com"
207.46.13.4 - - [23/Jan/2023:10:52:53 -0800] "GET /wp-includes/css/classic-themes.min.css?ver=1 HTTP/1.1" 200 189 "-" "Mozilla/5.0 AppleWebKit/537.36 (KHTML, like Gecko; compatible; bingbot/2.0; +http://www.bing.com/bingbot.htm) Chrome/103.0.5060.134 Safari/537.36" "gatipackers.com"
207.46.13.4 - - [23/Jan/2023:10:52:54 -0800] "GET /wp-includes/js/wp-emoji-release.min.js?ver=6.1.1 HTTP/1.1" 200 5009 "-" "Mozilla/5.0 AppleWebKit/537.36 (KHTML, like Gecko; compatible; bingbot/2.0; +http://www.bing.com/bingbot.htm) Chrome/103.0.5060.134 Safari/537.36" "gatipackers.com"
40.77.167.54 - - [23/Jan/2023:10:52:58 -0800] "GET /wp-content/themes/twentynineteen/style.css?ver=1.1 HTTP/1.1" 200 19371 "-" "Mozilla/5.0 (compatible; bingbot/2.0; +http://www.bing.com/bingbot.htm)" "gatipackers.com"
157.55.39.135 - - [23/Jan/2023:10:56:29 -0800] "GET /index.php/author/administrator/ HTTP/1.1" 200 26361 "-" "Mozilla/5.0 AppleWebKit/537.36 (KHTML, like Gecko; compatible; bingbot/2.0; +http://www.bing.com/bingbot.htm) Chrome/103.0.5060.134 Safari/537.36" "gatipackers.com"
10.213.116.211 - - [23/Jan/2023:10:56:33 -0800] "POST /wp-cron.php?doing_wp_cron=1674500193.4416069984436035156250 HTTP/1.1" 200 - "http://gatipackers.com/wp-cron.php?doing_wp_cron=1674500193.4416069984436035156250" "WordPress/6.1.1; http://gatipackers.com" "gatipackers.com"
149.34.249.85 - - [23/Jan/2023:11:36:08 -0800] "GET /home/request_a_survey/ HTTP/1.1" 200 779 "http://gatipackers.com/home/request_a_survey/" "Mozilla/5.0 (Windows NT 10.0; Win64; x64) AppleWebKit/537.36 (KHTML, like Gecko) Chrome/90.0.4430.93 Safari/537.36" "gatipackers.com"
149.34.249.85 - - [23/Jan/2023:11:36:08 -0800] "GET / HTTP/1.1" 200 26635 "http://gatipackers.com/" "Mozilla/5.0 (Windows NT 10.0; Win64; x64) AppleWebKit/537.36 (KHTML, like Gecko) Chrome/90.0.4430.93 Safari/537.36" "gatipackers.com"
10.213.116.211 - - [23/Jan/2023:11:36:13 -0800] "POST /wp-cron.php?doing_wp_cron=1674502573.1874220371246337890625 HTTP/1.1" 200 - "http://gatipackers.com/wp-cron.php?doing_wp_cron=1674502573.1874220371246337890625" "WordPress/6.1.1; http://gatipackers.com" "gatipackers.com"
188.35.21.152 - - [23/Jan/2023:11:45:09 -0800] "GET /home/request_a_survey/ HTTP/1.1" 200 779 "http://gatipackers.com/home/request_a_survey/" "Mozilla/5.0 (Windows NT 6.1; Win64; x64) AppleWebKit/537.36 (KHTML, like Gecko) Chrome/90.0.4430.85 Safari/537.36 Edg/90.0.818.49" "gatipackers.com"
188.35.21.152 - - [23/Jan/2023:11:45:10 -0800] "GET / HTTP/1.1" 200 26635 "http://gatipackers.com/" "Mozilla/5.0 (Windows NT 6.1; Win64; x64) AppleWebKit/537.36 (KHTML, like Gecko) Chrome/90.0.4430.85 Safari/537.36 Edg/90.0.818.49" "gatipackers.com"
10.213.116.209 - - [23/Jan/2023:11:45:14 -0800] "POST /wp-cron.php?doing_wp_cron=1674503114.8141560554504394531250 HTTP/1.1" 200 - "http://gatipackers.com/wp-cron.php?doing_wp_cron=1674503114.8141560554504394531250" "WordPress/6.1.1; http://gatipackers.com" "gatipackers.com"
188.35.21.152 - - [23/Jan/2023:11:45:17 -0800] "GET /index.php/2021/02/26/sample-page/ HTTP/1.1" 200 25986 "http://gatipackers.com/index.php/2021/02/26/sample-page/" "Mozilla/5.0 (Windows NT 6.1; Win64; x64) AppleWebKit/537.36 (KHTML, like Gecko) Chrome/90.0.4430.85 Safari/537.36 Edg/90.0.818.49" "gatipackers.com"
46.101.150.34 - - [23/Jan/2023:12:00:22 -0800] "POST /wp-login.php HTTP/1.1" 200 6922 "-" "Mozilla/5.0 (Windows NT 6.1) AppleWebKit/537.36 (KHTML, like Gecko) Chrome/63.0.3239.84 Safari/537.36" "gatipackers.com"
10.213.116.211 - - [23/Jan/2023:12:00:28 -0800] "POST /wp-cron.php?doing_wp_cron=1674504028.6367180347442626953125 HTTP/1.1" 200 - "http://gatipackers.com/wp-cron.php?doing_wp_cron=1674504028.6367180347442626953125" "WordPress/6.1.1; http://gatipackers.com" "gatipackers.com"
37.139.53.92 - - [23/Jan/2023:12:13:33 -0800] "GET /home/request_a_survey/ HTTP/1.1" 200 779 "http://gatipackers.com/home/request_a_survey/" "Mozilla/5.0 (Windows NT 10.0) AppleWebKit/537.36 (KHTML, like Gecko) Chrome/90.0.4430.93 Safari/537.36" "gatipackers.com"
37.139.53.92 - - [23/Jan/2023:12:13:33 -0800] "GET / HTTP/1.1" 200 26635 "http://gatipackers.com/" "Mozilla/5.0 (Windows NT 10.0) AppleWebKit/537.36 (KHTML, like Gecko) Chrome/90.0.4430.93 Safari/537.36" "gatipackers.com"
10.213.116.209 - - [23/Jan/2023:12:13:37 -0800] "POST /wp-cron.php?doing_wp_cron=1674504817.2262480258941650390625 HTTP/1.1" 200 - "http://gatipackers.com/wp-cron.php?doing_wp_cron=1674504817.2262480258941650390625" "WordPress/6.1.1; http://gatipackers.com" "gatipackers.com"
95.163.255.93 - - [23/Jan/2023:12:37:45 -0800] "GET /robots.txt HTTP/1.1" 200 42 "-" "Mozilla/5.0 (compatible; Linux x86_64; Mail.RU_Bot/2.0; +https://help.mail.ru/webmaster/indexing/robots)" "www.gatipackers.com"
95.163.255.95 - - [23/Jan/2023:12:37:48 -0800] "GET /wp-content/ HTTP/1.1" 200 - "-" "Mozilla/5.0 (compatible; Linux x86_64; Mail.RU_Bot/2.0; +https://help.mail.ru/webmaster/indexing/robots)" "www.gatipackers.com"
94.250.250.48 - - [23/Jan/2023:12:50:33 -0800] "GET /wp-login.php HTTP/1.1" 200 6553 "" "Mozilla/5.0 (Windows NT 10.0; Win64; x64; rv:108.0) Gecko/20100101 Firefox/108.0" "gatipackers.com"
94.250.250.48 - - [23/Jan/2023:12:50:38 -0800] "GET /wp-json/wp/v2/users HTTP/1.1" 404 88 "" "Mozilla/5.0 (Windows NT 10.0; Win64; x64; rv:108.0) Gecko/20100101 Firefox/108.0" "gatipackers.com"
