10.213.116.209 - - [01/Feb/2023:06:22:33 -0800] "POST /wp-cron.php?doing_wp_cron=1675261353.0460369586944580078125 HTTP/1.1" 200 - "http://gatipackers.com/wp-cron.php?doing_wp_cron=1675261353.0460369586944580078125" "WordPress/6.1.1; http://gatipackers.com" "gatipackers.com"
188.225.82.183 - - [01/Feb/2023:06:22:34 -0800] "POST /xmlrpc.php HTTP/1.1" 200 403 "-" "Mozilla/5.0 (Linux; Android 10; SM-A102U) AppleWebKit/537.36 (KHTML, like Gecko) Chrome/91.0.4472.114 Mobile Safari/537.36" "gatipackers.com"
95.179.152.198 - - [01/Feb/2023:06:23:08 -0800] "POST /xmlrpc.php HTTP/1.1" 200 403 "-" "Mozilla/5.0 (Windows NT 5.1; rv:36.0) Gecko/20100101 Firefox/36.0" "gatipackers.com"
95.179.152.198 - - [01/Feb/2023:06:23:10 -0800] "POST /xmlrpc.php HTTP/1.1" 200 403 "-" "Mozilla/5.0 (Windows NT 5.1; rv:36.0) Gecko/20100101 Firefox/36.0" "gatipackers.com"
193.233.149.237 - - [01/Feb/2023:06:29:15 -0800] "GET /home/request_a_survey/ HTTP/1.1" 200 779 "http://gatipackers.com/home/request_a_survey/" "Mozilla/5.0 (Windows NT 6.3; Win64; x64) AppleWebKit/537.36 (KHTML, like Gecko) Chrome/90.0.4430.93 Safari/537.36" "gatipackers.com"
193.233.149.237 - - [01/Feb/2023:06:29:16 -0800] "GET / HTTP/1.1" 200 26635 "http://gatipackers.com/" "Mozilla/5.0 (Windows NT 6.3; Win64; x64) AppleWebKit/537.36 (KHTML, like Gecko) Chrome/90.0.4430.93 Safari/537.36" "gatipackers.com"
185.191.171.9 - - [01/Feb/2023:06:38:59 -0800] "GET /robots.txt HTTP/1.1" 200 58 "-" "Mozilla/5.0 (compatible; SemrushBot/7~bl; +http://www.semrush.com/bot.html)" "gatipackers.com"
185.191.171.10 - - [01/Feb/2023:06:38:59 -0800] "GET /index.php/2021/02/26/sample-page/ HTTP/1.1" 200 26019 "-" "Mozilla/5.0 (compatible; SemrushBot/7~bl; +http://www.semrush.com/bot.html)" "gatipackers.com"
10.213.116.209 - - [01/Feb/2023:06:39:03 -0800] "POST /wp-cron.php?doing_wp_cron=1675262342.8729341030120849609375 HTTP/1.1" 200 - "https://gatipackers.com/wp-cron.php?doing_wp_cron=1675262342.8729341030120849609375" "WordPress/6.1.1; https://gatipackers.com" "gatipackers.com"
42.83.147.34 - - [01/Feb/2023:07:20:20 -0800] "GET / HTTP/1.1" 200 26635 "-" "Mozilla/5.0 (Windows NT 6.1; Win64; x64) AppleWebKit/537.36 (KHTML, like Gecko)Chrome/74.0.3729.169 Safari/537.36" "gatipackers.com"
10.213.116.211 - - [01/Feb/2023:07:20:25 -0800] "POST /wp-cron.php?doing_wp_cron=1675264825.4405689239501953125000 HTTP/1.1" 200 - "http://gatipackers.com/wp-cron.php?doing_wp_cron=1675264825.4405689239501953125000" "WordPress/6.1.1; http://gatipackers.com" "gatipackers.com"
157.55.39.19 - - [01/Feb/2023:07:20:47 -0800] "GET / HTTP/1.1" 200 26635 "-" "Mozilla/5.0 AppleWebKit/537.36 (KHTML, like Gecko; compatible; bingbot/2.0; +http://www.bing.com/bingbot.htm) Chrome/103.0.5060.134 Safari/537.36" "gatipackers.com"
207.46.13.102 - - [01/Feb/2023:07:21:18 -0800] "GET /wp-includes/css/classic-themes.min.css?ver=1 HTTP/1.1" 200 189 "-" "Mozilla/5.0 AppleWebKit/537.36 (KHTML, like Gecko; compatible; bingbot/2.0; +http://www.bing.com/bingbot.htm) Chrome/103.0.5060.134 Safari/537.36" "gatipackers.com"
52.167.144.97 - - [01/Feb/2023:07:21:23 -0800] "GET /wp-content/themes/twentynineteen/print.css?ver=1.1 HTTP/1.1" 200 1230 "-" "Mozilla/5.0 AppleWebKit/537.36 (KHTML, like Gecko; compatible; bingbot/2.0; +http://www.bing.com/bingbot.htm) Chrome/103.0.5060.134 Safari/537.36" "gatipackers.com"
40.77.167.171 - - [01/Feb/2023:07:21:23 -0800] "GET /wp-includes/css/dist/block-library/style.min.css?ver=6.1.1 HTTP/1.1" 200 12518 "-" "Mozilla/5.0 AppleWebKit/537.36 (KHTML, like Gecko; compatible; bingbot/2.0; +http://www.bing.com/bingbot.htm) Chrome/103.0.5060.134 Safari/537.36" "gatipackers.com"
207.46.13.14 - - [01/Feb/2023:07:24:49 -0800] "GET /index.php/category/uncategorized/ HTTP/1.1" 200 23918 "-" "Mozilla/5.0 AppleWebKit/537.36 (KHTML, like Gecko; compatible; bingbot/2.0; +http://www.bing.com/bingbot.htm) Chrome/103.0.5060.134 Safari/537.36" "gatipackers.com"
10.213.116.211 - - [01/Feb/2023:07:24:53 -0800] "POST /wp-cron.php?doing_wp_cron=1675265093.8748550415039062500000 HTTP/1.1" 200 - "http://gatipackers.com/wp-cron.php?doing_wp_cron=1675265093.8748550415039062500000" "WordPress/6.1.1; http://gatipackers.com" "gatipackers.com"
157.55.39.19 - - [01/Feb/2023:07:33:48 -0800] "GET /index.php/2021/02/26/sample-page/ HTTP/1.1" 200 25986 "-" "Mozilla/5.0 AppleWebKit/537.36 (KHTML, like Gecko; compatible; bingbot/2.0; +http://www.bing.com/bingbot.htm) Chrome/103.0.5060.134 Safari/537.36" "gatipackers.com"
52.167.144.82 - - [01/Feb/2023:07:39:15 -0800] "GET /wp-admin/ HTTP/1.1" 302 - "-" "Mozilla/5.0 AppleWebKit/537.36 (KHTML, like Gecko; compatible; bingbot/2.0; +http://www.bing.com/bingbot.htm) Chrome/103.0.5060.134 Safari/537.36" "gatipackers.com"
10.213.116.211 - - [01/Feb/2023:07:39:19 -0800] "POST /wp-cron.php?doing_wp_cron=1675265959.7772259712219238281250 HTTP/1.1" 200 - "http://gatipackers.com/wp-cron.php?doing_wp_cron=1675265959.7772259712219238281250" "WordPress/6.1.1; http://gatipackers.com" "gatipackers.com"
52.167.144.82 - - [01/Feb/2023:07:39:25 -0800] "GET /wp-login.php?redirect_to=http%3A%2F%2Fgatipackers.com%2Fwp-admin%2F&reauth=1 HTTP/1.1" 200 6556 "-" "Mozilla/5.0 AppleWebKit/537.36 (KHTML, like Gecko; compatible; bingbot/2.0; +http://www.bing.com/bingbot.htm) Chrome/103.0.5060.134 Safari/537.36" "gatipackers.com"
52.167.144.82 - - [01/Feb/2023:07:39:54 -0800] "GET /wp-admin/css/forms.min.css?ver=6.1.1 HTTP/1.1" 200 6350 "-" "Mozilla/5.0 AppleWebKit/537.36 (KHTML, like Gecko; compatible; bingbot/2.0; +http://www.bing.com/bingbot.htm) Chrome/103.0.5060.134 Safari/537.36" "gatipackers.com"
52.167.144.82 - - [01/Feb/2023:07:39:54 -0800] "GET /wp-includes/css/dashicons.min.css?ver=6.1.1 HTTP/1.1" 200 35730 "-" "Mozilla/5.0 AppleWebKit/537.36 (KHTML, like Gecko; compatible; bingbot/2.0; +http://www.bing.com/bingbot.htm) Chrome/103.0.5060.134 Safari/537.36" "gatipackers.com"
52.167.144.82 - - [01/Feb/2023:07:39:54 -0800] "GET /wp-includes/js/jquery/jquery-migrate.min.js?ver=3.3.2 HTTP/1.1" 200 4169 "-" "Mozilla/5.0 AppleWebKit/537.36 (KHTML, like Gecko; compatible; bingbot/2.0; +http://www.bing.com/bingbot.htm) Chrome/103.0.5060.134 Safari/537.36" "gatipackers.com"
157.55.39.19 - - [01/Feb/2023:07:39:57 -0800] "GET /wp-includes/js/dist/hooks.min.js?ver=4169d3cf8e8d95a3d6d5 HTTP/1.1" 200 1661 "-" "Mozilla/5.0 AppleWebKit/537.36 (KHTML, like Gecko; compatible; bingbot/2.0; +http://www.bing.com/bingbot.htm) Chrome/103.0.5060.134 Safari/537.36" "gatipackers.com"
52.167.144.97 - - [01/Feb/2023:07:39:58 -0800] "GET /wp-admin/css/l10n.min.css?ver=6.1.1 HTTP/1.1" 200 686 "-" "Mozilla/5.0 AppleWebKit/537.36 (KHTML, like Gecko; compatible; bingbot/2.0; +http://www.bing.com/bingbot.htm) Chrome/103.0.5060.134 Safari/537.36" "gatipackers.com"
52.167.144.97 - - [01/Feb/2023:07:39:59 -0800] "GET /wp-admin/css/login.min.css?ver=6.1.1 HTTP/1.1" 200 2157 "-" "Mozilla/5.0 AppleWebKit/537.36 (KHTML, like Gecko; compatible; bingbot/2.0; +http://www.bing.com/bingbot.htm) Chrome/103.0.5060.134 Safari/537.36" "gatipackers.com"
207.46.13.14 - - [01/Feb/2023:07:40:00 -0800] "GET /wp-admin/js/password-strength-meter.min.js?ver=6.1.1 HTTP/1.1" 200 621 "-" "Mozilla/5.0 AppleWebKit/537.36 (KHTML, like Gecko; compatible; bingbot/2.0; +http://www.bing.com/bingbot.htm) Chrome/103.0.5060.134 Safari/537.36" "gatipackers.com"
207.46.13.102 - - [01/Feb/2023:07:40:03 -0800] "GET /wp-includes/js/jquery/jquery.min.js?ver=3.6.1 HTTP/1.1" 200 30995 "-" "Mozilla/5.0 AppleWebKit/537.36 (KHTML, like Gecko; compatible; bingbot/2.0; +http://www.bing.com/bingbot.htm) Chrome/103.0.5060.134 Safari/537.36" "gatipackers.com"
207.46.13.102 - - [01/Feb/2023:07:40:03 -0800] "GET /wp-includes/js/zxcvbn-async.min.js?ver=1.0 HTTP/1.1" 200 256 "-" "Mozilla/5.0 AppleWebKit/537.36 (KHTML, like Gecko; compatible; bingbot/2.0; +http://www.bing.com/bingbot.htm) Chrome/103.0.5060.134 Safari/537.36" "gatipackers.com"
157.55.39.19 - - [01/Feb/2023:07:40:07 -0800] "GET /wp-includes/js/dist/vendor/regenerator-runtime.min.js?ver=0.13.9 HTTP/1.1" 200 2457 "-" "Mozilla/5.0 AppleWebKit/537.36 (KHTML, like Gecko; compatible; bingbot/2.0; +http://www.bing.com/bingbot.htm) Chrome/103.0.5060.134 Safari/537.36" "gatipackers.com"
207.46.13.14 - - [01/Feb/2023:07:40:13 -0800] "GET /wp-includes/js/dist/i18n.min.js?ver=9e794f35a71bb98672ae HTTP/1.1" 200 3866 "-" "Mozilla/5.0 AppleWebKit/537.36 (KHTML, like Gecko; compatible; bingbot/2.0; +http://www.bing.com/bingbot.htm) Chrome/103.0.5060.134 Safari/537.36" "gatipackers.com"
207.46.13.14 - - [01/Feb/2023:07:40:13 -0800] "GET /wp-includes/js/dist/vendor/wp-polyfill.min.js?ver=3.15.0 HTTP/1.1" 200 6532 "-" "Mozilla/5.0 AppleWebKit/537.36 (KHTML, like Gecko; compatible; bingbot/2.0; +http://www.bing.com/bingbot.htm) Chrome/103.0.5060.134 Safari/537.36" "gatipackers.com"
207.46.13.14 - - [01/Feb/2023:07:40:13 -0800] "GET /wp-includes/js/underscore.min.js?ver=1.13.4 HTTP/1.1" 200 7311 "-" "Mozilla/5.0 AppleWebKit/537.36 (KHTML, like Gecko; compatible; bingbot/2.0; +http://www.bing.com/bingbot.htm) Chrome/103.0.5060.134 Safari/537.36" "gatipackers.com"
207.46.13.14 - - [01/Feb/2023:07:40:13 -0800] "GET /wp-includes/js/wp-util.min.js?ver=6.1.1 HTTP/1.1" 200 756 "-" "Mozilla/5.0 AppleWebKit/537.36 (KHTML, like Gecko; compatible; bingbot/2.0; +http://www.bing.com/bingbot.htm) Chrome/103.0.5060.134 Safari/537.36" "gatipackers.com"
40.77.167.171 - - [01/Feb/2023:07:42:15 -0800] "GET /wp-includes/css/buttons.min.css?ver=6.1.1 HTTP/1.1" 200 1453 "-" "Mozilla/5.0 AppleWebKit/537.36 (KHTML, like Gecko; compatible; bingbot/2.0; +http://www.bing.com/bingbot.htm) Chrome/103.0.5060.134 Safari/537.36" "gatipackers.com"
52.167.144.82 - - [01/Feb/2023:07:42:45 -0800] "GET /index.php/author/administrator/ HTTP/1.1" 200 26361 "-" "Mozilla/5.0 AppleWebKit/537.36 (KHTML, like Gecko; compatible; bingbot/2.0; +http://www.bing.com/bingbot.htm) Chrome/103.0.5060.134 Safari/537.36" "gatipackers.com"
40.77.167.181 - - [01/Feb/2023:07:45:41 -0800] "GET /robots.txt HTTP/1.1" 200 58 "-" "Mozilla/5.0 AppleWebKit/537.36 (KHTML, like Gecko; compatible; bingbot/2.0; +http://www.bing.com/bingbot.htm) Chrome/103.0.5060.134 Safari/537.36" "gatipackers.com"
207.46.13.14 - - [01/Feb/2023:07:45:52 -0800] "GET /index.php/feed/ HTTP/1.1" 200 3567 "-" "Mozilla/5.0 AppleWebKit/537.36 (KHTML, like Gecko; compatible; bingbot/2.0; +http://www.bing.com/bingbot.htm) Chrome/103.0.5060.134 Safari/537.36" "gatipackers.com"
192.115.100.180 - - [01/Feb/2023:07:46:09 -0800] "GET /wp-login.php HTTP/1.1" 200 6555 "-" "Mozilla/5.0 (Windows NT 10.0; Win64; x64; rv:96.0) Gecko/20100101 Firefox/96" "www.gatipackers.com"
123.183.224.80 - - [01/Feb/2023:07:46:16 -0800] "GET / HTTP/1.1" 200 26688 "-" "Sogou web spider/4.0(+http://www.sogou.com/docs/help/webmasters.htm#07)" "www.gatipackers.com"
207.46.13.14 - - [01/Feb/2023:07:48:12 -0800] "GET /index.php/2021/02/26/hello-world/ HTTP/1.1" 200 28026 "-" "Mozilla/5.0 AppleWebKit/537.36 (KHTML, like Gecko; compatible; bingbot/2.0; +http://www.bing.com/bingbot.htm) Chrome/103.0.5060.134 Safari/537.36" "gatipackers.com"
207.46.13.102 - - [01/Feb/2023:07:48:51 -0800] "GET /wp-includes/js/comment-reply.min.js?ver=6.1.1 HTTP/1.1" 200 1351 "-" "Mozilla/5.0 AppleWebKit/537.36 (KHTML, like Gecko; compatible; bingbot/2.0; +http://www.bing.com/bingbot.htm) Chrome/103.0.5060.134 Safari/537.36" "gatipackers.com"
137.116.141.77 - - [01/Feb/2023:07:51:02 -0800] "GET /wp-login.php HTTP/1.1" 200 6560 "" "Mozilla/5.0 (Windows NT 10.0; Win64; x64; rv:108.0) Gecko/20100101 Firefox/108.0" "gatipackers.com"
137.116.141.77 - - [01/Feb/2023:07:51:07 -0800] "GET /wp-json/wp/v2/users HTTP/1.1" 404 88 "" "Mozilla/5.0 (Windows NT 10.0; Win64; x64; rv:108.0) Gecko/20100101 Firefox/108.0" "gatipackers.com"
137.116.141.77 - - [01/Feb/2023:07:51:07 -0800] "POST /wp-login.php HTTP/1.1" 200 6923 "http://gatipackers.com/wp-login.php?redirect_to=http%3A%2F%2Fgatipackers.com%2Fwp-admin%2F" "Mozilla/5.0 (Windows NT 10.0; Win64; x64; rv:108.0) Gecko/20100101 Firefox/108.0" "gatipackers.com"
23.99.229.218 - - [01/Feb/2023:07:52:14 -0800] "POST /wp-login.php HTTP/1.1" 200 6919 "-" "Mozilla/5.0 (Windows NT 10.0; Win64; x64) AppleWebKit/537.36 (KHTML, like Gecko) Chrome/73.0.3683.86 Safari/537.36" "gatipackers.com"
52.167.144.82 - - [01/Feb/2023:07:54:46 -0800] "GET /index.php/2021/02/ HTTP/1.1" 200 26038 "-" "Mozilla/5.0 AppleWebKit/537.36 (KHTML, like Gecko; compatible; bingbot/2.0; +http://www.bing.com/bingbot.htm) Chrome/103.0.5060.134 Safari/537.36" "gatipackers.com"
10.213.116.211 - - [01/Feb/2023:07:54:52 -0800] "POST /wp-cron.php?doing_wp_cron=1675266891.8810880184173583984375 HTTP/1.1" 200 - "http://gatipackers.com/wp-cron.php?doing_wp_cron=1675266891.8810880184173583984375" "WordPress/6.1.1; http://gatipackers.com" "gatipackers.com"
40.77.191.226 - - [01/Feb/2023:07:55:51 -0800] "GET /wp-admin/images/wordpress-logo.svg?ver=20131107 HTTP/1.1" 200 818 "http://gatipackers.com/wp-admin/css/login.min.css?ver=6.1.1" "Mozilla/5.0 (Windows NT 6.1; WOW64) AppleWebKit/534+ (KHTML, like Gecko) BingPreview/1.0b" "gatipackers.com"
40.77.191.226 - - [01/Feb/2023:07:55:52 -0800] "GET /wp-includes/js/zxcvbn.min.js HTTP/1.1" 200 399661 "http://gatipackers.com/wp-login.php?redirect_to=http%3A%2F%2Fgatipackers.com%2Fwp-admin%2F&reauth=1" "Mozilla/5.0 (Windows NT 6.1; WOW64) AppleWebKit/534+ (KHTML, like Gecko) BingPreview/1.0b" "gatipackers.com"
52.167.144.97 - - [01/Feb/2023:07:55:53 -0800] "GET /wp-login.php HTTP/1.1" 200 6556 "-" "Mozilla/5.0 AppleWebKit/537.36 (KHTML, like Gecko; compatible; bingbot/2.0; +http://www.bing.com/bingbot.htm) Chrome/103.0.5060.134 Safari/537.36" "gatipackers.com"
40.77.167.171 - - [01/Feb/2023:07:57:02 -0800] "GET /index.php/comments/feed/ HTTP/1.1" 200 778 "-" "Mozilla/5.0 AppleWebKit/537.36 (KHTML, like Gecko; compatible; bingbot/2.0; +http://www.bing.com/bingbot.htm) Chrome/103.0.5060.134 Safari/537.36" "gatipackers.com"
52.167.144.82 - - [01/Feb/2023:07:57:38 -0800] "GET / HTTP/1.1" 200 26716 "-" "Mozilla/5.0 AppleWebKit/537.36 (KHTML, like Gecko; compatible; bingbot/2.0; +http://www.bing.com/bingbot.htm) Chrome/103.0.5060.134 Safari/537.36" "www.gatipackers.com"
157.55.39.19 - - [01/Feb/2023:07:58:09 -0800] "GET /wp-content/themes/twentynineteen/style.css?ver=1.1 HTTP/1.1" 200 19371 "-" "Mozilla/5.0 AppleWebKit/537.36 (KHTML, like Gecko; compatible; bingbot/2.0; +http://www.bing.com/bingbot.htm) Chrome/103.0.5060.134 Safari/537.36" "gatipackers.com"
207.46.13.102 - - [01/Feb/2023:07:58:13 -0800] "GET /wp-includes/css/classic-themes.min.css?ver=1 HTTP/1.1" 200 189 "-" "Mozilla/5.0 AppleWebKit/537.36 (KHTML, like Gecko; compatible; bingbot/2.0; +http://www.bing.com/bingbot.htm) Chrome/103.0.5060.134 Safari/537.36" "gatipackers.com"
207.46.13.102 - - [01/Feb/2023:07:58:13 -0800] "GET /wp-includes/js/wp-emoji-release.min.js?ver=6.1.1 HTTP/1.1" 200 5009 "-" "Mozilla/5.0 AppleWebKit/537.36 (KHTML, like Gecko; compatible; bingbot/2.0; +http://www.bing.com/bingbot.htm) Chrome/103.0.5060.134 Safari/537.36" "gatipackers.com"
52.167.144.97 - - [01/Feb/2023:07:58:19 -0800] "GET /wp-includes/css/dist/block-library/style.min.css?ver=6.1.1 HTTP/1.1" 200 12518 "-" "Mozilla/5.0 AppleWebKit/537.36 (KHTML, like Gecko; compatible; bingbot/2.0; +http://www.bing.com/bingbot.htm) Chrome/103.0.5060.134 Safari/537.36" "gatipackers.com"
198.71.226.45 - - [01/Feb/2023:08:11:52 -0800] "POST /xmlrpc.php HTTP/1.1" 200 403 "-" "Mozilla/5.0 (Windows NT 10.0; WOW64; rv:52.0) Gecko/20100101 Firefox/52.0" "gatipackers.com"
10.213.116.209 - - [01/Feb/2023:08:11:56 -0800] "POST /wp-cron.php?doing_wp_cron=1675267916.1501278877258300781250 HTTP/1.1" 200 - "http://gatipackers.com/wp-cron.php?doing_wp_cron=1675267916.1501278877258300781250" "WordPress/6.1.1; http://gatipackers.com" "gatipackers.com"
198.71.226.45 - - [01/Feb/2023:08:11:57 -0800] "POST /xmlrpc.php HTTP/1.1" 200 403 "-" "Mozilla/5.0 (Windows NT 10.0; WOW64; rv:52.0) Gecko/20100101 Firefox/52.0" "gatipackers.com"
142.54.168.130 - - [01/Feb/2023:08:12:00 -0800] "POST /xmlrpc.php HTTP/1.1" 200 403 "-" "Mozilla/5.0 (Windows NT 6.1; WOW64) AppleWebKit/537.1 (KHTML, like Gecko) Chrome/21.0.1180.83 Safari/537.1" "gatipackers.com"
142.54.168.130 - - [01/Feb/2023:08:12:02 -0800] "POST /xmlrpc.php HTTP/1.1" 200 403 "-" "Mozilla/5.0 (Windows NT 6.1; WOW64) AppleWebKit/537.1 (KHTML, like Gecko) Chrome/21.0.1180.83 Safari/537.1" "gatipackers.com"
184.168.100.170 - - [01/Feb/2023:08:12:20 -0800] "POST /xmlrpc.php HTTP/1.1" 200 403 "-" "Mozilla/5.0 (Windows NT 10.0; Win64; x64; rv:66.0) Gecko/20100101 Firefox/66.0" "gatipackers.com"
68.178.145.169 - - [01/Feb/2023:08:12:21 -0800] "POST /xmlrpc.php HTTP/1.1" 200 403 "-" "Mozilla/5.0 (Windows NT 6.1; WOW64; rv:52.0) Gecko/20100101 Firefox/52.0" "gatipackers.com"
184.168.100.170 - - [01/Feb/2023:08:12:23 -0800] "POST /xmlrpc.php HTTP/1.1" 200 403 "-" "Mozilla/5.0 (Windows NT 10.0; Win64; x64; rv:66.0) Gecko/20100101 Firefox/66.0" "gatipackers.com"
68.178.145.169 - - [01/Feb/2023:08:12:25 -0800] "POST /xmlrpc.php HTTP/1.1" 200 403 "-" "Mozilla/5.0 (Windows NT 6.1; WOW64; rv:52.0) Gecko/20100101 Firefox/52.0" "gatipackers.com"
167.114.98.248 - - [01/Feb/2023:08:12:39 -0800] "POST /xmlrpc.php HTTP/1.1" 200 403 "-" "Mozilla/5.0 (Windows NT 5.1; rv:36.0) Gecko/20100101 Firefox/36.0" "gatipackers.com"
167.114.98.248 - - [01/Feb/2023:08:12:43 -0800] "POST /xmlrpc.php HTTP/1.1" 200 403 "-" "Mozilla/5.0 (Windows NT 5.1; rv:36.0) Gecko/20100101 Firefox/36.0" "gatipackers.com"
107.180.77.81 - - [01/Feb/2023:08:13:02 -0800] "POST /xmlrpc.php HTTP/1.1" 200 403 "-" "Mozilla/5.0 (Windows NT 10.0) AppleWebKit/537.36 (KHTML, like Gecko) Chrome/91.0.4472.114 Safari/537.36" "gatipackers.com"
107.180.77.81 - - [01/Feb/2023:08:13:05 -0800] "POST /xmlrpc.php HTTP/1.1" 200 403 "-" "Mozilla/5.0 (Windows NT 10.0) AppleWebKit/537.36 (KHTML, like Gecko) Chrome/91.0.4472.114 Safari/537.36" "gatipackers.com"
185.191.171.38 - - [01/Feb/2023:08:13:45 -0800] "GET /robots.txt HTTP/1.1" 200 58 "-" "Mozilla/5.0 (compatible; SemrushBot/7~bl; +http://www.semrush.com/bot.html)" "www.gatipackers.com"
185.191.171.18 - - [01/Feb/2023:08:13:45 -0800] "GET / HTTP/1.1" 200 26716 "-" "Mozilla/5.0 (compatible; SemrushBot/7~bl; +http://www.semrush.com/bot.html)" "www.gatipackers.com"
49.7.21.111 - - [01/Feb/2023:08:34:37 -0800] "GET / HTTP/1.1" 200 26688 "-" "Sogou web spider/4.0(+http://www.sogou.com/docs/help/webmasters.htm#07)" "www.gatipackers.com"
10.213.116.211 - - [01/Feb/2023:08:34:41 -0800] "POST /wp-cron.php?doing_wp_cron=1675269281.8905689716339111328125 HTTP/1.1" 200 - "http://gatipackers.com/wp-cron.php?doing_wp_cron=1675269281.8905689716339111328125" "WordPress/6.1.1; http://gatipackers.com" "gatipackers.com"
103.74.116.69 - - [01/Feb/2023:08:36:03 -0800] "GET /wp-login.php HTTP/1.1" 200 6550 "" "Mozilla/5.0 (Windows NT 10.0; Win64; x64; rv:108.0) Gecko/20100101 Firefox/108.0" "gatipackers.com"
103.74.116.69 - - [01/Feb/2023:08:36:08 -0800] "GET /wp-json/wp/v2/users HTTP/1.1" 404 88 "" "Mozilla/5.0 (Windows NT 10.0; Win64; x64; rv:108.0) Gecko/20100101 Firefox/108.0" "gatipackers.com"
103.74.116.69 - - [01/Feb/2023:08:36:08 -0800] "POST /wp-login.php HTTP/1.1" 200 6933 "http://gatipackers.com/wp-login.php?redirect_to=http%3A%2F%2Fgatipackers.com%2Fwp-admin%2F" "Mozilla/5.0 (Windows NT 10.0; Win64; x64; rv:108.0) Gecko/20100101 Firefox/108.0" "gatipackers.com"
42.200.187.44 - - [01/Feb/2023:08:39:30 -0800] "POST /wp-login.php HTTP/1.1" 200 6929 "-" "Mozilla/5.0 (Windows NT 6.1) AppleWebKit/537.36 (KHTML, like Gecko) Chrome/65.0.3325.181 Safari/537.36" "gatipackers.com"
10.213.116.211 - - [01/Feb/2023:08:39:34 -0800] "POST /wp-cron.php?doing_wp_cron=1675269574.4206359386444091796875 HTTP/1.1" 200 - "http://gatipackers.com/wp-cron.php?doing_wp_cron=1675269574.4206359386444091796875" "WordPress/6.1.1; http://gatipackers.com" "gatipackers.com"
114.119.151.233 - - [01/Feb/2023:08:50:14 -0800] "GET /wp-content/plugins?C=N%3BO%3DD HTTP/1.1" 301 1432 "https://gatipackers.com/wp-content/plugins?C=S%3BO%3DA" "Mozilla/5.0 (Linux; Android 7.0;) AppleWebKit/537.36 (KHTML, like Gecko) Mobile Safari/537.36 (compatible; PetalBot;+https://webmaster.petalsearch.com/site/petalbot)" "gatipackers.com"
114.119.151.233 - - [01/Feb/2023:08:50:24 -0800] "GET /wp-content/plugins/?C=N%3BO%3DD HTTP/1.1" 200 - "https://gatipackers.com/wp-content/plugins?C=S%3BO%3DA" "Mozilla/5.0 (Linux; Android 7.0;) AppleWebKit/537.36 (KHTML, like Gecko) Mobile Safari/537.36 (compatible; PetalBot;+https://webmaster.petalsearch.com/site/petalbot)" "gatipackers.com"
5.188.31.216 - - [01/Feb/2023:09:00:13 -0800] "GET /wp-login.php HTTP/1.1" 200 6552 "" "Mozilla/5.0 (Windows NT 10.0; Win64; x64; rv:108.0) Gecko/20100101 Firefox/108.0" "gatipackers.com"
5.188.31.216 - - [01/Feb/2023:09:00:18 -0800] "GET /wp-json/wp/v2/users HTTP/1.1" 404 88 "" "Mozilla/5.0 (Windows NT 10.0; Win64; x64; rv:108.0) Gecko/20100101 Firefox/108.0" "gatipackers.com"
10.213.116.211 - - [01/Feb/2023:09:00:17 -0800] "POST /wp-cron.php?doing_wp_cron=1675270816.9740610122680664062500 HTTP/1.1" 200 - "http://gatipackers.com/wp-cron.php?doing_wp_cron=1675270816.9740610122680664062500" "WordPress/6.1.1; http://gatipackers.com" "gatipackers.com"
5.188.31.216 - - [01/Feb/2023:09:00:19 -0800] "POST /wp-login.php HTTP/1.1" 200 6921 "http://gatipackers.com/wp-login.php?redirect_to=http%3A%2F%2Fgatipackers.com%2Fwp-admin%2F" "Mozilla/5.0 (Windows NT 10.0; Win64; x64; rv:108.0) Gecko/20100101 Firefox/108.0" "gatipackers.com"
67.205.11.198 - - [01/Feb/2023:09:27:04 -0800] "POST /wp-login.php HTTP/1.1" 200 6921 "-" "Mozilla/5.0 (Windows; U; Windows NT 5.1; en-US) AppleWebKit/533.4 (KHTML, like Gecko) Chrome/5.0.375.99 Safari/533.4" "gatipackers.com"
10.213.116.209 - - [01/Feb/2023:09:27:08 -0800] "POST /wp-cron.php?doing_wp_cron=1675272428.7282660007476806640625 HTTP/1.1" 200 - "http://gatipackers.com/wp-cron.php?doing_wp_cron=1675272428.7282660007476806640625" "WordPress/6.1.1; http://gatipackers.com" "gatipackers.com"
40.77.167.181 - - [01/Feb/2023:09:33:37 -0800] "GET /robots.txt HTTP/1.1" 200 58 "-" "Mozilla/5.0 AppleWebKit/537.36 (KHTML, like Gecko; compatible; bingbot/2.0; +http://www.bing.com/bingbot.htm) Chrome/103.0.5060.134 Safari/537.36" "www.gatipackers.com"
52.167.144.82 - - [01/Feb/2023:09:33:45 -0800] "GET /online_quote HTTP/1.1" 404 88 "-" "Mozilla/5.0 AppleWebKit/537.36 (KHTML, like Gecko; compatible; bingbot/2.0; +http://www.bing.com/bingbot.htm) Chrome/103.0.5060.134 Safari/537.36" "www.gatipackers.com"
195.191.219.130 - - [01/Feb/2023:09:42:03 -0800] "GET /robots.txt HTTP/1.1" 200 42 "-" "Mozilla/5.0 (compatible; MJ12bot/v1.4.8; http://mj12bot.com/)" "gatipackers.com"
195.191.219.130 - - [01/Feb/2023:09:42:05 -0800] "GET / HTTP/1.1" 200 26635 "-" "Mozilla/5.0 (compatible; MJ12bot/v1.4.8; http://mj12bot.com/)" "gatipackers.com"
10.213.116.210 - - [01/Feb/2023:09:42:08 -0800] "POST /wp-cron.php?doing_wp_cron=1675273328.7707378864288330078125 HTTP/1.1" 200 - "http://gatipackers.com/wp-cron.php?doing_wp_cron=1675273328.7707378864288330078125" "WordPress/6.1.1; http://gatipackers.com" "gatipackers.com"
195.191.219.130 - - [01/Feb/2023:09:42:20 -0800] "GET /robots.txt HTTP/1.1" 200 42 "-" "Mozilla/5.0 (compatible; MJ12bot/v1.4.8; http://mj12bot.com/)" "www.gatipackers.com"
195.191.219.130 - - [01/Feb/2023:09:42:21 -0800] "GET / HTTP/1.1" 200 26688 "-" "Mozilla/5.0 (compatible; MJ12bot/v1.4.8; http://mj12bot.com/)" "www.gatipackers.com"
77.245.149.38 - - [01/Feb/2023:09:44:23 -0800] "GET /wp-login.php HTTP/1.1" 200 6550 "" "Mozilla/5.0 (Windows NT 10.0; Win64; x64; rv:108.0) Gecko/20100101 Firefox/108.0" "gatipackers.com"
77.245.149.38 - - [01/Feb/2023:09:44:27 -0800] "GET /wp-json/wp/v2/users HTTP/1.1" 404 88 "" "Mozilla/5.0 (Windows NT 10.0; Win64; x64; rv:108.0) Gecko/20100101 Firefox/108.0" "gatipackers.com"
77.245.149.38 - - [01/Feb/2023:09:44:27 -0800] "POST /wp-login.php HTTP/1.1" 200 6923 "http://gatipackers.com/wp-login.php?redirect_to=http%3A%2F%2Fgatipackers.com%2Fwp-admin%2F" "Mozilla/5.0 (Windows NT 10.0; Win64; x64; rv:108.0) Gecko/20100101 Firefox/108.0" "gatipackers.com"
185.229.66.15 - - [01/Feb/2023:10:04:46 -0800] "GET /wp-login.php HTTP/1.1" 200 6555 "" "Mozilla/5.0 (Windows NT 10.0; Win64; x64; rv:108.0) Gecko/20100101 Firefox/108.0" "gatipackers.com"
185.229.66.15 - - [01/Feb/2023:10:04:52 -0800] "GET /wp-json/wp/v2/users HTTP/1.1" 404 88 "" "Mozilla/5.0 (Windows NT 10.0; Win64; x64; rv:108.0) Gecko/20100101 Firefox/108.0" "gatipackers.com"
10.213.116.209 - - [01/Feb/2023:10:04:50 -0800] "POST /wp-cron.php?doing_wp_cron=1675274690.6009480953216552734375 HTTP/1.1" 200 - "http://gatipackers.com/wp-cron.php?doing_wp_cron=1675274690.6009480953216552734375" "WordPress/6.1.1; http://gatipackers.com" "gatipackers.com"
185.229.66.15 - - [01/Feb/2023:10:04:52 -0800] "POST /wp-login.php HTTP/1.1" 200 6938 "http://gatipackers.com/wp-login.php?redirect_to=http%3A%2F%2Fgatipackers.com%2Fwp-admin%2F" "Mozilla/5.0 (Windows NT 10.0; Win64; x64; rv:108.0) Gecko/20100101 Firefox/108.0" "gatipackers.com"
34.73.178.228 - - [01/Feb/2023:10:11:16 -0800] "GET /robots.txt HTTP/1.1" 200 58 "-" "ZoominfoBot (zoominfobot at zoominfo dot com)" "gatipackers.com"
34.73.178.228 - - [01/Feb/2023:10:11:16 -0800] "GET /wp-login.php HTTP/1.1" 200 6550 "-" "ZoominfoBot (zoominfobot at zoominfo dot com)" "gatipackers.com"
10.213.116.209 - - [01/Feb/2023:10:11:20 -0800] "POST /wp-cron.php?doing_wp_cron=1675275080.4331710338592529296875 HTTP/1.1" 200 - "http://gatipackers.com/wp-cron.php?doing_wp_cron=1675275080.4331710338592529296875" "WordPress/6.1.1; http://gatipackers.com" "gatipackers.com"
142.93.203.156 - - [01/Feb/2023:10:11:42 -0800] "POST /wp-login.php HTTP/1.1" 200 6920 "-" "Mozilla/5.0 (Windows NT 6.3; Win64; x64) AppleWebKit/537.36 (KHTML, like Gecko) Chrome/67.0.3396.99 Safari/537.36" "gatipackers.com"
3.1.120.192 - - [01/Feb/2023:10:18:43 -0800] "GET /wp-login.php HTTP/1.1" 200 6557 "" "Mozilla/5.0 (Windows NT 10.0; Win64; x64; rv:108.0) Gecko/20100101 Firefox/108.0" "gatipackers.com"
3.1.120.192 - - [01/Feb/2023:10:18:48 -0800] "GET /wp-json/wp/v2/users HTTP/1.1" 404 88 "" "Mozilla/5.0 (Windows NT 10.0; Win64; x64; rv:108.0) Gecko/20100101 Firefox/108.0" "gatipackers.com"
3.1.120.192 - - [01/Feb/2023:10:18:49 -0800] "POST /wp-login.php HTTP/1.1" 200 6928 "http://gatipackers.com/wp-login.php?redirect_to=http%3A%2F%2Fgatipackers.com%2Fwp-admin%2F" "Mozilla/5.0 (Windows NT 10.0; Win64; x64; rv:108.0) Gecko/20100101 Firefox/108.0" "gatipackers.com"
114.119.128.233 - - [01/Feb/2023:10:22:03 -0800] "GET /?C=D%3BO%3DA HTTP/1.1" 200 26663 "https://gatipackers.com?C=S%3BO%3DA" "Mozilla/5.0 (Linux; Android 7.0;) AppleWebKit/537.36 (KHTML, like Gecko) Mobile Safari/537.36 (compatible; PetalBot;+https://webmaster.petalsearch.com/site/petalbot)" "gatipackers.com"
46.161.14.84 - - [01/Feb/2023:10:33:50 -0800] "GET /wp-login.php?action=register HTTP/1.1" 302 - "-" "Mozilla/5.0 (Windows NT 6.3; WOW64) AppleWebKit/537.36 (KHTML, like Gecko) Chrome/38.0.2125.111 Safari/537.36" "gatipackers.com"
10.213.116.211 - - [01/Feb/2023:10:33:54 -0800] "POST /wp-cron.php?doing_wp_cron=1675276434.7179720401763916015625 HTTP/1.1" 200 - "http://gatipackers.com/wp-cron.php?doing_wp_cron=1675276434.7179720401763916015625" "WordPress/6.1.1; http://gatipackers.com" "gatipackers.com"
46.161.14.84 - - [01/Feb/2023:10:33:56 -0800] "GET /wp-login.php?registration=disabled HTTP/1.1" 200 6715 "http://gatipackers.com/wp-login.php?action=register" "Mozilla/5.0 (Windows NT 6.3; WOW64) AppleWebKit/537.36 (KHTML, like Gecko) Chrome/38.0.2125.111 Safari/537.36" "gatipackers.com"
46.161.14.84 - - [01/Feb/2023:10:34:00 -0800] "POST /wp-login.php?action=register HTTP/1.1" 302 - "http://gatipackers.com/wp-login.php?action=register" "Mozilla/5.0 (Windows NT 6.3; WOW64) AppleWebKit/537.36 (KHTML, like Gecko) Chrome/38.0.2125.111 Safari/537.36" "gatipackers.com"
46.161.14.84 - - [01/Feb/2023:10:34:04 -0800] "GET /wp-login.php?registration=disabled HTTP/1.1" 200 6713 "http://gatipackers.com/wp-login.php?action=register" "Mozilla/5.0 (Windows NT 6.3; WOW64) AppleWebKit/537.36 (KHTML, like Gecko) Chrome/38.0.2125.111 Safari/537.36" "gatipackers.com"
190.145.68.131 - - [01/Feb/2023:10:47:31 -0800] "GET /wp-login.php HTTP/1.1" 200 6558 "-" "Mozilla/5.0 (Windows NT 10.0; Win64; x64; rv:96.0) Gecko/20100101 Firefox/96" "gatipackers.com"
190.145.68.131 - - [01/Feb/2023:10:47:36 -0800] "GET //wp-json/wp/v2/users/ HTTP/1.1" 404 88 "-" "Mozilla/5.0 (Windows NT 10.0; Win64; x64; rv:96.0) Gecko/20100101 Firefox/96" "gatipackers.com"
10.213.116.210 - - [01/Feb/2023:10:47:35 -0800] "POST /wp-cron.php?doing_wp_cron=1675277255.2258670330047607421875 HTTP/1.1" 200 - "http://gatipackers.com/wp-cron.php?doing_wp_cron=1675277255.2258670330047607421875" "WordPress/6.1.1; http://gatipackers.com" "gatipackers.com"
47.114.72.18 - - [01/Feb/2023:10:53:11 -0800] "POST /wp-login.php HTTP/1.1" 200 6932 "-" "Mozilla/5.0 (Windows NT 6.1; Win64; x64) AppleWebKit/537.36 (KHTML, like Gecko) Chrome/80.0.3987.163 Safari/537.36" "gatipackers.com"
10.213.116.210 - - [01/Feb/2023:10:53:15 -0800] "POST /wp-cron.php?doing_wp_cron=1675277595.9139800071716308593750 HTTP/1.1" 200 - "http://gatipackers.com/wp-cron.php?doing_wp_cron=1675277595.9139800071716308593750" "WordPress/6.1.1; http://gatipackers.com" "gatipackers.com"
162.0.235.130 - - [01/Feb/2023:11:01:15 -0800] "POST /xmlrpc.php HTTP/1.1" 200 403 "-" "Mozilla/5.0 (Windows NT 10.0; Win64; x64) AppleWebKit/537.36 (KHTML, like Gecko) Chrome/79.0.3945.130 Safari/537.36" "gatipackers.com"
162.0.235.130 - - [01/Feb/2023:11:01:20 -0800] "POST /xmlrpc.php HTTP/1.1" 200 403 "-" "Mozilla/5.0 (Windows NT 10.0; Win64; x64) AppleWebKit/537.36 (KHTML, like Gecko) Chrome/79.0.3945.130 Safari/537.36" "gatipackers.com"
103.237.145.122 - - [01/Feb/2023:11:01:21 -0800] "POST /xmlrpc.php HTTP/1.1" 200 403 "-" "Mozilla/5.0 (Windows NT 10.0; Win64; x64) AppleWebKit/537.36 (KHTML, like Gecko) Chrome/88.0.4324.190 Safari/537.36" "gatipackers.com"
103.237.145.122 - - [01/Feb/2023:11:01:26 -0800] "POST /xmlrpc.php HTTP/1.1" 200 403 "-" "Mozilla/5.0 (Windows NT 10.0; Win64; x64) AppleWebKit/537.36 (KHTML, like Gecko) Chrome/88.0.4324.190 Safari/537.36" "gatipackers.com"
162.213.251.41 - - [01/Feb/2023:11:02:02 -0800] "POST /xmlrpc.php HTTP/1.1" 200 403 "-" "Mozilla/5.0 (Windows NT 10.0; Win64; x64; rv:58.0) Gecko/20100101 Firefox/58.0" "gatipackers.com"
162.213.251.41 - - [01/Feb/2023:11:02:05 -0800] "POST /xmlrpc.php HTTP/1.1" 200 403 "-" "Mozilla/5.0 (Windows NT 10.0; Win64; x64; rv:58.0) Gecko/20100101 Firefox/58.0" "gatipackers.com"
35.89.190.174 - - [01/Feb/2023:11:07:18 -0800] "GET /robots.txt HTTP/1.1" 200 58 "-" "Mozilla/5.0 (Windows NT 10.0; Win64; x64) AppleWebKit/537.36 (KHTML, like Gecko) Chrome/106.0.0.0 Safari/537.36 Edg/106.0.1370.52" "gatipackers.com"
35.89.190.174 - - [01/Feb/2023:11:07:18 -0800] "GET /robots.txt HTTP/1.1" 200 58 "-" "Mozilla/5.0 (Windows NT 10.0; Win64; x64) AppleWebKit/537.36 (KHTML, like Gecko) Chrome/106.0.0.0 Safari/537.36 Edg/106.0.1370.52" "www.gatipackers.com"
35.89.190.174 - - [01/Feb/2023:11:07:18 -0800] "GET /robots.txt HTTP/1.1" 200 58 "-" "Mozilla/5.0 (Windows NT 10.0; Win64; x64) AppleWebKit/537.36 (KHTML, like Gecko) Chrome/106.0.0.0 Safari/537.36 Edg/106.0.1370.52" "gatipackers.com"
35.89.190.174 - - [01/Feb/2023:11:07:19 -0800] "GET /robots.txt HTTP/1.1" 200 58 "-" "Mozilla/5.0 (Windows NT 10.0; Win64; x64) AppleWebKit/537.36 (KHTML, like Gecko) Chrome/106.0.0.0 Safari/537.36 Edg/106.0.1370.52" "www.gatipackers.com"
35.89.190.174 - - [01/Feb/2023:11:07:19 -0800] "GET / HTTP/1.1" 200 26716 "-" "Mozilla/5.0 (Windows NT 10.0; Win64; x64) AppleWebKit/537.36 (KHTML, like Gecko) Chrome/106.0.0.0 Safari/537.36 Edg/106.0.1370.52" "www.gatipackers.com"
35.89.190.174 - - [01/Feb/2023:11:07:23 -0800] "GET / HTTP/1.1" 200 26716 "-" "Mozilla/5.0 (Windows NT 10.0; Win64; x64) AppleWebKit/537.36 (KHTML, like Gecko) Chrome/106.0.0.0 Safari/537.36 Edg/106.0.1370.52" "www.gatipackers.com"
10.213.116.210 - - [01/Feb/2023:11:07:27 -0800] "POST /wp-cron.php?doing_wp_cron=1675278447.0854310989379882812500 HTTP/1.1" 200 - "https://gatipackers.com/wp-cron.php?doing_wp_cron=1675278447.0854310989379882812500" "WordPress/6.1.1; https://gatipackers.com" "gatipackers.com"
35.89.190.174 - - [01/Feb/2023:11:07:28 -0800] "GET /index.php/comments/feed/ HTTP/1.1" 200 780 "-" "Mozilla/5.0 (Windows NT 10.0; Win64; x64) AppleWebKit/537.36 (KHTML, like Gecko) Chrome/106.0.0.0 Safari/537.36 Edg/106.0.1370.52" "gatipackers.com"
207.46.13.14 - - [01/Feb/2023:11:17:10 -0800] "GET /gati-packers-services HTTP/1.1" 404 88 "-" "Mozilla/5.0 AppleWebKit/537.36 (KHTML, like Gecko; compatible; bingbot/2.0; +http://www.bing.com/bingbot.htm) Chrome/103.0.5060.134 Safari/537.36" "www.gatipackers.com"
103.28.36.113 - - [01/Feb/2023:11:17:30 -0800] "GET /wp-login.php HTTP/1.1" 200 6547 "" "Mozilla/5.0 (Windows NT 10.0; Win64; x64; rv:108.0) Gecko/20100101 Firefox/108.0" "gatipackers.com"
103.28.36.113 - - [01/Feb/2023:11:17:44 -0800] "POST /wp-login.php HTTP/1.1" 200 6925 "http://gatipackers.com/wp-login.php?redirect_to=http%3A%2F%2Fgatipackers.com%2Fwp-admin%2F" "Mozilla/5.0 (Windows NT 10.0; Win64; x64; rv:108.0) Gecko/20100101 Firefox/108.0" "gatipackers.com"
103.28.36.113 - - [01/Feb/2023:11:17:37 -0800] "GET /wp-json/wp/v2/users HTTP/1.1" 404 88 "" "Mozilla/5.0 (Windows NT 10.0; Win64; x64; rv:108.0) Gecko/20100101 Firefox/108.0" "gatipackers.com"
164.90.170.66 - - [01/Feb/2023:11:23:16 -0800] "GET /wp-login.php HTTP/1.1" 200 6550 "" "Mozilla/5.0 (Windows NT 10.0; Win64; x64; rv:108.0) Gecko/20100101 Firefox/108.0" "gatipackers.com"
164.90.170.66 - - [01/Feb/2023:11:23:23 -0800] "GET /wp-login.php HTTP/1.1" 200 6555 "" "Mozilla/5.0 (Windows NT 10.0; Win64; x64; rv:108.0) Gecko/20100101 Firefox/108.0" "www.gatipackers.com"
10.213.116.211 - - [01/Feb/2023:11:23:23 -0800] "POST /wp-cron.php?doing_wp_cron=1675279403.7792050838470458984375 HTTP/1.1" 200 - "http://gatipackers.com/wp-cron.php?doing_wp_cron=1675279403.7792050838470458984375" "WordPress/6.1.1; http://gatipackers.com" "gatipackers.com"
164.90.170.66 - - [01/Feb/2023:11:23:27 -0800] "GET /wp-json/wp/v2/users HTTP/1.1" 404 88 "" "Mozilla/5.0 (Windows NT 10.0; Win64; x64; rv:108.0) Gecko/20100101 Firefox/108.0" "www.gatipackers.com"
164.90.170.66 - - [01/Feb/2023:11:23:27 -0800] "POST /wp-login.php HTTP/1.1" 200 6923 "http://www.gatipackers.com/wp-login.php?redirect_to=http%3A%2F%2Fwww.gatipackers.com%2Fwp-admin%2F" "Mozilla/5.0 (Windows NT 10.0; Win64; x64; rv:108.0) Gecko/20100101 Firefox/108.0" "www.gatipackers.com"
34.73.178.228 - - [01/Feb/2023:11:26:14 -0800] "GET /index.php/2021/02/26/hello-world/ HTTP/1.1" 200 28026 "-" "ZoominfoBot (zoominfobot at zoominfo dot com)" "gatipackers.com"
34.73.178.228 - - [01/Feb/2023:11:29:20 -0800] "GET /xmlrpc.php?rsd HTTP/1.1" 200 808 "-" "ZoominfoBot (zoominfobot at zoominfo dot com)" "gatipackers.com"
34.73.178.228 - - [01/Feb/2023:11:41:45 -0800] "GET /wp-admin/ HTTP/1.1" 302 - "-" "ZoominfoBot (zoominfobot at zoominfo dot com)" "gatipackers.com"
34.73.178.228 - - [01/Feb/2023:11:41:50 -0800] "GET /wp-login.php?redirect_to=http%3A%2F%2Fgatipackers.com%2Fwp-admin%2F&reauth=1 HTTP/1.1" 200 6557 "-" "ZoominfoBot (zoominfobot at zoominfo dot com)" "gatipackers.com"
10.213.116.210 - - [01/Feb/2023:11:41:49 -0800] "POST /wp-cron.php?doing_wp_cron=1675280509.1580290794372558593750 HTTP/1.1" 200 - "http://gatipackers.com/wp-cron.php?doing_wp_cron=1675280509.1580290794372558593750" "WordPress/6.1.1; http://gatipackers.com" "gatipackers.com"
34.73.178.228 - - [01/Feb/2023:12:02:08 -0800] "GET /index.php/2021/02/26/sample-page/ HTTP/1.1" 200 18384 "-" "ZoominfoBot (zoominfobot at zoominfo dot com)" "gatipackers.com"
10.213.116.211 - - [01/Feb/2023:12:03:02 -0800] "POST /wp-cron.php?doing_wp_cron=1675281732.7934260368347167968750 HTTP/1.1" 200 - "http://gatipackers.com/wp-cron.php?doing_wp_cron=1675281732.7934260368347167968750" "WordPress/6.1.1; http://gatipackers.com" "gatipackers.com"
43.242.214.140 - - [01/Feb/2023:12:12:52 -0800] "POST /wp-login.php HTTP/1.1" 200 6930 "-" "Mozilla/5.0 (Windows NT 10.0; Win64; x64) AppleWebKit/537.36 (KHTML, like Gecko) Chrome/66.0.3359.117 Safari/537.36" "gatipackers.com"
10.213.116.209 - - [01/Feb/2023:12:12:56 -0800] "POST /wp-cron.php?doing_wp_cron=1675282376.2627460956573486328125 HTTP/1.1" 200 - "http://gatipackers.com/wp-cron.php?doing_wp_cron=1675282376.2627460956573486328125" "WordPress/6.1.1; http://gatipackers.com" "gatipackers.com"
34.73.178.228 - - [01/Feb/2023:12:18:13 -0800] "GET /index.php/feed/ HTTP/1.1" 200 3567 "-" "ZoominfoBot (zoominfobot at zoominfo dot com)" "gatipackers.com"
52.167.144.82 - - [01/Feb/2023:12:18:20 -0800] "GET /online_quote HTTP/1.1" 404 88 "-" "Mozilla/5.0 AppleWebKit/537.36 (KHTML, like Gecko; compatible; bingbot/2.0; +http://www.bing.com/bingbot.htm) Chrome/103.0.5060.134 Safari/537.36" "gatipackers.com"
173.167.141.145 - - [01/Feb/2023:12:35:41 -0800] "POST /xmlrpc.php HTTP/1.1" 200 403 "-" "Mozilla/5.0 (Windows NT 10.0; Win64; x64) AppleWebKit/537.36 (KHTML, like Gecko) Chrome/79.0.3945.88 Safari/537.36" "gatipackers.com"
10.213.116.211 - - [01/Feb/2023:12:35:45 -0800] "POST /wp-cron.php?doing_wp_cron=1675283745.8314380645751953125000 HTTP/1.1" 200 - "http://gatipackers.com/wp-cron.php?doing_wp_cron=1675283745.8314380645751953125000" "WordPress/6.1.1; http://gatipackers.com" "gatipackers.com"
173.167.141.145 - - [01/Feb/2023:12:35:48 -0800] "POST /xmlrpc.php HTTP/1.1" 200 403 "-" "Mozilla/5.0 (Windows NT 10.0; Win64; x64) AppleWebKit/537.36 (KHTML, like Gecko) Chrome/79.0.3945.88 Safari/537.36" "gatipackers.com"
175.178.47.143 - - [01/Feb/2023:12:35:59 -0800] "POST /xmlrpc.php HTTP/1.1" 200 403 "-" "Mozilla/5.0 (Windows NT 10.0; Win64; x64; rv:85.0) Gecko/20100101 Firefox/85.0" "gatipackers.com"
175.178.47.143 - - [01/Feb/2023:12:36:02 -0800] "POST /xmlrpc.php HTTP/1.1" 200 403 "-" "Mozilla/5.0 (Windows NT 10.0; Win64; x64; rv:85.0) Gecko/20100101 Firefox/85.0" "gatipackers.com"
173.201.177.241 - - [01/Feb/2023:12:36:09 -0800] "POST /xmlrpc.php HTTP/1.1" 200 403 "-" "Mozilla/5.0 (Windows NT 10.0; Win64; x64) AppleWebKit/537.36 (KHTML, like Gecko) Chrome/64.0.3282.186 Safari/537.36" "gatipackers.com"
173.201.177.241 - - [01/Feb/2023:12:36:11 -0800] "POST /xmlrpc.php HTTP/1.1" 200 403 "-" "Mozilla/5.0 (Windows NT 10.0; Win64; x64) AppleWebKit/537.36 (KHTML, like Gecko) Chrome/64.0.3282.186 Safari/537.36" "gatipackers.com"
157.230.242.225 - - [01/Feb/2023:12:36:52 -0800] "POST /xmlrpc.php HTTP/1.1" 200 403 "-" "Mozilla/5.0 (Windows NT 10.0; Win64; x64) AppleWebKit/537.36 (KHTML, like Gecko) Chrome/85.0.4183.102 Safari/537.36" "gatipackers.com"
157.230.242.225 - - [01/Feb/2023:12:36:55 -0800] "POST /xmlrpc.php HTTP/1.1" 200 403 "-" "Mozilla/5.0 (Windows NT 10.0; Win64; x64) AppleWebKit/537.36 (KHTML, like Gecko) Chrome/85.0.4183.102 Safari/537.36" "gatipackers.com"
192.210.151.246 - - [01/Feb/2023:12:45:10 -0800] "GET /wp-login.php HTTP/1.1" 200 6573 "-" "Mozilla/5.0 (X11; Linux x86_64) AppleWebKit/537.36 (KHTML, like Gecko) Chrome/108.0.5351.0 Safari/537.36" "gatipackers.com"
192.210.151.246 - - [01/Feb/2023:12:45:15 -0800] "GET /wp-includes/js/dist/vendor/regenerator-runtime.min.js?ver=0.13.9 HTTP/1.1" 200 2457 "https://gatipackers.com/wp-login.php" "Mozilla/5.0 (X11; Linux x86_64) AppleWebKit/537.36 (KHTML, like Gecko) Chrome/108.0.5351.0 Safari/537.36" "gatipackers.com"
192.210.151.246 - - [01/Feb/2023:12:45:15 -0800] "GET /wp-includes/css/dashicons.min.css?ver=6.1.1 HTTP/1.1" 200 35730 "https://gatipackers.com/wp-login.php" "Mozilla/5.0 (X11; Linux x86_64) AppleWebKit/537.36 (KHTML, like Gecko) Chrome/108.0.5351.0 Safari/537.36" "gatipackers.com"
192.210.151.246 - - [01/Feb/2023:12:45:15 -0800] "GET /wp-includes/css/buttons.min.css?ver=6.1.1 HTTP/1.1" 200 1453 "https://gatipackers.com/wp-login.php" "Mozilla/5.0 (X11; Linux x86_64) AppleWebKit/537.36 (KHTML, like Gecko) Chrome/108.0.5351.0 Safari/537.36" "gatipackers.com"
192.210.151.246 - - [01/Feb/2023:12:45:15 -0800] "GET /wp-includes/js/jquery/jquery-migrate.min.js?ver=3.3.2 HTTP/1.1" 200 4169 "https://gatipackers.com/wp-login.php" "Mozilla/5.0 (X11; Linux x86_64) AppleWebKit/537.36 (KHTML, like Gecko) Chrome/108.0.5351.0 Safari/537.36" "gatipackers.com"
192.210.151.246 - - [01/Feb/2023:12:45:15 -0800] "GET /wp-admin/css/l10n.min.css?ver=6.1.1 HTTP/1.1" 200 686 "https://gatipackers.com/wp-login.php" "Mozilla/5.0 (X11; Linux x86_64) AppleWebKit/537.36 (KHTML, like Gecko) Chrome/108.0.5351.0 Safari/537.36" "gatipackers.com"
192.210.151.246 - - [01/Feb/2023:12:45:15 -0800] "GET /wp-includes/js/zxcvbn-async.min.js?ver=1.0 HTTP/1.1" 200 256 "https://gatipackers.com/wp-login.php" "Mozilla/5.0 (X11; Linux x86_64) AppleWebKit/537.36 (KHTML, like Gecko) Chrome/108.0.5351.0 Safari/537.36" "gatipackers.com"
192.210.151.246 - - [01/Feb/2023:12:45:15 -0800] "GET /wp-admin/css/login.min.css?ver=6.1.1 HTTP/1.1" 200 2157 "https://gatipackers.com/wp-login.php" "Mozilla/5.0 (X11; Linux x86_64) AppleWebKit/537.36 (KHTML, like Gecko) Chrome/108.0.5351.0 Safari/537.36" "gatipackers.com"
192.210.151.246 - - [01/Feb/2023:12:45:15 -0800] "GET /wp-includes/js/jquery/jquery.min.js?ver=3.6.1 HTTP/1.1" 200 30995 "https://gatipackers.com/wp-login.php" "Mozilla/5.0 (X11; Linux x86_64) AppleWebKit/537.36 (KHTML, like Gecko) Chrome/108.0.5351.0 Safari/537.36" "gatipackers.com"
192.210.151.246 - - [01/Feb/2023:12:45:15 -0800] "GET /wp-admin/js/user-profile.min.js?ver=6.1.1 HTTP/1.1" 200 2325 "https://gatipackers.com/wp-login.php" "Mozilla/5.0 (X11; Linux x86_64) AppleWebKit/537.36 (KHTML, like Gecko) Chrome/108.0.5351.0 Safari/537.36" "gatipackers.com"
192.210.151.246 - - [01/Feb/2023:12:45:15 -0800] "GET /wp-includes/js/dist/hooks.min.js?ver=4169d3cf8e8d95a3d6d5 HTTP/1.1" 200 1661 "https://gatipackers.com/wp-login.php" "Mozilla/5.0 (X11; Linux x86_64) AppleWebKit/537.36 (KHTML, like Gecko) Chrome/108.0.5351.0 Safari/537.36" "gatipackers.com"
192.210.151.246 - - [01/Feb/2023:12:45:15 -0800] "GET /wp-includes/js/dist/vendor/wp-polyfill.min.js?ver=3.15.0 HTTP/1.1" 200 6532 "https://gatipackers.com/wp-login.php" "Mozilla/5.0 (X11; Linux x86_64) AppleWebKit/537.36 (KHTML, like Gecko) Chrome/108.0.5351.0 Safari/537.36" "gatipackers.com"
192.210.151.246 - - [01/Feb/2023:12:45:15 -0800] "GET /wp-includes/js/underscore.min.js?ver=1.13.4 HTTP/1.1" 200 7311 "https://gatipackers.com/wp-login.php" "Mozilla/5.0 (X11; Linux x86_64) AppleWebKit/537.36 (KHTML, like Gecko) Chrome/108.0.5351.0 Safari/537.36" "gatipackers.com"
192.210.151.246 - - [01/Feb/2023:12:45:15 -0800] "GET /wp-admin/js/password-strength-meter.min.js?ver=6.1.1 HTTP/1.1" 200 621 "https://gatipackers.com/wp-login.php" "Mozilla/5.0 (X11; Linux x86_64) AppleWebKit/537.36 (KHTML, like Gecko) Chrome/108.0.5351.0 Safari/537.36" "gatipackers.com"
192.210.151.246 - - [01/Feb/2023:12:45:15 -0800] "GET /wp-admin/css/forms.min.css?ver=6.1.1 HTTP/1.1" 200 6350 "https://gatipackers.com/wp-login.php" "Mozilla/5.0 (X11; Linux x86_64) AppleWebKit/537.36 (KHTML, like Gecko) Chrome/108.0.5351.0 Safari/537.36" "gatipackers.com"
192.210.151.246 - - [01/Feb/2023:12:45:15 -0800] "GET /wp-includes/js/dist/i18n.min.js?ver=9e794f35a71bb98672ae HTTP/1.1" 200 3866 "https://gatipackers.com/wp-login.php" "Mozilla/5.0 (X11; Linux x86_64) AppleWebKit/537.36 (KHTML, like Gecko) Chrome/108.0.5351.0 Safari/537.36" "gatipackers.com"
192.210.151.246 - - [01/Feb/2023:12:45:15 -0800] "GET /wp-includes/js/wp-util.min.js?ver=6.1.1 HTTP/1.1" 200 756 "https://gatipackers.com/wp-login.php" "Mozilla/5.0 (X11; Linux x86_64) AppleWebKit/537.36 (KHTML, like Gecko) Chrome/108.0.5351.0 Safari/537.36" "gatipackers.com"
192.210.151.246 - - [01/Feb/2023:12:45:16 -0800] "GET /wp-includes/js/zxcvbn.min.js HTTP/1.1" 200 399661 "https://gatipackers.com/wp-login.php" "Mozilla/5.0 (X11; Linux x86_64) AppleWebKit/537.36 (KHTML, like Gecko) Chrome/108.0.5351.0 Safari/537.36" "gatipackers.com"
10.213.116.211 - - [01/Feb/2023:12:45:14 -0800] "POST /wp-cron.php?doing_wp_cron=1675284314.5825281143188476562500 HTTP/1.1" 200 - "https://gatipackers.com/wp-cron.php?doing_wp_cron=1675284314.5825281143188476562500" "WordPress/6.1.1; https://gatipackers.com" "gatipackers.com"
144.126.223.177 - - [01/Feb/2023:12:51:34 -0800] "POST /wp-login.php HTTP/1.1" 200 6927 "-" "Mozilla/5.0 (Windows NT 6.1) AppleWebKit/537.36 (KHTML, like Gecko) Chrome/70.0.3538.77 Safari/537.36" "gatipackers.com"
139.59.244.148 - - [01/Feb/2023:12:56:19 -0800] "GET /wp-login.php HTTP/1.1" 200 6552 "" "Mozilla/5.0 (Windows NT 10.0; Win64; x64; rv:108.0) Gecko/20100101 Firefox/108.0" "gatipackers.com"
139.59.244.148 - - [01/Feb/2023:12:56:24 -0800] "GET /wp-json/wp/v2/users HTTP/1.1" 404 88 "" "Mozilla/5.0 (Windows NT 10.0; Win64; x64; rv:108.0) Gecko/20100101 Firefox/108.0" "gatipackers.com"
10.213.116.210 - - [01/Feb/2023:12:56:23 -0800] "POST /wp-cron.php?doing_wp_cron=1675284983.1469819545745849609375 HTTP/1.1" 200 - "http://gatipackers.com/wp-cron.php?doing_wp_cron=1675284983.1469819545745849609375" "WordPress/6.1.1; http://gatipackers.com" "gatipackers.com"
139.59.244.148 - - [01/Feb/2023:12:56:25 -0800] "POST /wp-login.php HTTP/1.1" 200 6931 "http://gatipackers.com/wp-login.php?redirect_to=http%3A%2F%2Fgatipackers.com%2Fwp-admin%2F" "Mozilla/5.0 (Windows NT 10.0; Win64; x64; rv:108.0) Gecko/20100101 Firefox/108.0" "gatipackers.com"
114.119.134.75 - - [01/Feb/2023:12:57:31 -0800] "GET /robots.txt HTTP/1.1" 200 58 "-" "Mozilla/5.0 (compatible;PetalBot;+https://webmaster.petalsearch.com/site/petalbot)" "www.gatipackers.com"
49.7.21.111 - - [01/Feb/2023:13:23:57 -0800] "GET / HTTP/1.1" 200 26688 "-" "Sogou web spider/4.0(+http://www.sogou.com/docs/help/webmasters.htm#07)" "www.gatipackers.com"
10.213.116.210 - - [01/Feb/2023:13:24:00 -0800] "POST /wp-cron.php?doing_wp_cron=1675286640.7329070568084716796875 HTTP/1.1" 200 - "http://gatipackers.com/wp-cron.php?doing_wp_cron=1675286640.7329070568084716796875" "WordPress/6.1.1; http://gatipackers.com" "gatipackers.com"
114.119.132.202 - - [01/Feb/2023:13:24:47 -0800] "GET /robots.txt HTTP/1.1" 200 58 "-" "Mozilla/5.0 (compatible;PetalBot;+https://webmaster.petalsearch.com/site/petalbot)" "gatipackers.com"
207.46.13.14 - - [01/Feb/2023:13:32:04 -0800] "GET /sitemap.xml HTTP/1.1" 200 190 "-" "Mozilla/5.0 AppleWebKit/537.36 (KHTML, like Gecko; compatible; bingbot/2.0; +http://www.bing.com/bingbot.htm) Chrome/103.0.5060.134 Safari/537.36" "www.gatipackers.com"
31.31.196.158 - - [01/Feb/2023:13:46:45 -0800] "GET /wp-login.php HTTP/1.1" 200 6550 "" "Mozilla/5.0 (Windows NT 10.0; Win64; x64; rv:108.0) Gecko/20100101 Firefox/108.0" "gatipackers.com"
31.31.196.158 - - [01/Feb/2023:13:46:51 -0800] "GET /wp-json/wp/v2/users HTTP/1.1" 404 88 "" "Mozilla/5.0 (Windows NT 10.0; Win64; x64; rv:108.0) Gecko/20100101 Firefox/108.0" "gatipackers.com"
10.213.116.209 - - [01/Feb/2023:13:46:51 -0800] "GET / HTTP/1.1" 200 26663 "https://gatipackers.com/" "WordPress/6.1.1; http://gatipackers.com" "gatipackers.com"
10.213.116.209 - - [01/Feb/2023:13:46:49 -0800] "POST /wp-cron.php?doing_wp_cron=1675288009.6912200450897216796875 HTTP/1.1" 200 - "http://gatipackers.com/wp-cron.php?doing_wp_cron=1675288009.6912200450897216796875" "WordPress/6.1.1; http://gatipackers.com" "gatipackers.com"
31.31.196.158 - - [01/Feb/2023:13:46:51 -0800] "POST /wp-login.php HTTP/1.1" 200 6919 "http://gatipackers.com/wp-login.php?redirect_to=http%3A%2F%2Fgatipackers.com%2Fwp-admin%2F" "Mozilla/5.0 (Windows NT 10.0; Win64; x64; rv:108.0) Gecko/20100101 Firefox/108.0" "gatipackers.com"
185.246.220.57 - - [01/Feb/2023:14:03:30 -0800] "GET / HTTP/1.1" 200 26635 "-" "Mozilla/5.0 (iPhone14,3; U; CPU iPhone OS 15_0 like Mac OS X) AppleWebKit/602.1.50 (KHTML, like Gecko) Version/10.0 Mobile/19A346 Safari/602.1" "gatipackers.com"
10.213.116.210 - - [01/Feb/2023:14:03:34 -0800] "POST /wp-cron.php?doing_wp_cron=1675289014.5426270961761474609375 HTTP/1.1" 200 - "http://gatipackers.com/wp-cron.php?doing_wp_cron=1675289014.5426270961761474609375" "WordPress/6.1.1; http://gatipackers.com" "gatipackers.com"
188.225.40.227 - - [01/Feb/2023:14:04:56 -0800] "POST /wp-login.php HTTP/1.1" 200 6920 "-" "Mozilla/5.0 (Windows NT 10.0; Win64; x64) AppleWebKit/537.36 (KHTML, like Gecko) Chrome/66.0.3359.117 Safari/537.36" "gatipackers.com"
103.143.46.247 - - [01/Feb/2023:14:18:08 -0800] "POST /xmlrpc.php HTTP/1.1" 200 403 "-" "Mozilla/5.0 (Windows NT 10.0; Win64; x64; rv:78.0) Gecko/20100101 Firefox/78.0" "gatipackers.com"
10.213.116.210 - - [01/Feb/2023:14:18:12 -0800] "POST /wp-cron.php?doing_wp_cron=1675289892.3062129020690917968750 HTTP/1.1" 200 - "http://gatipackers.com/wp-cron.php?doing_wp_cron=1675289892.3062129020690917968750" "WordPress/6.1.1; http://gatipackers.com" "gatipackers.com"
185.86.180.115 - - [01/Feb/2023:14:18:12 -0800] "POST /xmlrpc.php HTTP/1.1" 200 403 "-" "Mozilla/5.0 (Windows NT 10.0; Win64; x64) AppleWebKit/537.36 (KHTML, like Gecko) Chrome/74.0.3729.157 Safari/537.36" "gatipackers.com"
185.86.180.115 - - [01/Feb/2023:14:18:17 -0800] "POST /xmlrpc.php HTTP/1.1" 200 403 "-" "Mozilla/5.0 (Windows NT 10.0; Win64; x64) AppleWebKit/537.36 (KHTML, like Gecko) Chrome/74.0.3729.157 Safari/537.36" "gatipackers.com"
91.134.248.235 - - [01/Feb/2023:14:18:23 -0800] "POST /xmlrpc.php HTTP/1.1" 200 403 "-" "Mozilla/5.0 (Windows NT 10.0; WOW64; rv:52.0) Gecko/20100101 Firefox/52.0" "gatipackers.com"
91.134.248.235 - - [01/Feb/2023:14:18:26 -0800] "POST /xmlrpc.php HTTP/1.1" 200 403 "-" "Mozilla/5.0 (Windows NT 10.0; WOW64; rv:52.0) Gecko/20100101 Firefox/52.0" "gatipackers.com"
131.186.30.39 - - [01/Feb/2023:14:18:40 -0800] "POST /xmlrpc.php HTTP/1.1" 200 403 "-" "Mozilla/5.0 (Windows NT 10.0; Win64; x64) AppleWebKit/537.36 (KHTML, like Gecko) Chrome/74.0.3729.131 Safari/537.36" "gatipackers.com"
