137.226.113.44 - - [15/Feb/2023:16:03:26 -0800] "GET / HTTP/1.1" 200 26716 "-" "Mozilla/5.0 zgrab/0.x (compatible; Researchscan/http; +http://researchscan.comsys.rwth-aachen.de)" "www.gatipackers.com"
10.213.116.211 - - [15/Feb/2023:16:03:31 -0800] "POST /wp-cron.php?doing_wp_cron=1676505811.5288219451904296875000 HTTP/1.1" 200 - "https://gatipackers.com/wp-cron.php?doing_wp_cron=1676505811.5288219451904296875000" "WordPress/6.1.1; https://gatipackers.com" "gatipackers.com"
120.245.60.45 - - [15/Feb/2023:16:16:30 -0800] "GET /robots.txt HTTP/1.1" 200 58 "-" "Mozilla/5.0 (Windows NT 10.0; Win64; x64) AppleWebKit/537.36 (KHTML, like Gecko) Chrome/92.0.4515.159 Safari/537.36" "www.gatipackers.com"
54.36.148.219 - - [15/Feb/2023:16:36:23 -0800] "GET /robots.txt HTTP/1.1" 200 58 "-" "Mozilla/5.0 (compatible; AhrefsBot/7.0; +http://ahrefs.com/robot/)" "gatipackers.com"
51.222.253.4 - - [15/Feb/2023:16:36:24 -0800] "GET / HTTP/1.1" 200 26663 "-" "Mozilla/5.0 (compatible; AhrefsBot/7.0; +http://ahrefs.com/robot/)" "gatipackers.com"
10.213.116.211 - - [15/Feb/2023:16:36:27 -0800] "POST /wp-cron.php?doing_wp_cron=1676507787.8024280071258544921875 HTTP/1.1" 200 - "https://gatipackers.com/wp-cron.php?doing_wp_cron=1676507787.8024280071258544921875" "WordPress/6.1.1; https://gatipackers.com" "gatipackers.com"
54.36.148.128 - - [15/Feb/2023:16:52:55 -0800] "GET /robots.txt HTTP/1.1" 200 58 "-" "Mozilla/5.0 (compatible; AhrefsBot/7.0; +http://ahrefs.com/robot/)" "www.gatipackers.com"
51.222.253.4 - - [15/Feb/2023:16:52:56 -0800] "GET /yahoo_site_admin/assets/images/premiersource.331193948_std.gif HTTP/1.1" 200 25258 "-" "Mozilla/5.0 (compatible; AhrefsBot/7.0; +http://ahrefs.com/robot/)" "www.gatipackers.com"
51.222.253.16 - - [15/Feb/2023:16:59:00 -0800] "GET /index.php/2021/02/26/hello-world/ HTTP/1.1" 200 28026 "-" "Mozilla/5.0 (compatible; AhrefsBot/7.0; +http://ahrefs.com/robot/)" "gatipackers.com"
10.213.116.209 - - [15/Feb/2023:16:59:04 -0800] "POST /wp-cron.php?doing_wp_cron=1676509144.1817638874053955078125 HTTP/1.1" 200 - "http://gatipackers.com/wp-cron.php?doing_wp_cron=1676509144.1817638874053955078125" "WordPress/6.1.1; http://gatipackers.com" "gatipackers.com"
209.17.114.78 - - [15/Feb/2023:17:16:34 -0800] "GET /wp-login.php HTTP/1.1" 200 6551 "-" "Mozilla/5.0 (Windows NT 10.0; Win64; x64; rv:96.0) Gecko/20100101 Firefox/96" "www.gatipackers.com"
209.17.114.78 - - [15/Feb/2023:17:16:39 -0800] "GET //wp-json/wp/v2/users/ HTTP/1.1" 404 88 "-" "Mozilla/5.0 (Windows NT 10.0; Win64; x64; rv:96.0) Gecko/20100101 Firefox/96" "www.gatipackers.com"
10.213.116.210 - - [15/Feb/2023:17:16:37 -0800] "POST /wp-cron.php?doing_wp_cron=1676510197.6504731178283691406250 HTTP/1.1" 200 - "http://gatipackers.com/wp-cron.php?doing_wp_cron=1676510197.6504731178283691406250" "WordPress/6.1.1; http://gatipackers.com" "gatipackers.com"
40.77.167.221 - - [15/Feb/2023:17:40:39 -0800] "GET / HTTP/1.1" 200 26635 "-" "Mozilla/5.0 AppleWebKit/537.36 (KHTML, like Gecko; compatible; bingbot/2.0; +http://www.bing.com/bingbot.htm) Chrome/103.0.5060.134 Safari/537.36" "gatipackers.com"
10.213.116.210 - - [15/Feb/2023:17:40:42 -0800] "POST /wp-cron.php?doing_wp_cron=1676511642.0792729854583740234375 HTTP/1.1" 200 - "http://gatipackers.com/wp-cron.php?doing_wp_cron=1676511642.0792729854583740234375" "WordPress/6.1.1; http://gatipackers.com" "gatipackers.com"
52.167.144.97 - - [15/Feb/2023:17:40:54 -0800] "GET /wp-content/themes/twentynineteen/print.css?ver=1.1 HTTP/1.1" 200 1230 "-" "Mozilla/5.0 AppleWebKit/537.36 (KHTML, like Gecko; compatible; bingbot/2.0; +http://www.bing.com/bingbot.htm) Chrome/103.0.5060.134 Safari/537.36" "gatipackers.com"
52.167.144.97 - - [15/Feb/2023:17:40:55 -0800] "GET /wp-includes/js/wp-emoji-release.min.js?ver=6.1.1 HTTP/1.1" 200 5009 "-" "Mozilla/5.0 AppleWebKit/537.36 (KHTML, like Gecko; compatible; bingbot/2.0; +http://www.bing.com/bingbot.htm) Chrome/103.0.5060.134 Safari/537.36" "gatipackers.com"
157.55.39.23 - - [15/Feb/2023:17:40:59 -0800] "GET /wp-content/themes/twentynineteen/style.css?ver=1.1 HTTP/1.1" 200 19371 "-" "Mozilla/5.0 AppleWebKit/537.36 (KHTML, like Gecko; compatible; bingbot/2.0; +http://www.bing.com/bingbot.htm) Chrome/103.0.5060.134 Safari/537.36" "gatipackers.com"
157.55.39.23 - - [15/Feb/2023:17:40:59 -0800] "GET /wp-includes/css/dist/block-library/style.min.css?ver=6.1.1 HTTP/1.1" 200 12518 "-" "Mozilla/5.0 AppleWebKit/537.36 (KHTML, like Gecko; compatible; bingbot/2.0; +http://www.bing.com/bingbot.htm) Chrome/103.0.5060.134 Safari/537.36" "gatipackers.com"
40.77.188.224 - - [15/Feb/2023:17:56:54 -0800] "GET /wp-includes/css/classic-themes.min.css?ver=1 HTTP/1.1" 200 217 "-" "Mozilla/5.0 (Windows NT 6.1; WOW64) AppleWebKit/534+ (KHTML, like Gecko) BingPreview/1.0b" "gatipackers.com"
152.89.196.13 - - [15/Feb/2023:17:58:10 -0800] "POST /wp-includes/system-reboot.php HTTP/1.1" 404 88 "-" "Mozilla/5.0 (Windows NT 10.0; Win64; x64; rv:67.0) Gecko/20100101 Firefox/67.0" "gatipackers.com"
52.39.43.18 - - [15/Feb/2023:18:08:48 -0800] "GET / HTTP/1.1" 200 26635 "-" "Mozilla/5.0 (Windows NT 10.0; Win64; x64)AppleWebKit/537.36 (KHTML, like Gecko) Chrome/66.0.3359.181 Safari/537.36" "gatipackers.com"
10.213.116.210 - - [15/Feb/2023:18:08:52 -0800] "POST /wp-cron.php?doing_wp_cron=1676513331.9311571121215820312500 HTTP/1.1" 200 - "http://gatipackers.com/wp-cron.php?doing_wp_cron=1676513331.9311571121215820312500" "WordPress/6.1.1; http://gatipackers.com" "gatipackers.com"
35.167.121.25 - - [15/Feb/2023:18:09:07 -0800] "GET / HTTP/1.1" 200 27576 "-" "Mozilla/5.0 (X11; Linux x86_64) AppleWebKit/537.36 (KHTML, like Gecko) Chrome/83.0.4103.97 Safari/537.36" "gatipackers.com"
35.89.109.170 - - [15/Feb/2023:18:21:19 -0800] "GET / HTTP/1.1" 200 26688 "-" "Mozilla/5.0 (Windows NT 10.0; Win64; x64) AppleWebKit/537.36 (KHTML, like Gecko) Chrome/76.0.3809.100 Safari/537.36" "www.gatipackers.com"
152.89.196.13 - - [15/Feb/2023:18:52:55 -0800] "POST /about.php HTTP/1.1" 404 88 "-" "Mozilla/5.0 (Windows NT 10.0; Win64; x64) AppleWebKit/537.36 (KHTML, like Gecko) Chrome/74.0.3729.157 Safari/537.36" "gatipackers.com"
123.183.224.10 - - [15/Feb/2023:18:54:39 -0800] "GET / HTTP/1.1" 200 26688 "-" "Sogou web spider/4.0(+http://www.sogou.com/docs/help/webmasters.htm#07)" "www.gatipackers.com"
10.213.116.211 - - [15/Feb/2023:18:54:42 -0800] "POST /wp-cron.php?doing_wp_cron=1676516082.8234999179840087890625 HTTP/1.1" 200 - "http://gatipackers.com/wp-cron.php?doing_wp_cron=1676516082.8234999179840087890625" "WordPress/6.1.1; http://gatipackers.com" "gatipackers.com"
123.183.224.10 - - [15/Feb/2023:19:03:43 -0800] "GET / HTTP/1.1" 200 26688 "-" "Sogou web spider/4.0(+http://www.sogou.com/docs/help/webmasters.htm#07)" "www.gatipackers.com"
123.183.224.10 - - [15/Feb/2023:19:09:14 -0800] "GET / HTTP/1.1" 200 26688 "-" "Sogou web spider/4.0(+http://www.sogou.com/docs/help/webmasters.htm#07)" "www.gatipackers.com"
10.213.116.210 - - [15/Feb/2023:19:09:17 -0800] "POST /wp-cron.php?doing_wp_cron=1676516957.7326679229736328125000 HTTP/1.1" 200 - "http://gatipackers.com/wp-cron.php?doing_wp_cron=1676516957.7326679229736328125000" "WordPress/6.1.1; http://gatipackers.com" "gatipackers.com"
123.183.224.10 - - [15/Feb/2023:19:12:05 -0800] "GET / HTTP/1.1" 200 26688 "-" "Sogou web spider/4.0(+http://www.sogou.com/docs/help/webmasters.htm#07)" "www.gatipackers.com"
123.183.224.10 - - [15/Feb/2023:19:14:44 -0800] "GET / HTTP/1.1" 200 26688 "-" "Sogou web spider/4.0(+http://www.sogou.com/docs/help/webmasters.htm#07)" "www.gatipackers.com"
123.183.224.10 - - [15/Feb/2023:19:18:07 -0800] "GET / HTTP/1.1" 200 26688 "-" "Sogou web spider/4.0(+http://www.sogou.com/docs/help/webmasters.htm#07)" "www.gatipackers.com"
49.7.21.84 - - [15/Feb/2023:19:21:26 -0800] "GET / HTTP/1.1" 200 26716 "-" "Sogou web spider/4.0(+http://www.sogou.com/docs/help/webmasters.htm#07)" "www.gatipackers.com"
77.68.3.162 - - [15/Feb/2023:19:34:15 -0800] "POST /xmlrpc.php HTTP/1.1" 200 401 "-" "Mozilla/5.0 (Windows NT 10.0; Win64; x64; rv:96.0) Gecko/20100101 Firefox/96" "www.gatipackers.com"
10.213.116.211 - - [15/Feb/2023:19:34:19 -0800] "POST /wp-cron.php?doing_wp_cron=1676518459.5314760208129882812500 HTTP/1.1" 200 - "http://gatipackers.com/wp-cron.php?doing_wp_cron=1676518459.5314760208129882812500" "WordPress/6.1.1; http://gatipackers.com" "gatipackers.com"
162.241.174.216 - - [15/Feb/2023:19:46:15 -0800] "POST /xmlrpc.php HTTP/1.1" 200 401 "-" "Mozilla/5.0 (Windows NT 10.0; Win64; x64; rv:96.0) Gecko/20100101 Firefox/96" "www.gatipackers.com"
10.213.116.209 - - [15/Feb/2023:19:46:20 -0800] "POST /wp-cron.php?doing_wp_cron=1676519179.9699609279632568359375 HTTP/1.1" 200 - "http://gatipackers.com/wp-cron.php?doing_wp_cron=1676519179.9699609279632568359375" "WordPress/6.1.1; http://gatipackers.com" "gatipackers.com"
114.119.157.196 - - [15/Feb/2023:19:46:22 -0800] "GET /index.php/2021/02/26/hello-world HTTP/1.1" 200 28062 "https://gatipackers.com/" "Mozilla/5.0 (Linux; Android 7.0;) AppleWebKit/537.36 (KHTML, like Gecko) Mobile Safari/537.36 (compatible; PetalBot;+https://webmaster.petalsearch.com/site/petalbot)" "gatipackers.com"
114.119.145.150 - - [15/Feb/2023:19:47:26 -0800] "GET /wp-content/plugins HTTP/1.1" 301 1419 "https://gatipackers.com/wp-content?C=S%3BO%3DA" "Mozilla/5.0 (Linux; Android 7.0;) AppleWebKit/537.36 (KHTML, like Gecko) Mobile Safari/537.36 (compatible; PetalBot;+https://webmaster.petalsearch.com/site/petalbot)" "gatipackers.com"
114.119.145.150 - - [15/Feb/2023:19:47:29 -0800] "GET /wp-content/plugins/ HTTP/1.1" 200 - "https://gatipackers.com/wp-content?C=S%3BO%3DA" "Mozilla/5.0 (Linux; Android 7.0;) AppleWebKit/537.36 (KHTML, like Gecko) Mobile Safari/537.36 (compatible; PetalBot;+https://webmaster.petalsearch.com/site/petalbot)" "gatipackers.com"
185.191.171.10 - - [15/Feb/2023:19:54:13 -0800] "GET /robots.txt HTTP/1.1" 200 58 "-" "Mozilla/5.0 (compatible; SemrushBot/7~bl; +http://www.semrush.com/bot.html)" "gatipackers.com"
185.191.171.34 - - [15/Feb/2023:19:54:13 -0800] "GET /index.php/author/administrator/ HTTP/1.1" 200 26391 "-" "Mozilla/5.0 (compatible; SemrushBot/7~bl; +http://www.semrush.com/bot.html)" "gatipackers.com"
185.191.171.40 - - [15/Feb/2023:19:54:18 -0800] "GET /sitemap.xml HTTP/1.1" 200 190 "-" "Mozilla/5.0 (compatible; SemrushBot/7~bl; +http://www.semrush.com/bot.html)" "gatipackers.com"
10.213.116.209 - - [15/Feb/2023:19:54:16 -0800] "POST /wp-cron.php?doing_wp_cron=1676519656.4715991020202636718750 HTTP/1.1" 200 - "https://gatipackers.com/wp-cron.php?doing_wp_cron=1676519656.4715991020202636718750" "WordPress/6.1.1; https://gatipackers.com" "gatipackers.com"
132.148.87.21 - - [15/Feb/2023:19:58:11 -0800] "POST /xmlrpc.php HTTP/1.1" 200 401 "-" "Mozilla/5.0 (Windows NT 10.0; Win64; x64; rv:96.0) Gecko/20100101 Firefox/96" "www.gatipackers.com"
157.55.39.225 - - [15/Feb/2023:19:59:22 -0800] "GET /robots.txt HTTP/1.1" 200 58 "-" "Mozilla/5.0 AppleWebKit/537.36 (KHTML, like Gecko; compatible; bingbot/2.0; +http://www.bing.com/bingbot.htm) Chrome/103.0.5060.134 Safari/537.36" "www.gatipackers.com"
157.55.39.225 - - [15/Feb/2023:19:59:22 -0800] "GET /robots.txt HTTP/1.1" 200 58 "-" "Mozilla/5.0 AppleWebKit/537.36 (KHTML, like Gecko; compatible; bingbot/2.0; +http://www.bing.com/bingbot.htm) Chrome/103.0.5060.134 Safari/537.36" "www.gatipackers.com"
52.167.144.82 - - [15/Feb/2023:19:59:27 -0800] "GET / HTTP/1.1" 200 26716 "-" "Mozilla/5.0 AppleWebKit/537.36 (KHTML, like Gecko; compatible; bingbot/2.0; +http://www.bing.com/bingbot.htm) Chrome/103.0.5060.134 Safari/537.36" "www.gatipackers.com"
40.77.167.239 - - [15/Feb/2023:19:59:47 -0800] "GET /wp-content/themes/twentynineteen/print.css?ver=1.1 HTTP/1.1" 200 1230 "-" "Mozilla/5.0 AppleWebKit/537.36 (KHTML, like Gecko; compatible; bingbot/2.0; +http://www.bing.com/bingbot.htm) Chrome/103.0.5060.134 Safari/537.36" "gatipackers.com"
52.167.144.97 - - [15/Feb/2023:19:59:52 -0800] "GET /wp-includes/css/dist/block-library/style.min.css?ver=6.1.1 HTTP/1.1" 200 12518 "-" "Mozilla/5.0 AppleWebKit/537.36 (KHTML, like Gecko; compatible; bingbot/2.0; +http://www.bing.com/bingbot.htm) Chrome/103.0.5060.134 Safari/537.36" "gatipackers.com"
40.77.167.221 - - [15/Feb/2023:19:59:52 -0800] "GET /wp-content/themes/twentynineteen/style.css?ver=1.1 HTTP/1.1" 200 19371 "-" "Mozilla/5.0 AppleWebKit/537.36 (KHTML, like Gecko; compatible; bingbot/2.0; +http://www.bing.com/bingbot.htm) Chrome/103.0.5060.134 Safari/537.36" "gatipackers.com"
40.77.188.139 - - [15/Feb/2023:20:15:44 -0800] "GET /wp-includes/css/classic-themes.min.css?ver=1 HTTP/1.1" 200 217 "-" "Mozilla/5.0 (Windows NT 6.1; WOW64) AppleWebKit/534+ (KHTML, like Gecko) BingPreview/1.0b" "gatipackers.com"
40.77.190.75 - - [15/Feb/2023:20:15:44 -0800] "GET /wp-includes/js/wp-emoji-release.min.js?ver=6.1.1 HTTP/1.1" 200 18617 "-" "Mozilla/5.0 (Windows NT 6.1; WOW64) AppleWebKit/534+ (KHTML, like Gecko) BingPreview/1.0b" "gatipackers.com"
134.122.191.181 - - [15/Feb/2023:20:21:36 -0800] "POST /xmlrpc.php HTTP/1.1" 200 401 "-" "Mozilla/5.0 (Windows NT 10.0; Win64; x64; rv:96.0) Gecko/20100101 Firefox/96" "www.gatipackers.com"
10.213.116.209 - - [15/Feb/2023:20:21:40 -0800] "POST /wp-cron.php?doing_wp_cron=1676521300.4891629219055175781250 HTTP/1.1" 200 - "http://gatipackers.com/wp-cron.php?doing_wp_cron=1676521300.4891629219055175781250" "WordPress/6.1.1; http://gatipackers.com" "gatipackers.com"
200.71.220.137 - - [15/Feb/2023:20:33:56 -0800] "POST /xmlrpc.php HTTP/1.1" 200 401 "-" "Mozilla/5.0 (Windows NT 10.0; Win64; x64; rv:96.0) Gecko/20100101 Firefox/96" "www.gatipackers.com"
10.213.116.211 - - [15/Feb/2023:20:33:59 -0800] "POST /wp-cron.php?doing_wp_cron=1676522039.9072940349578857421875 HTTP/1.1" 200 - "http://gatipackers.com/wp-cron.php?doing_wp_cron=1676522039.9072940349578857421875" "WordPress/6.1.1; http://gatipackers.com" "gatipackers.com"
148.72.210.140 - - [15/Feb/2023:20:46:02 -0800] "POST /xmlrpc.php HTTP/1.1" 200 401 "-" "Mozilla/5.0 (Windows NT 10.0; Win64; x64; rv:96.0) Gecko/20100101 Firefox/96" "www.gatipackers.com"
10.213.116.211 - - [15/Feb/2023:20:46:08 -0800] "POST /wp-cron.php?doing_wp_cron=1676522768.0940809249877929687500 HTTP/1.1" 200 - "http://gatipackers.com/wp-cron.php?doing_wp_cron=1676522768.0940809249877929687500" "WordPress/6.1.1; http://gatipackers.com" "gatipackers.com"
35.163.203.101 - - [15/Feb/2023:20:48:28 -0800] "GET / HTTP/1.1" 200 26635 "-" "-" "gatipackers.com"
20.25.191.247 - - [15/Feb/2023:20:58:07 -0800] "GET /wp-admin/includes/ HTTP/1.1" 200 144 "www.google.com" "Mozlila/5.0 (Linux; Android 7.0; SM-G892A Bulid/NRD90M; wv) AppleWebKit/537.36 (KHTML, like Gecko) Version/4.0 Chrome/60.0.3112.107 Moblie Safari/537.36" "gatipackers.com"
20.25.191.247 - - [15/Feb/2023:20:58:09 -0800] "GET /wp/wp-admin/includes/ HTTP/1.1" 404 88 "www.google.com" "Mozlila/5.0 (Linux; Android 7.0; SM-G892A Bulid/NRD90M; wv) AppleWebKit/537.36 (KHTML, like Gecko) Version/4.0 Chrome/60.0.3112.107 Moblie Safari/537.36" "gatipackers.com"
20.25.191.247 - - [15/Feb/2023:20:58:14 -0800] "GET /wordpress/wp-admin/includes/ HTTP/1.1" 404 88 "www.google.com" "Mozlila/5.0 (Linux; Android 7.0; SM-G892A Bulid/NRD90M; wv) AppleWebKit/537.36 (KHTML, like Gecko) Version/4.0 Chrome/60.0.3112.107 Moblie Safari/537.36" "gatipackers.com"
20.25.191.247 - - [15/Feb/2023:20:58:15 -0800] "GET /site/wp-admin/includes/ HTTP/1.1" 404 88 "www.google.com" "Mozlila/5.0 (Linux; Android 7.0; SM-G892A Bulid/NRD90M; wv) AppleWebKit/537.36 (KHTML, like Gecko) Version/4.0 Chrome/60.0.3112.107 Moblie Safari/537.36" "gatipackers.com"
15.207.194.161 - - [15/Feb/2023:20:58:31 -0800] "POST /xmlrpc.php HTTP/1.1" 200 401 "-" "Mozilla/5.0 (Windows NT 10.0; Win64; x64; rv:96.0) Gecko/20100101 Firefox/96" "www.gatipackers.com"
10.213.116.211 - - [15/Feb/2023:20:58:35 -0800] "POST /wp-cron.php?doing_wp_cron=1676523514.9924559593200683593750 HTTP/1.1" 200 - "http://gatipackers.com/wp-cron.php?doing_wp_cron=1676523514.9924559593200683593750" "WordPress/6.1.1; http://gatipackers.com" "gatipackers.com"
114.119.135.217 - - [15/Feb/2023:21:04:35 -0800] "GET /robots.txt HTTP/1.1" 200 58 "-" "Mozilla/5.0 (compatible;PetalBot;+https://webmaster.petalsearch.com/site/petalbot)" "www.gatipackers.com"
158.247.221.253 - - [15/Feb/2023:21:11:00 -0800] "POST /xmlrpc.php HTTP/1.1" 200 401 "-" "Mozilla/5.0 (Windows NT 10.0; Win64; x64; rv:96.0) Gecko/20100101 Firefox/96" "www.gatipackers.com"
10.213.116.210 - - [15/Feb/2023:21:11:03 -0800] "POST /wp-cron.php?doing_wp_cron=1676524263.6597430706024169921875 HTTP/1.1" 200 - "http://gatipackers.com/wp-cron.php?doing_wp_cron=1676524263.6597430706024169921875" "WordPress/6.1.1; http://gatipackers.com" "gatipackers.com"
42.200.187.44 - - [15/Feb/2023:21:23:41 -0800] "POST /xmlrpc.php HTTP/1.1" 200 401 "-" "Mozilla/5.0 (Windows NT 10.0; Win64; x64; rv:96.0) Gecko/20100101 Firefox/96" "www.gatipackers.com"
10.213.116.211 - - [15/Feb/2023:21:23:44 -0800] "POST /wp-cron.php?doing_wp_cron=1676525024.7685670852661132812500 HTTP/1.1" 200 - "http://gatipackers.com/wp-cron.php?doing_wp_cron=1676525024.7685670852661132812500" "WordPress/6.1.1; http://gatipackers.com" "gatipackers.com"
114.119.166.63 - - [15/Feb/2023:21:25:39 -0800] "GET /index.php/2021/02/26/hello-world/ HTTP/1.1" 200 28063 "https://gatipackers.com/index.php/2021/02/26/hello-world" "Mozilla/5.0 (Linux; Android 7.0;) AppleWebKit/537.36 (KHTML, like Gecko) Mobile Safari/537.36 (compatible; PetalBot;+https://webmaster.petalsearch.com/site/petalbot)" "gatipackers.com"
162.240.69.212 - - [15/Feb/2023:21:36:27 -0800] "POST /xmlrpc.php HTTP/1.1" 200 401 "-" "Mozilla/5.0 (Windows NT 10.0; Win64; x64; rv:96.0) Gecko/20100101 Firefox/96" "www.gatipackers.com"
65.108.6.34 - - [15/Feb/2023:21:43:35 -0800] "GET /robots.txt HTTP/1.1" 200 58 "-" "Mozilla/5.0 (compatible; SEOkicks; +https://www.seokicks.de/robot.html)" "gatipackers.com"
65.108.6.34 - - [15/Feb/2023:21:43:35 -0800] "GET /robots.txt HTTP/1.1" 200 58 "-" "Mozilla/5.0 (compatible; SEOkicks; +https://www.seokicks.de/robot.html)" "www.gatipackers.com"
65.108.6.34 - - [15/Feb/2023:21:43:37 -0800] "GET / HTTP/1.1" 200 26635 "-" "Mozilla/5.0 (compatible; SEOkicks; +https://www.seokicks.de/robot.html)" "gatipackers.com"
65.108.6.34 - - [15/Feb/2023:21:43:37 -0800] "GET / HTTP/1.1" 200 26688 "-" "Mozilla/5.0 (compatible; SEOkicks; +https://www.seokicks.de/robot.html)" "www.gatipackers.com"
10.213.116.210 - - [15/Feb/2023:21:43:41 -0800] "POST /wp-cron.php?doing_wp_cron=1676526221.0618619918823242187500 HTTP/1.1" 200 - "http://gatipackers.com/wp-cron.php?doing_wp_cron=1676526221.0618619918823242187500" "WordPress/6.1.1; http://gatipackers.com" "gatipackers.com"
65.108.6.34 - - [15/Feb/2023:21:43:45 -0800] "GET /index.php/feed/ HTTP/1.1" 200 3567 "http://gatipackers.com/" "Mozilla/5.0 (compatible; SEOkicks; +https://www.seokicks.de/robot.html)" "gatipackers.com"
65.108.6.34 - - [15/Feb/2023:21:43:50 -0800] "GET /index.php/comments/feed/ HTTP/1.1" 200 778 "http://gatipackers.com/" "Mozilla/5.0 (compatible; SEOkicks; +https://www.seokicks.de/robot.html)" "gatipackers.com"
65.108.6.34 - - [15/Feb/2023:21:43:55 -0800] "GET /index.php/2021/02/26/sample-page/ HTTP/1.1" 200 25986 "http://gatipackers.com/" "Mozilla/5.0 (compatible; SEOkicks; +https://www.seokicks.de/robot.html)" "gatipackers.com"
65.108.6.34 - - [15/Feb/2023:21:44:00 -0800] "GET /index.php/author/administrator/ HTTP/1.1" 200 26361 "http://gatipackers.com/" "Mozilla/5.0 (compatible; SEOkicks; +https://www.seokicks.de/robot.html)" "gatipackers.com"
65.108.6.34 - - [15/Feb/2023:21:44:06 -0800] "GET /index.php/2021/02/26/hello-world/ HTTP/1.1" 200 28026 "http://gatipackers.com/" "Mozilla/5.0 (compatible; SEOkicks; +https://www.seokicks.de/robot.html)" "gatipackers.com"
65.108.6.34 - - [15/Feb/2023:21:44:10 -0800] "GET /index.php/category/uncategorized/ HTTP/1.1" 200 23918 "http://gatipackers.com/" "Mozilla/5.0 (compatible; SEOkicks; +https://www.seokicks.de/robot.html)" "gatipackers.com"
65.108.6.34 - - [15/Feb/2023:21:44:15 -0800] "GET /index.php/2021/02/ HTTP/1.1" 200 26038 "http://gatipackers.com/" "Mozilla/5.0 (compatible; SEOkicks; +https://www.seokicks.de/robot.html)" "gatipackers.com"
65.108.6.34 - - [15/Feb/2023:21:44:20 -0800] "GET /index.php/2021/02/26/sample-page/feed/ HTTP/1.1" 200 819 "http://gatipackers.com/index.php/2021/02/26/sample-page/" "Mozilla/5.0 (compatible; SEOkicks; +https://www.seokicks.de/robot.html)" "gatipackers.com"
132.148.87.21 - - [15/Feb/2023:21:49:34 -0800] "POST /xmlrpc.php HTTP/1.1" 200 401 "-" "Mozilla/5.0 (Windows NT 10.0; Win64; x64; rv:96.0) Gecko/20100101 Firefox/96" "www.gatipackers.com"
185.46.229.3 - - [15/Feb/2023:21:59:12 -0800] "POST /xmlrpc.php HTTP/1.1" 200 401 "-" "Mozilla/5.0 (Windows NT 10.0; Win64; x64; rv:96.0) Gecko/20100101 Firefox/96" "www.gatipackers.com"
10.213.116.209 - - [15/Feb/2023:21:59:16 -0800] "POST /wp-cron.php?doing_wp_cron=1676527156.6002519130706787109375 HTTP/1.1" 200 - "http://gatipackers.com/wp-cron.php?doing_wp_cron=1676527156.6002519130706787109375" "WordPress/6.1.1; http://gatipackers.com" "gatipackers.com"
202.44.8.48 - - [15/Feb/2023:22:14:20 -0800] "GET /?author=21 HTTP/1.1" 404 21151 "-" "Mozilla/5.0 (Windows NT 10.0; Win64; x64; rv:88.0) Gecko/20100101 Firefox/88.0" "gatipackers.com"
10.213.116.211 - - [15/Feb/2023:22:14:24 -0800] "POST /wp-cron.php?doing_wp_cron=1676528064.2459359169006347656250 HTTP/1.1" 200 - "http://gatipackers.com/wp-cron.php?doing_wp_cron=1676528064.2459359169006347656250" "WordPress/6.1.1; http://gatipackers.com" "gatipackers.com"
202.44.8.48 - - [15/Feb/2023:22:14:26 -0800] "GET /?author=21 HTTP/1.1" 404 21151 "-" "Mozilla/5.0 (Windows NT 10.0; Win64; x64; rv:88.0) Gecko/20100101 Firefox/88.0" "gatipackers.com"
173.231.229.54 - - [15/Feb/2023:22:14:27 -0800] "GET /?author=1 HTTP/1.1" 200 26361 "-" "Mozilla/5.0 (Windows NT 10.0; Win64; x64; rv:65.0) Gecko/20100101 Firefox/65.0" "gatipackers.com"
202.44.8.48 - - [15/Feb/2023:22:14:29 -0800] "GET /?author=22 HTTP/1.1" 404 21151 "-" "Mozilla/5.0 (Windows NT 10.0; Win64; x64; rv:88.0) Gecko/20100101 Firefox/88.0" "gatipackers.com"
173.231.229.54 - - [15/Feb/2023:22:14:30 -0800] "GET /?author=1 HTTP/1.1" 200 26361 "-" "Mozilla/5.0 (Windows NT 10.0; Win64; x64; rv:65.0) Gecko/20100101 Firefox/65.0" "gatipackers.com"
202.44.8.48 - - [15/Feb/2023:22:14:34 -0800] "GET /?author=23 HTTP/1.1" 404 21151 "-" "Mozilla/5.0 (Windows NT 10.0; Win64; x64; rv:88.0) Gecko/20100101 Firefox/88.0" "gatipackers.com"
173.231.229.54 - - [15/Feb/2023:22:14:33 -0800] "GET /?author=2 HTTP/1.1" 404 21151 "-" "Mozilla/5.0 (Windows NT 10.0; Win64; x64; rv:65.0) Gecko/20100101 Firefox/65.0" "gatipackers.com"
173.231.229.54 - - [15/Feb/2023:22:14:36 -0800] "GET /?author=3 HTTP/1.1" 404 21151 "-" "Mozilla/5.0 (Windows NT 10.0; Win64; x64; rv:65.0) Gecko/20100101 Firefox/65.0" "gatipackers.com"
202.44.8.48 - - [15/Feb/2023:22:14:36 -0800] "GET /?author=24 HTTP/1.1" 404 21151 "-" "Mozilla/5.0 (Windows NT 10.0; Win64; x64; rv:88.0) Gecko/20100101 Firefox/88.0" "gatipackers.com"
173.231.229.54 - - [15/Feb/2023:22:14:37 -0800] "GET /?author=4 HTTP/1.1" 404 21151 "-" "Mozilla/5.0 (Windows NT 10.0; Win64; x64; rv:65.0) Gecko/20100101 Firefox/65.0" "gatipackers.com"
174.136.57.8 - - [15/Feb/2023:22:14:36 -0800] "GET /?author=11 HTTP/1.1" 404 21151 "-" "Mozilla/5.0 (Windows NT 6.1; WOW64; rv:18.0) Gecko/20100101 Firefox/18.0" "gatipackers.com"
202.44.8.48 - - [15/Feb/2023:22:14:39 -0800] "GET /?author=25 HTTP/1.1" 404 21151 "-" "Mozilla/5.0 (Windows NT 10.0; Win64; x64; rv:88.0) Gecko/20100101 Firefox/88.0" "gatipackers.com"
173.231.229.54 - - [15/Feb/2023:22:14:39 -0800] "GET /?author=5 HTTP/1.1" 404 21151 "-" "Mozilla/5.0 (Windows NT 10.0; Win64; x64; rv:65.0) Gecko/20100101 Firefox/65.0" "gatipackers.com"
174.136.57.8 - - [15/Feb/2023:22:14:40 -0800] "GET /?author=11 HTTP/1.1" 404 21151 "-" "Mozilla/5.0 (Windows NT 6.1; WOW64; rv:18.0) Gecko/20100101 Firefox/18.0" "gatipackers.com"
202.44.8.48 - - [15/Feb/2023:22:14:42 -0800] "GET /?author=26 HTTP/1.1" 404 21151 "-" "Mozilla/5.0 (Windows NT 10.0; Win64; x64; rv:88.0) Gecko/20100101 Firefox/88.0" "gatipackers.com"
173.231.229.54 - - [15/Feb/2023:22:14:42 -0800] "GET /?author=6 HTTP/1.1" 404 21151 "-" "Mozilla/5.0 (Windows NT 10.0; Win64; x64; rv:65.0) Gecko/20100101 Firefox/65.0" "gatipackers.com"
174.136.57.8 - - [15/Feb/2023:22:14:43 -0800] "GET /?author=12 HTTP/1.1" 404 21151 "-" "Mozilla/5.0 (Windows NT 6.1; WOW64; rv:18.0) Gecko/20100101 Firefox/18.0" "gatipackers.com"
173.231.229.54 - - [15/Feb/2023:22:14:44 -0800] "GET /?author=7 HTTP/1.1" 404 21151 "-" "Mozilla/5.0 (Windows NT 10.0; Win64; x64; rv:65.0) Gecko/20100101 Firefox/65.0" "gatipackers.com"
202.44.8.48 - - [15/Feb/2023:22:14:44 -0800] "GET /?author=27 HTTP/1.1" 404 21151 "-" "Mozilla/5.0 (Windows NT 10.0; Win64; x64; rv:88.0) Gecko/20100101 Firefox/88.0" "gatipackers.com"
174.136.57.8 - - [15/Feb/2023:22:14:45 -0800] "GET /?author=13 HTTP/1.1" 404 21151 "-" "Mozilla/5.0 (Windows NT 6.1; WOW64; rv:18.0) Gecko/20100101 Firefox/18.0" "gatipackers.com"
173.231.229.54 - - [15/Feb/2023:22:14:46 -0800] "GET /?author=8 HTTP/1.1" 404 21151 "-" "Mozilla/5.0 (Windows NT 10.0; Win64; x64; rv:65.0) Gecko/20100101 Firefox/65.0" "gatipackers.com"
174.136.57.8 - - [15/Feb/2023:22:14:47 -0800] "GET /?author=14 HTTP/1.1" 404 21151 "-" "Mozilla/5.0 (Windows NT 6.1; WOW64; rv:18.0) Gecko/20100101 Firefox/18.0" "gatipackers.com"
202.44.8.48 - - [15/Feb/2023:22:14:47 -0800] "GET /?author=28 HTTP/1.1" 404 21151 "-" "Mozilla/5.0 (Windows NT 10.0; Win64; x64; rv:88.0) Gecko/20100101 Firefox/88.0" "gatipackers.com"
173.231.229.54 - - [15/Feb/2023:22:14:48 -0800] "GET /?author=9 HTTP/1.1" 404 21151 "-" "Mozilla/5.0 (Windows NT 10.0; Win64; x64; rv:65.0) Gecko/20100101 Firefox/65.0" "gatipackers.com"
174.136.57.8 - - [15/Feb/2023:22:14:49 -0800] "GET /?author=15 HTTP/1.1" 404 21151 "-" "Mozilla/5.0 (Windows NT 6.1; WOW64; rv:18.0) Gecko/20100101 Firefox/18.0" "gatipackers.com"
202.44.8.48 - - [15/Feb/2023:22:14:50 -0800] "GET /?author=29 HTTP/1.1" 404 21151 "-" "Mozilla/5.0 (Windows NT 10.0; Win64; x64; rv:88.0) Gecko/20100101 Firefox/88.0" "gatipackers.com"
173.231.229.54 - - [15/Feb/2023:22:14:50 -0800] "GET /?author=10 HTTP/1.1" 404 21151 "-" "Mozilla/5.0 (Windows NT 10.0; Win64; x64; rv:65.0) Gecko/20100101 Firefox/65.0" "gatipackers.com"
174.136.57.8 - - [15/Feb/2023:22:14:51 -0800] "GET /?author=16 HTTP/1.1" 404 21151 "-" "Mozilla/5.0 (Windows NT 6.1; WOW64; rv:18.0) Gecko/20100101 Firefox/18.0" "gatipackers.com"
202.44.8.48 - - [15/Feb/2023:22:14:52 -0800] "GET /?author=30 HTTP/1.1" 404 21151 "-" "Mozilla/5.0 (Windows NT 10.0; Win64; x64; rv:88.0) Gecko/20100101 Firefox/88.0" "gatipackers.com"
174.136.57.8 - - [15/Feb/2023:22:14:53 -0800] "GET /?author=17 HTTP/1.1" 404 21151 "-" "Mozilla/5.0 (Windows NT 6.1; WOW64; rv:18.0) Gecko/20100101 Firefox/18.0" "gatipackers.com"
174.136.57.8 - - [15/Feb/2023:22:14:55 -0800] "GET /?author=18 HTTP/1.1" 404 21151 "-" "Mozilla/5.0 (Windows NT 6.1; WOW64; rv:18.0) Gecko/20100101 Firefox/18.0" "gatipackers.com"
174.136.57.8 - - [15/Feb/2023:22:14:57 -0800] "GET /?author=19 HTTP/1.1" 404 21151 "-" "Mozilla/5.0 (Windows NT 6.1; WOW64; rv:18.0) Gecko/20100101 Firefox/18.0" "gatipackers.com"
174.136.57.8 - - [15/Feb/2023:22:14:59 -0800] "GET /?author=20 HTTP/1.1" 404 21151 "-" "Mozilla/5.0 (Windows NT 6.1; WOW64; rv:18.0) Gecko/20100101 Firefox/18.0" "gatipackers.com"
37.139.23.150 - - [15/Feb/2023:22:15:11 -0800] "GET /?author=61 HTTP/1.1" 404 21151 "-" "Mozilla/5.0 (Windows NT 10.0; Win64; x64) AppleWebKit/537.36 (KHTML, like Gecko) Chrome/84.0.4147.135 Safari/537.36" "gatipackers.com"
37.139.23.150 - - [15/Feb/2023:22:15:13 -0800] "GET /?author=61 HTTP/1.1" 404 21151 "-" "Mozilla/5.0 (Windows NT 10.0; Win64; x64) AppleWebKit/537.36 (KHTML, like Gecko) Chrome/84.0.4147.135 Safari/537.36" "gatipackers.com"
37.139.23.150 - - [15/Feb/2023:22:15:15 -0800] "GET /?author=62 HTTP/1.1" 404 21151 "-" "Mozilla/5.0 (Windows NT 10.0; Win64; x64) AppleWebKit/537.36 (KHTML, like Gecko) Chrome/84.0.4147.135 Safari/537.36" "gatipackers.com"
1.117.201.233 - - [15/Feb/2023:22:15:15 -0800] "GET /?author=51 HTTP/1.1" 404 21151 "-" "Mozilla/5.0 (Windows NT 10.0; Win64; x64) AppleWebKit/537.36 (KHTML, like Gecko) Chrome/84.0.4147.135 Safari/537.36" "gatipackers.com"
37.139.23.150 - - [15/Feb/2023:22:15:17 -0800] "GET /?author=63 HTTP/1.1" 404 21151 "-" "Mozilla/5.0 (Windows NT 10.0; Win64; x64) AppleWebKit/537.36 (KHTML, like Gecko) Chrome/84.0.4147.135 Safari/537.36" "gatipackers.com"
144.22.218.201 - - [15/Feb/2023:22:15:17 -0800] "GET /?author=71 HTTP/1.1" 404 21151 "-" "Mozilla/5.0 (Windows NT 5.1; Win64; x64) AppleWebKit/537.36 (KHTML, like Gecko) Chrome/60.0.3112.90 Safari/537.36" "gatipackers.com"
1.117.201.233 - - [15/Feb/2023:22:15:17 -0800] "GET /?author=51 HTTP/1.1" 404 21151 "-" "Mozilla/5.0 (Windows NT 10.0; Win64; x64) AppleWebKit/537.36 (KHTML, like Gecko) Chrome/84.0.4147.135 Safari/537.36" "gatipackers.com"
37.139.23.150 - - [15/Feb/2023:22:15:19 -0800] "GET /?author=64 HTTP/1.1" 404 21151 "-" "Mozilla/5.0 (Windows NT 10.0; Win64; x64) AppleWebKit/537.36 (KHTML, like Gecko) Chrome/84.0.4147.135 Safari/537.36" "gatipackers.com"
1.117.201.233 - - [15/Feb/2023:22:15:20 -0800] "GET /?author=52 HTTP/1.1" 404 21151 "-" "Mozilla/5.0 (Windows NT 10.0; Win64; x64) AppleWebKit/537.36 (KHTML, like Gecko) Chrome/84.0.4147.135 Safari/537.36" "gatipackers.com"
144.22.218.201 - - [15/Feb/2023:22:15:20 -0800] "GET /?author=71 HTTP/1.1" 404 21151 "-" "Mozilla/5.0 (Windows NT 5.1; Win64; x64) AppleWebKit/537.36 (KHTML, like Gecko) Chrome/60.0.3112.90 Safari/537.36" "gatipackers.com"
37.139.23.150 - - [15/Feb/2023:22:15:21 -0800] "GET /?author=65 HTTP/1.1" 404 21151 "-" "Mozilla/5.0 (Windows NT 10.0; Win64; x64) AppleWebKit/537.36 (KHTML, like Gecko) Chrome/84.0.4147.135 Safari/537.36" "gatipackers.com"
1.117.201.233 - - [15/Feb/2023:22:15:22 -0800] "GET /?author=53 HTTP/1.1" 404 21151 "-" "Mozilla/5.0 (Windows NT 10.0; Win64; x64) AppleWebKit/537.36 (KHTML, like Gecko) Chrome/84.0.4147.135 Safari/537.36" "gatipackers.com"
144.22.218.201 - - [15/Feb/2023:22:15:22 -0800] "GET /?author=72 HTTP/1.1" 404 21151 "-" "Mozilla/5.0 (Windows NT 5.1; Win64; x64) AppleWebKit/537.36 (KHTML, like Gecko) Chrome/60.0.3112.90 Safari/537.36" "gatipackers.com"
37.139.23.150 - - [15/Feb/2023:22:15:23 -0800] "GET /?author=66 HTTP/1.1" 404 21151 "-" "Mozilla/5.0 (Windows NT 10.0; Win64; x64) AppleWebKit/537.36 (KHTML, like Gecko) Chrome/84.0.4147.135 Safari/537.36" "gatipackers.com"
144.22.218.201 - - [15/Feb/2023:22:15:24 -0800] "GET /?author=73 HTTP/1.1" 404 21151 "-" "Mozilla/5.0 (Windows NT 5.1; Win64; x64) AppleWebKit/537.36 (KHTML, like Gecko) Chrome/60.0.3112.90 Safari/537.36" "gatipackers.com"
1.117.201.233 - - [15/Feb/2023:22:15:24 -0800] "GET /?author=54 HTTP/1.1" 404 21151 "-" "Mozilla/5.0 (Windows NT 10.0; Win64; x64) AppleWebKit/537.36 (KHTML, like Gecko) Chrome/84.0.4147.135 Safari/537.36" "gatipackers.com"
37.139.23.150 - - [15/Feb/2023:22:15:26 -0800] "GET /?author=67 HTTP/1.1" 404 21151 "-" "Mozilla/5.0 (Windows NT 10.0; Win64; x64) AppleWebKit/537.36 (KHTML, like Gecko) Chrome/84.0.4147.135 Safari/537.36" "gatipackers.com"
144.22.218.201 - - [15/Feb/2023:22:15:26 -0800] "GET /?author=74 HTTP/1.1" 404 21151 "-" "Mozilla/5.0 (Windows NT 5.1; Win64; x64) AppleWebKit/537.36 (KHTML, like Gecko) Chrome/60.0.3112.90 Safari/537.36" "gatipackers.com"
1.117.201.233 - - [15/Feb/2023:22:15:27 -0800] "GET /?author=55 HTTP/1.1" 404 21151 "-" "Mozilla/5.0 (Windows NT 10.0; Win64; x64) AppleWebKit/537.36 (KHTML, like Gecko) Chrome/84.0.4147.135 Safari/537.36" "gatipackers.com"
37.139.23.150 - - [15/Feb/2023:22:15:28 -0800] "GET /?author=68 HTTP/1.1" 404 21151 "-" "Mozilla/5.0 (Windows NT 10.0; Win64; x64) AppleWebKit/537.36 (KHTML, like Gecko) Chrome/84.0.4147.135 Safari/537.36" "gatipackers.com"
144.22.218.201 - - [15/Feb/2023:22:15:29 -0800] "GET /?author=75 HTTP/1.1" 404 21151 "-" "Mozilla/5.0 (Windows NT 5.1; Win64; x64) AppleWebKit/537.36 (KHTML, like Gecko) Chrome/60.0.3112.90 Safari/537.36" "gatipackers.com"
1.117.201.233 - - [15/Feb/2023:22:15:29 -0800] "GET /?author=56 HTTP/1.1" 404 21151 "-" "Mozilla/5.0 (Windows NT 10.0; Win64; x64) AppleWebKit/537.36 (KHTML, like Gecko) Chrome/84.0.4147.135 Safari/537.36" "gatipackers.com"
37.139.23.150 - - [15/Feb/2023:22:15:31 -0800] "GET /?author=69 HTTP/1.1" 404 21151 "-" "Mozilla/5.0 (Windows NT 10.0; Win64; x64) AppleWebKit/537.36 (KHTML, like Gecko) Chrome/84.0.4147.135 Safari/537.36" "gatipackers.com"
144.22.218.201 - - [15/Feb/2023:22:15:31 -0800] "GET /?author=76 HTTP/1.1" 404 21151 "-" "Mozilla/5.0 (Windows NT 5.1; Win64; x64) AppleWebKit/537.36 (KHTML, like Gecko) Chrome/60.0.3112.90 Safari/537.36" "gatipackers.com"
1.117.201.233 - - [15/Feb/2023:22:15:32 -0800] "GET /?author=57 HTTP/1.1" 404 21151 "-" "Mozilla/5.0 (Windows NT 10.0; Win64; x64) AppleWebKit/537.36 (KHTML, like Gecko) Chrome/84.0.4147.135 Safari/537.36" "gatipackers.com"
37.139.23.150 - - [15/Feb/2023:22:15:34 -0800] "GET /?author=70 HTTP/1.1" 404 21151 "-" "Mozilla/5.0 (Windows NT 10.0; Win64; x64) AppleWebKit/537.36 (KHTML, like Gecko) Chrome/84.0.4147.135 Safari/537.36" "gatipackers.com"
144.22.218.201 - - [15/Feb/2023:22:15:34 -0800] "GET /?author=77 HTTP/1.1" 404 21151 "-" "Mozilla/5.0 (Windows NT 5.1; Win64; x64) AppleWebKit/537.36 (KHTML, like Gecko) Chrome/60.0.3112.90 Safari/537.36" "gatipackers.com"
1.117.201.233 - - [15/Feb/2023:22:15:35 -0800] "GET /?author=58 HTTP/1.1" 404 21151 "-" "Mozilla/5.0 (Windows NT 10.0; Win64; x64) AppleWebKit/537.36 (KHTML, like Gecko) Chrome/84.0.4147.135 Safari/537.36" "gatipackers.com"
144.22.218.201 - - [15/Feb/2023:22:15:37 -0800] "GET /?author=78 HTTP/1.1" 404 21151 "-" "Mozilla/5.0 (Windows NT 5.1; Win64; x64) AppleWebKit/537.36 (KHTML, like Gecko) Chrome/60.0.3112.90 Safari/537.36" "gatipackers.com"
1.117.201.233 - - [15/Feb/2023:22:15:38 -0800] "GET /?author=59 HTTP/1.1" 404 21151 "-" "Mozilla/5.0 (Windows NT 10.0; Win64; x64) AppleWebKit/537.36 (KHTML, like Gecko) Chrome/84.0.4147.135 Safari/537.36" "gatipackers.com"
1.117.201.233 - - [15/Feb/2023:22:15:40 -0800] "GET /?author=60 HTTP/1.1" 404 21151 "-" "Mozilla/5.0 (Windows NT 10.0; Win64; x64) AppleWebKit/537.36 (KHTML, like Gecko) Chrome/84.0.4147.135 Safari/537.36" "gatipackers.com"
144.22.218.201 - - [15/Feb/2023:22:15:40 -0800] "GET /?author=79 HTTP/1.1" 404 21151 "-" "Mozilla/5.0 (Windows NT 5.1; Win64; x64) AppleWebKit/537.36 (KHTML, like Gecko) Chrome/60.0.3112.90 Safari/537.36" "gatipackers.com"
144.22.218.201 - - [15/Feb/2023:22:15:43 -0800] "GET /?author=80 HTTP/1.1" 404 21151 "-" "Mozilla/5.0 (Windows NT 5.1; Win64; x64) AppleWebKit/537.36 (KHTML, like Gecko) Chrome/60.0.3112.90 Safari/537.36" "gatipackers.com"
198.71.231.8 - - [15/Feb/2023:22:15:47 -0800] "GET /?author=111 HTTP/1.1" 404 21151 "-" "Mozilla/5.0 (Windows NT 10.0; Win64; x64) AppleWebKit/537.36 (KHTML, like Gecko) Chrome/83.0.4103.116 Safari/537.36" "gatipackers.com"
198.71.231.8 - - [15/Feb/2023:22:15:50 -0800] "GET /?author=111 HTTP/1.1" 404 21151 "-" "Mozilla/5.0 (Windows NT 10.0; Win64; x64) AppleWebKit/537.36 (KHTML, like Gecko) Chrome/83.0.4103.116 Safari/537.36" "gatipackers.com"
198.71.231.8 - - [15/Feb/2023:22:15:53 -0800] "GET /?author=112 HTTP/1.1" 404 21151 "-" "Mozilla/5.0 (Windows NT 10.0; Win64; x64) AppleWebKit/537.36 (KHTML, like Gecko) Chrome/83.0.4103.116 Safari/537.36" "gatipackers.com"
198.71.231.8 - - [15/Feb/2023:22:15:55 -0800] "GET /?author=113 HTTP/1.1" 404 21151 "-" "Mozilla/5.0 (Windows NT 10.0; Win64; x64) AppleWebKit/537.36 (KHTML, like Gecko) Chrome/83.0.4103.116 Safari/537.36" "gatipackers.com"
198.71.231.8 - - [15/Feb/2023:22:15:57 -0800] "GET /?author=114 HTTP/1.1" 404 21151 "-" "Mozilla/5.0 (Windows NT 10.0; Win64; x64) AppleWebKit/537.36 (KHTML, like Gecko) Chrome/83.0.4103.116 Safari/537.36" "gatipackers.com"
198.71.231.8 - - [15/Feb/2023:22:15:59 -0800] "GET /?author=115 HTTP/1.1" 404 21151 "-" "Mozilla/5.0 (Windows NT 10.0; Win64; x64) AppleWebKit/537.36 (KHTML, like Gecko) Chrome/83.0.4103.116 Safari/537.36" "gatipackers.com"
198.71.231.8 - - [15/Feb/2023:22:16:01 -0800] "GET /?author=116 HTTP/1.1" 404 21151 "-" "Mozilla/5.0 (Windows NT 10.0; Win64; x64) AppleWebKit/537.36 (KHTML, like Gecko) Chrome/83.0.4103.116 Safari/537.36" "gatipackers.com"
198.71.231.8 - - [15/Feb/2023:22:16:03 -0800] "GET /?author=117 HTTP/1.1" 404 21151 "-" "Mozilla/5.0 (Windows NT 10.0; Win64; x64) AppleWebKit/537.36 (KHTML, like Gecko) Chrome/83.0.4103.116 Safari/537.36" "gatipackers.com"
198.71.231.8 - - [15/Feb/2023:22:16:05 -0800] "GET /?author=118 HTTP/1.1" 404 21151 "-" "Mozilla/5.0 (Windows NT 10.0; Win64; x64) AppleWebKit/537.36 (KHTML, like Gecko) Chrome/83.0.4103.116 Safari/537.36" "gatipackers.com"
198.71.231.8 - - [15/Feb/2023:22:16:07 -0800] "GET /?author=119 HTTP/1.1" 404 21151 "-" "Mozilla/5.0 (Windows NT 10.0; Win64; x64) AppleWebKit/537.36 (KHTML, like Gecko) Chrome/83.0.4103.116 Safari/537.36" "gatipackers.com"
198.71.231.8 - - [15/Feb/2023:22:16:09 -0800] "GET /?author=120 HTTP/1.1" 404 21151 "-" "Mozilla/5.0 (Windows NT 10.0; Win64; x64) AppleWebKit/537.36 (KHTML, like Gecko) Chrome/83.0.4103.116 Safari/537.36" "gatipackers.com"
204.11.58.39 - - [15/Feb/2023:22:16:10 -0800] "GET /?author=131 HTTP/1.1" 404 21151 "-" "Mozilla/5.0 (Windows NT 6.1; WOW64; rv:17.0) Gecko/20100101 Firefox/17.0" "gatipackers.com"
204.11.58.39 - - [15/Feb/2023:22:16:12 -0800] "GET /?author=131 HTTP/1.1" 404 21151 "-" "Mozilla/5.0 (Windows NT 6.1; WOW64; rv:17.0) Gecko/20100101 Firefox/17.0" "gatipackers.com"
204.11.58.39 - - [15/Feb/2023:22:16:14 -0800] "GET /?author=132 HTTP/1.1" 404 21151 "-" "Mozilla/5.0 (Windows NT 6.1; WOW64; rv:17.0) Gecko/20100101 Firefox/17.0" "gatipackers.com"
204.11.58.39 - - [15/Feb/2023:22:16:17 -0800] "GET /?author=133 HTTP/1.1" 404 21151 "-" "Mozilla/5.0 (Windows NT 6.1; WOW64; rv:17.0) Gecko/20100101 Firefox/17.0" "gatipackers.com"
204.11.58.39 - - [15/Feb/2023:22:16:18 -0800] "GET /?author=134 HTTP/1.1" 404 21151 "-" "Mozilla/5.0 (Windows NT 6.1; WOW64; rv:17.0) Gecko/20100101 Firefox/17.0" "gatipackers.com"
208.78.224.158 - - [15/Feb/2023:22:16:19 -0800] "POST /xmlrpc.php HTTP/1.1" 200 401 "-" "Mozilla/5.0 (Windows NT 10.0; Win64; x64; rv:96.0) Gecko/20100101 Firefox/96" "www.gatipackers.com"
204.11.58.39 - - [15/Feb/2023:22:16:21 -0800] "GET /?author=135 HTTP/1.1" 404 21151 "-" "Mozilla/5.0 (Windows NT 6.1; WOW64; rv:17.0) Gecko/20100101 Firefox/17.0" "gatipackers.com"
184.168.118.48 - - [15/Feb/2023:22:16:23 -0800] "GET /?author=191 HTTP/1.1" 404 21151 "-" "Mozilla/5.0 (Windows NT 10.0; Win64; x64; rv:85.0) Gecko/20100101 Firefox/85.0" "gatipackers.com"
204.11.58.39 - - [15/Feb/2023:22:16:23 -0800] "GET /?author=136 HTTP/1.1" 404 21151 "-" "Mozilla/5.0 (Windows NT 6.1; WOW64; rv:17.0) Gecko/20100101 Firefox/17.0" "gatipackers.com"
184.168.118.48 - - [15/Feb/2023:22:16:25 -0800] "GET /?author=191 HTTP/1.1" 404 21151 "-" "Mozilla/5.0 (Windows NT 10.0; Win64; x64; rv:85.0) Gecko/20100101 Firefox/85.0" "gatipackers.com"
204.11.58.39 - - [15/Feb/2023:22:16:25 -0800] "GET /?author=137 HTTP/1.1" 404 21151 "-" "Mozilla/5.0 (Windows NT 6.1; WOW64; rv:17.0) Gecko/20100101 Firefox/17.0" "gatipackers.com"
184.168.118.48 - - [15/Feb/2023:22:16:28 -0800] "GET /?author=192 HTTP/1.1" 404 21151 "-" "Mozilla/5.0 (Windows NT 10.0; Win64; x64; rv:85.0) Gecko/20100101 Firefox/85.0" "gatipackers.com"
204.11.58.39 - - [15/Feb/2023:22:16:28 -0800] "GET /?author=138 HTTP/1.1" 404 21151 "-" "Mozilla/5.0 (Windows NT 6.1; WOW64; rv:17.0) Gecko/20100101 Firefox/17.0" "gatipackers.com"
184.168.118.48 - - [15/Feb/2023:22:16:30 -0800] "GET /?author=193 HTTP/1.1" 404 21151 "-" "Mozilla/5.0 (Windows NT 10.0; Win64; x64; rv:85.0) Gecko/20100101 Firefox/85.0" "gatipackers.com"
204.11.58.39 - - [15/Feb/2023:22:16:31 -0800] "GET /?author=139 HTTP/1.1" 404 21151 "-" "Mozilla/5.0 (Windows NT 6.1; WOW64; rv:17.0) Gecko/20100101 Firefox/17.0" "gatipackers.com"
184.168.118.48 - - [15/Feb/2023:22:16:33 -0800] "GET /?author=194 HTTP/1.1" 404 21151 "-" "Mozilla/5.0 (Windows NT 10.0; Win64; x64; rv:85.0) Gecko/20100101 Firefox/85.0" "gatipackers.com"
204.11.58.39 - - [15/Feb/2023:22:16:34 -0800] "GET /?author=140 HTTP/1.1" 404 21151 "-" "Mozilla/5.0 (Windows NT 6.1; WOW64; rv:17.0) Gecko/20100101 Firefox/17.0" "gatipackers.com"
184.168.118.48 - - [15/Feb/2023:22:16:35 -0800] "GET /?author=195 HTTP/1.1" 404 21151 "-" "Mozilla/5.0 (Windows NT 10.0; Win64; x64; rv:85.0) Gecko/20100101 Firefox/85.0" "gatipackers.com"
114.119.142.131 - - [15/Feb/2023:22:16:36 -0800] "GET /index.php/2021/02 HTTP/1.1" 200 26066 "https://gatipackers.com/" "Mozilla/5.0 (Linux; Android 7.0;) AppleWebKit/537.36 (KHTML, like Gecko) Mobile Safari/537.36 (compatible; PetalBot;+https://webmaster.petalsearch.com/site/petalbot)" "gatipackers.com"
37.139.23.150 - - [15/Feb/2023:22:16:37 -0800] "GET /?author=161 HTTP/1.1" 404 21151 "-" "Mozilla/5.0 (Windows NT 6.1) AppleWebKit/537.36 (KHTML, like Gecko) Chrome/56.0.2924.76 Safari/537.36" "gatipackers.com"
184.168.118.48 - - [15/Feb/2023:22:16:38 -0800] "GET /?author=196 HTTP/1.1" 404 21151 "-" "Mozilla/5.0 (Windows NT 10.0; Win64; x64; rv:85.0) Gecko/20100101 Firefox/85.0" "gatipackers.com"
37.139.23.150 - - [15/Feb/2023:22:16:39 -0800] "GET /?author=161 HTTP/1.1" 404 21151 "-" "Mozilla/5.0 (Windows NT 6.1) AppleWebKit/537.36 (KHTML, like Gecko) Chrome/56.0.2924.76 Safari/537.36" "gatipackers.com"
184.168.118.48 - - [15/Feb/2023:22:16:40 -0800] "GET /?author=197 HTTP/1.1" 404 21151 "-" "Mozilla/5.0 (Windows NT 10.0; Win64; x64; rv:85.0) Gecko/20100101 Firefox/85.0" "gatipackers.com"
37.139.23.150 - - [15/Feb/2023:22:16:41 -0800] "GET /?author=162 HTTP/1.1" 404 21151 "-" "Mozilla/5.0 (Windows NT 6.1) AppleWebKit/537.36 (KHTML, like Gecko) Chrome/56.0.2924.76 Safari/537.36" "gatipackers.com"
184.168.118.48 - - [15/Feb/2023:22:16:41 -0800] "GET /?author=201 HTTP/1.1" 404 21151 "-" "Mozilla/5.0 (Windows NT 10.0; Win64; x64) AppleWebKit/537.36 (KHTML, like Gecko) Chrome/74.0.3729.157 Safari/537.36" "gatipackers.com"
184.168.118.48 - - [15/Feb/2023:22:16:42 -0800] "GET /?author=198 HTTP/1.1" 404 21151 "-" "Mozilla/5.0 (Windows NT 10.0; Win64; x64; rv:85.0) Gecko/20100101 Firefox/85.0" "gatipackers.com"
37.139.23.150 - - [15/Feb/2023:22:16:44 -0800] "GET /?author=163 HTTP/1.1" 404 21151 "-" "Mozilla/5.0 (Windows NT 6.1) AppleWebKit/537.36 (KHTML, like Gecko) Chrome/56.0.2924.76 Safari/537.36" "gatipackers.com"
184.168.118.48 - - [15/Feb/2023:22:16:44 -0800] "GET /?author=201 HTTP/1.1" 404 21151 "-" "Mozilla/5.0 (Windows NT 10.0; Win64; x64) AppleWebKit/537.36 (KHTML, like Gecko) Chrome/74.0.3729.157 Safari/537.36" "gatipackers.com"
184.168.118.48 - - [15/Feb/2023:22:16:44 -0800] "GET /?author=199 HTTP/1.1" 404 21151 "-" "Mozilla/5.0 (Windows NT 10.0; Win64; x64; rv:85.0) Gecko/20100101 Firefox/85.0" "gatipackers.com"
37.139.23.150 - - [15/Feb/2023:22:16:46 -0800] "GET /?author=164 HTTP/1.1" 404 21151 "-" "Mozilla/5.0 (Windows NT 6.1) AppleWebKit/537.36 (KHTML, like Gecko) Chrome/56.0.2924.76 Safari/537.36" "gatipackers.com"
184.168.118.48 - - [15/Feb/2023:22:16:46 -0800] "GET /?author=202 HTTP/1.1" 404 21151 "-" "Mozilla/5.0 (Windows NT 10.0; Win64; x64) AppleWebKit/537.36 (KHTML, like Gecko) Chrome/74.0.3729.157 Safari/537.36" "gatipackers.com"
184.168.118.48 - - [15/Feb/2023:22:16:47 -0800] "GET /?author=200 HTTP/1.1" 404 21151 "-" "Mozilla/5.0 (Windows NT 10.0; Win64; x64; rv:85.0) Gecko/20100101 Firefox/85.0" "gatipackers.com"
37.139.23.150 - - [15/Feb/2023:22:16:48 -0800] "GET /?author=165 HTTP/1.1" 404 21151 "-" "Mozilla/5.0 (Windows NT 6.1) AppleWebKit/537.36 (KHTML, like Gecko) Chrome/56.0.2924.76 Safari/537.36" "gatipackers.com"
184.168.118.48 - - [15/Feb/2023:22:16:48 -0800] "GET /?author=203 HTTP/1.1" 404 21151 "-" "Mozilla/5.0 (Windows NT 10.0; Win64; x64) AppleWebKit/537.36 (KHTML, like Gecko) Chrome/74.0.3729.157 Safari/537.36" "gatipackers.com"
37.139.23.150 - - [15/Feb/2023:22:16:50 -0800] "GET /?author=166 HTTP/1.1" 404 21151 "-" "Mozilla/5.0 (Windows NT 6.1) AppleWebKit/537.36 (KHTML, like Gecko) Chrome/56.0.2924.76 Safari/537.36" "gatipackers.com"
184.168.118.48 - - [15/Feb/2023:22:16:50 -0800] "GET /?author=204 HTTP/1.1" 404 21151 "-" "Mozilla/5.0 (Windows NT 10.0; Win64; x64) AppleWebKit/537.36 (KHTML, like Gecko) Chrome/74.0.3729.157 Safari/537.36" "gatipackers.com"
37.139.23.150 - - [15/Feb/2023:22:16:52 -0800] "GET /?author=167 HTTP/1.1" 404 21151 "-" "Mozilla/5.0 (Windows NT 6.1) AppleWebKit/537.36 (KHTML, like Gecko) Chrome/56.0.2924.76 Safari/537.36" "gatipackers.com"
184.168.118.48 - - [15/Feb/2023:22:16:53 -0800] "GET /?author=205 HTTP/1.1" 404 21151 "-" "Mozilla/5.0 (Windows NT 10.0; Win64; x64) AppleWebKit/537.36 (KHTML, like Gecko) Chrome/74.0.3729.157 Safari/537.36" "gatipackers.com"
37.139.23.150 - - [15/Feb/2023:22:16:54 -0800] "GET /?author=168 HTTP/1.1" 404 21151 "-" "Mozilla/5.0 (Windows NT 6.1) AppleWebKit/537.36 (KHTML, like Gecko) Chrome/56.0.2924.76 Safari/537.36" "gatipackers.com"
184.168.118.48 - - [15/Feb/2023:22:16:55 -0800] "GET /?author=206 HTTP/1.1" 404 21151 "-" "Mozilla/5.0 (Windows NT 10.0; Win64; x64) AppleWebKit/537.36 (KHTML, like Gecko) Chrome/74.0.3729.157 Safari/537.36" "gatipackers.com"
37.139.23.150 - - [15/Feb/2023:22:16:56 -0800] "GET /?author=169 HTTP/1.1" 404 21151 "-" "Mozilla/5.0 (Windows NT 6.1) AppleWebKit/537.36 (KHTML, like Gecko) Chrome/56.0.2924.76 Safari/537.36" "gatipackers.com"
184.168.118.48 - - [15/Feb/2023:22:16:57 -0800] "GET /?author=207 HTTP/1.1" 404 21151 "-" "Mozilla/5.0 (Windows NT 10.0; Win64; x64) AppleWebKit/537.36 (KHTML, like Gecko) Chrome/74.0.3729.157 Safari/537.36" "gatipackers.com"
37.139.23.150 - - [15/Feb/2023:22:16:59 -0800] "GET /?author=170 HTTP/1.1" 404 21151 "-" "Mozilla/5.0 (Windows NT 6.1) AppleWebKit/537.36 (KHTML, like Gecko) Chrome/56.0.2924.76 Safari/537.36" "gatipackers.com"
184.168.118.48 - - [15/Feb/2023:22:16:59 -0800] "GET /?author=208 HTTP/1.1" 404 21151 "-" "Mozilla/5.0 (Windows NT 10.0; Win64; x64) AppleWebKit/537.36 (KHTML, like Gecko) Chrome/74.0.3729.157 Safari/537.36" "gatipackers.com"
184.168.118.48 - - [15/Feb/2023:22:17:02 -0800] "GET /?author=209 HTTP/1.1" 404 21151 "-" "Mozilla/5.0 (Windows NT 10.0; Win64; x64) AppleWebKit/537.36 (KHTML, like Gecko) Chrome/74.0.3729.157 Safari/537.36" "gatipackers.com"
184.168.118.48 - - [15/Feb/2023:22:17:04 -0800] "GET /?author=210 HTTP/1.1" 404 21151 "-" "Mozilla/5.0 (Windows NT 10.0; Win64; x64) AppleWebKit/537.36 (KHTML, like Gecko) Chrome/74.0.3729.157 Safari/537.36" "gatipackers.com"
103.195.238.61 - - [15/Feb/2023:22:17:10 -0800] "GET /?author=211 HTTP/1.1" 404 21151 "-" "Mozilla/5.0 (Windows NT 10.0; Win64; x64; rv:88.0) Gecko/20100101 Firefox/88.0" "gatipackers.com"
103.195.238.61 - - [15/Feb/2023:22:17:13 -0800] "GET /?author=211 HTTP/1.1" 404 21151 "-" "Mozilla/5.0 (Windows NT 10.0; Win64; x64; rv:88.0) Gecko/20100101 Firefox/88.0" "gatipackers.com"
103.195.238.61 - - [15/Feb/2023:22:17:16 -0800] "GET /?author=212 HTTP/1.1" 404 21151 "-" "Mozilla/5.0 (Windows NT 10.0; Win64; x64; rv:88.0) Gecko/20100101 Firefox/88.0" "gatipackers.com"
103.195.238.61 - - [15/Feb/2023:22:17:19 -0800] "GET /?author=213 HTTP/1.1" 404 21151 "-" "Mozilla/5.0 (Windows NT 10.0; Win64; x64; rv:88.0) Gecko/20100101 Firefox/88.0" "gatipackers.com"
103.195.238.61 - - [15/Feb/2023:22:17:21 -0800] "GET /?author=214 HTTP/1.1" 404 21151 "-" "Mozilla/5.0 (Windows NT 10.0; Win64; x64; rv:88.0) Gecko/20100101 Firefox/88.0" "gatipackers.com"
1.117.201.233 - - [15/Feb/2023:22:17:24 -0800] "GET /?author=231 HTTP/1.1" 404 21151 "-" "Mozilla/5.0 (Windows NT 5.1) AppleWebKit/537.36 (KHTML, like Gecko) Chrome/46.0.2490.71 Safari/537.36" "gatipackers.com"
103.195.238.61 - - [15/Feb/2023:22:17:24 -0800] "GET /?author=215 HTTP/1.1" 404 21151 "-" "Mozilla/5.0 (Windows NT 10.0; Win64; x64; rv:88.0) Gecko/20100101 Firefox/88.0" "gatipackers.com"
1.117.201.233 - - [15/Feb/2023:22:17:26 -0800] "GET /?author=231 HTTP/1.1" 404 21151 "-" "Mozilla/5.0 (Windows NT 5.1) AppleWebKit/537.36 (KHTML, like Gecko) Chrome/46.0.2490.71 Safari/537.36" "gatipackers.com"
103.195.238.61 - - [15/Feb/2023:22:17:27 -0800] "GET /?author=216 HTTP/1.1" 404 21151 "-" "Mozilla/5.0 (Windows NT 10.0; Win64; x64; rv:88.0) Gecko/20100101 Firefox/88.0" "gatipackers.com"
1.117.201.233 - - [15/Feb/2023:22:17:28 -0800] "GET /?author=232 HTTP/1.1" 404 21151 "-" "Mozilla/5.0 (Windows NT 5.1) AppleWebKit/537.36 (KHTML, like Gecko) Chrome/46.0.2490.71 Safari/537.36" "gatipackers.com"
103.195.238.61 - - [15/Feb/2023:22:17:29 -0800] "GET /?author=217 HTTP/1.1" 404 21151 "-" "Mozilla/5.0 (Windows NT 10.0; Win64; x64; rv:88.0) Gecko/20100101 Firefox/88.0" "gatipackers.com"
1.117.201.233 - - [15/Feb/2023:22:17:31 -0800] "GET /?author=233 HTTP/1.1" 404 21151 "-" "Mozilla/5.0 (Windows NT 5.1) AppleWebKit/537.36 (KHTML, like Gecko) Chrome/46.0.2490.71 Safari/537.36" "gatipackers.com"
103.195.238.61 - - [15/Feb/2023:22:17:32 -0800] "GET /?author=218 HTTP/1.1" 404 21151 "-" "Mozilla/5.0 (Windows NT 10.0; Win64; x64; rv:88.0) Gecko/20100101 Firefox/88.0" "gatipackers.com"
1.117.201.233 - - [15/Feb/2023:22:17:33 -0800] "GET /?author=234 HTTP/1.1" 404 21151 "-" "Mozilla/5.0 (Windows NT 5.1) AppleWebKit/537.36 (KHTML, like Gecko) Chrome/46.0.2490.71 Safari/537.36" "gatipackers.com"
103.195.238.61 - - [15/Feb/2023:22:17:34 -0800] "GET /?author=219 HTTP/1.1" 404 21151 "-" "Mozilla/5.0 (Windows NT 10.0; Win64; x64; rv:88.0) Gecko/20100101 Firefox/88.0" "gatipackers.com"
1.117.201.233 - - [15/Feb/2023:22:17:35 -0800] "GET /?author=235 HTTP/1.1" 404 21151 "-" "Mozilla/5.0 (Windows NT 5.1) AppleWebKit/537.36 (KHTML, like Gecko) Chrome/46.0.2490.71 Safari/537.36" "gatipackers.com"
