201.249.57.131 - - [15/Feb/2023:22:23:41 -0800] "GET /?author=181 HTTP/1.1" 404 21151 "-" "Mozilla/5.0 (Windows NT 6.1; WOW64; rv:43.0) Gecko/20100101 Firefox/43.0" "gatipackers.com"
162.253.54.78 - - [15/Feb/2023:22:23:42 -0800] "GET /?author=463 HTTP/1.1" 404 21151 "-" "Mozilla/5.0 (Windows NT 6.0; rv:34.0) Gecko/20100101 Firefox/34.0" "gatipackers.com"
162.253.54.78 - - [15/Feb/2023:22:23:44 -0800] "GET /?author=464 HTTP/1.1" 404 21151 "-" "Mozilla/5.0 (Windows NT 6.0; rv:34.0) Gecko/20100101 Firefox/34.0" "gatipackers.com"
201.249.57.131 - - [15/Feb/2023:22:23:43 -0800] "GET /?author=181 HTTP/1.1" 404 21151 "-" "Mozilla/5.0 (Windows NT 6.1; WOW64; rv:43.0) Gecko/20100101 Firefox/43.0" "gatipackers.com"
162.253.54.78 - - [15/Feb/2023:22:23:46 -0800] "GET /?author=465 HTTP/1.1" 404 21151 "-" "Mozilla/5.0 (Windows NT 6.0; rv:34.0) Gecko/20100101 Firefox/34.0" "gatipackers.com"
201.249.57.131 - - [15/Feb/2023:22:23:47 -0800] "GET /?author=182 HTTP/1.1" 404 21151 "-" "Mozilla/5.0 (Windows NT 6.1; WOW64; rv:43.0) Gecko/20100101 Firefox/43.0" "gatipackers.com"
162.253.54.78 - - [15/Feb/2023:22:23:48 -0800] "GET /?author=466 HTTP/1.1" 404 21151 "-" "Mozilla/5.0 (Windows NT 6.0; rv:34.0) Gecko/20100101 Firefox/34.0" "gatipackers.com"
162.253.54.78 - - [15/Feb/2023:22:23:50 -0800] "GET /?author=467 HTTP/1.1" 404 21151 "-" "Mozilla/5.0 (Windows NT 6.0; rv:34.0) Gecko/20100101 Firefox/34.0" "gatipackers.com"
162.253.54.78 - - [15/Feb/2023:22:23:52 -0800] "GET /?author=468 HTTP/1.1" 404 21151 "-" "Mozilla/5.0 (Windows NT 6.0; rv:34.0) Gecko/20100101 Firefox/34.0" "gatipackers.com"
162.253.54.78 - - [15/Feb/2023:22:23:54 -0800] "GET /?author=469 HTTP/1.1" 404 21151 "-" "Mozilla/5.0 (Windows NT 6.0; rv:34.0) Gecko/20100101 Firefox/34.0" "gatipackers.com"
201.249.57.131 - - [15/Feb/2023:22:23:55 -0800] "GET /?author=183 HTTP/1.1" 404 21151 "-" "Mozilla/5.0 (Windows NT 6.1; WOW64; rv:43.0) Gecko/20100101 Firefox/43.0" "gatipackers.com"
162.253.54.78 - - [15/Feb/2023:22:23:56 -0800] "GET /?author=470 HTTP/1.1" 404 21151 "-" "Mozilla/5.0 (Windows NT 6.0; rv:34.0) Gecko/20100101 Firefox/34.0" "gatipackers.com"
201.249.57.131 - - [15/Feb/2023:22:24:03 -0800] "GET /?author=184 HTTP/1.1" 404 21151 "-" "Mozilla/5.0 (Windows NT 6.1; WOW64; rv:43.0) Gecko/20100101 Firefox/43.0" "gatipackers.com"
92.204.220.68 - - [15/Feb/2023:22:24:04 -0800] "GET /?author=341 HTTP/1.1" 404 21151 "-" "Mozilla/5.0 (Windows NT 6.1; Win64; x64; rv:57.0) Gecko/20100101 Firefox/57.0" "gatipackers.com"
92.204.220.68 - - [15/Feb/2023:22:24:06 -0800] "GET /?author=341 HTTP/1.1" 404 21151 "-" "Mozilla/5.0 (Windows NT 6.1; Win64; x64; rv:57.0) Gecko/20100101 Firefox/57.0" "gatipackers.com"
201.249.57.131 - - [15/Feb/2023:22:24:06 -0800] "GET /?author=185 HTTP/1.1" 404 21151 "-" "Mozilla/5.0 (Windows NT 6.1; WOW64; rv:43.0) Gecko/20100101 Firefox/43.0" "gatipackers.com"
92.204.220.68 - - [15/Feb/2023:22:24:08 -0800] "GET /?author=342 HTTP/1.1" 404 21151 "-" "Mozilla/5.0 (Windows NT 6.1; Win64; x64; rv:57.0) Gecko/20100101 Firefox/57.0" "gatipackers.com"
201.249.57.131 - - [15/Feb/2023:22:24:09 -0800] "GET /?author=186 HTTP/1.1" 404 21151 "-" "Mozilla/5.0 (Windows NT 6.1; WOW64; rv:43.0) Gecko/20100101 Firefox/43.0" "gatipackers.com"
92.204.220.68 - - [15/Feb/2023:22:24:11 -0800] "GET /?author=343 HTTP/1.1" 404 21151 "-" "Mozilla/5.0 (Windows NT 6.1; Win64; x64; rv:57.0) Gecko/20100101 Firefox/57.0" "gatipackers.com"
201.249.57.131 - - [15/Feb/2023:22:24:12 -0800] "GET /?author=187 HTTP/1.1" 404 21151 "-" "Mozilla/5.0 (Windows NT 6.1; WOW64; rv:43.0) Gecko/20100101 Firefox/43.0" "gatipackers.com"
92.204.220.68 - - [15/Feb/2023:22:24:13 -0800] "GET /?author=344 HTTP/1.1" 404 21151 "-" "Mozilla/5.0 (Windows NT 6.1; Win64; x64; rv:57.0) Gecko/20100101 Firefox/57.0" "gatipackers.com"
149.28.180.11 - - [15/Feb/2023:22:24:14 -0800] "POST /xmlrpc.php HTTP/1.1" 200 401 "-" "Mozilla/5.0 (Windows NT 10.0; Win64; x64; rv:96.0) Gecko/20100101 Firefox/96" "www.gatipackers.com"
92.204.220.68 - - [15/Feb/2023:22:24:15 -0800] "GET /?author=345 HTTP/1.1" 404 21151 "-" "Mozilla/5.0 (Windows NT 6.1; Win64; x64; rv:57.0) Gecko/20100101 Firefox/57.0" "gatipackers.com"
92.204.220.68 - - [15/Feb/2023:22:24:17 -0800] "GET /?author=346 HTTP/1.1" 404 21151 "-" "Mozilla/5.0 (Windows NT 6.1; Win64; x64; rv:57.0) Gecko/20100101 Firefox/57.0" "gatipackers.com"
92.204.220.68 - - [15/Feb/2023:22:24:19 -0800] "GET /?author=347 HTTP/1.1" 404 21151 "-" "Mozilla/5.0 (Windows NT 6.1; Win64; x64; rv:57.0) Gecko/20100101 Firefox/57.0" "gatipackers.com"
201.249.57.131 - - [15/Feb/2023:22:24:20 -0800] "GET /?author=188 HTTP/1.1" 404 21151 "-" "Mozilla/5.0 (Windows NT 6.1; WOW64; rv:43.0) Gecko/20100101 Firefox/43.0" "gatipackers.com"
92.204.220.68 - - [15/Feb/2023:22:24:21 -0800] "GET /?author=348 HTTP/1.1" 404 21151 "-" "Mozilla/5.0 (Windows NT 6.1; Win64; x64; rv:57.0) Gecko/20100101 Firefox/57.0" "gatipackers.com"
201.249.57.131 - - [15/Feb/2023:22:24:23 -0800] "GET /?author=189 HTTP/1.1" 404 21151 "-" "Mozilla/5.0 (Windows NT 6.1; WOW64; rv:43.0) Gecko/20100101 Firefox/43.0" "gatipackers.com"
92.204.220.68 - - [15/Feb/2023:22:24:23 -0800] "GET /?author=349 HTTP/1.1" 404 21151 "-" "Mozilla/5.0 (Windows NT 6.1; Win64; x64; rv:57.0) Gecko/20100101 Firefox/57.0" "gatipackers.com"
92.204.220.68 - - [15/Feb/2023:22:24:26 -0800] "GET /?author=350 HTTP/1.1" 404 21151 "-" "Mozilla/5.0 (Windows NT 6.1; Win64; x64; rv:57.0) Gecko/20100101 Firefox/57.0" "gatipackers.com"
201.249.57.131 - - [15/Feb/2023:22:24:26 -0800] "GET /?author=190 HTTP/1.1" 404 21151 "-" "Mozilla/5.0 (Windows NT 6.1; WOW64; rv:43.0) Gecko/20100101 Firefox/43.0" "gatipackers.com"
91.134.248.253 - - [15/Feb/2023:22:24:26 -0800] "GET /?author=321 HTTP/1.1" 404 21151 "-" "Mozilla/5.0 (Windows NT 6.1; Win64; x64) AppleWebKit/537.36 (KHTML, like Gecko) Chrome/63.0.3239.132 Safari/537.36" "gatipackers.com"
91.134.248.253 - - [15/Feb/2023:22:24:29 -0800] "GET /?author=321 HTTP/1.1" 404 21151 "-" "Mozilla/5.0 (Windows NT 6.1; Win64; x64) AppleWebKit/537.36 (KHTML, like Gecko) Chrome/63.0.3239.132 Safari/537.36" "gatipackers.com"
91.134.248.253 - - [15/Feb/2023:22:24:31 -0800] "GET /?author=322 HTTP/1.1" 404 21151 "-" "Mozilla/5.0 (Windows NT 6.1; Win64; x64) AppleWebKit/537.36 (KHTML, like Gecko) Chrome/63.0.3239.132 Safari/537.36" "gatipackers.com"
91.134.248.253 - - [15/Feb/2023:22:24:33 -0800] "GET /?author=323 HTTP/1.1" 404 21151 "-" "Mozilla/5.0 (Windows NT 6.1; Win64; x64) AppleWebKit/537.36 (KHTML, like Gecko) Chrome/63.0.3239.132 Safari/537.36" "gatipackers.com"
91.134.248.253 - - [15/Feb/2023:22:24:36 -0800] "GET /?author=324 HTTP/1.1" 404 21151 "-" "Mozilla/5.0 (Windows NT 6.1; Win64; x64) AppleWebKit/537.36 (KHTML, like Gecko) Chrome/63.0.3239.132 Safari/537.36" "gatipackers.com"
91.134.248.253 - - [15/Feb/2023:22:24:38 -0800] "GET /?author=325 HTTP/1.1" 404 21151 "-" "Mozilla/5.0 (Windows NT 6.1; Win64; x64) AppleWebKit/537.36 (KHTML, like Gecko) Chrome/63.0.3239.132 Safari/537.36" "gatipackers.com"
91.134.248.253 - - [15/Feb/2023:22:24:40 -0800] "GET /?author=326 HTTP/1.1" 404 21151 "-" "Mozilla/5.0 (Windows NT 6.1; Win64; x64) AppleWebKit/537.36 (KHTML, like Gecko) Chrome/63.0.3239.132 Safari/537.36" "gatipackers.com"
91.134.248.253 - - [15/Feb/2023:22:24:43 -0800] "GET /?author=327 HTTP/1.1" 404 21151 "-" "Mozilla/5.0 (Windows NT 6.1; Win64; x64) AppleWebKit/537.36 (KHTML, like Gecko) Chrome/63.0.3239.132 Safari/537.36" "gatipackers.com"
91.134.248.253 - - [15/Feb/2023:22:24:45 -0800] "GET /?author=328 HTTP/1.1" 404 21151 "-" "Mozilla/5.0 (Windows NT 6.1; Win64; x64) AppleWebKit/537.36 (KHTML, like Gecko) Chrome/63.0.3239.132 Safari/537.36" "gatipackers.com"
91.134.248.253 - - [15/Feb/2023:22:24:48 -0800] "GET /?author=329 HTTP/1.1" 404 21151 "-" "Mozilla/5.0 (Windows NT 6.1; Win64; x64) AppleWebKit/537.36 (KHTML, like Gecko) Chrome/63.0.3239.132 Safari/537.36" "gatipackers.com"
39.97.98.38 - - [15/Feb/2023:22:24:48 -0800] "GET /?author=381 HTTP/1.1" 404 21151 "-" "Mozilla/5.0 (Windows NT 10.0; Win64; x64) AppleWebKit/537.36 (KHTML, like Gecko) Chrome/64.0.3282.186 Safari/537.36" "gatipackers.com"
91.134.248.253 - - [15/Feb/2023:22:24:50 -0800] "GET /?author=330 HTTP/1.1" 404 21151 "-" "Mozilla/5.0 (Windows NT 6.1; Win64; x64) AppleWebKit/537.36 (KHTML, like Gecko) Chrome/63.0.3239.132 Safari/537.36" "gatipackers.com"
184.168.108.157 - - [15/Feb/2023:22:25:01 -0800] "GET /?author=31 HTTP/1.1" 404 21151 "-" "Mozilla/5.0 (Linux; Android 6.0.1; RedMi Note 5 Build/RB3N5C; wv) AppleWebKit/537.36 (KHTML, like Gecko) Version/4.0 Chrome/68.0.3440.91 Mobile Safari/537.36" "gatipackers.com"
184.168.108.157 - - [15/Feb/2023:22:25:02 -0800] "GET /?author=31 HTTP/1.1" 404 21151 "-" "Mozilla/5.0 (Linux; Android 6.0.1; RedMi Note 5 Build/RB3N5C; wv) AppleWebKit/537.36 (KHTML, like Gecko) Version/4.0 Chrome/68.0.3440.91 Mobile Safari/537.36" "gatipackers.com"
198.187.31.250 - - [15/Feb/2023:22:25:05 -0800] "GET /?author=361 HTTP/1.1" 404 21151 "-" "Mozilla/5.0 (Windows NT 6.1; WOW64; rv:45.0) Gecko/20100101 Firefox/45.0" "gatipackers.com"
39.97.98.38 - - [15/Feb/2023:22:25:05 -0800] "GET /?author=381 HTTP/1.1" 404 21151 "-" "Mozilla/5.0 (Windows NT 10.0; Win64; x64) AppleWebKit/537.36 (KHTML, like Gecko) Chrome/64.0.3282.186 Safari/537.36" "gatipackers.com"
184.168.108.157 - - [15/Feb/2023:22:25:05 -0800] "GET /?author=32 HTTP/1.1" 404 21151 "-" "Mozilla/5.0 (Linux; Android 6.0.1; RedMi Note 5 Build/RB3N5C; wv) AppleWebKit/537.36 (KHTML, like Gecko) Version/4.0 Chrome/68.0.3440.91 Mobile Safari/537.36" "gatipackers.com"
198.187.31.250 - - [15/Feb/2023:22:25:07 -0800] "GET /?author=361 HTTP/1.1" 404 21151 "-" "Mozilla/5.0 (Windows NT 6.1; WOW64; rv:45.0) Gecko/20100101 Firefox/45.0" "gatipackers.com"
39.97.98.38 - - [15/Feb/2023:22:25:08 -0800] "GET /?author=382 HTTP/1.1" 404 21151 "-" "Mozilla/5.0 (Windows NT 10.0; Win64; x64) AppleWebKit/537.36 (KHTML, like Gecko) Chrome/64.0.3282.186 Safari/537.36" "gatipackers.com"
184.168.108.157 - - [15/Feb/2023:22:25:08 -0800] "GET /?author=33 HTTP/1.1" 404 21151 "-" "Mozilla/5.0 (Linux; Android 6.0.1; RedMi Note 5 Build/RB3N5C; wv) AppleWebKit/537.36 (KHTML, like Gecko) Version/4.0 Chrome/68.0.3440.91 Mobile Safari/537.36" "gatipackers.com"
198.187.31.250 - - [15/Feb/2023:22:25:09 -0800] "GET /?author=362 HTTP/1.1" 404 21151 "-" "Mozilla/5.0 (Windows NT 6.1; WOW64; rv:45.0) Gecko/20100101 Firefox/45.0" "gatipackers.com"
184.168.108.157 - - [15/Feb/2023:22:25:10 -0800] "GET /?author=34 HTTP/1.1" 404 21151 "-" "Mozilla/5.0 (Linux; Android 6.0.1; RedMi Note 5 Build/RB3N5C; wv) AppleWebKit/537.36 (KHTML, like Gecko) Version/4.0 Chrome/68.0.3440.91 Mobile Safari/537.36" "gatipackers.com"
39.97.98.38 - - [15/Feb/2023:22:25:11 -0800] "GET /?author=383 HTTP/1.1" 404 21151 "-" "Mozilla/5.0 (Windows NT 10.0; Win64; x64) AppleWebKit/537.36 (KHTML, like Gecko) Chrome/64.0.3282.186 Safari/537.36" "gatipackers.com"
198.187.31.250 - - [15/Feb/2023:22:25:12 -0800] "GET /?author=363 HTTP/1.1" 404 21151 "-" "Mozilla/5.0 (Windows NT 6.1; WOW64; rv:45.0) Gecko/20100101 Firefox/45.0" "gatipackers.com"
184.168.108.157 - - [15/Feb/2023:22:25:13 -0800] "GET /?author=35 HTTP/1.1" 404 21151 "-" "Mozilla/5.0 (Linux; Android 6.0.1; RedMi Note 5 Build/RB3N5C; wv) AppleWebKit/537.36 (KHTML, like Gecko) Version/4.0 Chrome/68.0.3440.91 Mobile Safari/537.36" "gatipackers.com"
198.187.31.250 - - [15/Feb/2023:22:25:14 -0800] "GET /?author=364 HTTP/1.1" 404 21151 "-" "Mozilla/5.0 (Windows NT 6.1; WOW64; rv:45.0) Gecko/20100101 Firefox/45.0" "gatipackers.com"
39.97.98.38 - - [15/Feb/2023:22:25:14 -0800] "GET /?author=384 HTTP/1.1" 404 21151 "-" "Mozilla/5.0 (Windows NT 10.0; Win64; x64) AppleWebKit/537.36 (KHTML, like Gecko) Chrome/64.0.3282.186 Safari/537.36" "gatipackers.com"
184.168.108.157 - - [15/Feb/2023:22:25:15 -0800] "GET /?author=36 HTTP/1.1" 404 21151 "-" "Mozilla/5.0 (Linux; Android 6.0.1; RedMi Note 5 Build/RB3N5C; wv) AppleWebKit/537.36 (KHTML, like Gecko) Version/4.0 Chrome/68.0.3440.91 Mobile Safari/537.36" "gatipackers.com"
198.187.31.250 - - [15/Feb/2023:22:25:15 -0800] "GET /?author=365 HTTP/1.1" 404 21151 "-" "Mozilla/5.0 (Windows NT 6.1; WOW64; rv:45.0) Gecko/20100101 Firefox/45.0" "gatipackers.com"
39.97.98.38 - - [15/Feb/2023:22:25:16 -0800] "GET /?author=385 HTTP/1.1" 404 21151 "-" "Mozilla/5.0 (Windows NT 10.0; Win64; x64) AppleWebKit/537.36 (KHTML, like Gecko) Chrome/64.0.3282.186 Safari/537.36" "gatipackers.com"
198.187.31.250 - - [15/Feb/2023:22:25:17 -0800] "GET /?author=366 HTTP/1.1" 404 21151 "-" "Mozilla/5.0 (Windows NT 6.1; WOW64; rv:45.0) Gecko/20100101 Firefox/45.0" "gatipackers.com"
184.168.108.157 - - [15/Feb/2023:22:25:18 -0800] "GET /?author=37 HTTP/1.1" 404 21151 "-" "Mozilla/5.0 (Linux; Android 6.0.1; RedMi Note 5 Build/RB3N5C; wv) AppleWebKit/537.36 (KHTML, like Gecko) Version/4.0 Chrome/68.0.3440.91 Mobile Safari/537.36" "gatipackers.com"
39.97.98.38 - - [15/Feb/2023:22:25:19 -0800] "GET /?author=386 HTTP/1.1" 404 21151 "-" "Mozilla/5.0 (Windows NT 10.0; Win64; x64) AppleWebKit/537.36 (KHTML, like Gecko) Chrome/64.0.3282.186 Safari/537.36" "gatipackers.com"
198.187.31.250 - - [15/Feb/2023:22:25:19 -0800] "GET /?author=367 HTTP/1.1" 404 21151 "-" "Mozilla/5.0 (Windows NT 6.1; WOW64; rv:45.0) Gecko/20100101 Firefox/45.0" "gatipackers.com"
184.168.108.157 - - [15/Feb/2023:22:25:20 -0800] "GET /?author=38 HTTP/1.1" 404 21151 "-" "Mozilla/5.0 (Linux; Android 6.0.1; RedMi Note 5 Build/RB3N5C; wv) AppleWebKit/537.36 (KHTML, like Gecko) Version/4.0 Chrome/68.0.3440.91 Mobile Safari/537.36" "gatipackers.com"
39.97.98.38 - - [15/Feb/2023:22:25:21 -0800] "GET /?author=387 HTTP/1.1" 404 21151 "-" "Mozilla/5.0 (Windows NT 10.0; Win64; x64) AppleWebKit/537.36 (KHTML, like Gecko) Chrome/64.0.3282.186 Safari/537.36" "gatipackers.com"
198.187.31.250 - - [15/Feb/2023:22:25:21 -0800] "GET /?author=368 HTTP/1.1" 404 21151 "-" "Mozilla/5.0 (Windows NT 6.1; WOW64; rv:45.0) Gecko/20100101 Firefox/45.0" "gatipackers.com"
184.168.108.157 - - [15/Feb/2023:22:25:22 -0800] "GET /?author=39 HTTP/1.1" 404 21151 "-" "Mozilla/5.0 (Linux; Android 6.0.1; RedMi Note 5 Build/RB3N5C; wv) AppleWebKit/537.36 (KHTML, like Gecko) Version/4.0 Chrome/68.0.3440.91 Mobile Safari/537.36" "gatipackers.com"
198.187.31.250 - - [15/Feb/2023:22:25:23 -0800] "GET /?author=369 HTTP/1.1" 404 21151 "-" "Mozilla/5.0 (Windows NT 6.1; WOW64; rv:45.0) Gecko/20100101 Firefox/45.0" "gatipackers.com"
39.97.98.38 - - [15/Feb/2023:22:25:24 -0800] "GET /?author=388 HTTP/1.1" 404 21151 "-" "Mozilla/5.0 (Windows NT 10.0; Win64; x64) AppleWebKit/537.36 (KHTML, like Gecko) Chrome/64.0.3282.186 Safari/537.36" "gatipackers.com"
184.168.108.157 - - [15/Feb/2023:22:25:25 -0800] "GET /?author=40 HTTP/1.1" 404 21151 "-" "Mozilla/5.0 (Linux; Android 6.0.1; RedMi Note 5 Build/RB3N5C; wv) AppleWebKit/537.36 (KHTML, like Gecko) Version/4.0 Chrome/68.0.3440.91 Mobile Safari/537.36" "gatipackers.com"
198.187.31.250 - - [15/Feb/2023:22:25:25 -0800] "GET /?author=370 HTTP/1.1" 404 21151 "-" "Mozilla/5.0 (Windows NT 6.1; WOW64; rv:45.0) Gecko/20100101 Firefox/45.0" "gatipackers.com"
39.97.98.38 - - [15/Feb/2023:22:25:26 -0800] "GET /?author=389 HTTP/1.1" 404 21151 "-" "Mozilla/5.0 (Windows NT 10.0; Win64; x64) AppleWebKit/537.36 (KHTML, like Gecko) Chrome/64.0.3282.186 Safari/537.36" "gatipackers.com"
39.97.98.38 - - [15/Feb/2023:22:25:29 -0800] "GET /?author=390 HTTP/1.1" 404 21151 "-" "Mozilla/5.0 (Windows NT 10.0; Win64; x64) AppleWebKit/537.36 (KHTML, like Gecko) Chrome/64.0.3282.186 Safari/537.36" "gatipackers.com"
80.88.87.145 - - [15/Feb/2023:22:25:31 -0800] "GET /?author=121 HTTP/1.1" 404 21151 "-" "Mozilla/5.0 (Linux; Android 10; SM-A205U) AppleWebKit/537.36 (KHTML, like Gecko) Chrome/91.0.4472.114 Mobile Safari/537.36" "gatipackers.com"
80.88.87.145 - - [15/Feb/2023:22:25:34 -0800] "GET /?author=121 HTTP/1.1" 404 21151 "-" "Mozilla/5.0 (Linux; Android 10; SM-A205U) AppleWebKit/537.36 (KHTML, like Gecko) Chrome/91.0.4472.114 Mobile Safari/537.36" "gatipackers.com"
184.168.98.197 - - [15/Feb/2023:22:25:35 -0800] "GET /?author=221 HTTP/1.1" 404 21151 "-" "Mozilla/5.0 (Windows NT 6.3; Win64; x64) AppleWebKit/537.36 (KHTML, like Gecko) Chrome/60.0.3112.113 Safari/537.36" "gatipackers.com"
80.88.87.145 - - [15/Feb/2023:22:25:36 -0800] "GET /?author=122 HTTP/1.1" 404 21151 "-" "Mozilla/5.0 (Linux; Android 10; SM-A205U) AppleWebKit/537.36 (KHTML, like Gecko) Chrome/91.0.4472.114 Mobile Safari/537.36" "gatipackers.com"
184.168.98.197 - - [15/Feb/2023:22:25:38 -0800] "GET /?author=221 HTTP/1.1" 404 21151 "-" "Mozilla/5.0 (Windows NT 6.3; Win64; x64) AppleWebKit/537.36 (KHTML, like Gecko) Chrome/60.0.3112.113 Safari/537.36" "gatipackers.com"
80.88.87.145 - - [15/Feb/2023:22:25:38 -0800] "GET /?author=123 HTTP/1.1" 404 21151 "-" "Mozilla/5.0 (Linux; Android 10; SM-A205U) AppleWebKit/537.36 (KHTML, like Gecko) Chrome/91.0.4472.114 Mobile Safari/537.36" "gatipackers.com"
184.168.98.197 - - [15/Feb/2023:22:25:40 -0800] "GET /?author=222 HTTP/1.1" 404 21151 "-" "Mozilla/5.0 (Windows NT 6.3; Win64; x64) AppleWebKit/537.36 (KHTML, like Gecko) Chrome/60.0.3112.113 Safari/537.36" "gatipackers.com"
80.88.87.145 - - [15/Feb/2023:22:25:41 -0800] "GET /?author=124 HTTP/1.1" 404 21151 "-" "Mozilla/5.0 (Linux; Android 10; SM-A205U) AppleWebKit/537.36 (KHTML, like Gecko) Chrome/91.0.4472.114 Mobile Safari/537.36" "gatipackers.com"
184.168.98.197 - - [15/Feb/2023:22:25:43 -0800] "GET /?author=223 HTTP/1.1" 404 21151 "-" "Mozilla/5.0 (Windows NT 6.3; Win64; x64) AppleWebKit/537.36 (KHTML, like Gecko) Chrome/60.0.3112.113 Safari/537.36" "gatipackers.com"
80.88.87.145 - - [15/Feb/2023:22:25:43 -0800] "GET /?author=125 HTTP/1.1" 404 21151 "-" "Mozilla/5.0 (Linux; Android 10; SM-A205U) AppleWebKit/537.36 (KHTML, like Gecko) Chrome/91.0.4472.114 Mobile Safari/537.36" "gatipackers.com"
184.168.98.197 - - [15/Feb/2023:22:25:45 -0800] "GET /?author=224 HTTP/1.1" 404 21151 "-" "Mozilla/5.0 (Windows NT 6.3; Win64; x64) AppleWebKit/537.36 (KHTML, like Gecko) Chrome/60.0.3112.113 Safari/537.36" "gatipackers.com"
80.88.87.145 - - [15/Feb/2023:22:25:46 -0800] "GET /?author=126 HTTP/1.1" 404 21151 "-" "Mozilla/5.0 (Linux; Android 10; SM-A205U) AppleWebKit/537.36 (KHTML, like Gecko) Chrome/91.0.4472.114 Mobile Safari/537.36" "gatipackers.com"
184.168.98.197 - - [15/Feb/2023:22:25:47 -0800] "GET /?author=225 HTTP/1.1" 404 21151 "-" "Mozilla/5.0 (Windows NT 6.3; Win64; x64) AppleWebKit/537.36 (KHTML, like Gecko) Chrome/60.0.3112.113 Safari/537.36" "gatipackers.com"
89.22.104.110 - - [15/Feb/2023:22:25:47 -0800] "GET /?author=151 HTTP/1.1" 404 21151 "-" "Mozilla/5.0 (Windows NT 10.0; Win64; x64) AppleWebKit/537.36 (KHTML, like Gecko) Chrome/83.0.4103.116 Safari/537.36" "gatipackers.com"
80.88.87.145 - - [15/Feb/2023:22:25:48 -0800] "GET /?author=127 HTTP/1.1" 404 21151 "-" "Mozilla/5.0 (Linux; Android 10; SM-A205U) AppleWebKit/537.36 (KHTML, like Gecko) Chrome/91.0.4472.114 Mobile Safari/537.36" "gatipackers.com"
184.168.98.197 - - [15/Feb/2023:22:25:49 -0800] "GET /?author=226 HTTP/1.1" 404 21151 "-" "Mozilla/5.0 (Windows NT 6.3; Win64; x64) AppleWebKit/537.36 (KHTML, like Gecko) Chrome/60.0.3112.113 Safari/537.36" "gatipackers.com"
89.22.104.110 - - [15/Feb/2023:22:25:50 -0800] "GET /?author=151 HTTP/1.1" 404 21151 "-" "Mozilla/5.0 (Windows NT 10.0; Win64; x64) AppleWebKit/537.36 (KHTML, like Gecko) Chrome/83.0.4103.116 Safari/537.36" "gatipackers.com"
80.88.87.145 - - [15/Feb/2023:22:25:51 -0800] "GET /?author=128 HTTP/1.1" 404 21151 "-" "Mozilla/5.0 (Linux; Android 10; SM-A205U) AppleWebKit/537.36 (KHTML, like Gecko) Chrome/91.0.4472.114 Mobile Safari/537.36" "gatipackers.com"
184.168.98.197 - - [15/Feb/2023:22:25:52 -0800] "GET /?author=227 HTTP/1.1" 404 21151 "-" "Mozilla/5.0 (Windows NT 6.3; Win64; x64) AppleWebKit/537.36 (KHTML, like Gecko) Chrome/60.0.3112.113 Safari/537.36" "gatipackers.com"
89.22.104.110 - - [15/Feb/2023:22:25:52 -0800] "GET /?author=152 HTTP/1.1" 404 21151 "-" "Mozilla/5.0 (Windows NT 10.0; Win64; x64) AppleWebKit/537.36 (KHTML, like Gecko) Chrome/83.0.4103.116 Safari/537.36" "gatipackers.com"
80.88.87.145 - - [15/Feb/2023:22:25:53 -0800] "GET /?author=129 HTTP/1.1" 404 21151 "-" "Mozilla/5.0 (Linux; Android 10; SM-A205U) AppleWebKit/537.36 (KHTML, like Gecko) Chrome/91.0.4472.114 Mobile Safari/537.36" "gatipackers.com"
184.168.98.197 - - [15/Feb/2023:22:25:54 -0800] "GET /?author=228 HTTP/1.1" 404 21151 "-" "Mozilla/5.0 (Windows NT 6.3; Win64; x64) AppleWebKit/537.36 (KHTML, like Gecko) Chrome/60.0.3112.113 Safari/537.36" "gatipackers.com"
89.22.104.110 - - [15/Feb/2023:22:25:54 -0800] "GET /?author=153 HTTP/1.1" 404 21151 "-" "Mozilla/5.0 (Windows NT 10.0; Win64; x64) AppleWebKit/537.36 (KHTML, like Gecko) Chrome/83.0.4103.116 Safari/537.36" "gatipackers.com"
80.88.87.145 - - [15/Feb/2023:22:25:55 -0800] "GET /?author=130 HTTP/1.1" 404 21151 "-" "Mozilla/5.0 (Linux; Android 10; SM-A205U) AppleWebKit/537.36 (KHTML, like Gecko) Chrome/91.0.4472.114 Mobile Safari/537.36" "gatipackers.com"
184.168.98.197 - - [15/Feb/2023:22:25:56 -0800] "GET /?author=229 HTTP/1.1" 404 21151 "-" "Mozilla/5.0 (Windows NT 6.3; Win64; x64) AppleWebKit/537.36 (KHTML, like Gecko) Chrome/60.0.3112.113 Safari/537.36" "gatipackers.com"
89.22.104.110 - - [15/Feb/2023:22:25:57 -0800] "GET /?author=154 HTTP/1.1" 404 21151 "-" "Mozilla/5.0 (Windows NT 10.0; Win64; x64) AppleWebKit/537.36 (KHTML, like Gecko) Chrome/83.0.4103.116 Safari/537.36" "gatipackers.com"
184.168.98.197 - - [15/Feb/2023:22:25:58 -0800] "GET /?author=230 HTTP/1.1" 404 21151 "-" "Mozilla/5.0 (Windows NT 6.3; Win64; x64) AppleWebKit/537.36 (KHTML, like Gecko) Chrome/60.0.3112.113 Safari/537.36" "gatipackers.com"
89.22.104.110 - - [15/Feb/2023:22:25:59 -0800] "GET /?author=155 HTTP/1.1" 404 21151 "-" "Mozilla/5.0 (Windows NT 10.0; Win64; x64) AppleWebKit/537.36 (KHTML, like Gecko) Chrome/83.0.4103.116 Safari/537.36" "gatipackers.com"
89.22.104.110 - - [15/Feb/2023:22:26:01 -0800] "GET /?author=156 HTTP/1.1" 404 21151 "-" "Mozilla/5.0 (Windows NT 10.0; Win64; x64) AppleWebKit/537.36 (KHTML, like Gecko) Chrome/83.0.4103.116 Safari/537.36" "gatipackers.com"
89.22.104.110 - - [15/Feb/2023:22:26:04 -0800] "GET /?author=157 HTTP/1.1" 404 21151 "-" "Mozilla/5.0 (Windows NT 10.0; Win64; x64) AppleWebKit/537.36 (KHTML, like Gecko) Chrome/83.0.4103.116 Safari/537.36" "gatipackers.com"
89.22.104.110 - - [15/Feb/2023:22:26:06 -0800] "GET /?author=158 HTTP/1.1" 404 21151 "-" "Mozilla/5.0 (Windows NT 10.0; Win64; x64) AppleWebKit/537.36 (KHTML, like Gecko) Chrome/83.0.4103.116 Safari/537.36" "gatipackers.com"
184.168.118.48 - - [15/Feb/2023:22:26:07 -0800] "GET /?author=301 HTTP/1.1" 404 21151 "-" "Mozilla/5.0 (Windows NT 6.1; WOW64) AppleWebKit/537.1 (KHTML, like Gecko) Chrome/21.0.1180.83 Safari/537.1" "gatipackers.com"
89.22.104.110 - - [15/Feb/2023:22:26:09 -0800] "GET /?author=159 HTTP/1.1" 404 21151 "-" "Mozilla/5.0 (Windows NT 10.0; Win64; x64) AppleWebKit/537.36 (KHTML, like Gecko) Chrome/83.0.4103.116 Safari/537.36" "gatipackers.com"
184.168.118.48 - - [15/Feb/2023:22:26:09 -0800] "GET /?author=301 HTTP/1.1" 404 21151 "-" "Mozilla/5.0 (Windows NT 6.1; WOW64) AppleWebKit/537.1 (KHTML, like Gecko) Chrome/21.0.1180.83 Safari/537.1" "gatipackers.com"
89.22.104.110 - - [15/Feb/2023:22:26:11 -0800] "GET /?author=160 HTTP/1.1" 404 21151 "-" "Mozilla/5.0 (Windows NT 10.0; Win64; x64) AppleWebKit/537.36 (KHTML, like Gecko) Chrome/83.0.4103.116 Safari/537.36" "gatipackers.com"
184.168.118.48 - - [15/Feb/2023:22:26:11 -0800] "GET /?author=310 HTTP/1.1" 404 21151 "-" "Mozilla/5.0 (Windows NT 6.1; WOW64) AppleWebKit/537.1 (KHTML, like Gecko) Chrome/21.0.1180.83 Safari/537.1" "gatipackers.com"
210.21.91.201 - - [15/Feb/2023:22:26:13 -0800] "GET /?author=271 HTTP/1.1" 404 21151 "-" "Mozilla/5.0 (Windows NT 6.1; rv:52.0) Gecko/20100101 Firefox/52.0" "gatipackers.com"
210.21.91.201 - - [15/Feb/2023:22:26:16 -0800] "GET /?author=271 HTTP/1.1" 404 21151 "-" "Mozilla/5.0 (Windows NT 6.1; rv:52.0) Gecko/20100101 Firefox/52.0" "gatipackers.com"
210.21.91.201 - - [15/Feb/2023:22:26:18 -0800] "GET /?author=272 HTTP/1.1" 404 21151 "-" "Mozilla/5.0 (Windows NT 6.1; rv:52.0) Gecko/20100101 Firefox/52.0" "gatipackers.com"
210.21.91.201 - - [15/Feb/2023:22:26:20 -0800] "GET /?author=273 HTTP/1.1" 404 21151 "-" "Mozilla/5.0 (Windows NT 6.1; rv:52.0) Gecko/20100101 Firefox/52.0" "gatipackers.com"
210.21.91.201 - - [15/Feb/2023:22:26:23 -0800] "GET /?author=274 HTTP/1.1" 404 21151 "-" "Mozilla/5.0 (Windows NT 6.1; rv:52.0) Gecko/20100101 Firefox/52.0" "gatipackers.com"
210.21.91.201 - - [15/Feb/2023:22:26:25 -0800] "GET /?author=275 HTTP/1.1" 404 21151 "-" "Mozilla/5.0 (Windows NT 6.1; rv:52.0) Gecko/20100101 Firefox/52.0" "gatipackers.com"
210.21.91.201 - - [15/Feb/2023:22:26:27 -0800] "GET /?author=276 HTTP/1.1" 404 21151 "-" "Mozilla/5.0 (Windows NT 6.1; rv:52.0) Gecko/20100101 Firefox/52.0" "gatipackers.com"
210.21.91.201 - - [15/Feb/2023:22:26:33 -0800] "GET /?author=277 HTTP/1.1" 404 21151 "-" "Mozilla/5.0 (Windows NT 6.1; rv:52.0) Gecko/20100101 Firefox/52.0" "gatipackers.com"
210.21.91.201 - - [15/Feb/2023:22:26:34 -0800] "GET /?author=441 HTTP/1.1" 404 21151 "-" "Mozilla/5.0 (Windows NT 10.0; Win64; x64) AppleWebKit/537.36 (KHTML, like Gecko) Chrome/84.0.4147.135 Safari/537.36" "gatipackers.com"
210.21.91.201 - - [15/Feb/2023:22:26:35 -0800] "GET /?author=278 HTTP/1.1" 404 21151 "-" "Mozilla/5.0 (Windows NT 6.1; rv:52.0) Gecko/20100101 Firefox/52.0" "gatipackers.com"
210.21.91.201 - - [15/Feb/2023:22:26:37 -0800] "GET /?author=441 HTTP/1.1" 404 21151 "-" "Mozilla/5.0 (Windows NT 10.0; Win64; x64) AppleWebKit/537.36 (KHTML, like Gecko) Chrome/84.0.4147.135 Safari/537.36" "gatipackers.com"
210.21.91.201 - - [15/Feb/2023:22:26:38 -0800] "GET /?author=279 HTTP/1.1" 404 21151 "-" "Mozilla/5.0 (Windows NT 6.1; rv:52.0) Gecko/20100101 Firefox/52.0" "gatipackers.com"
210.21.91.201 - - [15/Feb/2023:22:26:40 -0800] "GET /?author=442 HTTP/1.1" 404 21151 "-" "Mozilla/5.0 (Windows NT 10.0; Win64; x64) AppleWebKit/537.36 (KHTML, like Gecko) Chrome/84.0.4147.135 Safari/537.36" "gatipackers.com"
210.21.91.201 - - [15/Feb/2023:22:26:40 -0800] "GET /?author=280 HTTP/1.1" 404 21151 "-" "Mozilla/5.0 (Windows NT 6.1; rv:52.0) Gecko/20100101 Firefox/52.0" "gatipackers.com"
210.21.91.201 - - [15/Feb/2023:22:26:42 -0800] "GET /?author=443 HTTP/1.1" 404 21151 "-" "Mozilla/5.0 (Windows NT 10.0; Win64; x64) AppleWebKit/537.36 (KHTML, like Gecko) Chrome/84.0.4147.135 Safari/537.36" "gatipackers.com"
92.205.5.199 - - [15/Feb/2023:22:26:44 -0800] "GET /?author=281 HTTP/1.1" 404 21151 "-" "Mozilla/5.0 (Windows NT 5.1; rv:33.0) Gecko/20100101 Firefox/33.0" "gatipackers.com"
210.21.91.201 - - [15/Feb/2023:22:26:45 -0800] "GET /?author=444 HTTP/1.1" 404 21151 "-" "Mozilla/5.0 (Windows NT 10.0; Win64; x64) AppleWebKit/537.36 (KHTML, like Gecko) Chrome/84.0.4147.135 Safari/537.36" "gatipackers.com"
92.205.5.199 - - [15/Feb/2023:22:26:46 -0800] "GET /?author=281 HTTP/1.1" 404 21151 "-" "Mozilla/5.0 (Windows NT 5.1; rv:33.0) Gecko/20100101 Firefox/33.0" "gatipackers.com"
1.117.201.233 - - [15/Feb/2023:22:26:48 -0800] "GET /?author=271 HTTP/1.1" 404 21151 "-" "Mozilla/5.0 (Windows NT 10.0; WOW64) AppleWebKit/537.36 (KHTML, like Gecko) Chrome/91.0.4472.114 Safari/537.36" "gatipackers.com"
92.205.5.199 - - [15/Feb/2023:22:26:49 -0800] "GET /?author=282 HTTP/1.1" 404 21151 "-" "Mozilla/5.0 (Windows NT 5.1; rv:33.0) Gecko/20100101 Firefox/33.0" "gatipackers.com"
210.21.91.201 - - [15/Feb/2023:22:26:48 -0800] "GET /?author=445 HTTP/1.1" 404 21151 "-" "Mozilla/5.0 (Windows NT 10.0; Win64; x64) AppleWebKit/537.36 (KHTML, like Gecko) Chrome/84.0.4147.135 Safari/537.36" "gatipackers.com"
1.117.201.233 - - [15/Feb/2023:22:26:51 -0800] "GET /?author=271 HTTP/1.1" 404 21151 "-" "Mozilla/5.0 (Windows NT 10.0; WOW64) AppleWebKit/537.36 (KHTML, like Gecko) Chrome/91.0.4472.114 Safari/537.36" "gatipackers.com"
92.205.5.199 - - [15/Feb/2023:22:26:51 -0800] "GET /?author=283 HTTP/1.1" 404 21151 "-" "Mozilla/5.0 (Windows NT 5.1; rv:33.0) Gecko/20100101 Firefox/33.0" "gatipackers.com"
210.21.91.201 - - [15/Feb/2023:22:26:52 -0800] "GET /?author=446 HTTP/1.1" 404 21151 "-" "Mozilla/5.0 (Windows NT 10.0; Win64; x64) AppleWebKit/537.36 (KHTML, like Gecko) Chrome/84.0.4147.135 Safari/537.36" "gatipackers.com"
1.117.201.233 - - [15/Feb/2023:22:26:54 -0800] "GET /?author=272 HTTP/1.1" 404 21151 "-" "Mozilla/5.0 (Windows NT 10.0; WOW64) AppleWebKit/537.36 (KHTML, like Gecko) Chrome/91.0.4472.114 Safari/537.36" "gatipackers.com"
92.205.5.199 - - [15/Feb/2023:22:26:55 -0800] "GET /?author=284 HTTP/1.1" 404 21151 "-" "Mozilla/5.0 (Windows NT 5.1; rv:33.0) Gecko/20100101 Firefox/33.0" "gatipackers.com"
210.21.91.201 - - [15/Feb/2023:22:26:55 -0800] "GET /?author=447 HTTP/1.1" 404 21151 "-" "Mozilla/5.0 (Windows NT 10.0; Win64; x64) AppleWebKit/537.36 (KHTML, like Gecko) Chrome/84.0.4147.135 Safari/537.36" "gatipackers.com"
1.117.201.233 - - [15/Feb/2023:22:26:57 -0800] "GET /?author=273 HTTP/1.1" 404 21151 "-" "Mozilla/5.0 (Windows NT 10.0; WOW64) AppleWebKit/537.36 (KHTML, like Gecko) Chrome/91.0.4472.114 Safari/537.36" "gatipackers.com"
92.205.5.199 - - [15/Feb/2023:22:26:57 -0800] "GET /?author=285 HTTP/1.1" 404 21151 "-" "Mozilla/5.0 (Windows NT 5.1; rv:33.0) Gecko/20100101 Firefox/33.0" "gatipackers.com"
210.21.91.201 - - [15/Feb/2023:22:26:58 -0800] "GET /?author=448 HTTP/1.1" 404 21151 "-" "Mozilla/5.0 (Windows NT 10.0; Win64; x64) AppleWebKit/537.36 (KHTML, like Gecko) Chrome/84.0.4147.135 Safari/537.36" "gatipackers.com"
1.117.201.233 - - [15/Feb/2023:22:27:00 -0800] "GET /?author=274 HTTP/1.1" 404 21151 "-" "Mozilla/5.0 (Windows NT 10.0; WOW64) AppleWebKit/537.36 (KHTML, like Gecko) Chrome/91.0.4472.114 Safari/537.36" "gatipackers.com"
92.205.5.199 - - [15/Feb/2023:22:27:00 -0800] "GET /?author=286 HTTP/1.1" 404 21151 "-" "Mozilla/5.0 (Windows NT 5.1; rv:33.0) Gecko/20100101 Firefox/33.0" "gatipackers.com"
210.21.91.201 - - [15/Feb/2023:22:27:01 -0800] "GET /?author=449 HTTP/1.1" 404 21151 "-" "Mozilla/5.0 (Windows NT 10.0; Win64; x64) AppleWebKit/537.36 (KHTML, like Gecko) Chrome/84.0.4147.135 Safari/537.36" "gatipackers.com"
1.117.201.233 - - [15/Feb/2023:22:27:02 -0800] "GET /?author=275 HTTP/1.1" 404 21151 "-" "Mozilla/5.0 (Windows NT 10.0; WOW64) AppleWebKit/537.36 (KHTML, like Gecko) Chrome/91.0.4472.114 Safari/537.36" "gatipackers.com"
92.205.5.199 - - [15/Feb/2023:22:27:02 -0800] "GET /?author=287 HTTP/1.1" 404 21151 "-" "Mozilla/5.0 (Windows NT 5.1; rv:33.0) Gecko/20100101 Firefox/33.0" "gatipackers.com"
210.21.91.201 - - [15/Feb/2023:22:27:03 -0800] "GET /?author=450 HTTP/1.1" 404 21151 "-" "Mozilla/5.0 (Windows NT 10.0; Win64; x64) AppleWebKit/537.36 (KHTML, like Gecko) Chrome/84.0.4147.135 Safari/537.36" "gatipackers.com"
1.117.201.233 - - [15/Feb/2023:22:27:04 -0800] "GET /?author=276 HTTP/1.1" 404 21151 "-" "Mozilla/5.0 (Windows NT 10.0; WOW64) AppleWebKit/537.36 (KHTML, like Gecko) Chrome/91.0.4472.114 Safari/537.36" "gatipackers.com"
92.205.5.199 - - [15/Feb/2023:22:27:04 -0800] "GET /?author=288 HTTP/1.1" 404 21151 "-" "Mozilla/5.0 (Windows NT 5.1; rv:33.0) Gecko/20100101 Firefox/33.0" "gatipackers.com"
92.205.5.199 - - [15/Feb/2023:22:27:06 -0800] "GET /?author=289 HTTP/1.1" 404 21151 "-" "Mozilla/5.0 (Windows NT 5.1; rv:33.0) Gecko/20100101 Firefox/33.0" "gatipackers.com"
1.117.201.233 - - [15/Feb/2023:22:27:06 -0800] "GET /?author=277 HTTP/1.1" 404 21151 "-" "Mozilla/5.0 (Windows NT 10.0; WOW64) AppleWebKit/537.36 (KHTML, like Gecko) Chrome/91.0.4472.114 Safari/537.36" "gatipackers.com"
1.117.201.233 - - [15/Feb/2023:22:27:09 -0800] "GET /?author=278 HTTP/1.1" 404 21151 "-" "Mozilla/5.0 (Windows NT 10.0; WOW64) AppleWebKit/537.36 (KHTML, like Gecko) Chrome/91.0.4472.114 Safari/537.36" "gatipackers.com"
92.205.5.199 - - [15/Feb/2023:22:27:08 -0800] "GET /?author=290 HTTP/1.1" 404 21151 "-" "Mozilla/5.0 (Windows NT 5.1; rv:33.0) Gecko/20100101 Firefox/33.0" "gatipackers.com"
162.253.54.78 - - [15/Feb/2023:22:27:09 -0800] "GET /?author=351 HTTP/1.1" 404 21151 "-" "Mozilla/5.0 (Windows NT 5.1; rv:7.0.1) Gecko/20100101 Firefox/7.0.1" "gatipackers.com"
1.117.201.233 - - [15/Feb/2023:22:27:11 -0800] "GET /?author=279 HTTP/1.1" 404 21151 "-" "Mozilla/5.0 (Windows NT 10.0; WOW64) AppleWebKit/537.36 (KHTML, like Gecko) Chrome/91.0.4472.114 Safari/537.36" "gatipackers.com"
162.253.54.78 - - [15/Feb/2023:22:27:11 -0800] "GET /?author=351 HTTP/1.1" 404 21151 "-" "Mozilla/5.0 (Windows NT 5.1; rv:7.0.1) Gecko/20100101 Firefox/7.0.1" "gatipackers.com"
162.253.54.78 - - [15/Feb/2023:22:27:14 -0800] "GET /?author=352 HTTP/1.1" 404 21151 "-" "Mozilla/5.0 (Windows NT 5.1; rv:7.0.1) Gecko/20100101 Firefox/7.0.1" "gatipackers.com"
1.117.201.233 - - [15/Feb/2023:22:27:14 -0800] "GET /?author=280 HTTP/1.1" 404 21151 "-" "Mozilla/5.0 (Windows NT 10.0; WOW64) AppleWebKit/537.36 (KHTML, like Gecko) Chrome/91.0.4472.114 Safari/537.36" "gatipackers.com"
162.253.54.78 - - [15/Feb/2023:22:27:17 -0800] "GET /?author=353 HTTP/1.1" 404 21151 "-" "Mozilla/5.0 (Windows NT 5.1; rv:7.0.1) Gecko/20100101 Firefox/7.0.1" "gatipackers.com"
162.253.54.78 - - [15/Feb/2023:22:27:19 -0800] "GET /?author=354 HTTP/1.1" 404 21151 "-" "Mozilla/5.0 (Windows NT 5.1; rv:7.0.1) Gecko/20100101 Firefox/7.0.1" "gatipackers.com"
68.178.145.187 - - [15/Feb/2023:22:27:21 -0800] "GET /?author=81 HTTP/1.1" 404 21151 "-" "Mozilla/5.0 (Windows NT 10.0; Win64; x64) AppleWebKit/537.36 (KHTML, like Gecko) Chrome/74.0.3729.131 Safari/537.36" "gatipackers.com"
162.253.54.78 - - [15/Feb/2023:22:27:21 -0800] "GET /?author=355 HTTP/1.1" 404 21151 "-" "Mozilla/5.0 (Windows NT 5.1; rv:7.0.1) Gecko/20100101 Firefox/7.0.1" "gatipackers.com"
68.178.145.187 - - [15/Feb/2023:22:27:23 -0800] "GET /?author=81 HTTP/1.1" 404 21151 "-" "Mozilla/5.0 (Windows NT 10.0; Win64; x64) AppleWebKit/537.36 (KHTML, like Gecko) Chrome/74.0.3729.131 Safari/537.36" "gatipackers.com"
162.253.54.78 - - [15/Feb/2023:22:27:24 -0800] "GET /?author=356 HTTP/1.1" 404 21151 "-" "Mozilla/5.0 (Windows NT 5.1; rv:7.0.1) Gecko/20100101 Firefox/7.0.1" "gatipackers.com"
68.178.145.187 - - [15/Feb/2023:22:27:26 -0800] "GET /?author=82 HTTP/1.1" 404 21151 "-" "Mozilla/5.0 (Windows NT 10.0; Win64; x64) AppleWebKit/537.36 (KHTML, like Gecko) Chrome/74.0.3729.131 Safari/537.36" "gatipackers.com"
162.253.54.78 - - [15/Feb/2023:22:27:27 -0800] "GET /?author=357 HTTP/1.1" 404 21151 "-" "Mozilla/5.0 (Windows NT 5.1; rv:7.0.1) Gecko/20100101 Firefox/7.0.1" "gatipackers.com"
68.178.145.187 - - [15/Feb/2023:22:27:29 -0800] "GET /?author=83 HTTP/1.1" 404 21151 "-" "Mozilla/5.0 (Windows NT 10.0; Win64; x64) AppleWebKit/537.36 (KHTML, like Gecko) Chrome/74.0.3729.131 Safari/537.36" "gatipackers.com"
162.253.54.78 - - [15/Feb/2023:22:27:30 -0800] "GET /?author=358 HTTP/1.1" 404 21151 "-" "Mozilla/5.0 (Windows NT 5.1; rv:7.0.1) Gecko/20100101 Firefox/7.0.1" "gatipackers.com"
68.178.145.187 - - [15/Feb/2023:22:27:32 -0800] "GET /?author=84 HTTP/1.1" 404 21151 "-" "Mozilla/5.0 (Windows NT 10.0; Win64; x64) AppleWebKit/537.36 (KHTML, like Gecko) Chrome/74.0.3729.131 Safari/537.36" "gatipackers.com"
162.253.54.78 - - [15/Feb/2023:22:27:32 -0800] "GET /?author=359 HTTP/1.1" 404 21151 "-" "Mozilla/5.0 (Windows NT 5.1; rv:7.0.1) Gecko/20100101 Firefox/7.0.1" "gatipackers.com"
184.168.118.48 - - [15/Feb/2023:22:27:35 -0800] "GET /?author=411 HTTP/1.1" 404 21151 "-" "Mozilla/5.0 (Windows NT 5.1; rv:7.0.1) Gecko/20100101 Firefox/7.0.1" "gatipackers.com"
162.253.54.78 - - [15/Feb/2023:22:27:35 -0800] "GET /?author=360 HTTP/1.1" 404 21151 "-" "Mozilla/5.0 (Windows NT 5.1; rv:7.0.1) Gecko/20100101 Firefox/7.0.1" "gatipackers.com"
68.178.145.187 - - [15/Feb/2023:22:27:35 -0800] "GET /?author=85 HTTP/1.1" 404 21151 "-" "Mozilla/5.0 (Windows NT 10.0; Win64; x64) AppleWebKit/537.36 (KHTML, like Gecko) Chrome/74.0.3729.131 Safari/537.36" "gatipackers.com"
68.178.145.187 - - [15/Feb/2023:22:27:38 -0800] "GET /?author=86 HTTP/1.1" 404 21151 "-" "Mozilla/5.0 (Windows NT 10.0; Win64; x64) AppleWebKit/537.36 (KHTML, like Gecko) Chrome/74.0.3729.131 Safari/537.36" "gatipackers.com"
184.168.118.48 - - [15/Feb/2023:22:27:41 -0800] "GET /?author=411 HTTP/1.1" 404 21151 "-" "Mozilla/5.0 (Windows NT 10.0; Win64; x64; rv:63.0) Gecko/20100101 Firefox/63.0" "gatipackers.com"
68.178.145.187 - - [15/Feb/2023:22:27:41 -0800] "GET /?author=87 HTTP/1.1" 404 21151 "-" "Mozilla/5.0 (Windows NT 10.0; Win64; x64) AppleWebKit/537.36 (KHTML, like Gecko) Chrome/74.0.3729.131 Safari/537.36" "gatipackers.com"
184.168.118.48 - - [15/Feb/2023:22:27:43 -0800] "GET /?author=412 HTTP/1.1" 404 21151 "-" "Mozilla/5.0 (Windows NT 10.0; Win64; x64; rv:63.0) Gecko/20100101 Firefox/63.0" "gatipackers.com"
68.178.145.187 - - [15/Feb/2023:22:27:44 -0800] "GET /?author=88 HTTP/1.1" 404 21151 "-" "Mozilla/5.0 (Windows NT 10.0; Win64; x64) AppleWebKit/537.36 (KHTML, like Gecko) Chrome/74.0.3729.131 Safari/537.36" "gatipackers.com"
184.168.118.48 - - [15/Feb/2023:22:27:45 -0800] "GET /?author=413 HTTP/1.1" 404 21151 "-" "Mozilla/5.0 (Windows NT 10.0; Win64; x64; rv:63.0) Gecko/20100101 Firefox/63.0" "gatipackers.com"
68.178.145.187 - - [15/Feb/2023:22:27:46 -0800] "GET /?author=89 HTTP/1.1" 404 21151 "-" "Mozilla/5.0 (Windows NT 10.0; Win64; x64) AppleWebKit/537.36 (KHTML, like Gecko) Chrome/74.0.3729.131 Safari/537.36" "gatipackers.com"
184.168.118.48 - - [15/Feb/2023:22:27:47 -0800] "GET /?author=414 HTTP/1.1" 404 21151 "-" "Mozilla/5.0 (Windows NT 10.0; Win64; x64; rv:63.0) Gecko/20100101 Firefox/63.0" "gatipackers.com"
68.178.145.187 - - [15/Feb/2023:22:27:49 -0800] "GET /?author=90 HTTP/1.1" 404 21151 "-" "Mozilla/5.0 (Windows NT 10.0; Win64; x64) AppleWebKit/537.36 (KHTML, like Gecko) Chrome/74.0.3729.131 Safari/537.36" "gatipackers.com"
184.168.118.48 - - [15/Feb/2023:22:27:50 -0800] "GET /?author=415 HTTP/1.1" 404 21151 "-" "Mozilla/5.0 (Windows NT 10.0; Win64; x64; rv:63.0) Gecko/20100101 Firefox/63.0" "gatipackers.com"
184.168.118.48 - - [15/Feb/2023:22:27:53 -0800] "GET /?author=416 HTTP/1.1" 404 21151 "-" "Mozilla/5.0 (Windows NT 10.0; Win64; x64; rv:63.0) Gecko/20100101 Firefox/63.0" "gatipackers.com"
184.168.118.48 - - [15/Feb/2023:22:27:55 -0800] "GET /?author=417 HTTP/1.1" 404 21151 "-" "Mozilla/5.0 (Windows NT 10.0; Win64; x64; rv:63.0) Gecko/20100101 Firefox/63.0" "gatipackers.com"
184.168.118.48 - - [15/Feb/2023:22:27:58 -0800] "GET /?author=418 HTTP/1.1" 404 21151 "-" "Mozilla/5.0 (Windows NT 10.0; Win64; x64; rv:63.0) Gecko/20100101 Firefox/63.0" "gatipackers.com"
194.87.151.73 - - [15/Feb/2023:22:28:01 -0800] "GET /wp-includes/images/themes.php HTTP/1.1" 404 88 "-" "Mozlila/5.0 (Linux; Android 7.0; SM-G892A Bulid/NRD90M; wv) AppleWebKit/537.36 (KHTML, like Gecko) Version/4.0 Chrome/60.0.3112.107 Moblie Safari/537.36" "gatipackers.com"
95.111.203.72 - - [15/Feb/2023:22:27:59 -0800] "GET /?author=311 HTTP/1.1" 404 21151 "-" "Mozilla/5.0 (Windows NT 10.0; Win64; x64) AppleWebKit/537.36 (KHTML, like Gecko) Chrome/88.0.4324.190 Safari/537.36" "gatipackers.com"
184.168.118.48 - - [15/Feb/2023:22:28:00 -0800] "GET /?author=419 HTTP/1.1" 404 21151 "-" "Mozilla/5.0 (Windows NT 10.0; Win64; x64; rv:63.0) Gecko/20100101 Firefox/63.0" "gatipackers.com"
95.111.203.72 - - [15/Feb/2023:22:28:02 -0800] "GET /?author=311 HTTP/1.1" 404 21151 "-" "Mozilla/5.0 (Windows NT 10.0; Win64; x64) AppleWebKit/537.36 (KHTML, like Gecko) Chrome/88.0.4324.190 Safari/537.36" "gatipackers.com"
184.168.118.48 - - [15/Feb/2023:22:28:02 -0800] "GET /?author=420 HTTP/1.1" 404 21151 "-" "Mozilla/5.0 (Windows NT 10.0; Win64; x64; rv:63.0) Gecko/20100101 Firefox/63.0" "gatipackers.com"
95.111.203.72 - - [15/Feb/2023:22:28:04 -0800] "GET /?author=312 HTTP/1.1" 404 21151 "-" "Mozilla/5.0 (Windows NT 10.0; Win64; x64) AppleWebKit/537.36 (KHTML, like Gecko) Chrome/88.0.4324.190 Safari/537.36" "gatipackers.com"
95.111.203.72 - - [15/Feb/2023:22:28:07 -0800] "GET /?author=313 HTTP/1.1" 404 21151 "-" "Mozilla/5.0 (Windows NT 10.0; Win64; x64) AppleWebKit/537.36 (KHTML, like Gecko) Chrome/88.0.4324.190 Safari/537.36" "gatipackers.com"
95.111.203.72 - - [15/Feb/2023:22:28:10 -0800] "GET /?author=314 HTTP/1.1" 404 21151 "-" "Mozilla/5.0 (Windows NT 10.0; Win64; x64) AppleWebKit/537.36 (KHTML, like Gecko) Chrome/88.0.4324.190 Safari/537.36" "gatipackers.com"
194.87.151.73 - - [15/Feb/2023:22:28:12 -0800] "GET /wp-includes/theme-compat/themes.php HTTP/1.1" 404 88 "-" "Mozlila/5.0 (Linux; Android 7.0; SM-G892A Bulid/NRD90M; wv) AppleWebKit/537.36 (KHTML, like Gecko) Version/4.0 Chrome/60.0.3112.107 Moblie Safari/537.36" "gatipackers.com"
95.111.203.72 - - [15/Feb/2023:22:28:12 -0800] "GET /?author=315 HTTP/1.1" 404 21151 "-" "Mozilla/5.0 (Windows NT 10.0; Win64; x64) AppleWebKit/537.36 (KHTML, like Gecko) Chrome/88.0.4324.190 Safari/537.36" "gatipackers.com"
95.111.203.72 - - [15/Feb/2023:22:28:16 -0800] "GET /?author=316 HTTP/1.1" 404 21151 "-" "Mozilla/5.0 (Windows NT 10.0; Win64; x64) AppleWebKit/537.36 (KHTML, like Gecko) Chrome/88.0.4324.190 Safari/537.36" "gatipackers.com"
95.111.203.72 - - [15/Feb/2023:22:28:19 -0800] "GET /?author=317 HTTP/1.1" 404 21151 "-" "Mozilla/5.0 (Windows NT 10.0; Win64; x64) AppleWebKit/537.36 (KHTML, like Gecko) Chrome/88.0.4324.190 Safari/537.36" "gatipackers.com"
95.111.203.72 - - [15/Feb/2023:22:28:22 -0800] "GET /?author=318 HTTP/1.1" 404 21151 "-" "Mozilla/5.0 (Windows NT 10.0; Win64; x64) AppleWebKit/537.36 (KHTML, like Gecko) Chrome/88.0.4324.190 Safari/537.36" "gatipackers.com"
194.87.151.73 - - [15/Feb/2023:22:28:25 -0800] "GET /wp-includes/SimplePie/themes.php HTTP/1.1" 404 88 "-" "Mozlila/5.0 (Linux; Android 7.0; SM-G892A Bulid/NRD90M; wv) AppleWebKit/537.36 (KHTML, like Gecko) Version/4.0 Chrome/60.0.3112.107 Moblie Safari/537.36" "gatipackers.com"
95.111.203.72 - - [15/Feb/2023:22:28:24 -0800] "GET /?author=319 HTTP/1.1" 404 21151 "-" "Mozilla/5.0 (Windows NT 10.0; Win64; x64) AppleWebKit/537.36 (KHTML, like Gecko) Chrome/88.0.4324.190 Safari/537.36" "gatipackers.com"
194.87.151.73 - - [15/Feb/2023:22:28:31 -0800] "GET /wp-includes/customize/themes.php HTTP/1.1" 404 88 "-" "Mozlila/5.0 (Linux; Android 7.0; SM-G892A Bulid/NRD90M; wv) AppleWebKit/537.36 (KHTML, like Gecko) Version/4.0 Chrome/60.0.3112.107 Moblie Safari/537.36" "gatipackers.com"
95.111.203.72 - - [15/Feb/2023:22:28:29 -0800] "GET /?author=320 HTTP/1.1" 404 21151 "-" "Mozilla/5.0 (Windows NT 10.0; Win64; x64) AppleWebKit/537.36 (KHTML, like Gecko) Chrome/88.0.4324.190 Safari/537.36" "gatipackers.com"
194.87.151.73 - - [15/Feb/2023:22:28:33 -0800] "GET /wp-includes/themes.php HTTP/1.1" 404 88 "-" "Mozlila/5.0 (Linux; Android 7.0; SM-G892A Bulid/NRD90M; wv) AppleWebKit/537.36 (KHTML, like Gecko) Version/4.0 Chrome/60.0.3112.107 Moblie Safari/537.36" "gatipackers.com"
194.87.151.73 - - [15/Feb/2023:22:28:38 -0800] "GET /wp-includes/block-patterns/themes.php HTTP/1.1" 404 88 "-" "Mozlila/5.0 (Linux; Android 7.0; SM-G892A Bulid/NRD90M; wv) AppleWebKit/537.36 (KHTML, like Gecko) Version/4.0 Chrome/60.0.3112.107 Moblie Safari/537.36" "gatipackers.com"
194.87.151.73 - - [15/Feb/2023:22:28:42 -0800] "GET /wp-includes/widgets/themes.php HTTP/1.1" 404 88 "-" "Mozlila/5.0 (Linux; Android 7.0; SM-G892A Bulid/NRD90M; wv) AppleWebKit/537.36 (KHTML, like Gecko) Version/4.0 Chrome/60.0.3112.107 Moblie Safari/537.36" "gatipackers.com"
194.87.151.73 - - [15/Feb/2023:22:28:54 -0800] "GET /wp-includes/blocks/themes.php HTTP/1.1" 404 88 "-" "Mozlila/5.0 (Linux; Android 7.0; SM-G892A Bulid/NRD90M; wv) AppleWebKit/537.36 (KHTML, like Gecko) Version/4.0 Chrome/60.0.3112.107 Moblie Safari/537.36" "gatipackers.com"
194.87.151.73 - - [15/Feb/2023:22:29:02 -0800] "GET /wp-includes/Requests/themes.php HTTP/1.1" 404 88 "-" "Mozlila/5.0 (Linux; Android 7.0; SM-G892A Bulid/NRD90M; wv) AppleWebKit/537.36 (KHTML, like Gecko) Version/4.0 Chrome/60.0.3112.107 Moblie Safari/537.36" "gatipackers.com"
194.87.151.73 - - [15/Feb/2023:22:29:09 -0800] "GET /wp-includes/IXR/themes.php HTTP/1.1" 404 88 "-" "Mozlila/5.0 (Linux; Android 7.0; SM-G892A Bulid/NRD90M; wv) AppleWebKit/537.36 (KHTML, like Gecko) Version/4.0 Chrome/60.0.3112.107 Moblie Safari/537.36" "gatipackers.com"
194.87.151.73 - - [15/Feb/2023:22:29:18 -0800] "GET /wp-includes/ID3/themes.php HTTP/1.1" 404 88 "-" "Mozlila/5.0 (Linux; Android 7.0; SM-G892A Bulid/NRD90M; wv) AppleWebKit/537.36 (KHTML, like Gecko) Version/4.0 Chrome/60.0.3112.107 Moblie Safari/537.36" "gatipackers.com"
194.87.151.73 - - [15/Feb/2023:22:29:28 -0800] "GET /wp-includes/sodium_compat/themes.php HTTP/1.1" 404 88 "-" "Mozlila/5.0 (Linux; Android 7.0; SM-G892A Bulid/NRD90M; wv) AppleWebKit/537.36 (KHTML, like Gecko) Version/4.0 Chrome/60.0.3112.107 Moblie Safari/537.36" "gatipackers.com"
194.87.151.73 - - [15/Feb/2023:22:29:41 -0800] "GET /wp-includes/certificates/themes.php HTTP/1.1" 404 88 "-" "Mozlila/5.0 (Linux; Android 7.0; SM-G892A Bulid/NRD90M; wv) AppleWebKit/537.36 (KHTML, like Gecko) Version/4.0 Chrome/60.0.3112.107 Moblie Safari/537.36" "gatipackers.com"
194.87.151.73 - - [15/Feb/2023:22:29:48 -0800] "GET /wp-includes/rest-api/themes.php HTTP/1.1" 404 88 "-" "Mozlila/5.0 (Linux; Android 7.0; SM-G892A Bulid/NRD90M; wv) AppleWebKit/537.36 (KHTML, like Gecko) Version/4.0 Chrome/60.0.3112.107 Moblie Safari/537.36" "gatipackers.com"
92.204.139.118 - - [15/Feb/2023:22:32:01 -0800] "POST /xmlrpc.php HTTP/1.1" 200 401 "-" "Mozilla/5.0 (Windows NT 10.0; Win64; x64; rv:96.0) Gecko/20100101 Firefox/96" "www.gatipackers.com"
85.128.143.117 - - [15/Feb/2023:22:39:08 -0800] "POST /xmlrpc.php HTTP/1.1" 200 401 "-" "Mozilla/5.0 (Windows NT 10.0; Win64; x64; rv:96.0) Gecko/20100101 Firefox/96" "www.gatipackers.com"
10.213.116.209 - - [15/Feb/2023:22:39:12 -0800] "POST /wp-cron.php?doing_wp_cron=1676529552.3744909763336181640625 HTTP/1.1" 200 - "http://gatipackers.com/wp-cron.php?doing_wp_cron=1676529552.3744909763336181640625" "WordPress/6.1.1; http://gatipackers.com" "gatipackers.com"
148.72.244.254 - - [15/Feb/2023:22:45:38 -0800] "POST /xmlrpc.php HTTP/1.1" 200 401 "-" "Mozilla/5.0 (Windows NT 10.0; Win64; x64; rv:96.0) Gecko/20100101 Firefox/96" "www.gatipackers.com"
138.246.253.24 - - [15/Feb/2023:22:47:02 -0800] "GET /robots.txt HTTP/1.1" 200 42 "-" "Mozilla/5.0 (Windows NT 10.0; Win64; x64) AppleWebKit/537.36 (KHTML, like Gecko) Chrome/103.0.5060.134 Safari/537.36" "www.gatipackers.com"
81.169.246.208 - - [15/Feb/2023:22:52:24 -0800] "POST /xmlrpc.php HTTP/1.1" 200 401 "-" "Mozilla/5.0 (Windows NT 10.0; Win64; x64; rv:96.0) Gecko/20100101 Firefox/96" "www.gatipackers.com"
10.213.116.211 - - [15/Feb/2023:22:52:28 -0800] "POST /wp-cron.php?doing_wp_cron=1676530347.9891300201416015625000 HTTP/1.1" 200 - "http://gatipackers.com/wp-cron.php?doing_wp_cron=1676530347.9891300201416015625000" "WordPress/6.1.1; http://gatipackers.com" "gatipackers.com"
65.108.6.34 - - [15/Feb/2023:22:56:57 -0800] "GET /?p=2 HTTP/1.1" 200 25986 "http://gatipackers.com/index.php/2021/02/26/sample-page/" "Mozilla/5.0 (compatible; SEOkicks; +https://www.seokicks.de/robot.html)" "gatipackers.com"
65.108.6.34 - - [15/Feb/2023:22:57:03 -0800] "GET /index.php/author/administrator/feed/ HTTP/1.1" 200 3610 "http://gatipackers.com/index.php/author/administrator/" "Mozilla/5.0 (compatible; SEOkicks; +https://www.seokicks.de/robot.html)" "gatipackers.com"
65.108.6.34 - - [15/Feb/2023:22:57:08 -0800] "GET /index.php/2021/02/26/hello-world/feed/ HTTP/1.1" 200 820 "http://gatipackers.com/index.php/2021/02/26/hello-world/" "Mozilla/5.0 (compatible; SEOkicks; +https://www.seokicks.de/robot.html)" "gatipackers.com"
65.108.6.34 - - [15/Feb/2023:22:57:15 -0800] "GET /?p=1 HTTP/1.1" 200 27996 "http://gatipackers.com/index.php/2021/02/26/hello-world/" "Mozilla/5.0 (compatible; SEOkicks; +https://www.seokicks.de/robot.html)" "gatipackers.com"
65.108.6.34 - - [15/Feb/2023:22:57:21 -0800] "GET /index.php/category/uncategorized/feed/ HTTP/1.1" 200 1799 "http://gatipackers.com/index.php/category/uncategorized/" "Mozilla/5.0 (compatible; SEOkicks; +https://www.seokicks.de/robot.html)" "gatipackers.com"
103.145.50.168 - - [15/Feb/2023:23:04:23 -0800] "POST /xmlrpc.php HTTP/1.1" 200 401 "-" "Mozilla/5.0 (Windows NT 10.0; Win64; x64; rv:96.0) Gecko/20100101 Firefox/96" "www.gatipackers.com"
148.72.40.90 - - [15/Feb/2023:23:11:04 -0800] "POST /xmlrpc.php HTTP/1.1" 200 401 "-" "Mozilla/5.0 (Windows NT 10.0; Win64; x64; rv:96.0) Gecko/20100101 Firefox/96" "www.gatipackers.com"
10.213.116.211 - - [15/Feb/2023:23:11:08 -0800] "POST /wp-cron.php?doing_wp_cron=1676531468.3504729270935058593750 HTTP/1.1" 200 - "http://gatipackers.com/wp-cron.php?doing_wp_cron=1676531468.3504729270935058593750" "WordPress/6.1.1; http://gatipackers.com" "gatipackers.com"
158.247.217.161 - - [15/Feb/2023:23:17:29 -0800] "POST /xmlrpc.php HTTP/1.1" 200 401 "-" "Mozilla/5.0 (Windows NT 10.0; Win64; x64; rv:96.0) Gecko/20100101 Firefox/96" "www.gatipackers.com"
114.119.129.200 - - [15/Feb/2023:23:21:08 -0800] "GET /wp-content/plugins/visual-portfolio HTTP/1.1" 301 1430 "https://gatipackers.com/wp-content/plugins?C=S%3BO%3DA" "Mozilla/5.0 (Linux; Android 7.0;) AppleWebKit/537.36 (KHTML, like Gecko) Mobile Safari/537.36 (compatible; PetalBot;+https://webmaster.petalsearch.com/site/petalbot)" "gatipackers.com"
114.119.129.200 - - [15/Feb/2023:23:21:09 -0800] "GET /wp-content/plugins/visual-portfolio/ HTTP/1.1" 200 - "https://gatipackers.com/wp-content/plugins?C=S%3BO%3DA" "Mozilla/5.0 (Linux; Android 7.0;) AppleWebKit/537.36 (KHTML, like Gecko) Mobile Safari/537.36 (compatible; PetalBot;+https://webmaster.petalsearch.com/site/petalbot)" "gatipackers.com"
52.203.23.91 - - [15/Feb/2023:23:24:00 -0800] "GET /robots.txt HTTP/1.1" 200 42 "-" "Mozilla/5.0 (Macintosh; Intel Mac OS X 10_15_7) AppleWebKit/537.36 (KHTML, like Gecko) Chrome/108.0.0.0 Safari/537.36" "gatipackers.com"
